/home/crealab/logs/royalgardens.brainware.com.co-ssl_log.bkup
170.10.164.108 - - [29/Nov/2025:08:22:22 +0000] "POST /wp-cron.php?doing_wp_cron=1764404542.7829799652099609375000 HTTP/1.1" 200 0 "-" "RSaBBWivT8Wj"
66.249.64.8 - - [29/Nov/2025:08:22:23 +0000] "GET /category-sitemap1.xml HTTP/1.1" 301 0 "-" "Mozilla/5.0 (compatible; Googlebot/2.1; +http://www.google.com/bot.html)"
66.249.64.8 - - [29/Nov/2025:08:22:23 +0000] "GET /category-sitemap1.xml/ HTTP/1.1" 200 208 "-" "Mozilla/5.0 (compatible; Googlebot/2.1; +http://www.google.com/bot.html)"
66.249.64.7 - - [29/Nov/2025:08:22:19 +0000] "GET /robots.txt HTTP/1.1" 200 103 "-" "Mozilla/5.0 (compatible; Googlebot/2.1; +http://www.google.com/bot.html)"
66.249.64.7 - - [30/Nov/2025:03:12:34 +0000] "GET /sitemaps.xml/ HTTP/1.1" 200 247 "-" "Mozilla/5.0 (compatible; Googlebot/2.1; +http://www.google.com/bot.html)"
170.10.164.108 - - [30/Nov/2025:03:20:10 +0000] "POST /wp-cron.php?doing_wp_cron=1764472810.9347469806671142578125 HTTP/1.1" 200 0 "-" "KO8ooHUxGqBQ"
66.249.64.8 - - [30/Nov/2025:03:12:29 +0000] "GET /robots.txt HTTP/1.1" 200 103 "-" "Mozilla/5.0 (compatible; Googlebot/2.1; +http://www.google.com/bot.html)"
156.57.64.42 - - [30/Nov/2025:03:20:07 +0000] "HEAD / HTTP/1.1" 200 0 "-" "Mozilla/5.0 (Windows NT 10.0; Win64; x64) AppleWebKit/537.36 (KHTML, like Gecko) Chrome/58.0.3029.110 Safari/537.3"
170.10.164.108 - - [30/Nov/2025:03:12:33 +0000] "POST /wp-cron.php?doing_wp_cron=1764472353.3343911170959472656250 HTTP/1.1" 200 0 "-" "qO8SdzBDoiYq"
66.249.64.9 - - [30/Nov/2025:03:12:33 +0000] "GET /sitemaps.xml HTTP/1.1" 301 0 "-" "Mozilla/5.0 (compatible; Googlebot/2.1; +http://www.google.com/bot.html)"
66.249.64.9 - - [30/Nov/2025:09:57:31 +0000] "GET /robots.txt HTTP/1.1" 200 103 "-" "Mozilla/5.0 (compatible; Googlebot/2.1; +http://www.google.com/bot.html)"
66.249.64.9 - - [30/Nov/2025:09:57:34 +0000] "GET /category-sitemap1.xml HTTP/1.1" 301 0 "-" "Mozilla/5.0 (compatible; Googlebot/2.1; +http://www.google.com/bot.html)"
66.249.64.8 - - [30/Nov/2025:09:57:35 +0000] "GET /category-sitemap1.xml/ HTTP/1.1" 200 208 "-" "Mozilla/5.0 (compatible; Googlebot/2.1; +http://www.google.com/bot.html)"
170.10.164.108 - - [30/Nov/2025:09:57:34 +0000] "POST /wp-cron.php?doing_wp_cron=1764496654.7336339950561523437500 HTTP/1.1" 200 0 "-" "EkGRUUCBLe4m"
170.10.164.108 - - [30/Nov/2025:13:36:27 +0000] "POST /wp-cron.php?doing_wp_cron=1764509787.2662789821624755859375 HTTP/1.1" 200 0 "-" "FD0tkYlJKdf9"
66.249.64.8 - - [30/Nov/2025:13:36:24 +0000] "GET /robots.txt HTTP/1.1" 200 103 "-" "Mozilla/5.0 (compatible; Googlebot/2.1; +http://www.google.com/bot.html)"
66.249.64.7 - - [30/Nov/2025:13:36:27 +0000] "GET /post-sitemap1.xml HTTP/1.1" 301 0 "-" "Mozilla/5.0 (compatible; Googlebot/2.1; +http://www.google.com/bot.html)"
66.249.64.8 - - [30/Nov/2025:13:36:28 +0000] "GET /post-sitemap1.xml/ HTTP/1.1" 200 258 "-" "Mozilla/5.0 (compatible; Googlebot/2.1; +http://www.google.com/bot.html)"
170.10.164.108 - - [30/Nov/2025:17:55:47 +0000] "POST /wp-cron.php?doing_wp_cron=1764525347.2903079986572265625000 HTTP/1.1" 200 0 "-" "X6KcKgAmTU7d"
66.249.64.8 - - [30/Nov/2025:17:55:44 +0000] "GET /robots.txt HTTP/1.1" 200 103 "-" "Mozilla/5.0 (compatible; Googlebot/2.1; +http://www.google.com/bot.html)"
66.249.64.8 - - [30/Nov/2025:17:55:47 +0000] "GET /page-sitemap1.xml HTTP/1.1" 301 0 "-" "Mozilla/5.0 (compatible; Googlebot/2.1; +http://www.google.com/bot.html)"
66.249.64.7 - - [30/Nov/2025:17:55:49 +0000] "GET /page-sitemap1.xml/ HTTP/1.1" 200 251 "-" "Mozilla/5.0 (compatible; Googlebot/2.1; +http://www.google.com/bot.html)"
170.10.164.108 - - [01/Dec/2025:00:10:43 +0000] "POST /wp-cron.php?doing_wp_cron=1764547843.3525691032409667968750 HTTP/1.1" 200 0 "-" "x73N3tgk1M8V"
66.249.64.9 - - [01/Dec/2025:00:10:40 +0000] "GET /robots.txt HTTP/1.1" 200 103 "-" "Mozilla/5.0 (compatible; Googlebot/2.1; +http://www.google.com/bot.html)"
66.249.64.8 - - [01/Dec/2025:00:10:43 +0000] "GET /sitemaps.xml HTTP/1.1" 301 0 "-" "Mozilla/5.0 (compatible; Googlebot/2.1; +http://www.google.com/bot.html)"
66.249.64.8 - - [01/Dec/2025:00:10:44 +0000] "GET /sitemaps.xml/ HTTP/1.1" 200 245 "-" "Mozilla/5.0 (compatible; Googlebot/2.1; +http://www.google.com/bot.html)"
108.165.83.86 - - [01/Dec/2025:02:18:54 +0000] "GET / HTTP/1.1" 200 65536 "-" "Mozilla/5.0+(compatible;+Googlebot/2.1;++http://www.google.com/bot.html)"
23.27.127.143 - - [01/Dec/2025:02:19:13 +0000] "GET / HTTP/1.1" 200 125269 "-" "Mozilla/5.0+(compatible;+Googlebot/2.1;++http://www.google.com/bot.html)"
23.27.127.143 - - [01/Dec/2025:02:19:15 +0000] "GET / HTTP/1.1" 200 125269 "-" "Mozilla/5.0 (Windows NT 10.0; Win64; x64) AppleWebKit/537.36 (KHTML, like Gecko) Chrome/132.0.0.0 Safari/537.36"
170.10.164.108 - - [01/Dec/2025:02:19:04 +0000] "POST /wp-cron.php?doing_wp_cron=1764555544.7147569656372070312500 HTTP/1.1" 200 0 "-" "g4ASIBJUDTln"
170.10.164.108 - - [01/Dec/2025:02:03:57 +0000] "POST /wp-cron.php?doing_wp_cron=1764554637.0246779918670654296875 HTTP/1.1" 200 0 "-" "szqCOVZxRdhL"
82.26.221.183 - - [01/Dec/2025:02:03:50 +0000] "GET / HTTP/1.1" 200 125269 "-" "Mozilla/5.0+(compatible;+Googlebot/2.1;++http://www.google.com/bot.html)"
82.26.221.183 - - [01/Dec/2025:02:04:01 +0000] "GET / HTTP/1.1" 200 125269 "-" "Mozilla/5.0 (Windows NT 10.0; Win64; x64) AppleWebKit/537.36 (KHTML, like Gecko) Chrome/132.0.0.0 Safari/537.36"
74.7.242.43 - - [01/Dec/2025:06:03:14 +0000] "GET / HTTP/2" 200 31874 "-" "Mozilla/5.0 AppleWebKit/537.36 (KHTML, like Gecko; compatible; GPTBot/1.3; +https://openai.com/gptbot)"
170.10.164.108 - - [01/Dec/2025:06:44:30 +0000] "POST /wp-cron.php?doing_wp_cron=1764571470.7497470378875732421875 HTTP/1.1" 200 0 "-" "wnsJH6uJnMIV"
170.10.164.108 - - [01/Dec/2025:06:03:17 +0000] "POST /wp-cron.php?doing_wp_cron=1764568997.3569519519805908203125 HTTP/1.1" 200 0 "-" "uU0Nh5doMPQL"
204.76.203.25 - - [01/Dec/2025:06:44:27 +0000] "GET /.env HTTP/1.1" 404 94988 "-" "Mozilla/5.0 (Windows NT 10.0; Win64; x64) AppleWebKit/537.36 (KHTML, like Gecko) Chrome/134.0.0.0 Safari/537.3"
66.249.64.7 - - [01/Dec/2025:07:17:57 +0000] "GET /robots.txt HTTP/1.1" 200 103 "-" "Mozilla/5.0 (compatible; Googlebot/2.1; +http://www.google.com/bot.html)"
66.249.64.7 - - [01/Dec/2025:07:18:01 +0000] "GET /category-sitemap1.xml/ HTTP/1.1" 200 208 "-" "Mozilla/5.0 (compatible; Googlebot/2.1; +http://www.google.com/bot.html)"
170.10.164.108 - - [01/Dec/2025:07:18:00 +0000] "POST /wp-cron.php?doing_wp_cron=1764573480.7328579425811767578125 HTTP/1.1" 200 0 "-" "jnaVORfnqrex"
66.249.64.9 - - [01/Dec/2025:07:18:00 +0000] "GET /category-sitemap1.xml HTTP/1.1" 301 0 "-" "Mozilla/5.0 (compatible; Googlebot/2.1; +http://www.google.com/bot.html)"
170.10.164.108 - - [01/Dec/2025:16:39:55 +0000] "POST /wp-cron.php?doing_wp_cron=1764607195.6936860084533691406250 HTTP/1.1" 200 0 "-" "wGdUSvEzHKEV"
74.7.227.134 - - [01/Dec/2025:16:39:52 +0000] "GET / HTTP/2" 301 0 "-" "Mozilla/5.0 AppleWebKit/537.36 (KHTML, like Gecko; compatible; GPTBot/1.3; +https://openai.com/gptbot)"
137.59.5.86 - - [02/Dec/2025:02:05:00 +0000] "GET / HTTP/1.1" 200 125269 "-" "Mozilla/5.0+(compatible;+Googlebot/2.1;++http://www.google.com/bot.html)"
137.59.5.86 - - [02/Dec/2025:02:05:07 +0000] "GET / HTTP/1.1" 200 125269 "-" "Mozilla/5.0 (Windows NT 10.0; Win64; x64) AppleWebKit/537.36 (KHTML, like Gecko) Chrome/132.0.0.0 Safari/537.36"
108.165.87.28 - - [02/Dec/2025:02:12:07 +0000] "GET / HTTP/1.1" 200 0 "-" "Mozilla/5.0+(compatible;+Googlebot/2.1;++http://www.google.com/bot.html)"
166.88.149.81 - - [02/Dec/2025:02:12:25 +0000] "GET / HTTP/1.1" 200 125269 "-" "Mozilla/5.0+(compatible;+Googlebot/2.1;++http://www.google.com/bot.html)"
166.88.149.81 - - [02/Dec/2025:02:12:28 +0000] "GET / HTTP/1.1" 200 125269 "-" "Mozilla/5.0 (Windows NT 10.0; Win64; x64) AppleWebKit/537.36 (KHTML, like Gecko) Chrome/132.0.0.0 Safari/537.36"
170.10.164.108 - - [02/Dec/2025:02:05:04 +0000] "POST /wp-cron.php?doing_wp_cron=1764641104.4783499240875244140625 HTTP/1.1" 200 0 "-" "qXIBxzugPl0i"
170.10.164.108 - - [02/Dec/2025:02:12:20 +0000] "POST /wp-cron.php?doing_wp_cron=1764641540.6608240604400634765625 HTTP/1.1" 200 0 "-" "2tVGjLB8nT7C"
159.65.147.119 - - [02/Dec/2025:02:55:52 +0000] "GET /favicon.ico HTTP/1.1" 404 1251 "https://www.royalgardens.brainware.com.co/" "Mozilla/5.0 (X11; Linux x86_64) AppleWebKit/537.36 (KHTML, like Gecko) Chrome/139.0.0.0 Safari/537.36"
66.249.64.7 - - [02/Dec/2025:03:20:46 +0000] "GET /robots.txt HTTP/1.1" 200 103 "-" "Mozilla/5.0 (compatible; Googlebot/2.1; +http://www.google.com/bot.html)"
66.249.64.7 - - [02/Dec/2025:03:20:49 +0000] "GET /sitemaps.xml HTTP/1.1" 301 0 "-" "Mozilla/5.0 (compatible; Googlebot/2.1; +http://www.google.com/bot.html)"
66.249.64.7 - - [02/Dec/2025:03:20:50 +0000] "GET /sitemaps.xml/ HTTP/1.1" 200 249 "-" "Mozilla/5.0 (compatible; Googlebot/2.1; +http://www.google.com/bot.html)"
159.65.147.119 - - [02/Dec/2025:02:55:45 +0000] "GET / HTTP/1.1" 301 0 "-" "Mozilla/5.0 (X11; Linux x86_64) AppleWebKit/537.36 (KHTML, like Gecko) Chrome/139.0.0.0 Safari/537.36"
170.10.164.108 - - [02/Dec/2025:03:20:49 +0000] "POST /wp-cron.php?doing_wp_cron=1764645649.2769970893859863281250 HTTP/1.1" 200 0 "-" "9DkVa7rbXfpw"
170.10.164.108 - - [02/Dec/2025:10:08:47 +0000] "POST /wp-cron.php?doing_wp_cron=1764670127.8179221153259277343750 HTTP/1.1" 200 0 "-" "UiRdZrjts9cx"
45.148.10.80 - - [02/Dec/2025:10:08:44 +0000] "GET / HTTP/1.1" 200 35174 "-" "Mozilla/5.0 (Windows NT 10.0; Win64; x64) AppleWebKit/537.36 (KHTML, like Gecko) Chrome/75.0.3770.90 Safari/537.36"
170.10.164.108 - - [02/Dec/2025:16:22:54 +0000] "POST /wp-cron.php?doing_wp_cron=1764692574.3229660987854003906250 HTTP/1.1" 200 0 "-" "xfHeiMm8n1w0"
66.249.64.8 - - [02/Dec/2025:16:22:51 +0000] "GET /robots.txt HTTP/1.1" 200 103 "-" "Mozilla/5.0 (compatible; Googlebot/2.1; +http://www.google.com/bot.html)"
66.249.64.9 - - [02/Dec/2025:16:22:54 +0000] "GET /category-sitemap1.xml HTTP/1.1" 301 0 "-" "Mozilla/5.0 (compatible; Googlebot/2.1; +http://www.google.com/bot.html)"
66.249.64.8 - - [02/Dec/2025:16:22:55 +0000] "GET /category-sitemap1.xml/ HTTP/1.1" 200 208 "-" "Mozilla/5.0 (compatible; Googlebot/2.1; +http://www.google.com/bot.html)"
170.10.164.108 - - [03/Dec/2025:00:54:14 +0000] "POST /wp-cron.php?doing_wp_cron=1764723254.1581330299377441406250 HTTP/1.1" 200 0 "-" "d1cmNXPnyOgF"
74.7.244.30 - - [03/Dec/2025:00:54:10 +0000] "GET /robots.txt HTTP/2" 200 103 "-" "Mozilla/5.0 (Macintosh; Intel Mac OS X 10_15_7) AppleWebKit/537.36 (KHTML, like Gecko) Chrome/131.0.0.0 Safari/537.36; compatible; OAI-SearchBot/1.3; robots.txt; +https://openai.com/searchbot"
170.10.164.108 - - [03/Dec/2025:02:11:47 +0000] "POST /wp-cron.php?doing_wp_cron=1764727907.7362010478973388671875 HTTP/1.1" 200 0 "-" "DtFYxsvbY85f"
82.25.215.204 - - [03/Dec/2025:02:11:32 +0000] "GET / HTTP/1.1" 200 0 "-" "Mozilla/5.0+(compatible;+Googlebot/2.1;++http://www.google.com/bot.html)"
145.223.40.173 - - [03/Dec/2025:02:16:26 +0000] "GET / HTTP/1.1" 200 125269 "-" "Mozilla/5.0+(compatible;+Googlebot/2.1;++http://www.google.com/bot.html)"
145.223.40.173 - - [03/Dec/2025:02:16:32 +0000] "GET / HTTP/1.1" 200 125269 "-" "Mozilla/5.0 (Windows NT 10.0; Win64; x64) AppleWebKit/537.36 (KHTML, like Gecko) Chrome/132.0.0.0 Safari/537.36"
92.112.90.166 - - [03/Dec/2025:02:11:50 +0000] "GET / HTTP/1.1" 200 125269 "-" "Mozilla/5.0+(compatible;+Googlebot/2.1;++http://www.google.com/bot.html)"
92.112.90.166 - - [03/Dec/2025:02:11:55 +0000] "GET / HTTP/1.1" 200 125269 "-" "Mozilla/5.0 (Windows NT 10.0; Win64; x64) AppleWebKit/537.36 (KHTML, like Gecko) Chrome/132.0.0.0 Safari/537.36"
170.10.164.108 - - [03/Dec/2025:02:16:30 +0000] "POST /wp-cron.php?doing_wp_cron=1764728190.1731779575347900390625 HTTP/1.1" 200 0 "-" "iyzrHLd69o49"
66.249.64.9 - - [03/Dec/2025:05:43:51 +0000] "GET /page-sitemap1.xml HTTP/1.1" 301 0 "-" "Mozilla/5.0 (compatible; Googlebot/2.1; +http://www.google.com/bot.html)"
66.249.64.9 - - [03/Dec/2025:05:43:52 +0000] "GET /page-sitemap1.xml/ HTTP/1.1" 200 251 "-" "Mozilla/5.0 (compatible; Googlebot/2.1; +http://www.google.com/bot.html)"
66.249.64.7 - - [03/Dec/2025:05:40:22 +0000] "GET /robots.txt HTTP/1.1" 200 103 "-" "Mozilla/5.0 (compatible; Googlebot/2.1; +http://www.google.com/bot.html)"
66.249.64.8 - - [03/Dec/2025:05:40:26 +0000] "GET /sitemaps.xml HTTP/1.1" 301 0 "-" "Mozilla/5.0 (compatible; Googlebot/2.1; +http://www.google.com/bot.html)"
66.249.64.7 - - [03/Dec/2025:05:40:27 +0000] "GET /sitemaps.xml/ HTTP/1.1" 503 917 "-" "Mozilla/5.0 (compatible; Googlebot/2.1; +http://www.google.com/bot.html)"
66.249.64.9 - - [03/Dec/2025:05:41:27 +0000] "GET /sitemaps.xml HTTP/1.1" 301 0 "-" "Mozilla/5.0 (compatible; Googlebot/2.1; +http://www.google.com/bot.html)"
170.10.164.108 - - [03/Dec/2025:05:43:51 +0000] "POST /wp-cron.php?doing_wp_cron=1764740631.6642570495605468750000 HTTP/1.1" 200 0 "-" "IxLAAHOmJvP8"
170.10.164.108 - - [03/Dec/2025:05:40:25 +0000] "POST /wp-cron.php?doing_wp_cron=1764740425.9071760177612304687500 HTTP/1.1" 200 0 "-" "CzAuOpiIhsV4"
170.10.164.108 - - [03/Dec/2025:05:41:10 +0000] "POST /wp-admin/upgrade.php?step=upgrade_db HTTP/1.1" 200 21 "-" "WordPress/6.8.3; https://royalgardens.brainware.com.co"
170.10.164.108 - - [03/Dec/2025:05:41:28 +0000] "POST /wp-cron.php?doing_wp_cron=1764740488.2967269420623779296875 HTTP/1.1" 200 0 "-" "iJaGwqmnjtFm"
66.249.64.8 - - [03/Dec/2025:05:41:28 +0000] "GET /sitemaps.xml/ HTTP/1.1" 200 249 "-" "Mozilla/5.0 (compatible; Googlebot/2.1; +http://www.google.com/bot.html)"
170.10.164.108 - - [03/Dec/2025:10:54:09 +0000] "POST /wp-cron.php?doing_wp_cron=1764759249.2363560199737548828125 HTTP/1.1" 200 0 "-" "n5PLtVqNDeqe"
74.7.227.150 - - [03/Dec/2025:10:54:04 +0000] "GET / HTTP/2" 200 31797 "-" "Mozilla/5.0 AppleWebKit/537.36 (KHTML, like Gecko; compatible; GPTBot/1.3; +https://openai.com/gptbot)"
74.7.227.150 - - [03/Dec/2025:10:54:13 +0000] "GET /wp-includes/js/dist/i18n.min.js?ver=c26c3dc7bed366793375 HTTP/2" 200 2119 "-" "Mozilla/5.0 AppleWebKit/537.36 (KHTML, like Gecko; compatible; GPTBot/1.3; +https://openai.com/gptbot)"
74.7.227.150 - - [03/Dec/2025:10:54:15 +0000] "GET /wp-includes/js/dist/hooks.min.js?ver=dd5603f07f9220ed27f1 HTTP/2" 200 1852 "-" "Mozilla/5.0 AppleWebKit/537.36 (KHTML, like Gecko; compatible; GPTBot/1.3; +https://openai.com/gptbot)"
74.7.227.150 - - [03/Dec/2025:10:54:18 +0000] "GET /wp-content/uploads/elementor/css/post-73.css?ver=1764759249 HTTP/2" 200 424 "-" "Mozilla/5.0 AppleWebKit/537.36 (KHTML, like Gecko; compatible; GPTBot/1.3; +https://openai.com/gptbot)"
74.7.227.150 - - [03/Dec/2025:10:54:21 +0000] "GET /wp-content/uploads/elementor/css/post-7.css?ver=1764759248 HTTP/2" 200 1405 "-" "Mozilla/5.0 AppleWebKit/537.36 (KHTML, like Gecko; compatible; GPTBot/1.3; +https://openai.com/gptbot)"
74.7.227.150 - - [03/Dec/2025:10:54:23 +0000] "GET /wp-content/uploads/elementor/css/post-6.css?ver=1764759248 HTTP/2" 200 405 "-" "Mozilla/5.0 AppleWebKit/537.36 (KHTML, like Gecko; compatible; GPTBot/1.3; +https://openai.com/gptbot)"
74.7.227.150 - - [03/Dec/2025:10:54:24 +0000] "GET /wp-includes/js/wp-emoji-release.min.js?ver=6.9 HTTP/2" 200 4949 "-" "Mozilla/5.0 AppleWebKit/537.36 (KHTML, like Gecko; compatible; GPTBot/1.3; +https://openai.com/gptbot)"
74.7.227.150 - - [03/Dec/2025:10:54:26 +0000] "GET /wp-content/uploads/elementor/css/post-14.css?ver=1764759248 HTTP/2" 200 448 "-" "Mozilla/5.0 AppleWebKit/537.36 (KHTML, like Gecko; compatible; GPTBot/1.3; +https://openai.com/gptbot)"
104.197.222.111 - - [03/Dec/2025:14:38:02 +0000] "GET /.git/config HTTP/1.1" 403 1242 "-" "-"
170.10.164.108 - - [03/Dec/2025:20:09:34 +0000] "POST /wp-cron.php?doing_wp_cron=1764792574.0169849395751953125000 HTTP/1.1" 200 0 "-" "qcXBEnvhwlgq"
204.76.203.25 - - [03/Dec/2025:20:09:29 +0000] "GET / HTTP/1.1" 200 125772 "-" "Mozilla/5.0 (Windows NT 10.0; Win64; x64) AppleWebKit/537.36 (KHTML, like Gecko) Chrome/134.0.0.0 Safari/537.3"
142.111.208.245 - - [04/Dec/2025:02:02:09 +0000] "GET / HTTP/1.1" 200 125772 "-" "Mozilla/5.0+(compatible;+Googlebot/2.1;++http://www.google.com/bot.html)"
142.111.208.245 - - [04/Dec/2025:02:02:16 +0000] "GET / HTTP/1.1" 200 125772 "-" "Mozilla/5.0 (Windows NT 10.0; Win64; x64) AppleWebKit/537.36 (KHTML, like Gecko) Chrome/132.0.0.0 Safari/537.36"
170.10.164.108 - - [04/Dec/2025:02:14:50 +0000] "POST /wp-cron.php?doing_wp_cron=1764814490.5477709770202636718750 HTTP/1.1" 200 0 "-" "VGJykijgI7TW"
104.252.49.64 - - [04/Dec/2025:02:14:46 +0000] "GET / HTTP/1.1" 200 125772 "-" "Mozilla/5.0+(compatible;+Googlebot/2.1;++http://www.google.com/bot.html)"
104.252.49.64 - - [04/Dec/2025:02:14:51 +0000] "GET / HTTP/1.1" 200 125772 "-" "Mozilla/5.0 (Windows NT 10.0; Win64; x64) AppleWebKit/537.36 (KHTML, like Gecko) Chrome/132.0.0.0 Safari/537.36"
170.10.164.108 - - [04/Dec/2025:02:23:13 +0000] "POST /wp-cron.php?doing_wp_cron=1764814993.6614050865173339843750 HTTP/1.1" 200 0 "-" "4MPOQn5xksfR"
66.249.64.8 - - [04/Dec/2025:02:23:13 +0000] "GET /sitemaps.xml HTTP/1.1" 301 0 "-" "Mozilla/5.0 (compatible; Googlebot/2.1; +http://www.google.com/bot.html)"
170.10.164.108 - - [04/Dec/2025:02:23:57 +0000] "POST /wp-cron.php?doing_wp_cron=1764815037.2139530181884765625000 HTTP/1.1" 200 0 "-" "vn6lTYh1FqGx"
170.10.164.108 - - [04/Dec/2025:02:02:14 +0000] "POST /wp-cron.php?doing_wp_cron=1764813734.8114449977874755859375 HTTP/1.1" 200 0 "-" "hQUAsdrmUDzU"
66.249.64.7 - - [04/Dec/2025:02:23:10 +0000] "GET /robots.txt HTTP/1.1" 200 103 "-" "Mozilla/5.0 (compatible; Googlebot/2.1; +http://www.google.com/bot.html)"
66.249.64.7 - - [04/Dec/2025:02:23:15 +0000] "GET /sitemaps.xml/ HTTP/1.1" 200 249 "-" "Mozilla/5.0 (compatible; Googlebot/2.1; +http://www.google.com/bot.html)"
66.249.64.7 - - [04/Dec/2025:02:23:56 +0000] "GET /page-sitemap1.xml HTTP/1.1" 301 0 "-" "Mozilla/5.0 (compatible; Googlebot/2.1; +http://www.google.com/bot.html)"
66.249.64.7 - - [04/Dec/2025:02:23:57 +0000] "GET /page-sitemap1.xml/ HTTP/1.1" 200 251 "-" "Mozilla/5.0 (compatible; Googlebot/2.1; +http://www.google.com/bot.html)"
204.76.203.25 - - [04/Dec/2025:06:57:06 +0000] "GET /wp-content/plugins/pro-elements/assets/js/webpack-pro.runtime.min.js HTTP/1.1" 200 6247 "-" "Mozilla/5.0 (Windows NT 10.0; Win64; x64) AppleWebKit/537.36 (KHTML, like Gecko) Chrome/134.0.0.0 Safari/537.3"
204.76.203.25 - - [04/Dec/2025:06:57:06 +0000] "GET /wp-content/plugins/elementor/assets/js/webpack.runtime.min.js HTTP/1.1" 200 5707 "-" "Mozilla/5.0 (Windows NT 10.0; Win64; x64) AppleWebKit/537.36 (KHTML, like Gecko) Chrome/134.0.0.0 Safari/537.3"
66.249.64.7 - - [04/Dec/2025:09:43:53 +0000] "GET /robots.txt HTTP/1.1" 200 103 "-" "Mozilla/5.0 (compatible; Googlebot/2.1; +http://www.google.com/bot.html)"
66.249.64.7 - - [04/Dec/2025:09:43:55 +0000] "GET /post-sitemap1.xml/ HTTP/1.1" 200 258 "-" "Mozilla/5.0 (compatible; Googlebot/2.1; +http://www.google.com/bot.html)"
170.10.164.108 - - [04/Dec/2025:09:20:23 +0000] "POST /wp-cron.php?doing_wp_cron=1764840023.4882769584655761718750 HTTP/1.1" 200 0 "-" "q3DY9vGr4NQ0"
137.184.63.75 - - [04/Dec/2025:09:20:22 +0000] "GET / HTTP/1.1" 200 35270 "-" "Mozilla/5.0 (X11; Linux x86_64) AppleWebKit/537.36 (KHTML, like Gecko) Chrome/139.0.0.0 Safari/537.36"
137.184.63.75 - - [04/Dec/2025:09:20:24 +0000] "GET /favicon.ico HTTP/1.1" 404 1251 "https://royalgardens.brainware.com.co/" "Mozilla/5.0 (X11; Linux x86_64) AppleWebKit/537.36 (KHTML, like Gecko) Chrome/139.0.0.0 Safari/537.36"
66.249.64.9 - - [04/Dec/2025:09:43:54 +0000] "GET /post-sitemap1.xml HTTP/1.1" 301 0 "-" "Mozilla/5.0 (compatible; Googlebot/2.1; +http://www.google.com/bot.html)"
170.10.164.108 - - [04/Dec/2025:09:43:54 +0000] "POST /wp-cron.php?doing_wp_cron=1764841434.2522358894348144531250 HTTP/1.1" 200 0 "-" "zH4GfiRsNkwM"
170.10.164.108 - - [04/Dec/2025:16:51:44 +0000] "POST /wp-cron.php?doing_wp_cron=1764867104.0278620719909667968750 HTTP/1.1" 200 0 "-" "qOTEy8efu2OC"
66.249.70.34 - - [04/Dec/2025:16:51:40 +0000] "GET /robots.txt HTTP/1.1" 200 103 "-" "Mozilla/5.0 (compatible; Googlebot/2.1; +http://www.google.com/bot.html)"
66.249.70.33 - - [04/Dec/2025:16:51:44 +0000] "GET /category-sitemap1.xml HTTP/1.1" 301 0 "-" "Mozilla/5.0 (compatible; Googlebot/2.1; +http://www.google.com/bot.html)"
66.249.70.33 - - [04/Dec/2025:16:51:45 +0000] "GET /category-sitemap1.xml/ HTTP/1.1" 200 208 "-" "Mozilla/5.0 (compatible; Googlebot/2.1; +http://www.google.com/bot.html)"