204.12.208.18 - - [02/Dec/2025:18:44:19 +0000] "GET /wp-includes/qq4c4896/index.php HTTP/1.1" 200 0 "http://delcarajo.brainware.com.co/wp-includes/qq4c4896/index.php" "Mozilla/5.0 (Macintosh; Intel Mac OS X 10_6_8) AppleWebKit/535.7 (KHTML, like Gecko) Chrome/16.0.912.75 Safari/535.7"
204.12.208.18 - - [02/Dec/2025:18:45:00 +0000] "GET /wp-includes/qq4c4896/index.php HTTP/1.1" 200 0 "http://delcarajo.brainware.com.co/wp-includes/qq4c4896/index.php" "Mozilla/5.0 (Macintosh; Intel Mac OS X 10_6_8) AppleWebKit/535.1 (KHTML, like Gecko) Chrome/13.0.782.112 Safari/535.1"
35.196.84.110 - - [02/Dec/2025:18:57:29 +0000] "GET / HTTP/1.1" 200 134827 "-" "Mozilla/5.0 (Windows NT 10.0; Win64; x64) AppleWebKit/537.36 (KHTML, like Gecko) Chrome/78.0.3904.108 Safari/537.36"
35.196.84.110 - - [02/Dec/2025:18:57:31 +0000] "GET /?author=1 HTTP/1.1" 301 0 "-" "Mozilla/5.0 (Windows NT 10.0; Win64; x64) AppleWebKit/537.36 (KHTML, like Gecko) Chrome/78.0.3904.108 Safari/537.36"
35.196.84.110 - - [02/Dec/2025:18:57:32 +0000] "GET /?author=2 HTTP/1.1" 200 133751 "-" "Mozilla/5.0 (Windows NT 10.0; Win64; x64) AppleWebKit/537.36 (KHTML, like Gecko) Chrome/78.0.3904.108 Safari/537.36"
35.196.84.110 - - [02/Dec/2025:18:57:33 +0000] "GET /wp-json/wp/v2/users/ HTTP/1.1" 200 798 "-" "Mozilla/5.0 (Windows NT 10.0; Win64; x64) AppleWebKit/537.36 (KHTML, like Gecko) Chrome/78.0.3904.108 Safari/537.36"
35.196.84.110 - - [02/Dec/2025:18:57:34 +0000] "POST /xmlrpc.php HTTP/1.1" 200 414 "-" "Mozilla/5.0 (Windows NT 10.0; Win64; x64) AppleWebKit/537.36 (KHTML, like Gecko) Chrome/78.0.3904.108 Safari/537.36"
35.196.84.110 - - [02/Dec/2025:18:57:34 +0000] "POST /xmlrpc.php HTTP/1.1" 200 414 "-" "Mozilla/5.0 (Windows NT 10.0; Win64; x64) AppleWebKit/537.36 (KHTML, like Gecko) Chrome/78.0.3904.108 Safari/537.36"
35.196.84.110 - - [02/Dec/2025:18:57:35 +0000] "POST /xmlrpc.php HTTP/1.1" 200 414 "-" "Mozilla/5.0 (Windows NT 10.0; Win64; x64) AppleWebKit/537.36 (KHTML, like Gecko) Chrome/78.0.3904.108 Safari/537.36"
35.196.84.110 - - [02/Dec/2025:18:57:36 +0000] "POST /xmlrpc.php HTTP/1.1" 200 414 "-" "Mozilla/5.0 (Windows NT 10.0; Win64; x64) AppleWebKit/537.36 (KHTML, like Gecko) Chrome/78.0.3904.108 Safari/537.36"
35.196.84.110 - - [02/Dec/2025:18:57:37 +0000] "POST /xmlrpc.php HTTP/1.1" 403 414 "-" "Mozilla/5.0 (Windows NT 10.0; Win64; x64) AppleWebKit/537.36 (KHTML, like Gecko) Chrome/78.0.3904.108 Safari/537.36"
170.10.164.108 - - [02/Dec/2025:18:57:31 +0000] "POST /wp-cron.php?doing_wp_cron=1764701851.3211619853973388671875 HTTP/1.1" 200 0 "-" "WordPress/6.8.3; https://delcarajo.brainware.com.co"
101.99.88.90 - - [02/Dec/2025:19:37:32 +0000] "GET / HTTP/1.1" 200 112509 "-" "Mozilla/5.0 (compatible; Googlebot/2.1; +http://www.google.com/bot.html)"
147.185.132.46 - - [02/Dec/2025:20:17:35 +0000] "GET / HTTP/1.1" 200 134827 "-" "Hello from Palo Alto Networks, find out more about our scans in https://docs-cortex.paloaltonetworks.com/r/1/Cortex-Xpanse/Scanning-activity"
204.12.208.18 - - [02/Dec/2025:20:30:40 +0000] "GET /wp-includes/qq4c4896/index.php HTTP/1.1" 200 0 "http://delcarajo.brainware.com.co/wp-includes/qq4c4896/index.php" "Mozilla/5.0 (Windows NT 10.0; WOW64) AppleWebKit/537.36 (KHTML, like Gecko) Chrome/74.0.3729.131 Safari/537.36"
204.12.208.18 - - [02/Dec/2025:20:31:21 +0000] "GET /wp-includes/qq4c4896/index.php HTTP/1.1" 200 0 "http://delcarajo.brainware.com.co/wp-includes/qq4c4896/index.php" "Mozilla/4.0 (compatible; MSIE 7.0; Windows NT 6.0; SLCC1; .NET CLR 2.0.50727; Media Center PC 5.0; .NET CLR 3.0.04506)"
204.12.208.18 - - [02/Dec/2025:20:31:01 +0000] "GET /wp-includes/qq4c4896/index.php HTTP/1.1" 200 0 "http://delcarajo.brainware.com.co/wp-includes/qq4c4896/index.php" "Mozilla/5.0 (Macintosh; U; PPC Mac OS X; ja-jp) AppleWebKit/523.12 (KHTML, like Gecko) Version/3.0.4 Safari/523.12"
170.10.164.108 - - [02/Dec/2025:20:17:41 +0000] "POST /wp-cron.php?doing_wp_cron=1764706661.1298780441284179687500 HTTP/1.1" 200 0 "-" "WordPress/6.8.3; https://delcarajo.brainware.com.co"
101.99.88.90 - - [02/Dec/2025:21:40:13 +0000] "GET / HTTP/1.1" 200 131650 "-" "Mozilla/5.0 (compatible; Googlebot/2.1; +http://www.google.com/bot.html)"
114.79.6.245 - - [02/Dec/2025:23:14:54 +0000] "GET /lrwit7bvakghhggw6jCakc.php HTTP/1.1" 200 2124 "-" "Mozilla/5.0 (Windows NT 10.0; Win64; x64) AppleWebKit/537.36 (KHTML, like Gecko) HeadlessChrome/136.0.7103.25 Safari/537.36"
66.249.64.35 - - [03/Dec/2025:00:06:57 +0000] "GET /robots.txt HTTP/1.1" 200 113 "-" "Mozilla/5.0 (compatible; Googlebot/2.1; +http://www.google.com/bot.html)"
66.249.64.37 - - [03/Dec/2025:00:06:57 +0000] "GET /items/060036450.html HTTP/1.1" 200 21217 "-" "Mozilla/5.0 (compatible; Googlebot/2.1; +http://www.google.com/bot.html)"
170.10.164.108 - - [03/Dec/2025:00:11:04 +0000] "POST /wp-cron.php?doing_wp_cron=1764720664.5129940509796142578125 HTTP/1.1" 200 0 "-" "WordPress/6.8.3; https://delcarajo.brainware.com.co"
198.235.24.248 - - [03/Dec/2025:00:18:41 +0000] "GET /shell HTTP/1.1" 404 134007 "-" "Hello from Palo Alto Networks, find out more about our scans in https://docs-cortex.paloaltonetworks.com/r/1/Cortex-Xpanse/Scanning-activity"
205.210.31.41 - - [03/Dec/2025:00:46:50 +0000] "GET /webshell.php HTTP/1.1" 404 134007 "-" "Hello from Palo Alto Networks, find out more about our scans in https://docs-cortex.paloaltonetworks.com/r/1/Cortex-Xpanse/Scanning-activity"
198.235.24.93 - - [03/Dec/2025:00:11:02 +0000] "GET /wp-login.php HTTP/1.1" 302 0 "-" "Hello from Palo Alto Networks, find out more about our scans in https://docs-cortex.paloaltonetworks.com/r/1/Cortex-Xpanse/Scanning-activity"
198.235.24.5 - - [03/Dec/2025:00:31:51 +0000] "GET /shell.php HTTP/1.1" 200 0 "-" "Hello from Palo Alto Networks, find out more about our scans in https://docs-cortex.paloaltonetworks.com/r/1/Cortex-Xpanse/Scanning-activity"
198.235.24.224 - - [03/Dec/2025:00:18:40 +0000] "GET /webshell HTTP/1.1" 404 134007 "-" "Hello from Palo Alto Networks, find out more about our scans in https://docs-cortex.paloaltonetworks.com/r/1/Cortex-Xpanse/Scanning-activity"
101.99.88.90 - - [03/Dec/2025:02:42:35 +0000] "GET /wp-includes/qq4c4896/index.php HTTP/1.1" 403 1242 "-" "-"
101.99.88.90 - - [03/Dec/2025:02:42:32 +0000] "GET / HTTP/1.1" 200 135624 "-" "Mozilla/5.0 (compatible; Googlebot/2.1; +http://www.google.com/bot.html)"
170.10.164.108 - - [03/Dec/2025:04:57:57 +0000] "POST /wp-cron.php?doing_wp_cron=1764737877.1506719589233398437500 HTTP/1.1" 200 0 "-" "WordPress/6.9; https://delcarajo.brainware.com.co"
101.99.88.90 - - [03/Dec/2025:04:20:55 +0000] "GET / HTTP/1.1" 200 135624 "-" "Mozilla/5.0 (compatible; Googlebot/2.1; +http://www.google.com/bot.html)"
66.249.64.37 - - [03/Dec/2025:04:57:54 +0000] "GET /?sitemapindex.xml HTTP/1.1" 200 36849 "-" "Mozilla/5.0 (compatible; Googlebot/2.1; +http://www.google.com/bot.html)"
170.10.164.108 - - [03/Dec/2025:04:20:58 +0000] "POST /wp-cron.php?doing_wp_cron=1764735658.2294108867645263671875 HTTP/1.1" 200 0 "-" "WordPress/6.9; https://delcarajo.brainware.com.co"
101.99.88.90 - - [03/Dec/2025:04:20:59 +0000] "GET /wp-includes/qq4c4896/index.php HTTP/1.1" 403 1242 "-" "-"
204.12.208.18 - - [03/Dec/2025:05:24:15 +0000] "GET /wp-includes/qq4c4896/index.php HTTP/1.1" 200 0 "http://delcarajo.brainware.com.co/wp-includes/qq4c4896/index.php" "Mozilla/5.0 (Macintosh; U; PPC Mac OS X; ja-jp) AppleWebKit/522.11.1 (KHTML, like Gecko) Version/3.0.3 Safari/522.12.1"
204.12.208.18 - - [03/Dec/2025:05:24:36 +0000] "GET /wp-includes/qq4c4896/index.php HTTP/1.1" 200 0 "http://delcarajo.brainware.com.co/wp-includes/qq4c4896/index.php" "Mozilla/5.0 (Macintosh; Intel Mac OS X 10.5; rv:8.0.1) Gecko/20100101 Firefox/8.0.1"
204.12.208.18 - - [03/Dec/2025:05:24:57 +0000] "GET /wp-includes/qq4c4896/index.php HTTP/1.1" 200 0 "http://delcarajo.brainware.com.co/wp-includes/qq4c4896/index.php" "Mozilla/5.0 (Windows NT 6.1; WOW64; rv:9.0.1) Gecko/20100101 Firefox/9.0.1"
101.99.88.90 - - [03/Dec/2025:05:58:10 +0000] "GET / HTTP/1.1" 200 135624 "-" "Mozilla/5.0 (compatible; Googlebot/2.1; +http://www.google.com/bot.html)"
101.99.88.90 - - [03/Dec/2025:05:32:32 +0000] "GET / HTTP/1.1" 200 135624 "-" "Mozilla/5.0 (compatible; Googlebot/2.1; +http://www.google.com/bot.html)"
170.10.164.108 - - [03/Dec/2025:05:58:12 +0000] "POST /wp-cron.php?doing_wp_cron=1764741492.8512051105499267578125 HTTP/1.1" 200 0 "-" "WordPress/6.9; https://delcarajo.brainware.com.co"
101.99.88.90 - - [03/Dec/2025:05:32:36 +0000] "GET /wp-includes/qq4c4896/index.php HTTP/1.1" 403 1242 "-" "-"
101.99.88.90 - - [03/Dec/2025:05:58:14 +0000] "GET /wp-includes/qq4c4896/index.php HTTP/1.1" 403 1242 "-" "-"
170.10.164.108 - - [03/Dec/2025:07:23:41 +0000] "POST /wp-cron.php?doing_wp_cron=1764746621.7421410083770751953125 HTTP/1.1" 200 0 "-" "WordPress/6.9; https://delcarajo.brainware.com.co"
101.99.88.90 - - [03/Dec/2025:07:23:43 +0000] "GET /wp-includes/qq4c4896/index.php HTTP/1.1" 403 1242 "-" "-"
101.99.88.90 - - [03/Dec/2025:07:23:39 +0000] "GET / HTTP/1.1" 200 135624 "-" "Mozilla/5.0 (compatible; Googlebot/2.1; +http://www.google.com/bot.html)"
170.10.164.108 - - [03/Dec/2025:09:57:30 +0000] "POST /wp-cron.php?doing_wp_cron=1764755850.4927010536193847656250 HTTP/1.1" 200 0 "-" "WordPress/6.9; https://delcarajo.brainware.com.co"
101.99.88.90 - - [03/Dec/2025:09:57:27 +0000] "GET / HTTP/1.1" 200 135624 "-" "Mozilla/5.0 (compatible; Googlebot/2.1; +http://www.google.com/bot.html)"
101.99.88.90 - - [03/Dec/2025:09:57:31 +0000] "GET /wp-includes/qq4c4896/index.php HTTP/1.1" 403 1242 "-" "-"
170.10.164.108 - - [03/Dec/2025:08:56:15 +0000] "POST /wp-cron.php?doing_wp_cron=1764752175.6489961147308349609375 HTTP/1.1" 200 0 "-" "WordPress/6.9; https://delcarajo.brainware.com.co"
101.99.88.90 - - [03/Dec/2025:08:56:17 +0000] "GET /wp-includes/qq4c4896/index.php HTTP/1.1" 403 1242 "-" "-"
101.99.88.90 - - [03/Dec/2025:08:56:13 +0000] "GET / HTTP/1.1" 200 135624 "-" "Mozilla/5.0 (compatible; Googlebot/2.1; +http://www.google.com/bot.html)"
204.12.208.18 - - [03/Dec/2025:10:46:11 +0000] "GET /wp-includes/qq4c4896/index.php HTTP/1.1" 200 0 "http://delcarajo.brainware.com.co/wp-includes/qq4c4896/index.php" "Mozilla/5.0 (Macintosh; U; PPC Mac OS X; ja-jp) AppleWebKit/523.12 (KHTML, like Gecko) Version/3.0.4 Safari/523.12"
204.12.208.18 - - [03/Dec/2025:10:46:31 +0000] "GET /wp-includes/qq4c4896/index.php HTTP/1.1" 200 0 "http://delcarajo.brainware.com.co/wp-includes/qq4c4896/index.php" "Mozilla/5.0 (Macintosh; Intel Mac OS X 10_6_8) AppleWebKit/534.57.2 (KHTML, like Gecko) Version/5.1.7 Safari/534.57.2"
101.99.88.90 - - [03/Dec/2025:12:22:48 +0000] "GET / HTTP/1.1" 200 135624 "-" "Mozilla/5.0 (compatible; Googlebot/2.1; +http://www.google.com/bot.html)"
204.12.208.18 - - [03/Dec/2025:10:46:52 +0000] "GET /wp-includes/qq4c4896/index.php HTTP/1.1" 200 0 "http://delcarajo.brainware.com.co/wp-includes/qq4c4896/index.php" "Mozilla/5.0 (compatible; MSIE 9.0; Windows NT 6.1; WOW64; Trident/5.0; Sleipnir/2.9.8)"
170.10.164.108 - - [03/Dec/2025:12:22:54 +0000] "POST /wp-cron.php?doing_wp_cron=1764764574.2744541168212890625000 HTTP/1.1" 200 0 "-" "WordPress/6.9; https://delcarajo.brainware.com.co"
101.99.88.90 - - [03/Dec/2025:12:22:55 +0000] "GET /wp-includes/qq4c4896/index.php HTTP/1.1" 403 1242 "-" "-"
170.10.164.108 - - [03/Dec/2025:13:11:48 +0000] "POST /wp-cron.php?doing_wp_cron=1764767508.3380010128021240234375 HTTP/1.1" 200 0 "-" "WordPress/6.9; https://delcarajo.brainware.com.co"
101.99.88.90 - - [03/Dec/2025:13:11:49 +0000] "GET /wp-includes/qq4c4896/index.php HTTP/1.1" 403 1242 "-" "-"
101.99.88.90 - - [03/Dec/2025:13:11:45 +0000] "GET / HTTP/1.1" 200 135624 "-" "Mozilla/5.0 (compatible; Googlebot/2.1; +http://www.google.com/bot.html)"
101.99.88.90 - - [03/Dec/2025:14:34:07 +0000] "GET /wp-includes/qq4c4896/index.php HTTP/1.1" 403 1242 "-" "-"
170.10.164.108 - - [03/Dec/2025:14:34:06 +0000] "POST /wp-cron.php?doing_wp_cron=1764772446.3163599967956542968750 HTTP/1.1" 200 0 "-" "WordPress/6.9; https://delcarajo.brainware.com.co"
101.99.88.90 - - [03/Dec/2025:14:34:03 +0000] "GET / HTTP/1.1" 200 135624 "-" "Mozilla/5.0 (compatible; Googlebot/2.1; +http://www.google.com/bot.html)"
34.14.97.171 - - [03/Dec/2025:14:38:09 +0000] "GET / HTTP/1.1" 200 135624 "-" "Mozilla/5.0 (Windows NT 10.0; Win64; x64) AppleWebKit/537.36 (KHTML, like Gecko) Chrome/88.0.4240.193 Safari/537.36"
34.14.97.171 - - [03/Dec/2025:14:38:10 +0000] "GET /?author=1 HTTP/1.1" 301 0 "-" "Mozilla/5.0 (Windows NT 10.0; Win64; x64) AppleWebKit/537.36 (KHTML, like Gecko) Chrome/88.0.4240.193 Safari/537.36"
34.14.97.171 - - [03/Dec/2025:14:38:11 +0000] "GET /?author=2 HTTP/1.1" 200 134454 "-" "Mozilla/5.0 (Windows NT 10.0; Win64; x64) AppleWebKit/537.36 (KHTML, like Gecko) Chrome/88.0.4240.193 Safari/537.36"
34.14.97.171 - - [03/Dec/2025:14:38:11 +0000] "GET /?author=3 HTTP/1.1" 404 134007 "-" "Mozilla/5.0 (Windows NT 10.0; Win64; x64) AppleWebKit/537.36 (KHTML, like Gecko) Chrome/88.0.4240.193 Safari/537.36"
34.14.97.171 - - [03/Dec/2025:14:38:12 +0000] "GET /wp-json/wp/v2/users/ HTTP/1.1" 200 798 "-" "Mozilla/5.0 (Windows NT 10.0; Win64; x64) AppleWebKit/537.36 (KHTML, like Gecko) Chrome/88.0.4240.193 Safari/537.36"
34.14.97.171 - - [03/Dec/2025:14:38:12 +0000] "POST /xmlrpc.php HTTP/1.1" 200 414 "-" "Mozilla/5.0 (Windows NT 10.0; Win64; x64) AppleWebKit/537.36 (KHTML, like Gecko) Chrome/88.0.4240.193 Safari/537.36"
34.14.97.171 - - [03/Dec/2025:14:38:13 +0000] "POST /xmlrpc.php HTTP/1.1" 200 414 "-" "Mozilla/5.0 (Windows NT 10.0; Win64; x64) AppleWebKit/537.36 (KHTML, like Gecko) Chrome/88.0.4240.193 Safari/537.36"
34.14.97.171 - - [03/Dec/2025:14:38:13 +0000] "POST /xmlrpc.php HTTP/1.1" 200 414 "-" "Mozilla/5.0 (Windows NT 10.0; Win64; x64) AppleWebKit/537.36 (KHTML, like Gecko) Chrome/88.0.4240.193 Safari/537.36"
34.14.97.171 - - [03/Dec/2025:14:38:14 +0000] "POST /xmlrpc.php HTTP/1.1" 200 414 "-" "Mozilla/5.0 (Windows NT 10.0; Win64; x64) AppleWebKit/537.36 (KHTML, like Gecko) Chrome/88.0.4240.193 Safari/537.36"
34.14.97.171 - - [03/Dec/2025:14:38:16 +0000] "POST /xmlrpc.php HTTP/1.1" 403 414 "-" "Mozilla/5.0 (Windows NT 10.0; Win64; x64) AppleWebKit/537.36 (KHTML, like Gecko) Chrome/88.0.4240.193 Safari/537.36"
170.10.164.108 - - [03/Dec/2025:16:23:11 +0000] "POST /wp-cron.php?doing_wp_cron=1764778991.7464990615844726562500 HTTP/1.1" 200 0 "-" "WordPress/6.9; https://delcarajo.brainware.com.co"
101.99.88.90 - - [03/Dec/2025:16:23:09 +0000] "GET / HTTP/1.1" 200 135624 "-" "Mozilla/5.0 (compatible; Googlebot/2.1; +http://www.google.com/bot.html)"
101.99.88.90 - - [03/Dec/2025:16:23:13 +0000] "GET /wp-includes/qq4c4896/index.php HTTP/1.1" 403 1242 "-" "-"
101.99.88.90 - - [03/Dec/2025:17:43:21 +0000] "GET / HTTP/1.1" 200 135624 "-" "Mozilla/5.0 (compatible; Googlebot/2.1; +http://www.google.com/bot.html)"
204.12.208.18 - - [03/Dec/2025:17:52:35 +0000] "GET /wp-includes/qq4c4896/index.php HTTP/1.1" 200 0 "http://delcarajo.brainware.com.co/wp-includes/qq4c4896/index.php" "Mozilla/5.0 (X11; Linux i686) AppleWebKit/535.2 (KHTML, like Gecko) Ubuntu/10.04 Chromium/15.0.874.106 Chrome/15.0.874.106 Safari/535.2"
204.12.208.18 - - [03/Dec/2025:17:52:55 +0000] "GET /wp-includes/qq4c4896/index.php HTTP/1.1" 200 0 "http://delcarajo.brainware.com.co/wp-includes/qq4c4896/index.php" "Mozilla/5.0 (Macintosh; U; PPC Mac OS X; ja-jp) AppleWebKit/523.12.2 (KHTML, like Gecko) Version/3.0.4 Safari/523.12.2"
101.99.88.90 - - [03/Dec/2025:17:43:25 +0000] "GET /wp-includes/qq4c4896/index.php HTTP/1.1" 403 1242 "-" "-"
170.10.164.108 - - [03/Dec/2025:17:43:23 +0000] "POST /wp-cron.php?doing_wp_cron=1764783803.9425671100616455078125 HTTP/1.1" 200 0 "-" "WordPress/6.9; https://delcarajo.brainware.com.co"
204.12.208.18 - - [03/Dec/2025:17:52:15 +0000] "GET /wp-includes/qq4c4896/index.php HTTP/1.1" 200 0 "http://delcarajo.brainware.com.co/wp-includes/qq4c4896/index.php" "Mozilla/5.0 (Macintosh; Intel Mac OS X 10_6_8) AppleWebKit/534.57.2 (KHTML, like Gecko) Version/5.1.7 Safari/534.57.2"
204.12.208.18 - - [03/Dec/2025:19:38:25 +0000] "GET /wp-includes/qq4c4896/index.php HTTP/1.1" 200 0 "http://delcarajo.brainware.com.co/wp-includes/qq4c4896/index.php" "Mozilla/5.0 (compatible; MSIE 10.0; Windows NT 6.2; Win64; x64; Trident/6.0)"
204.12.208.18 - - [03/Dec/2025:19:38:46 +0000] "GET /wp-includes/qq4c4896/index.php HTTP/1.1" 200 0 "http://delcarajo.brainware.com.co/wp-includes/qq4c4896/index.php" "Mozilla/5.0 (Macintosh; U; PPC Mac OS X; ja-jp) AppleWebKit/522.11.1 (KHTML, like Gecko) Version/3.0.3 Safari/522.12.1"
204.12.208.18 - - [03/Dec/2025:19:39:06 +0000] "GET /wp-includes/qq4c4896/index.php HTTP/1.1" 200 0 "http://delcarajo.brainware.com.co/wp-includes/qq4c4896/index.php" "Mozilla/5.0 (Macintosh; U; PPC Mac OS X; ja-jp) AppleWebKit/523.12 (KHTML, like Gecko) Version/3.0.4 Safari/523.12"
170.10.164.108 - - [03/Dec/2025:19:22:13 +0000] "POST /wp-cron.php?doing_wp_cron=1764789733.3513879776000976562500 HTTP/1.1" 200 0 "-" "WordPress/6.9; https://delcarajo.brainware.com.co"
34.86.230.96 - - [03/Dec/2025:19:22:10 +0000] "GET / HTTP/1.1" 200 135624 "-" "Mozilla/5.0 (Windows NT 10.0; Win64; x64) AppleWebKit/537.36 (KHTML, like Gecko) Chrome/78.0.3904.108 Safari/537.36"
34.86.230.96 - - [03/Dec/2025:19:22:13 +0000] "GET /?author=1 HTTP/1.1" 301 0 "-" "Mozilla/5.0 (Windows NT 10.0; Win64; x64) AppleWebKit/537.36 (KHTML, like Gecko) Chrome/78.0.3904.108 Safari/537.36"
34.86.230.96 - - [03/Dec/2025:19:22:14 +0000] "GET /?author=2 HTTP/1.1" 200 134454 "-" "Mozilla/5.0 (Windows NT 10.0; Win64; x64) AppleWebKit/537.36 (KHTML, like Gecko) Chrome/78.0.3904.108 Safari/537.36"
34.86.230.96 - - [03/Dec/2025:19:22:14 +0000] "GET /wp-json/wp/v2/users/ HTTP/1.1" 200 798 "-" "Mozilla/5.0 (Windows NT 10.0; Win64; x64) AppleWebKit/537.36 (KHTML, like Gecko) Chrome/78.0.3904.108 Safari/537.36"
34.86.230.96 - - [03/Dec/2025:19:22:15 +0000] "POST /xmlrpc.php HTTP/1.1" 200 414 "-" "Mozilla/5.0 (Windows NT 10.0; Win64; x64) AppleWebKit/537.36 (KHTML, like Gecko) Chrome/78.0.3904.108 Safari/537.36"
34.86.230.96 - - [03/Dec/2025:19:22:15 +0000] "POST /xmlrpc.php HTTP/1.1" 200 414 "-" "Mozilla/5.0 (Windows NT 10.0; Win64; x64) AppleWebKit/537.36 (KHTML, like Gecko) Chrome/78.0.3904.108 Safari/537.36"
34.86.230.96 - - [03/Dec/2025:19:22:16 +0000] "POST /xmlrpc.php HTTP/1.1" 200 414 "-" "Mozilla/5.0 (Windows NT 10.0; Win64; x64) AppleWebKit/537.36 (KHTML, like Gecko) Chrome/78.0.3904.108 Safari/537.36"
34.86.230.96 - - [03/Dec/2025:19:22:17 +0000] "POST /xmlrpc.php HTTP/1.1" 200 414 "-" "Mozilla/5.0 (Windows NT 10.0; Win64; x64) AppleWebKit/537.36 (KHTML, like Gecko) Chrome/78.0.3904.108 Safari/537.36"
34.86.230.96 - - [03/Dec/2025:19:22:19 +0000] "POST /xmlrpc.php HTTP/1.1" 403 414 "-" "Mozilla/5.0 (Windows NT 10.0; Win64; x64) AppleWebKit/537.36 (KHTML, like Gecko) Chrome/78.0.3904.108 Safari/537.36"
101.99.88.90 - - [03/Dec/2025:20:42:06 +0000] "GET / HTTP/1.1" 200 135624 "-" "Mozilla/5.0 (compatible; Googlebot/2.1; +http://www.google.com/bot.html)"
101.99.88.90 - - [03/Dec/2025:20:42:18 +0000] "GET /wp-includes/qq4c4896/index.php HTTP/1.1" 403 1242 "-" "-"
66.249.81.9 - - [03/Dec/2025:20:43:07 +0000] "GET /wp-content/plugins/cookieadmin/assets/css/consent.css?ver=1.1.3 HTTP/1.1" 200 2439 "http://delcarajo.brainware.com.co/" "Mozilla/5.0 (Linux; Android 11; moto g power (2022)) AppleWebKit/537.36 (KHTML, like Gecko) Chrome/136.0.0.0 Mobile Safari/537.36 Chrome-Lighthouse"
66.249.81.8 - - [03/Dec/2025:20:43:07 +0000] "GET /wp-content/plugins/cookieadmin/assets/js/consent.js?ver=1.1.3 HTTP/1.1" 200 4282 "http://delcarajo.brainware.com.co/" "Mozilla/5.0 (Linux; Android 11; moto g power (2022)) AppleWebKit/537.36 (KHTML, like Gecko) Chrome/136.0.0.0 Mobile Safari/537.36 Chrome-Lighthouse"
66.249.81.8 - - [03/Dec/2025:20:43:07 +0000] "GET /wp-content/plugins/cookieadmin-pro/assets/js/consent.js?ver=1.1.3 HTTP/1.1" 200 528 "http://delcarajo.brainware.com.co/" "Mozilla/5.0 (Linux; Android 11; moto g power (2022)) AppleWebKit/537.36 (KHTML, like Gecko) Chrome/136.0.0.0 Mobile Safari/537.36 Chrome-Lighthouse"
66.249.81.8 - - [03/Dec/2025:20:43:08 +0000] "GET /wp-includes/js/wp-emoji-release.min.js?ver=6.9 HTTP/1.1" 200 4949 "http://delcarajo.brainware.com.co/" "Mozilla/5.0 (Linux; Android 11; moto g power (2022)) AppleWebKit/537.36 (KHTML, like Gecko) Chrome/136.0.0.0 Mobile Safari/537.36 Chrome-Lighthouse"
66.249.81.7 - - [03/Dec/2025:20:43:11 +0000] "GET / HTTP/1.1" 200 36847 "-" "Mozilla/5.0 (Linux; Android 11; moto g power (2022)) AppleWebKit/537.36 (KHTML, like Gecko) Chrome/136.0.0.0 Mobile Safari/537.36 Chrome-Lighthouse"
66.102.9.130 - - [03/Dec/2025:20:43:23 +0000] "GET /?test_speedycache=1 HTTP/1.1" 200 36846 "-" "Mozilla/5.0 (Linux; Android 11; moto g power (2022)) AppleWebKit/537.36 (KHTML, like Gecko) Chrome/136.0.0.0 Mobile Safari/537.36 Chrome-Lighthouse"
66.102.9.130 - - [03/Dec/2025:20:43:23 +0000] "GET /wp-content/plugins/cookieadmin/assets/css/consent.css?ver=1.1.3 HTTP/1.1" 200 2439 "http://delcarajo.brainware.com.co/?test_speedycache=1" "Mozilla/5.0 (Linux; Android 11; moto g power (2022)) AppleWebKit/537.36 (KHTML, like Gecko) Chrome/136.0.0.0 Mobile Safari/537.36 Chrome-Lighthouse"
66.102.9.130 - - [03/Dec/2025:20:43:24 +0000] "GET /wp-content/plugins/cookieadmin/assets/js/consent.js?ver=1.1.3 HTTP/1.1" 200 4282 "http://delcarajo.brainware.com.co/?test_speedycache=1" "Mozilla/5.0 (Linux; Android 11; moto g power (2022)) AppleWebKit/537.36 (KHTML, like Gecko) Chrome/136.0.0.0 Mobile Safari/537.36 Chrome-Lighthouse"
66.102.9.131 - - [03/Dec/2025:20:43:24 +0000] "GET /wp-content/plugins/cookieadmin-pro/assets/js/consent.js?ver=1.1.3 HTTP/1.1" 200 528 "http://delcarajo.brainware.com.co/?test_speedycache=1" "Mozilla/5.0 (Linux; Android 11; moto g power (2022)) AppleWebKit/537.36 (KHTML, like Gecko) Chrome/136.0.0.0 Mobile Safari/537.36 Chrome-Lighthouse"
170.10.164.108 - - [03/Dec/2025:20:42:08 +0000] "POST /wp-cron.php?doing_wp_cron=1764794528.4055221080780029296875 HTTP/1.1" 200 0 "-" "WordPress/6.9; https://delcarajo.brainware.com.co"
66.249.81.8 - - [03/Dec/2025:20:43:07 +0000] "GET /wp-content/plugins/cookieadmin/assets/images/cookieadmin_icon.svg HTTP/1.1" 200 293 "http://delcarajo.brainware.com.co/" "Mozilla/5.0 (Linux; Android 11; moto g power (2022)) AppleWebKit/537.36 (KHTML, like Gecko) Chrome/136.0.0.0 Mobile Safari/537.36 Chrome-Lighthouse"
170.10.164.108 - - [03/Dec/2025:20:43:12 +0000] "POST /wp-cron.php?doing_wp_cron=1764794592.1498351097106933593750 HTTP/1.1" 200 0 "-" "WordPress/6.9; https://delcarajo.brainware.com.co"
170.10.164.108 - - [03/Dec/2025:20:43:19 +0000] "GET /?test_speedycache=1 HTTP/1.1" 200 40381 "-" "WordPress/6.9; https://delcarajo.brainware.com.co"
66.102.9.131 - - [03/Dec/2025:20:43:24 +0000] "GET /wp-content/plugins/cookieadmin/assets/images/cookieadmin_icon.svg HTTP/1.1" 200 293 "http://delcarajo.brainware.com.co/?test_speedycache=1" "Mozilla/5.0 (Linux; Android 11; moto g power (2022)) AppleWebKit/537.36 (KHTML, like Gecko) Chrome/136.0.0.0 Mobile Safari/537.36 Chrome-Lighthouse"
66.102.9.131 - - [03/Dec/2025:20:43:24 +0000] "GET /wp-includes/js/wp-emoji-release.min.js?ver=6.9 HTTP/1.1" 200 4949 "http://delcarajo.brainware.com.co/?test_speedycache=1" "Mozilla/5.0 (Linux; Android 11; moto g power (2022)) AppleWebKit/537.36 (KHTML, like Gecko) Chrome/136.0.0.0 Mobile Safari/537.36 Chrome-Lighthouse"
66.102.9.131 - - [03/Dec/2025:20:43:28 +0000] "GET /?test_speedycache=1 HTTP/1.1" 200 36846 "-" "Mozilla/5.0 (Linux; Android 11; moto g power (2022)) AppleWebKit/537.36 (KHTML, like Gecko) Chrome/136.0.0.0 Mobile Safari/537.36 Chrome-Lighthouse"
66.249.81.7 - - [03/Dec/2025:20:43:06 +0000] "GET / HTTP/1.1" 200 36847 "-" "Mozilla/5.0 (Linux; Android 11; moto g power (2022)) AppleWebKit/537.36 (KHTML, like Gecko) Chrome/136.0.0.0 Mobile Safari/537.36 Chrome-Lighthouse"
170.10.164.108 - - [04/Dec/2025:00:14:04 +0000] "POST /wp-cron.php?doing_wp_cron=1764807244.3144791126251220703125 HTTP/1.1" 200 0 "-" "WordPress/6.9; https://delcarajo.brainware.com.co"
101.99.88.90 - - [04/Dec/2025:00:13:55 +0000] "GET / HTTP/1.1" 200 135624 "-" "Mozilla/5.0 (compatible; Googlebot/2.1; +http://www.google.com/bot.html)"
101.99.88.90 - - [04/Dec/2025:00:14:05 +0000] "GET /wp-includes/qq4c4896/index.php HTTP/1.1" 403 1242 "-" "-"
114.10.77.22 - - [03/Dec/2025:23:45:41 +0000] "GET /lrwit7bvakghhggw6jCakc.php HTTP/1.1" 200 2157 "-" "Mozilla/5.0 (Windows NT 10.0; Win64; x64) AppleWebKit/537.36 (KHTML, like Gecko) HeadlessChrome/136.0.7103.25 Safari/537.36"
101.99.88.90 - - [04/Dec/2025:01:48:18 +0000] "GET / HTTP/1.1" 200 135624 "-" "Mozilla/5.0 (compatible; Googlebot/2.1; +http://www.google.com/bot.html)"
101.99.88.90 - - [04/Dec/2025:01:48:25 +0000] "GET /wp-includes/qq4c4896/index.php HTTP/1.1" 403 1242 "-" "-"
170.10.164.108 - - [04/Dec/2025:02:58:49 +0000] "POST /wp-cron.php?doing_wp_cron=1764817129.4255490303039550781250 HTTP/1.1" 200 0 "-" "WordPress/6.9; https://delcarajo.brainware.com.co"
101.99.88.90 - - [04/Dec/2025:02:58:47 +0000] "GET / HTTP/1.1" 200 135624 "-" "Mozilla/5.0 (compatible; Googlebot/2.1; +http://www.google.com/bot.html)"
101.99.88.90 - - [04/Dec/2025:02:58:50 +0000] "GET /wp-includes/qq4c4896/index.php HTTP/1.1" 403 1242 "-" "-"
204.12.208.18 - - [04/Dec/2025:04:32:36 +0000] "GET /wp-includes/qq4c4896/index.php HTTP/1.1" 200 0 "http://delcarajo.brainware.com.co/wp-includes/qq4c4896/index.php" "Mozilla/5.0 (Macintosh; Intel Mac OS X 10_6_8) AppleWebKit/534.24 (KHTML, like Gecko) Chrome/11.0.696.71 Safari/534.24"
101.99.88.90 - - [04/Dec/2025:04:47:02 +0000] "GET / HTTP/1.1" 200 135624 "-" "Mozilla/5.0 (compatible; Googlebot/2.1; +http://www.google.com/bot.html)"
204.12.208.18 - - [04/Dec/2025:04:31:56 +0000] "GET /wp-includes/qq4c4896/index.php HTTP/1.1" 200 0 "http://delcarajo.brainware.com.co/wp-includes/qq4c4896/index.php" "Mozilla/4.0 (compatible; MSIE 8.0; Windows NT 5.1; Trident/4.0; .NET CLR 2.0.50727; .NET CLR 3.0.04506.30; .NET CLR 3.0.04506.648)"
204.12.208.18 - - [04/Dec/2025:04:32:16 +0000] "GET /wp-includes/qq4c4896/index.php HTTP/1.1" 200 0 "http://delcarajo.brainware.com.co/wp-includes/qq4c4896/index.php" "Mozilla/5.0 (Macintosh; U; Intel Mac OS X; ja-jp) AppleWebKit/523.10.3 (KHTML, like Gecko) Version/3.0.4 Safari/523.10"
170.10.164.108 - - [04/Dec/2025:04:47:05 +0000] "POST /wp-cron.php?doing_wp_cron=1764823624.9894061088562011718750 HTTP/1.1" 200 0 "-" "WordPress/6.9; https://delcarajo.brainware.com.co"
101.99.88.90 - - [04/Dec/2025:04:47:06 +0000] "GET /wp-includes/qq4c4896/index.php HTTP/1.1" 403 1242 "-" "-"
66.249.64.37 - - [04/Dec/2025:06:05:26 +0000] "GET /?sitemapindex.xml HTTP/1.1" 200 36848 "-" "Mozilla/5.0 (compatible; Googlebot/2.1; +http://www.google.com/bot.html)"
66.249.64.36 - - [04/Dec/2025:06:05:26 +0000] "GET /robots.txt HTTP/1.1" 200 113 "-" "Mozilla/5.0 (compatible; Googlebot/2.1; +http://www.google.com/bot.html)"
170.10.164.108 - - [04/Dec/2025:06:05:30 +0000] "POST /wp-cron.php?doing_wp_cron=1764828330.0528850555419921875000 HTTP/1.1" 200 0 "-" "WordPress/6.9; https://delcarajo.brainware.com.co"
101.99.88.90 - - [04/Dec/2025:09:07:31 +0000] "GET / HTTP/1.1" 200 135624 "-" "Mozilla/5.0 (compatible; Googlebot/2.1; +http://www.google.com/bot.html)"
170.10.164.108 - - [04/Dec/2025:09:07:33 +0000] "POST /wp-cron.php?doing_wp_cron=1764839253.5394930839538574218750 HTTP/1.1" 200 0 "-" "WordPress/6.9; https://delcarajo.brainware.com.co"
101.99.88.90 - - [04/Dec/2025:09:07:44 +0000] "GET /wp-includes/qq4c4896/index.php HTTP/1.1" 403 1242 "-" "-"
64.227.161.252 - - [04/Dec/2025:09:39:23 +0000] "GET / HTTP/1.1" 200 40383 "-" "Mozilla/5.0 (X11; Linux x86_64) AppleWebKit/537.36 (KHTML, like Gecko) Chrome/139.0.0.0 Safari/537.36"
101.99.88.90 - - [04/Dec/2025:11:46:03 +0000] "GET / HTTP/1.1" 200 135624 "-" "Mozilla/5.0 (compatible; Googlebot/2.1; +http://www.google.com/bot.html)"
204.12.208.18 - - [04/Dec/2025:10:37:39 +0000] "GET /wp-includes/qq4c4896/index.php HTTP/1.1" 200 0 "http://delcarajo.brainware.com.co/wp-includes/qq4c4896/index.php" "Mozilla/4.0 (compatible; MSIE 8.0; Windows NT 5.1; Trident/4.0; .NET CLR 2.0.50727; InfoPath.1"
204.12.208.18 - - [04/Dec/2025:10:38:19 +0000] "GET /wp-includes/qq4c4896/index.php HTTP/1.1" 200 0 "http://delcarajo.brainware.com.co/wp-includes/qq4c4896/index.php" "Mozilla/4.0 (compatible; MSIE 7.0; Windows NT 6.0; SLCC1; .NET CLR 2.0.50727; Media Center PC 5.0; .NET CLR 3.0.04506)"
170.10.164.108 - - [04/Dec/2025:11:46:05 +0000] "POST /wp-cron.php?doing_wp_cron=1764848765.3172879219055175781250 HTTP/1.1" 200 0 "-" "WordPress/6.9; https://delcarajo.brainware.com.co"
208.84.101.66 - - [04/Dec/2025:12:12:31 +0000] "GET /wp-admin/setup-config.php HTTP/1.1" 409 2665 "-" "Mozilla/5.0 (Windows NT 10.0; Win64; x64)"
101.99.88.90 - - [04/Dec/2025:12:47:00 +0000] "GET / HTTP/1.1" 200 135624 "-" "Mozilla/5.0 (compatible; Googlebot/2.1; +http://www.google.com/bot.html)"
204.12.208.18 - - [04/Dec/2025:10:37:59 +0000] "GET /wp-includes/qq4c4896/index.php HTTP/1.1" 200 0 "http://delcarajo.brainware.com.co/wp-includes/qq4c4896/index.php" "Mozilla/5.0 (Macintosh; U; Intel Mac OS X 10_5_5; ja-jp) AppleWebKit/525.26.2 (KHTML, like Gecko) Version/3.2 Safari/525.26.12"
101.99.88.90 - - [04/Dec/2025:11:46:06 +0000] "GET /wp-includes/qq4c4896/index.php HTTP/1.1" 403 1242 "-" "-"
101.99.88.90 - - [04/Dec/2025:12:47:04 +0000] "GET /wp-includes/qq4c4896/index.php HTTP/1.1" 403 1242 "-" "-"
170.10.164.108 - - [04/Dec/2025:14:52:52 +0000] "POST /wp-cron.php?doing_wp_cron=1764859972.9050900936126708984375 HTTP/1.1" 200 0 "-" "WordPress/6.9; https://delcarajo.brainware.com.co"
101.99.88.90 - - [04/Dec/2025:14:52:56 +0000] "GET /wp-includes/qq4c4896/index.php HTTP/1.1" 403 1242 "-" "-"
101.99.88.90 - - [04/Dec/2025:14:52:50 +0000] "GET / HTTP/1.1" 200 135624 "-" "Mozilla/5.0 (compatible; Googlebot/2.1; +http://www.google.com/bot.html)"
170.10.164.108 - - [04/Dec/2025:16:55:37 +0000] "POST /wp-cron.php?doing_wp_cron=1764867337.1919629573822021484375 HTTP/1.1" 200 0 "-" "WordPress/6.9; https://delcarajo.brainware.com.co"
101.99.88.90 - - [04/Dec/2025:16:55:34 +0000] "GET / HTTP/1.1" 200 135624 "-" "Mozilla/5.0 (compatible; Googlebot/2.1; +http://www.google.com/bot.html)"
123.160.223.75 - - [04/Dec/2025:17:14:29 +0000] "GET /wp-content/plugins/cookieadmin-pro/assets/js/consent.js?ver=1.1.3 HTTP/1.1" 200 611 "http://delcarajo.brainware.com.co/" "Mozilla/5.0 (Macintosh; Intel Mac OS X 10_15_7) AppleWebKit/537.36 (KHTML, like Gecko) Chrome/114.0.0.0 Safari/537.36"
101.99.88.90 - - [04/Dec/2025:17:32:37 +0000] "GET / HTTP/1.1" 200 135624 "-" "Mozilla/5.0 (compatible; Googlebot/2.1; +http://www.google.com/bot.html)"
204.12.208.18 - - [04/Dec/2025:17:58:50 +0000] "GET /wp-includes/qq4c4896/index.php HTTP/1.1" 200 0 "http://delcarajo.brainware.com.co/wp-includes/qq4c4896/index.php" "Mozilla/5.0 (Windows NT 6.1; WOW64) AppleWebKit/535.7 (KHTML, like Gecko) Chrome/16.0.912.75 Safari/535.7"
204.12.208.18 - - [04/Dec/2025:17:59:10 +0000] "GET /wp-includes/qq4c4896/index.php HTTP/1.1" 200 0 "http://delcarajo.brainware.com.co/wp-includes/qq4c4896/index.php" "Mozilla/5.0 (Windows NT 5.1; rv:6.0) Gecko/20100101 Firefox/6.0"
123.160.223.74 - - [04/Dec/2025:17:14:18 +0000] "GET / HTTP/1.1" 200 40382 "-" "Mozilla/5.0 (Macintosh; Intel Mac OS X 10_15_7) AppleWebKit/537.36 (KHTML, like Gecko) Chrome/96.0.4664.110 Safari/537.36"
123.160.223.75 - - [04/Dec/2025:17:14:25 +0000] "GET / HTTP/1.1" 200 40382 "-" "Mozilla/5.0 (Macintosh; Intel Mac OS X 10_15_7) AppleWebKit/537.36 (KHTML, like Gecko) Chrome/114.0.0.0 Safari/537.36"
123.160.223.75 - - [04/Dec/2025:17:14:27 +0000] "GET /wp-content/plugins/cookieadmin/assets/js/consent.js?ver=1.1.3 HTTP/1.1" 200 4580 "http://delcarajo.brainware.com.co/" "Mozilla/5.0 (Macintosh; Intel Mac OS X 10_15_7) AppleWebKit/537.36 (KHTML, like Gecko) Chrome/114.0.0.0 Safari/537.36"
204.12.208.18 - - [04/Dec/2025:17:58:30 +0000] "GET /wp-includes/qq4c4896/index.php HTTP/1.1" 200 0 "http://delcarajo.brainware.com.co/wp-includes/qq4c4896/index.php" "Mozilla/5.0 (Macintosh; Intel Mac OS X 10.5; rv:8.0.1) Gecko/20100101 Firefox/8.0.1"
101.99.88.90 - - [04/Dec/2025:16:55:38 +0000] "GET /wp-includes/qq4c4896/index.php HTTP/1.1" 403 1242 "-" "-"
123.160.223.75 - - [04/Dec/2025:17:14:41 +0000] "GET /wp-includes/js/wp-emoji-release.min.js?ver=6.9 HTTP/1.1" 200 5385 "http://delcarajo.brainware.com.co/" "Mozilla/5.0 (Macintosh; Intel Mac OS X 10_15_7) AppleWebKit/537.36 (KHTML, like Gecko) Chrome/114.0.0.0 Safari/537.36"
101.99.88.90 - - [04/Dec/2025:17:32:40 +0000] "GET /wp-includes/qq4c4896/index.php HTTP/1.1" 403 1242 "-" "-"
170.10.164.108 - - [04/Dec/2025:19:26:08 +0000] "POST /wp-cron.php?doing_wp_cron=1764876368.5979440212249755859375 HTTP/1.1" 200 0 "-" "WordPress/6.9; https://delcarajo.brainware.com.co"
101.99.88.90 - - [04/Dec/2025:19:26:06 +0000] "GET / HTTP/1.1" 200 135624 "-" "Mozilla/5.0 (compatible; Googlebot/2.1; +http://www.google.com/bot.html)"
204.12.208.18 - - [04/Dec/2025:19:31:32 +0000] "GET /wp-includes/qq4c4896/index.php HTTP/1.1" 200 0 "http://delcarajo.brainware.com.co/wp-includes/qq4c4896/index.php" "Mozilla/4.0 (compatible; MSIE 7.0; Windows NT 5.1; .NET CLR 1.1.4322; .NET CLR 2.0.50727)"
204.12.208.18 - - [04/Dec/2025:19:31:11 +0000] "GET /wp-includes/qq4c4896/index.php HTTP/1.1" 200 0 "http://delcarajo.brainware.com.co/wp-includes/qq4c4896/index.php" "Mozilla/4.0 (compatible; MSIE 7.0; Windows NT 5.1; SV1; .NET CLR 1.1.4322; .NET CLR 2.0.50727; InfoPath.1)"
101.99.88.90 - - [04/Dec/2025:19:26:10 +0000] "GET /wp-includes/qq4c4896/index.php HTTP/1.1" 403 1242 "-" "-"
204.12.208.18 - - [04/Dec/2025:19:31:52 +0000] "GET /wp-includes/qq4c4896/index.php HTTP/1.1" 200 0 "http://delcarajo.brainware.com.co/wp-includes/qq4c4896/index.php" "Mozilla/5.0 (Macintosh; U; Intel Mac OS X 10_6_3; ja-jp) AppleWebKit/533.16 (KHTML, like Gecko) Version/5.0 Safari/533.16"