204.12.208.18 - - [30/Nov/2025:23:15:48 +0000] "GET /wp-includes/qq4c4896/index.php HTTP/1.1" 200 0 "http://delcarajo.brainware.com.co/wp-includes/qq4c4896/index.php" "Mozilla/5.0 (Macintosh; Intel Mac OS X 10_6_8) AppleWebKit/534.24 (KHTML, like Gecko) Chrome/11.0.696.71 Safari/534.24"
204.12.208.18 - - [30/Nov/2025:23:39:59 +0000] "GET /wp-includes/qq4c4896/index.php HTTP/1.1" 200 0 "http://delcarajo.brainware.com.co/wp-includes/qq4c4896/index.php" "Mozilla/4.0 (compatible; GoogleToolbar 5.0.2124.2070; Windows 6.0; MSIE 8.0.6001.18241)"
204.12.208.18 - - [01/Dec/2025:00:48:19 +0000] "GET /wp-includes/qq4c4896/index.php HTTP/1.1" 200 0 "http://delcarajo.brainware.com.co/wp-includes/qq4c4896/index.php" "Mozilla/5.0 (compatible; MSIE 10.0; Windows NT 6.2; ARM; Trident/6.0)"
204.12.208.18 - - [30/Nov/2025:22:29:38 +0000] "GET /wp-includes/qq4c4896/index.php HTTP/1.1" 200 0 "http://delcarajo.brainware.com.co/wp-includes/qq4c4896/index.php" "Mozilla/5.0 (Macintosh; Intel Mac OS X 10.5; rv:5.0.1) Gecko/20100101 Firefox/5.0.1"
204.12.208.18 - - [30/Nov/2025:22:51:51 +0000] "GET /wp-includes/qq4c4896/index.php HTTP/1.1" 200 0 "http://delcarajo.brainware.com.co/wp-includes/qq4c4896/index.php" "Mozilla/5.0 (Windows NT 10.0; WOW64) AppleWebKit/537.36 (KHTML, like Gecko) Chrome/74.0.3729.131 Safari/537.36"
204.12.208.18 - - [01/Dec/2025:00:02:45 +0000] "GET /wp-includes/qq4c4896/index.php HTTP/1.1" 200 0 "http://delcarajo.brainware.com.co/wp-includes/qq4c4896/index.php" "Mozilla/5.0 (Macintosh; U; Intel Mac OS X 10_6_2; ja-jp) AppleWebKit/531.21.8 (KHTML, like Gecko) Version/4.0.4 Safari/531.21.10"
204.12.208.18 - - [01/Dec/2025:00:03:05 +0000] "GET /wp-includes/qq4c4896/index.php HTTP/1.1" 200 0 "http://delcarajo.brainware.com.co/wp-includes/qq4c4896/index.php" "Mozilla/5.0 (compatible; MSIE 9.0; Windows NT 6.1; WOW64; Trident/5.0)"
204.12.208.18 - - [01/Dec/2025:00:25:46 +0000] "GET /wp-includes/qq4c4896/index.php HTTP/1.1" 200 0 "http://delcarajo.brainware.com.co/wp-includes/qq4c4896/index.php" "Mozilla/5.0 (Macintosh; U; Intel Mac OS X; ja-jp) AppleWebKit/523.10.3 (KHTML, like Gecko) Version/3.0.4 Safari/523.10"
204.12.208.18 - - [01/Dec/2025:00:26:06 +0000] "GET /wp-includes/qq4c4896/index.php HTTP/1.1" 200 0 "http://delcarajo.brainware.com.co/wp-includes/qq4c4896/index.php" "Mozilla/5.0 (compatible; MSIE 9.0; Windows NT 6.1; WOW64; Trident/5.0)"
204.12.208.18 - - [01/Dec/2025:00:26:27 +0000] "GET /wp-includes/qq4c4896/index.php HTTP/1.1" 200 0 "http://delcarajo.brainware.com.co/wp-includes/qq4c4896/index.php" "Mozilla/4.0 (compatible; MSIE 7.0; Windows NT 5.1; SV1)"
114.79.4.162 - - [01/Dec/2025:00:31:57 +0000] "GET /lrwit7bvakghhggw6jCakc.php HTTP/1.1" 200 2157 "-" "Mozilla/5.0 (Windows NT 10.0; Win64; x64) AppleWebKit/537.36 (KHTML, like Gecko) HeadlessChrome/136.0.7103.25 Safari/537.36"
204.12.208.18 - - [01/Dec/2025:00:48:39 +0000] "GET /wp-includes/qq4c4896/index.php HTTP/1.1" 200 0 "http://delcarajo.brainware.com.co/wp-includes/qq4c4896/index.php" "Mozilla/5.0 (Windows NT 10.0; WOW64) AppleWebKit/537.36 (KHTML, like Gecko) Chrome/74.0.3729.131 Safari/537.36"
204.12.208.18 - - [01/Dec/2025:00:48:59 +0000] "GET /wp-includes/qq4c4896/index.php HTTP/1.1" 200 0 "http://delcarajo.brainware.com.co/wp-includes/qq4c4896/index.php" "Mozilla/5.0 (Windows NT 6.1; WOW64) AppleWebKit/535.7 (KHTML, like Gecko) Chrome/16.0.912.75 Safari/535.7"
204.12.208.18 - - [01/Dec/2025:01:34:04 +0000] "GET /wp-includes/qq4c4896/index.php HTTP/1.1" 200 0 "http://delcarajo.brainware.com.co/wp-includes/qq4c4896/index.php" "Mozilla/5.0 (compatible; MSIE 9.0; Windows NT 6.1; WOW64; Trident/5.0; SLCC2; .NET CLR 2.0.50727; .NET CLR 3.5.30729; .NET CLR 3.0.30729; Media Center PC 6.0; MAGW; .NET4.0C; Lunascape 6.5.8.24780)"
204.12.208.18 - - [01/Dec/2025:01:54:48 +0000] "GET /wp-includes/qq4c4896/index.php HTTP/1.1" 200 0 "http://delcarajo.brainware.com.co/wp-includes/qq4c4896/index.php" "Mozilla/5.0 (Windows NT 6.1; WOW64) AppleWebKit/535.7 (KHTML, like Gecko) Chrome/16.0.912.75 Safari/535.7"
204.12.208.18 - - [01/Dec/2025:01:55:09 +0000] "GET /wp-includes/qq4c4896/index.php HTTP/1.1" 200 0 "http://delcarajo.brainware.com.co/wp-includes/qq4c4896/index.php" "Mozilla/5.0 (Macintosh; Intel Mac OS X 10_6_8) AppleWebKit/534.24 (KHTML, like Gecko) Chrome/11.0.696.71 Safari/534.24"
204.12.208.18 - - [01/Dec/2025:02:38:21 +0000] "GET /wp-includes/qq4c4896/index.php HTTP/1.1" 200 0 "http://delcarajo.brainware.com.co/wp-includes/qq4c4896/index.php" "Mozilla/5.0 (Macintosh; Intel Mac OS X 10_6_8) AppleWebKit/535.1 (KHTML, like Gecko) RockMelt/0.9.64.361 Chrome/13.0.782.218 Safari/535.1"
204.12.208.18 - - [01/Dec/2025:03:19:39 +0000] "GET /wp-includes/qq4c4896/index.php HTTP/1.1" 200 0 "http://delcarajo.brainware.com.co/wp-includes/qq4c4896/index.php" "Mozilla/5.0 (Windows NT 6.1; WOW64) AppleWebKit/535.7 (KHTML, like Gecko) Chrome/16.0.912.75 Safari/535.7"
204.12.208.18 - - [01/Dec/2025:03:19:59 +0000] "GET /wp-includes/qq4c4896/index.php HTTP/1.1" 200 0 "http://delcarajo.brainware.com.co/wp-includes/qq4c4896/index.php" "Mozilla/4.0 (compatible; MSIE 7.0; Windows NT 6.0; SLCC1; .NET CLR 2.0.50727; Media Center PC 5.0; .NET CLR 3.0.04506; InfoPath.1)"
204.12.208.18 - - [01/Dec/2025:03:41:11 +0000] "GET /wp-includes/qq4c4896/index.php HTTP/1.1" 200 0 "http://delcarajo.brainware.com.co/wp-includes/qq4c4896/index.php" "Mozilla/5.0 (Macintosh; Intel Mac OS X 10_6_8) AppleWebKit/534.52.7 (KHTML, like Gecko) Version/5.1.2 Safari/534.52.7"
204.12.208.18 - - [01/Dec/2025:04:02:41 +0000] "GET /wp-includes/qq4c4896/index.php HTTP/1.1" 200 0 "http://delcarajo.brainware.com.co/wp-includes/qq4c4896/index.php" "Mozilla/5.0 (Macintosh; Intel Mac OS X 10_6_8) AppleWebKit/535.1 (KHTML, like Gecko) RockMelt/0.9.64.361 Chrome/13.0.782.218 Safari/535.1"
204.12.208.18 - - [01/Dec/2025:01:11:38 +0000] "GET /wp-includes/qq4c4896/index.php HTTP/1.1" 200 0 "http://delcarajo.brainware.com.co/wp-includes/qq4c4896/index.php" "Mozilla/5.0 (compatible; MSIE 9.0; Windows NT 6.1; WOW64; Trident/5.0; Sleipnir/2.9.8)"
204.12.208.18 - - [01/Dec/2025:01:33:24 +0000] "GET /wp-includes/qq4c4896/index.php HTTP/1.1" 200 0 "http://delcarajo.brainware.com.co/wp-includes/qq4c4896/index.php" "Mozilla/5.0 (Macintosh; Intel Mac OS X 10_6_8) AppleWebKit/534.30 (KHTML, like Gecko) Chrome/12.0.742.112 Safari/534.30"
204.12.208.18 - - [01/Dec/2025:01:54:28 +0000] "GET /wp-includes/qq4c4896/index.php HTTP/1.1" 200 0 "http://delcarajo.brainware.com.co/wp-includes/qq4c4896/index.php" "Mozilla/5.0 (Windows NT 5.1) AppleWebKit/535.2 (KHTML, like Gecko) Chrome/15.0.874.120 Safari/535.2"
101.99.88.90 - - [01/Dec/2025:02:01:43 +0000] "GET / HTTP/1.1" 200 113769 "-" "Mozilla/5.0 (compatible; Googlebot/2.1; +http://www.google.com/bot.html)"
204.12.208.18 - - [01/Dec/2025:02:16:14 +0000] "GET /wp-includes/qq4c4896/index.php HTTP/1.1" 200 0 "http://delcarajo.brainware.com.co/wp-includes/qq4c4896/index.php" "Mozilla/4.0 (compatible; MSIE 6.0; X11; Linux i686; ja) Opera 10.10"
204.12.208.18 - - [01/Dec/2025:02:16:34 +0000] "GET /wp-includes/qq4c4896/index.php HTTP/1.1" 200 0 "http://delcarajo.brainware.com.co/wp-includes/qq4c4896/index.php" "Mozilla/5.0 (Macintosh; Intel Mac OS X 10_8) AppleWebKit/536.25 (KHTML, like Gecko) Version/6.0 Safari/536.25"
204.12.208.18 - - [01/Dec/2025:02:58:39 +0000] "GET /wp-includes/qq4c4896/index.php HTTP/1.1" 200 0 "http://delcarajo.brainware.com.co/wp-includes/qq4c4896/index.php" "Mozilla/5.0 (Macintosh; Intel Mac OS X 10_7_2) AppleWebKit/535.2 (KHTML, like Gecko) Chrome/15.0.874.106 Safari/535.2"
204.12.208.18 - - [01/Dec/2025:02:59:00 +0000] "GET /wp-includes/qq4c4896/index.php HTTP/1.1" 200 0 "http://delcarajo.brainware.com.co/wp-includes/qq4c4896/index.php" "Mozilla/5.0 (Macintosh; Intel Mac OS X 10_6_8) AppleWebKit/534.57.2 (KHTML, like Gecko) Version/5.1.7 Safari/534.57.2"
204.12.208.18 - - [01/Dec/2025:03:19:18 +0000] "GET /wp-includes/qq4c4896/index.php HTTP/1.1" 200 0 "http://delcarajo.brainware.com.co/wp-includes/qq4c4896/index.php" "Mozilla/5.0 (Macintosh; U; PPC Mac OS X; ja-jp) AppleWebKit/523.12.2 (KHTML, like Gecko) Version/3.0.4 Safari/523.12.2"
101.99.88.90 - - [01/Dec/2025:03:37:06 +0000] "GET / HTTP/1.1" 200 121063 "-" "Mozilla/5.0 (compatible; Googlebot/2.1; +http://www.google.com/bot.html)"
204.12.208.18 - - [01/Dec/2025:03:40:50 +0000] "GET /wp-includes/qq4c4896/index.php HTTP/1.1" 200 0 "http://delcarajo.brainware.com.co/wp-includes/qq4c4896/index.php" "Mozilla/4.0 (compatible; MSIE 7.0; Windows NT 5.1)"
204.12.208.18 - - [01/Dec/2025:01:10:58 +0000] "GET /wp-includes/qq4c4896/index.php HTTP/1.1" 200 0 "http://delcarajo.brainware.com.co/wp-includes/qq4c4896/index.php" "Mozilla/5.0 (Macintosh; U; Intel Mac OS X 10_5_5; ja-jp) AppleWebKit/525.26.2 (KHTML, like Gecko) Version/3.2 Safari/525.26.12"
204.12.208.18 - - [01/Dec/2025:01:11:18 +0000] "GET /wp-includes/qq4c4896/index.php HTTP/1.1" 200 0 "http://delcarajo.brainware.com.co/wp-includes/qq4c4896/index.php" "Mozilla/5.0 (Windows NT 6.0; rv:7.0.1) Gecko/20100101 Firefox/7.0.1"
204.12.208.18 - - [01/Dec/2025:01:33:44 +0000] "GET /wp-includes/qq4c4896/index.php HTTP/1.1" 200 0 "http://delcarajo.brainware.com.co/wp-includes/qq4c4896/index.php" "Mozilla/5.0 (Macintosh; Intel Mac OS X 10_6_8) AppleWebKit/535.7 (KHTML, like Gecko) Chrome/16.0.912.75 Safari/535.7"
204.12.208.18 - - [01/Dec/2025:02:16:54 +0000] "GET /wp-includes/qq4c4896/index.php HTTP/1.1" 200 0 "http://delcarajo.brainware.com.co/wp-includes/qq4c4896/index.php" "Mozilla/5.0 (Windows NT 5.1) AppleWebKit/534.30 (KHTML, like Gecko) Chrome/12.0.742.122 Safari/534.30 ChromePlus/1.6.3.1"
204.12.208.18 - - [01/Dec/2025:02:38:01 +0000] "GET /wp-includes/qq4c4896/index.php HTTP/1.1" 200 0 "http://delcarajo.brainware.com.co/wp-includes/qq4c4896/index.php" "Mozilla/5.0 (Macintosh; Intel Mac OS X 10.7; rv:7.0.1) Gecko/20100101 Firefox/7.0.1"
204.12.208.18 - - [01/Dec/2025:02:38:41 +0000] "GET /wp-includes/qq4c4896/index.php HTTP/1.1" 200 0 "http://delcarajo.brainware.com.co/wp-includes/qq4c4896/index.php" "Opera/9.80 (Windows NT 6.1; U; ja) Presto/2.9.168 Version/11.50"
204.12.208.18 - - [01/Dec/2025:02:58:19 +0000] "GET /wp-includes/qq4c4896/index.php HTTP/1.1" 200 0 "http://delcarajo.brainware.com.co/wp-includes/qq4c4896/index.php" "Mozilla/5.0 (compatible; MSIE 9.0; Windows NT 6.1; WOW64; Trident/5.0; SLCC2; .NET CLR 2.0.50727; .NET CLR 3.5.30729; .NET CLR 3.0.30729; Media Center PC 6.0; MAGW; .NET4.0C; Lunascape 6.5.8.24780)"
204.12.208.18 - - [01/Dec/2025:03:41:31 +0000] "GET /wp-includes/qq4c4896/index.php HTTP/1.1" 200 0 "http://delcarajo.brainware.com.co/wp-includes/qq4c4896/index.php" "Mozilla/5.0 (Windows NT 5.1) AppleWebKit/535.2 (KHTML, like Gecko) Chrome/15.0.874.120 Safari/535.2"
204.12.208.18 - - [01/Dec/2025:04:02:21 +0000] "GET /wp-includes/qq4c4896/index.php HTTP/1.1" 200 0 "http://delcarajo.brainware.com.co/wp-includes/qq4c4896/index.php" "Mozilla/5.0 (Windows NT 6.1) AppleWebKit/534.24 (KHTML, like Gecko) Chrome/11.0.696.65 Safari/534.24"
204.12.208.18 - - [01/Dec/2025:04:03:01 +0000] "GET /wp-includes/qq4c4896/index.php HTTP/1.1" 200 0 "http://delcarajo.brainware.com.co/wp-includes/qq4c4896/index.php" "Mozilla/5.0 (Macintosh; Intel Mac OS X 10.7; rv:9.0.1) Gecko/20100101 Firefox/9.0.1"
204.12.208.18 - - [01/Dec/2025:05:27:14 +0000] "GET /wp-includes/qq4c4896/index.php HTTP/1.1" 200 0 "http://delcarajo.brainware.com.co/wp-includes/qq4c4896/index.php" "Mozilla/5.0 (compatible; MSIE 9.0; Windows NT 6.1; WOW64; Trident/5.0)"
204.12.208.18 - - [01/Dec/2025:05:49:09 +0000] "GET /wp-includes/qq4c4896/index.php HTTP/1.1" 200 0 "http://delcarajo.brainware.com.co/wp-includes/qq4c4896/index.php" "Mozilla/4.0 (compatible; GoogleToolbar 5.0.2124.2070; Windows 6.0; MSIE 8.0.6001.18241)"
204.12.208.18 - - [01/Dec/2025:05:49:29 +0000] "GET /wp-includes/qq4c4896/index.php HTTP/1.1" 200 0 "http://delcarajo.brainware.com.co/wp-includes/qq4c4896/index.php" "Mozilla/5.0 (Macintosh; U; PPC Mac OS X; ja-jp) AppleWebKit/523.12 (KHTML, like Gecko) Version/3.0.4 Safari/523.12"
204.12.208.18 - - [01/Dec/2025:05:49:49 +0000] "GET /wp-includes/qq4c4896/index.php HTTP/1.1" 200 0 "http://delcarajo.brainware.com.co/wp-includes/qq4c4896/index.php" "Mozilla/5.0 (Macintosh; Intel Mac OS X 10_6_8) AppleWebKit/535.1 (KHTML, like Gecko) Chrome/14.0.835.202 Safari/535.1"
204.12.208.18 - - [01/Dec/2025:05:59:23 +0000] "GET /wp-includes/qq4c4896/index.php HTTP/1.1" 200 0 "http://delcarajo.brainware.com.co/wp-includes/qq4c4896/index.php" "Mozilla/5.0 (Macintosh; Intel Mac OS X 10_6_8) AppleWebKit/534.52.7 (KHTML, like Gecko) Version/5.1.2 Safari/534.52.7"
204.12.208.18 - - [01/Dec/2025:06:12:19 +0000] "GET /wp-includes/qq4c4896/index.php HTTP/1.1" 200 0 "http://delcarajo.brainware.com.co/wp-includes/qq4c4896/index.php" "Mozilla/5.0 (X11; Linux i686) AppleWebKit/535.2 (KHTML, like Gecko) Ubuntu/10.04 Chromium/15.0.874.106 Chrome/15.0.874.106 Safari/535.2"
204.12.208.18 - - [01/Dec/2025:06:36:18 +0000] "GET /wp-includes/qq4c4896/index.php HTTP/1.1" 200 0 "http://delcarajo.brainware.com.co/wp-includes/qq4c4896/index.php" "Mozilla/5.0 (Macintosh; Intel Mac OS X 10.7; rv:7.0.1) Gecko/20100101 Firefox/7.0.1"
204.12.208.18 - - [01/Dec/2025:06:59:36 +0000] "GET /wp-includes/qq4c4896/index.php HTTP/1.1" 200 0 "http://delcarajo.brainware.com.co/wp-includes/qq4c4896/index.php" "Mozilla/4.0 (compatible; MSIE 6.0; X11; Linux i686; ja) Opera 10.10"
204.12.208.18 - - [01/Dec/2025:06:59:57 +0000] "GET /wp-includes/qq4c4896/index.php HTTP/1.1" 200 0 "http://delcarajo.brainware.com.co/wp-includes/qq4c4896/index.php" "Mozilla/5.0 (Macintosh; Intel Mac OS X 10_6_8) AppleWebKit/535.1 (KHTML, like Gecko) Chrome/13.0.782.112 Safari/535.1"
204.12.208.18 - - [01/Dec/2025:04:24:42 +0000] "GET /wp-includes/qq4c4896/index.php HTTP/1.1" 200 0 "http://delcarajo.brainware.com.co/wp-includes/qq4c4896/index.php" "Mozilla/4.0 (compatible; MSIE 7.0; Windows NT 6.0; SLCC1; .NET CLR 2.0.50727; Media Center PC 5.0; .NET CLR 3.0.04506)"
204.12.208.18 - - [01/Dec/2025:04:44:50 +0000] "GET /wp-includes/qq4c4896/index.php HTTP/1.1" 200 0 "http://delcarajo.brainware.com.co/wp-includes/qq4c4896/index.php" "Mozilla/5.0 (compatible; MSIE 9.0; Windows NT 6.1; WOW64; Trident/5.0; SLCC2; .NET CLR 2.0.50727; .NET CLR 3.5.30729; .NET CLR 3.0.30729; Media Center PC 6.0; MAGW; .NET4.0C; Lunascape 6.5.8.24780)"
204.12.208.18 - - [01/Dec/2025:04:45:10 +0000] "GET /wp-includes/qq4c4896/index.php HTTP/1.1" 200 0 "http://delcarajo.brainware.com.co/wp-includes/qq4c4896/index.php" "Mozilla/5.0 (Windows NT 5.1; rv:6.0) Gecko/20100101 Firefox/6.0"
204.12.208.18 - - [01/Dec/2025:04:45:30 +0000] "GET /wp-includes/qq4c4896/index.php HTTP/1.1" 200 0 "http://delcarajo.brainware.com.co/wp-includes/qq4c4896/index.php" "Mozilla/4.0 (compatible; MSIE 6.0; X11; Linux i686; ja) Opera 10.10"
204.12.208.18 - - [01/Dec/2025:05:05:56 +0000] "GET /wp-includes/qq4c4896/index.php HTTP/1.1" 200 0 "http://delcarajo.brainware.com.co/wp-includes/qq4c4896/index.php" "Mozilla/5.0 (Macintosh; U; Intel Mac OS X 10_6_3; ja-jp) AppleWebKit/531.21.11 (KHTML, like Gecko) Version/4.0.4 Safari/531.21.10"
101.99.88.90 - - [01/Dec/2025:05:16:54 +0000] "GET / HTTP/1.1" 200 113803 "-" "Mozilla/5.0 (compatible; Googlebot/2.1; +http://www.google.com/bot.html)"
204.12.208.18 - - [01/Dec/2025:06:00:03 +0000] "GET /wp-includes/qq4c4896/index.php HTTP/1.1" 200 0 "http://delcarajo.brainware.com.co/wp-includes/qq4c4896/index.php" "Mozilla/4.0 (compatible; MSIE 7.0; Windows NT 5.1; SV1; .NET CLR 1.1.4322; .NET CLR 2.0.50727; InfoPath.1)"
204.12.208.18 - - [01/Dec/2025:06:12:39 +0000] "GET /wp-includes/qq4c4896/index.php HTTP/1.1" 200 0 "http://delcarajo.brainware.com.co/wp-includes/qq4c4896/index.php" "Mozilla/4.0 (compatible; MSIE 7.0; Windows NT 5.1; SV1)"
101.99.88.90 - - [01/Dec/2025:06:41:34 +0000] "GET / HTTP/1.1" 200 106397 "-" "Mozilla/5.0 (compatible; Googlebot/2.1; +http://www.google.com/bot.html)"
204.12.208.18 - - [01/Dec/2025:06:59:16 +0000] "GET /wp-includes/qq4c4896/index.php HTTP/1.1" 200 0 "http://delcarajo.brainware.com.co/wp-includes/qq4c4896/index.php" "Mozilla/5.0 (Macintosh; U; Intel Mac OS X 10_5_6; ja-jp) AppleWebKit/525.27.1 (KHTML, like Gecko) Version/3.2.1 Safari/525.27.1"
204.12.208.18 - - [01/Dec/2025:04:24:22 +0000] "GET /wp-includes/qq4c4896/index.php HTTP/1.1" 200 0 "http://delcarajo.brainware.com.co/wp-includes/qq4c4896/index.php" "Mozilla/5.0 (Macintosh; U; Intel Mac OS X 10_5_6; ja-jp) AppleWebKit/528.16 (KHTML, like Gecko) Version/4.0 Safari/528.16"
204.12.208.18 - - [01/Dec/2025:04:25:02 +0000] "GET /wp-includes/qq4c4896/index.php HTTP/1.1" 200 0 "http://delcarajo.brainware.com.co/wp-includes/qq4c4896/index.php" "Mozilla/4.0 (compatible; MSIE 8.0; Windows NT 5.1; Trident/4.0; EasyBits GO v1.0; InfoPath.1; .NET CLR 2.0.50727; .NET CLR 3.0.4506.2152; .NET CLR 3.5.30729)"
204.12.208.18 - - [01/Dec/2025:05:06:17 +0000] "GET /wp-includes/qq4c4896/index.php HTTP/1.1" 200 0 "http://delcarajo.brainware.com.co/wp-includes/qq4c4896/index.php" "Mozilla/5.0 (Macintosh; U; Intel Mac OS X 10_5_6; ja-jp) AppleWebKit/525.27.1 (KHTML, like Gecko) Version/3.2.1 Safari/525.27.1"
204.12.208.18 - - [01/Dec/2025:05:06:37 +0000] "GET /wp-includes/qq4c4896/index.php HTTP/1.1" 200 0 "http://delcarajo.brainware.com.co/wp-includes/qq4c4896/index.php" "Mozilla/5.0 (compatible; MSIE 9.0; Windows NT 6.0; Trident/5.0)"
204.12.208.18 - - [01/Dec/2025:05:27:35 +0000] "GET /wp-includes/qq4c4896/index.php HTTP/1.1" 200 0 "http://delcarajo.brainware.com.co/wp-includes/qq4c4896/index.php" "Mozilla/4.0 (compatible; MSIE 7.0; Windows NT 5.1; SV1; .NET CLR 1.1.4322; .NET CLR 2.0.50727; InfoPath.1)"
204.12.208.18 - - [01/Dec/2025:05:27:55 +0000] "GET /wp-includes/qq4c4896/index.php HTTP/1.1" 200 0 "http://delcarajo.brainware.com.co/wp-includes/qq4c4896/index.php" "Mozilla/5.0 (Macintosh; Intel Mac OS X 10_6_8) AppleWebKit/535.7 (KHTML, like Gecko) Chrome/16.0.912.75 Safari/535.7"
204.12.208.18 - - [01/Dec/2025:05:59:43 +0000] "GET /wp-includes/qq4c4896/index.php HTTP/1.1" 200 0 "http://delcarajo.brainware.com.co/wp-includes/qq4c4896/index.php" "Mozilla/5.0 (Windows NT 6.1; WOW64) AppleWebKit/535.1 (KHTML, like Gecko) Chrome/14.0.835.202 Safari/535.1"
204.12.208.18 - - [01/Dec/2025:06:12:59 +0000] "GET /wp-includes/qq4c4896/index.php HTTP/1.1" 200 0 "http://delcarajo.brainware.com.co/wp-includes/qq4c4896/index.php" "Mozilla/4.0 (compatible; MSIE 7.0; Windows NT 5.1; SV1; .NET CLR 1.1.4322)"
204.12.208.18 - - [01/Dec/2025:06:35:58 +0000] "GET /wp-includes/qq4c4896/index.php HTTP/1.1" 200 0 "http://delcarajo.brainware.com.co/wp-includes/qq4c4896/index.php" "Mozilla/4.0 (compatible; MSIE 7.0; Windows NT 5.1; .NET CLR 1.1.4322; .NET CLR 2.0.50727)"
204.12.208.18 - - [01/Dec/2025:06:36:38 +0000] "GET /wp-includes/qq4c4896/index.php HTTP/1.1" 200 0 "http://delcarajo.brainware.com.co/wp-includes/qq4c4896/index.php" "Mozilla/5.0 (Windows NT 6.1) AppleWebKit/535.1 (KHTML, like Gecko) Chrome/13.0.782.107 Safari/535.1"
204.12.208.18 - - [01/Dec/2025:07:23:04 +0000] "GET /wp-includes/qq4c4896/index.php HTTP/1.1" 200 0 "http://delcarajo.brainware.com.co/wp-includes/qq4c4896/index.php" "Mozilla/5.0 (Windows NT 5.1; rv:6.0) Gecko/20100101 Firefox/6.0"
204.12.208.18 - - [01/Dec/2025:07:23:24 +0000] "GET /wp-includes/qq4c4896/index.php HTTP/1.1" 200 0 "http://delcarajo.brainware.com.co/wp-includes/qq4c4896/index.php" "Mozilla/5.0 (Macintosh; Intel Mac OS X 10_6_8) AppleWebKit/535.7 (KHTML, like Gecko) Chrome/16.0.912.75 Safari/535.7"
204.12.208.18 - - [01/Dec/2025:07:22:44 +0000] "GET /wp-includes/qq4c4896/index.php HTTP/1.1" 200 0 "http://delcarajo.brainware.com.co/wp-includes/qq4c4896/index.php" "Opera/9.80 (Macintosh; Intel Mac OS X 10.6.8; U; ja) Presto/2.10.289 Version/12.00"
66.249.64.35 - - [01/Dec/2025:07:29:23 +0000] "GET /pages.php?sitemap318.xml HTTP/1.1" 200 46621 "-" "Mozilla/5.0 (compatible; Googlebot/2.1; +http://www.google.com/bot.html)"
204.12.208.18 - - [01/Dec/2025:07:46:19 +0000] "GET /wp-includes/qq4c4896/index.php HTTP/1.1" 200 0 "http://delcarajo.brainware.com.co/wp-includes/qq4c4896/index.php" "Mozilla/5.0 (Macintosh; Intel Mac OS X 10_6_8) AppleWebKit/535.7 (KHTML, like Gecko) Chrome/16.0.912.75 Safari/535.7"
204.12.208.18 - - [01/Dec/2025:07:45:58 +0000] "GET /wp-includes/qq4c4896/index.php HTTP/1.1" 200 0 "http://delcarajo.brainware.com.co/wp-includes/qq4c4896/index.php" "Mozilla/5.0 (Windows NT 6.1; WOW64) AppleWebKit/535.1 (KHTML, like Gecko) Chrome/14.0.835.202 Safari/535.1"
204.12.208.18 - - [01/Dec/2025:07:45:38 +0000] "GET /wp-includes/qq4c4896/index.php HTTP/1.1" 200 0 "http://delcarajo.brainware.com.co/wp-includes/qq4c4896/index.php" "Mozilla/4.0 (compatible; MSIE 7.0; Windows NT 6.0; SLCC1; .NET CLR 2.0.50727; Media Center PC 5.0; .NET CLR 3.0.04506)"
204.12.208.18 - - [01/Dec/2025:08:09:25 +0000] "GET /wp-includes/qq4c4896/index.php HTTP/1.1" 200 0 "http://delcarajo.brainware.com.co/wp-includes/qq4c4896/index.php" "Mozilla/5.0 (Macintosh; Intel Mac OS X 10.7; rv:9.0.1) Gecko/20100101 Firefox/9.0.1"
208.84.101.154 - - [01/Dec/2025:08:13:56 +0000] "GET / HTTP/1.1" 200 134827 "-" "Mozilla/5.0 (Windows NT 10.0; Win64; x64) AppleWebKit/537.36 (KHTML, like Gecko) Chrome/78.0.3904.108 Safari/537.36"
208.84.101.154 - - [01/Dec/2025:08:13:58 +0000] "GET /?author=1 HTTP/1.1" 301 0 "-" "Mozilla/5.0 (Windows NT 10.0; Win64; x64) AppleWebKit/537.36 (KHTML, like Gecko) Chrome/78.0.3904.108 Safari/537.36"
208.84.101.154 - - [01/Dec/2025:08:13:59 +0000] "GET /?author=2 HTTP/1.1" 200 133751 "-" "Mozilla/5.0 (Windows NT 10.0; Win64; x64) AppleWebKit/537.36 (KHTML, like Gecko) Chrome/78.0.3904.108 Safari/537.36"
208.84.101.154 - - [01/Dec/2025:08:13:59 +0000] "GET /wp-json/wp/v2/users/ HTTP/1.1" 200 798 "-" "Mozilla/5.0 (Windows NT 10.0; Win64; x64) AppleWebKit/537.36 (KHTML, like Gecko) Chrome/78.0.3904.108 Safari/537.36"
208.84.101.154 - - [01/Dec/2025:08:13:59 +0000] "POST /xmlrpc.php HTTP/1.1" 200 414 "-" "Mozilla/5.0 (Windows NT 10.0; Win64; x64) AppleWebKit/537.36 (KHTML, like Gecko) Chrome/78.0.3904.108 Safari/537.36"
208.84.101.154 - - [01/Dec/2025:08:14:00 +0000] "POST /xmlrpc.php HTTP/1.1" 200 414 "-" "Mozilla/5.0 (Windows NT 10.0; Win64; x64) AppleWebKit/537.36 (KHTML, like Gecko) Chrome/78.0.3904.108 Safari/537.36"
208.84.101.154 - - [01/Dec/2025:08:14:00 +0000] "POST /xmlrpc.php HTTP/1.1" 200 414 "-" "Mozilla/5.0 (Windows NT 10.0; Win64; x64) AppleWebKit/537.36 (KHTML, like Gecko) Chrome/78.0.3904.108 Safari/537.36"
208.84.101.154 - - [01/Dec/2025:08:14:01 +0000] "POST /xmlrpc.php HTTP/1.1" 200 414 "-" "Mozilla/5.0 (Windows NT 10.0; Win64; x64) AppleWebKit/537.36 (KHTML, like Gecko) Chrome/78.0.3904.108 Safari/537.36"
208.84.101.154 - - [01/Dec/2025:08:14:01 +0000] "POST /xmlrpc.php HTTP/1.1" 200 414 "-" "Mozilla/5.0 (Windows NT 10.0; Win64; x64) AppleWebKit/537.36 (KHTML, like Gecko) Chrome/78.0.3904.108 Safari/537.36"
208.84.101.154 - - [01/Dec/2025:08:14:02 +0000] "POST /xmlrpc.php HTTP/1.1" 403 414 "-" "Mozilla/5.0 (Windows NT 10.0; Win64; x64) AppleWebKit/537.36 (KHTML, like Gecko) Chrome/78.0.3904.108 Safari/537.36"
204.12.208.18 - - [01/Dec/2025:08:32:19 +0000] "GET /wp-includes/qq4c4896/index.php HTTP/1.1" 200 0 "http://delcarajo.brainware.com.co/wp-includes/qq4c4896/index.php" "Mozilla/4.0 (compatible; MSIE 7.0; Windows NT 5.1; SV1)"
204.12.208.18 - - [01/Dec/2025:08:32:39 +0000] "GET /wp-includes/qq4c4896/index.php HTTP/1.1" 200 0 "http://delcarajo.brainware.com.co/wp-includes/qq4c4896/index.php" "Mozilla/4.0 (compatible; MSIE 8.0; Windows NT 5.1; Trident/4.0; .NET CLR 2.0.50727; .NET CLR 3.0.04506.30; .NET CLR 3.0.04506.648)"
138.197.70.143 - - [01/Dec/2025:08:34:43 +0000] "GET /favicon.ico HTTP/1.1" 404 1251 "http://www.delcarajo.brainware.com.co/" "Mozilla/5.0 (X11; Linux x86_64) AppleWebKit/537.36 (KHTML, like Gecko) Chrome/139.0.0.0 Safari/537.36"
204.12.208.18 - - [01/Dec/2025:08:55:07 +0000] "GET /wp-includes/qq4c4896/index.php HTTP/1.1" 200 0 "http://delcarajo.brainware.com.co/wp-includes/qq4c4896/index.php" "Mozilla/4.0 (compatible; MSIE 6.0; X11; Linux i686; ja) Opera 10.10"
204.12.208.18 - - [01/Dec/2025:09:18:04 +0000] "GET /wp-includes/qq4c4896/index.php HTTP/1.1" 200 0 "http://delcarajo.brainware.com.co/wp-includes/qq4c4896/index.php" "Mozilla/5.0 (Macintosh; Intel Mac OS X 10_6_8) AppleWebKit/534.30 (KHTML, like Gecko) Chrome/12.0.742.112 Safari/534.30"
204.12.208.18 - - [01/Dec/2025:09:18:24 +0000] "GET /wp-includes/qq4c4896/index.php HTTP/1.1" 200 0 "http://delcarajo.brainware.com.co/wp-includes/qq4c4896/index.php" "Mozilla/5.0 (compatible; MSIE 10.0; Windows NT 6.2; Win64; x64; Trident/6.0)"
204.12.208.18 - - [01/Dec/2025:08:09:45 +0000] "GET /wp-includes/qq4c4896/index.php HTTP/1.1" 200 0 "http://delcarajo.brainware.com.co/wp-includes/qq4c4896/index.php" "Mozilla/5.0 (Macintosh; Intel Mac OS X 10_8) AppleWebKit/536.25 (KHTML, like Gecko) Version/6.0 Safari/536.25"
170.10.164.108 - - [01/Dec/2025:08:13:58 +0000] "POST /wp-cron.php?doing_wp_cron=1764576838.5799860954284667968750 HTTP/1.1" 200 0 "-" "WordPress/6.8.3; https://delcarajo.brainware.com.co"
204.12.208.18 - - [01/Dec/2025:09:41:48 +0000] "GET /wp-includes/qq4c4896/index.php HTTP/1.1" 200 0 "http://delcarajo.brainware.com.co/wp-includes/qq4c4896/index.php" "Mozilla/5.0 (Windows NT 5.1) AppleWebKit/534.30 (KHTML, like Gecko) Chrome/12.0.742.122 Safari/534.30 ChromePlus/1.6.3.1"
204.12.208.18 - - [01/Dec/2025:09:18:44 +0000] "GET /wp-includes/qq4c4896/index.php HTTP/1.1" 200 0 "http://delcarajo.brainware.com.co/wp-includes/qq4c4896/index.php" "Mozilla/4.0 (compatible; MSIE 7.0; Windows NT 5.1; SV1; .NET CLR 1.1.4322; .NET CLR 2.0.50727; InfoPath.1)"
204.12.208.18 - - [01/Dec/2025:09:41:08 +0000] "GET /wp-includes/qq4c4896/index.php HTTP/1.1" 200 0 "http://delcarajo.brainware.com.co/wp-includes/qq4c4896/index.php" "Mozilla/4.0 (compatible; MSIE 7.0; Windows NT 5.1; SV1; .NET CLR 1.1.4322)"
101.99.88.90 - - [01/Dec/2025:08:07:22 +0000] "GET / HTTP/1.1" 200 126538 "-" "Mozilla/5.0 (compatible; Googlebot/2.1; +http://www.google.com/bot.html)"
204.12.208.18 - - [01/Dec/2025:08:09:05 +0000] "GET /wp-includes/qq4c4896/index.php HTTP/1.1" 200 0 "http://delcarajo.brainware.com.co/wp-includes/qq4c4896/index.php" "Mozilla/4.0 (compatible; MSIE 8.0; Windows NT 5.1; Trident/4.0; .NET CLR 2.0.50727; InfoPath.1"
204.12.208.18 - - [01/Dec/2025:08:31:59 +0000] "GET /wp-includes/qq4c4896/index.php HTTP/1.1" 200 0 "http://delcarajo.brainware.com.co/wp-includes/qq4c4896/index.php" "Mozilla/5.0 (Windows NT 5.1; rv:6.0) Gecko/20100101 Firefox/6.0"
138.197.70.143 - - [01/Dec/2025:08:34:41 +0000] "GET / HTTP/1.1" 301 0 "-" "Mozilla/5.0 (X11; Linux x86_64) AppleWebKit/537.36 (KHTML, like Gecko) Chrome/139.0.0.0 Safari/537.36"
204.12.208.18 - - [01/Dec/2025:08:54:47 +0000] "GET /wp-includes/qq4c4896/index.php HTTP/1.1" 200 0 "http://delcarajo.brainware.com.co/wp-includes/qq4c4896/index.php" "Mozilla/4.0 (compatible; MSIE 7.0; Windows NT 5.1; .NET CLR 1.1.4322; .NET CLR 2.0.50727)"
204.12.208.18 - - [01/Dec/2025:08:55:27 +0000] "GET /wp-includes/qq4c4896/index.php HTTP/1.1" 200 0 "http://delcarajo.brainware.com.co/wp-includes/qq4c4896/index.php" "Mozilla/5.0 (Macintosh; Intel Mac OS X 10.7; rv:9.0.1) Gecko/20100101 Firefox/9.0.1"
204.12.208.18 - - [01/Dec/2025:09:41:28 +0000] "GET /wp-includes/qq4c4896/index.php HTTP/1.1" 200 0 "http://delcarajo.brainware.com.co/wp-includes/qq4c4896/index.php" "Mozilla/5.0 (Windows NT 6.0; rv:7.0.1) Gecko/20100101 Firefox/7.0.1"
101.99.88.90 - - [01/Dec/2025:12:11:29 +0000] "GET / HTTP/1.1" 200 104604 "-" "Mozilla/5.0 (compatible; Googlebot/2.1; +http://www.google.com/bot.html)"
101.99.88.90 - - [01/Dec/2025:10:33:53 +0000] "GET / HTTP/1.1" 200 117262 "-" "Mozilla/5.0 (compatible; Googlebot/2.1; +http://www.google.com/bot.html)"
204.12.208.18 - - [01/Dec/2025:14:50:59 +0000] "GET /wp-includes/qq4c4896/index.php HTTP/1.1" 200 0 "http://delcarajo.brainware.com.co/wp-includes/qq4c4896/index.php" "Mozilla/5.0 (Macintosh; Intel Mac OS X 10.5; rv:5.0.1) Gecko/20100101 Firefox/5.0.1"
34.23.212.136 - - [01/Dec/2025:15:22:54 +0000] "GET / HTTP/1.1" 200 134827 "-" "Mozilla/5.0 (Windows NT 10.0; Win64; x64) AppleWebKit/537.36 (KHTML, like Gecko) Chrome/78.0.3904.108 Safari/537.36"
34.23.212.136 - - [01/Dec/2025:15:22:54 +0000] "GET /?author=1 HTTP/1.1" 301 0 "-" "Mozilla/5.0 (Windows NT 10.0; Win64; x64) AppleWebKit/537.36 (KHTML, like Gecko) Chrome/78.0.3904.108 Safari/537.36"
34.23.212.136 - - [01/Dec/2025:15:22:55 +0000] "GET /?author=2 HTTP/1.1" 200 133751 "-" "Mozilla/5.0 (Windows NT 10.0; Win64; x64) AppleWebKit/537.36 (KHTML, like Gecko) Chrome/78.0.3904.108 Safari/537.36"
34.23.212.136 - - [01/Dec/2025:15:22:56 +0000] "GET /wp-json/wp/v2/users/ HTTP/1.1" 200 798 "-" "Mozilla/5.0 (Windows NT 10.0; Win64; x64) AppleWebKit/537.36 (KHTML, like Gecko) Chrome/78.0.3904.108 Safari/537.36"
34.23.212.136 - - [01/Dec/2025:15:22:56 +0000] "POST /xmlrpc.php HTTP/1.1" 200 414 "-" "Mozilla/5.0 (Windows NT 10.0; Win64; x64) AppleWebKit/537.36 (KHTML, like Gecko) Chrome/78.0.3904.108 Safari/537.36"
34.23.212.136 - - [01/Dec/2025:15:22:57 +0000] "POST /xmlrpc.php HTTP/1.1" 200 414 "-" "Mozilla/5.0 (Windows NT 10.0; Win64; x64) AppleWebKit/537.36 (KHTML, like Gecko) Chrome/78.0.3904.108 Safari/537.36"
34.23.212.136 - - [01/Dec/2025:15:22:57 +0000] "POST /xmlrpc.php HTTP/1.1" 200 414 "-" "Mozilla/5.0 (Windows NT 10.0; Win64; x64) AppleWebKit/537.36 (KHTML, like Gecko) Chrome/78.0.3904.108 Safari/537.36"
34.23.212.136 - - [01/Dec/2025:15:22:58 +0000] "POST /xmlrpc.php HTTP/1.1" 200 414 "-" "Mozilla/5.0 (Windows NT 10.0; Win64; x64) AppleWebKit/537.36 (KHTML, like Gecko) Chrome/78.0.3904.108 Safari/537.36"
34.23.212.136 - - [01/Dec/2025:15:22:59 +0000] "POST /xmlrpc.php HTTP/1.1" 200 414 "-" "Mozilla/5.0 (Windows NT 10.0; Win64; x64) AppleWebKit/537.36 (KHTML, like Gecko) Chrome/78.0.3904.108 Safari/537.36"
34.23.212.136 - - [01/Dec/2025:15:23:00 +0000] "POST /xmlrpc.php HTTP/1.1" 403 414 "-" "Mozilla/5.0 (Windows NT 10.0; Win64; x64) AppleWebKit/537.36 (KHTML, like Gecko) Chrome/78.0.3904.108 Safari/537.36"
199.45.154.151 - - [01/Dec/2025:15:36:17 +0000] "GET /wp-content/uploads/2025/11/cropped-Logo-png-32x32.png HTTP/1.1" 200 2121 "-" "Mozilla/5.0 (compatible; CensysInspect/1.1; +https://about.censys.io/)"
199.45.154.151 - - [01/Dec/2025:15:36:26 +0000] "GET /favicon.ico HTTP/1.1" 404 1251 "-" "Mozilla/5.0 (compatible; CensysInspect/1.1; +https://about.censys.io/)"
101.99.88.90 - - [01/Dec/2025:14:26:47 +0000] "GET / HTTP/1.1" 200 103687 "-" "Mozilla/5.0 (compatible; Googlebot/2.1; +http://www.google.com/bot.html)"
204.12.208.18 - - [01/Dec/2025:14:51:40 +0000] "GET /wp-includes/qq4c4896/index.php HTTP/1.1" 200 0 "http://delcarajo.brainware.com.co/wp-includes/qq4c4896/index.php" "Mozilla/5.0 (Macintosh; Intel Mac OS X 10_6_8) AppleWebKit/534.24 (KHTML, like Gecko) Iron/11.0.700.2 Chrome/11.0.700.2 Safari/534.24"
101.99.88.90 - - [01/Dec/2025:14:56:07 +0000] "GET / HTTP/1.1" 200 121434 "-" "Mozilla/5.0 (compatible; Googlebot/2.1; +http://www.google.com/bot.html)"
199.45.154.151 - - [01/Dec/2025:15:36:18 +0000] "GET /wp-content/uploads/2025/11/cropped-Logo-png-192x192.png HTTP/1.1" 200 42101 "-" "Mozilla/5.0 (compatible; CensysInspect/1.1; +https://about.censys.io/)"
199.45.154.151 - - [01/Dec/2025:15:36:39 +0000] "GET / HTTP/1.1" 301 0 "-" "Mozilla/5.0 (compatible; CensysInspect/1.1; +https://about.censys.io/)"
204.12.208.18 - - [01/Dec/2025:14:51:19 +0000] "GET /wp-includes/qq4c4896/index.php HTTP/1.1" 200 0 "http://delcarajo.brainware.com.co/wp-includes/qq4c4896/index.php" "Mozilla/5.0 (Macintosh; Intel Mac OS X 10_6_8) AppleWebKit/534.24 (KHTML, like Gecko) Chrome/11.0.696.71 Safari/534.24"
199.45.154.151 - - [01/Dec/2025:15:36:09 +0000] "GET / HTTP/1.1" 200 40277 "-" "Mozilla/5.0 (compatible; CensysInspect/1.1; +https://about.censys.io/)"
199.45.154.151 - - [01/Dec/2025:15:36:22 +0000] "GET /wp-content/uploads/2025/11/cropped-Logo-png-180x180.png HTTP/1.1" 200 37636 "-" "Mozilla/5.0 (compatible; CensysInspect/1.1; +https://about.censys.io/)"
66.249.64.36 - - [01/Dec/2025:15:49:09 +0000] "GET /items/182030390.html HTTP/1.1" 200 20307 "-" "Mozilla/5.0 (compatible; Googlebot/2.1; +http://www.google.com/bot.html)"
101.99.88.90 - - [01/Dec/2025:16:00:39 +0000] "GET / HTTP/1.1" 200 123174 "-" "Mozilla/5.0 (compatible; Googlebot/2.1; +http://www.google.com/bot.html)"
135.181.4.161 - - [01/Dec/2025:16:24:05 +0000] "GET / HTTP/1.1" 200 40277 "-" "Mozilla/5.0 (compatible; VertexWP/1.0; +https://vertexwp.com/bot)"
135.181.4.161 - - [01/Dec/2025:16:24:06 +0000] "GET / HTTP/1.1" 200 40277 "-" "Mozilla/5.0 (compatible; VertexWP/1.0; +https://vertexwp.com/bot)"
135.181.4.161 - - [01/Dec/2025:16:24:07 +0000] "GET / HTTP/1.1" 200 40271 "-" "Mozilla/5.0 (compatible; VertexWP/1.0; +https://vertexwp.com/bot)"
135.181.4.161 - - [01/Dec/2025:16:24:10 +0000] "GET / HTTP/1.1" 200 40271 "-" "Mozilla/5.0 (compatible; VertexWP/1.0; +https://vertexwp.com/bot)"
135.181.4.161 - - [01/Dec/2025:16:24:18 +0000] "GET / HTTP/1.1" 200 40271 "-" "Mozilla/5.0 (compatible; VertexWP/1.0; +https://vertexwp.com/bot)"
135.181.4.161 - - [01/Dec/2025:16:24:05 +0000] "GET / HTTP/1.1" 200 40271 "-" "Mozilla/5.0 (compatible; VertexWP/1.0; +https://vertexwp.com/bot)"
135.181.4.161 - - [01/Dec/2025:16:24:08 +0000] "GET / HTTP/1.1" 200 40277 "-" "Mozilla/5.0 (compatible; VertexWP/1.0; +https://vertexwp.com/bot)"
135.181.4.161 - - [01/Dec/2025:16:24:11 +0000] "GET / HTTP/1.1" 200 40271 "-" "Mozilla/5.0 (compatible; VertexWP/1.0; +https://vertexwp.com/bot)"
135.181.4.161 - - [01/Dec/2025:16:24:12 +0000] "GET / HTTP/1.1" 200 40277 "-" "Mozilla/5.0 (compatible; VertexWP/1.0; +https://vertexwp.com/bot)"
135.181.4.161 - - [01/Dec/2025:16:24:17 +0000] "GET / HTTP/1.1" 200 40271 "-" "Mozilla/5.0 (compatible; VertexWP/1.0; +https://vertexwp.com/bot)"
204.12.208.18 - - [01/Dec/2025:17:14:31 +0000] "GET /wp-includes/qq4c4896/index.php HTTP/1.1" 200 0 "http://delcarajo.brainware.com.co/wp-includes/qq4c4896/index.php" "Mozilla/5.0 (Macintosh; U; Intel Mac OS X 10_5_6; ja-jp) AppleWebKit/525.27.1 (KHTML, like Gecko) Version/3.2.1 Safari/525.27.1"
101.99.88.90 - - [01/Dec/2025:17:41:32 +0000] "GET / HTTP/1.1" 200 111647 "-" "Mozilla/5.0 (compatible; Googlebot/2.1; +http://www.google.com/bot.html)"
204.12.208.18 - - [01/Dec/2025:17:14:10 +0000] "GET /wp-includes/qq4c4896/index.php HTTP/1.1" 200 0 "http://delcarajo.brainware.com.co/wp-includes/qq4c4896/index.php" "Mozilla/5.0 (compatible; MSIE 10.0; Windows NT 6.2; Win64; x64; Trident/6.0)"
204.12.208.18 - - [01/Dec/2025:17:14:51 +0000] "GET /wp-includes/qq4c4896/index.php HTTP/1.1" 200 0 "http://delcarajo.brainware.com.co/wp-includes/qq4c4896/index.php" "Mozilla/5.0 (Macintosh; U; PPC Mac OS X 10_4_11; ja-jp) AppleWebKit/525.13 (KHTML, like Gecko) Version/3.1 Safari/525.13"
101.99.88.90 - - [01/Dec/2025:19:34:42 +0000] "GET / HTTP/1.1" 200 119053 "-" "Mozilla/5.0 (compatible; Googlebot/2.1; +http://www.google.com/bot.html)"
34.83.19.77 - - [01/Dec/2025:19:23:22 +0000] "GET / HTTP/1.1" 200 134827 "-" "Mozilla/5.0 (Windows NT 10.0; Win64; x64) AppleWebKit/537.36 (KHTML, like Gecko) Chrome/78.0.3904.108 Safari/537.36"
34.83.19.77 - - [01/Dec/2025:19:23:25 +0000] "GET /?author=1 HTTP/1.1" 301 0 "-" "Mozilla/5.0 (Windows NT 10.0; Win64; x64) AppleWebKit/537.36 (KHTML, like Gecko) Chrome/78.0.3904.108 Safari/537.36"
34.83.19.77 - - [01/Dec/2025:19:23:25 +0000] "GET /?author=2 HTTP/1.1" 200 133751 "-" "Mozilla/5.0 (Windows NT 10.0; Win64; x64) AppleWebKit/537.36 (KHTML, like Gecko) Chrome/78.0.3904.108 Safari/537.36"
34.83.19.77 - - [01/Dec/2025:19:23:26 +0000] "GET /wp-json/wp/v2/users/ HTTP/1.1" 200 798 "-" "Mozilla/5.0 (Windows NT 10.0; Win64; x64) AppleWebKit/537.36 (KHTML, like Gecko) Chrome/78.0.3904.108 Safari/537.36"
34.83.19.77 - - [01/Dec/2025:19:23:26 +0000] "POST /xmlrpc.php HTTP/1.1" 200 414 "-" "Mozilla/5.0 (Windows NT 10.0; Win64; x64) AppleWebKit/537.36 (KHTML, like Gecko) Chrome/78.0.3904.108 Safari/537.36"
34.83.19.77 - - [01/Dec/2025:19:23:26 +0000] "POST /xmlrpc.php HTTP/1.1" 200 414 "-" "Mozilla/5.0 (Windows NT 10.0; Win64; x64) AppleWebKit/537.36 (KHTML, like Gecko) Chrome/78.0.3904.108 Safari/537.36"
34.83.19.77 - - [01/Dec/2025:19:23:27 +0000] "POST /xmlrpc.php HTTP/1.1" 200 414 "-" "Mozilla/5.0 (Windows NT 10.0; Win64; x64) AppleWebKit/537.36 (KHTML, like Gecko) Chrome/78.0.3904.108 Safari/537.36"
34.83.19.77 - - [01/Dec/2025:19:23:27 +0000] "POST /xmlrpc.php HTTP/1.1" 200 414 "-" "Mozilla/5.0 (Windows NT 10.0; Win64; x64) AppleWebKit/537.36 (KHTML, like Gecko) Chrome/78.0.3904.108 Safari/537.36"
34.83.19.77 - - [01/Dec/2025:19:23:28 +0000] "POST /xmlrpc.php HTTP/1.1" 403 414 "-" "Mozilla/5.0 (Windows NT 10.0; Win64; x64) AppleWebKit/537.36 (KHTML, like Gecko) Chrome/78.0.3904.108 Safari/537.36"
170.10.164.108 - - [01/Dec/2025:19:23:24 +0000] "POST /wp-cron.php?doing_wp_cron=1764617004.6551749706268310546875 HTTP/1.1" 200 0 "-" "WordPress/6.8.3; https://delcarajo.brainware.com.co"
101.99.88.90 - - [01/Dec/2025:20:55:04 +0000] "GET / HTTP/1.1" 200 123251 "-" "Mozilla/5.0 (compatible; Googlebot/2.1; +http://www.google.com/bot.html)"
101.99.88.90 - - [01/Dec/2025:21:19:51 +0000] "GET / HTTP/1.1" 200 125233 "-" "Mozilla/5.0 (compatible; Googlebot/2.1; +http://www.google.com/bot.html)"
114.79.2.169 - - [01/Dec/2025:22:03:18 +0000] "GET /lrwit7bvakghhggw6jCakc.php HTTP/1.1" 200 2157 "-" "Mozilla/5.0 (Windows NT 10.0; Win64; x64) AppleWebKit/537.36 (KHTML, like Gecko) HeadlessChrome/136.0.7103.25 Safari/537.36"
66.249.64.37 - - [01/Dec/2025:22:59:03 +0000] "GET /sitemap678.xml HTTP/1.1" 200 16056 "-" "Mozilla/5.0 (compatible; Googlebot/2.1; +http://www.google.com/bot.html)"
101.99.88.90 - - [01/Dec/2025:22:35:44 +0000] "GET / HTTP/1.1" 200 131359 "-" "Mozilla/5.0 (compatible; Googlebot/2.1; +http://www.google.com/bot.html)"
66.249.64.35 - - [01/Dec/2025:22:59:03 +0000] "GET /robots.txt HTTP/1.1" 200 113 "-" "Mozilla/5.0 (compatible; Googlebot/2.1; +http://www.google.com/bot.html)"
204.12.208.18 - - [01/Dec/2025:23:43:14 +0000] "GET /wp-includes/qq4c4896/index.php HTTP/1.1" 200 0 "http://delcarajo.brainware.com.co/wp-includes/qq4c4896/index.php" "Mozilla/5.0 (Macintosh; U; PPC Mac OS X 10_4_11; ja-jp) AppleWebKit/525.13 (KHTML, like Gecko) Version/3.1 Safari/525.13"
204.12.208.18 - - [01/Dec/2025:23:43:34 +0000] "GET /wp-includes/qq4c4896/index.php HTTP/1.1" 200 0 "http://delcarajo.brainware.com.co/wp-includes/qq4c4896/index.php" "Mozilla/4.0 (compatible; MSIE 7.0; Windows NT 5.1)"
204.12.208.18 - - [01/Dec/2025:23:42:53 +0000] "GET /wp-includes/qq4c4896/index.php HTTP/1.1" 200 0 "http://delcarajo.brainware.com.co/wp-includes/qq4c4896/index.php" "Mozilla/5.0 (Macintosh; Intel Mac OS X 10_6_8) AppleWebKit/535.1 (KHTML, like Gecko) Chrome/13.0.782.220 Safari/535.1"
101.99.88.90 - - [02/Dec/2025:00:46:28 +0000] "GET / HTTP/1.1" 200 119460 "-" "Mozilla/5.0 (compatible; Googlebot/2.1; +http://www.google.com/bot.html)"
101.99.88.90 - - [02/Dec/2025:02:48:13 +0000] "GET / HTTP/1.1" 200 128298 "-" "Mozilla/5.0 (compatible; Googlebot/2.1; +http://www.google.com/bot.html)"
101.99.88.90 - - [02/Dec/2025:04:36:39 +0000] "GET / HTTP/1.1" 200 114499 "-" "Mozilla/5.0 (compatible; Googlebot/2.1; +http://www.google.com/bot.html)"
101.99.88.90 - - [02/Dec/2025:07:08:00 +0000] "GET / HTTP/1.1" 200 113975 "-" "Mozilla/5.0 (compatible; Googlebot/2.1; +http://www.google.com/bot.html)"
101.99.88.90 - - [02/Dec/2025:07:50:05 +0000] "GET / HTTP/1.1" 200 123665 "-" "Mozilla/5.0 (compatible; Googlebot/2.1; +http://www.google.com/bot.html)"
204.12.208.18 - - [02/Dec/2025:08:32:37 +0000] "GET /wp-includes/qq4c4896/index.php HTTP/1.1" 200 0 "http://delcarajo.brainware.com.co/wp-includes/qq4c4896/index.php" "Opera/9.80 (Windows NT 6.1; U; ja) Presto/2.9.168 Version/11.50"
204.12.208.18 - - [02/Dec/2025:09:21:39 +0000] "GET /wp-includes/qq4c4896/index.php HTTP/1.1" 200 0 "http://delcarajo.brainware.com.co/wp-includes/qq4c4896/index.php" "Mozilla/5.0 (Macintosh; Intel Mac OS X 10_6_8) AppleWebKit/534.52.7 (KHTML, like Gecko) Version/5.1.2 Safari/534.52.7"
101.99.88.90 - - [02/Dec/2025:10:02:58 +0000] "GET / HTTP/1.1" 200 112073 "-" "Mozilla/5.0 (compatible; Googlebot/2.1; +http://www.google.com/bot.html)"
204.12.208.18 - - [02/Dec/2025:08:32:57 +0000] "GET /wp-includes/qq4c4896/index.php HTTP/1.1" 200 0 "http://delcarajo.brainware.com.co/wp-includes/qq4c4896/index.php" "Mozilla/5.0 (Macintosh; U; Intel Mac OS X; ja-jp) AppleWebKit/523.10.3 (KHTML, like Gecko) Version/3.0.4 Safari/523.10"
101.99.88.90 - - [02/Dec/2025:09:15:31 +0000] "GET / HTTP/1.1" 200 123091 "-" "Mozilla/5.0 (compatible; Googlebot/2.1; +http://www.google.com/bot.html)"
204.12.208.18 - - [02/Dec/2025:08:33:17 +0000] "GET /wp-includes/qq4c4896/index.php HTTP/1.1" 200 0 "http://delcarajo.brainware.com.co/wp-includes/qq4c4896/index.php" "Mozilla/5.0 (Windows NT 6.1) AppleWebKit/535.1 (KHTML, like Gecko) Chrome/13.0.782.107 Safari/535.1"
204.12.208.18 - - [02/Dec/2025:09:22:00 +0000] "GET /wp-includes/qq4c4896/index.php HTTP/1.1" 200 0 "http://delcarajo.brainware.com.co/wp-includes/qq4c4896/index.php" "Mozilla/5.0 (Windows NT 5.1; rv:6.0) Gecko/20100101 Firefox/6.0"
204.12.208.18 - - [02/Dec/2025:09:22:20 +0000] "GET /wp-includes/qq4c4896/index.php HTTP/1.1" 200 0 "http://delcarajo.brainware.com.co/wp-includes/qq4c4896/index.php" "Mozilla/5.0 (Macintosh; Intel Mac OS X 10.7; rv:9.0.1) Gecko/20100101 Firefox/9.0.1"
204.12.208.18 - - [02/Dec/2025:11:39:49 +0000] "GET /wp-includes/qq4c4896/index.php HTTP/1.1" 200 0 "http://delcarajo.brainware.com.co/wp-includes/qq4c4896/index.php" "Mozilla/5.0 (Windows NT 6.1; WOW64; rv:9.0.1) Gecko/20100101 Firefox/9.0.1"
195.178.110.155 - - [02/Dec/2025:12:11:10 +0000] "GET / HTTP/1.1" 403 1242 "-" "-"
101.99.88.90 - - [02/Dec/2025:13:00:17 +0000] "GET / HTTP/1.1" 200 119103 "-" "Mozilla/5.0 (compatible; Googlebot/2.1; +http://www.google.com/bot.html)"
204.12.208.18 - - [02/Dec/2025:11:39:29 +0000] "GET /wp-includes/qq4c4896/index.php HTTP/1.1" 200 0 "http://delcarajo.brainware.com.co/wp-includes/qq4c4896/index.php" "Mozilla/5.0 (Macintosh; U; Intel Mac OS X 10_6_3; ja-jp) AppleWebKit/531.21.11 (KHTML, like Gecko) Version/4.0.4 Safari/531.21.10"
204.12.208.18 - - [02/Dec/2025:11:40:10 +0000] "GET /wp-includes/qq4c4896/index.php HTTP/1.1" 200 0 "http://delcarajo.brainware.com.co/wp-includes/qq4c4896/index.php" "Mozilla/5.0 (Windows NT 6.1; WOW64; rv:5.0) Gecko/20100101 Firefox/5.0"
101.99.88.90 - - [02/Dec/2025:14:48:03 +0000] "GET / HTTP/1.1" 200 124830 "-" "Mozilla/5.0 (compatible; Googlebot/2.1; +http://www.google.com/bot.html)"
136.118.48.136 - - [02/Dec/2025:16:20:10 +0000] "GET / HTTP/1.1" 301 0 "-" "Mozilla/5.0 (compatible; CMS-Checker/1.0; +https://example.com)"
136.118.48.136 - - [02/Dec/2025:16:20:13 +0000] "GET / HTTP/1.1" 200 40279 "http://www.delcarajo.brainware.com.co" "Mozilla/5.0 (compatible; CMS-Checker/1.0; +https://example.com)"
101.99.88.90 - - [02/Dec/2025:16:04:45 +0000] "GET / HTTP/1.1" 200 104800 "-" "Mozilla/5.0 (compatible; Googlebot/2.1; +http://www.google.com/bot.html)"
170.10.164.108 - - [02/Dec/2025:16:20:12 +0000] "POST /wp-cron.php?doing_wp_cron=1764692412.1276640892028808593750 HTTP/1.1" 200 0 "-" "WordPress/6.8.3; https://delcarajo.brainware.com.co"
34.138.227.1 - - [02/Dec/2025:16:25:14 +0000] "GET / HTTP/1.1" 200 40279 "-" "Mozilla/5.0 (compatible; CMS-Checker/1.0; +https://example.com)"
170.10.164.108 - - [02/Dec/2025:17:20:09 +0000] "POST /wp-cron.php?doing_wp_cron=1764696009.1754679679870605468750 HTTP/1.1" 200 0 "-" "WordPress/6.8.3; https://delcarajo.brainware.com.co"
34.182.51.129 - - [02/Dec/2025:17:20:06 +0000] "GET / HTTP/1.1" 200 134827 "-" "Mozilla/5.0 (Windows NT 10.0; Win64; x64) AppleWebKit/537.36 (KHTML, like Gecko) Chrome/88.0.4240.193 Safari/537.36"
34.182.51.129 - - [02/Dec/2025:17:20:09 +0000] "GET /?author=1 HTTP/1.1" 301 0 "-" "Mozilla/5.0 (Windows NT 10.0; Win64; x64) AppleWebKit/537.36 (KHTML, like Gecko) Chrome/88.0.4240.193 Safari/537.36"
34.182.51.129 - - [02/Dec/2025:17:20:10 +0000] "GET /?author=2 HTTP/1.1" 200 133751 "-" "Mozilla/5.0 (Windows NT 10.0; Win64; x64) AppleWebKit/537.36 (KHTML, like Gecko) Chrome/88.0.4240.193 Safari/537.36"
34.182.51.129 - - [02/Dec/2025:17:20:11 +0000] "GET /?author=3 HTTP/1.1" 404 133304 "-" "Mozilla/5.0 (Windows NT 10.0; Win64; x64) AppleWebKit/537.36 (KHTML, like Gecko) Chrome/88.0.4240.193 Safari/537.36"
34.182.51.129 - - [02/Dec/2025:17:20:12 +0000] "GET /wp-json/wp/v2/users/ HTTP/1.1" 200 798 "-" "Mozilla/5.0 (Windows NT 10.0; Win64; x64) AppleWebKit/537.36 (KHTML, like Gecko) Chrome/88.0.4240.193 Safari/537.36"
34.182.51.129 - - [02/Dec/2025:17:20:13 +0000] "POST /xmlrpc.php HTTP/1.1" 200 414 "-" "Mozilla/5.0 (Windows NT 10.0; Win64; x64) AppleWebKit/537.36 (KHTML, like Gecko) Chrome/88.0.4240.193 Safari/537.36"
34.182.51.129 - - [02/Dec/2025:17:20:14 +0000] "POST /xmlrpc.php HTTP/1.1" 200 414 "-" "Mozilla/5.0 (Windows NT 10.0; Win64; x64) AppleWebKit/537.36 (KHTML, like Gecko) Chrome/88.0.4240.193 Safari/537.36"
34.182.51.129 - - [02/Dec/2025:17:20:15 +0000] "POST /xmlrpc.php HTTP/1.1" 200 414 "-" "Mozilla/5.0 (Windows NT 10.0; Win64; x64) AppleWebKit/537.36 (KHTML, like Gecko) Chrome/88.0.4240.193 Safari/537.36"
34.182.51.129 - - [02/Dec/2025:17:20:16 +0000] "POST /xmlrpc.php HTTP/1.1" 200 414 "-" "Mozilla/5.0 (Windows NT 10.0; Win64; x64) AppleWebKit/537.36 (KHTML, like Gecko) Chrome/88.0.4240.193 Safari/537.36"
34.182.51.129 - - [02/Dec/2025:17:20:18 +0000] "POST /xmlrpc.php HTTP/1.1" 403 414 "-" "Mozilla/5.0 (Windows NT 10.0; Win64; x64) AppleWebKit/537.36 (KHTML, like Gecko) Chrome/88.0.4240.193 Safari/537.36"
136.118.48.136 - - [02/Dec/2025:17:23:14 +0000] "GET / HTTP/1.1" 200 134827 "-" "Mozilla/5.0 (Windows NT 10.0; Win64; x64) AppleWebKit/537.36 (KHTML, like Gecko) Chrome/78.0.3904.108 Safari/537.36"
136.118.48.136 - - [02/Dec/2025:17:23:15 +0000] "GET /?author=1 HTTP/1.1" 301 0 "-" "Mozilla/5.0 (Windows NT 10.0; Win64; x64) AppleWebKit/537.36 (KHTML, like Gecko) Chrome/78.0.3904.108 Safari/537.36"
136.118.48.136 - - [02/Dec/2025:17:23:15 +0000] "GET /?author=2 HTTP/1.1" 200 133751 "-" "Mozilla/5.0 (Windows NT 10.0; Win64; x64) AppleWebKit/537.36 (KHTML, like Gecko) Chrome/78.0.3904.108 Safari/537.36"
136.118.48.136 - - [02/Dec/2025:17:23:16 +0000] "GET /wp-json/wp/v2/users/ HTTP/1.1" 200 798 "-" "Mozilla/5.0 (Windows NT 10.0; Win64; x64) AppleWebKit/537.36 (KHTML, like Gecko) Chrome/78.0.3904.108 Safari/537.36"
136.118.48.136 - - [02/Dec/2025:17:23:17 +0000] "POST /xmlrpc.php HTTP/1.1" 200 414 "-" "Mozilla/5.0 (Windows NT 10.0; Win64; x64) AppleWebKit/537.36 (KHTML, like Gecko) Chrome/78.0.3904.108 Safari/537.36"
136.118.48.136 - - [02/Dec/2025:17:23:17 +0000] "POST /xmlrpc.php HTTP/1.1" 200 414 "-" "Mozilla/5.0 (Windows NT 10.0; Win64; x64) AppleWebKit/537.36 (KHTML, like Gecko) Chrome/78.0.3904.108 Safari/537.36"
136.118.48.136 - - [02/Dec/2025:17:23:18 +0000] "POST /xmlrpc.php HTTP/1.1" 200 414 "-" "Mozilla/5.0 (Windows NT 10.0; Win64; x64) AppleWebKit/537.36 (KHTML, like Gecko) Chrome/78.0.3904.108 Safari/537.36"
136.118.48.136 - - [02/Dec/2025:17:23:18 +0000] "POST /xmlrpc.php HTTP/1.1" 200 414 "-" "Mozilla/5.0 (Windows NT 10.0; Win64; x64) AppleWebKit/537.36 (KHTML, like Gecko) Chrome/78.0.3904.108 Safari/537.36"
136.118.48.136 - - [02/Dec/2025:17:23:20 +0000] "POST /xmlrpc.php HTTP/1.1" 403 414 "-" "Mozilla/5.0 (Windows NT 10.0; Win64; x64) AppleWebKit/537.36 (KHTML, like Gecko) Chrome/78.0.3904.108 Safari/537.36"
34.138.227.1 - - [02/Dec/2025:17:50:59 +0000] "GET / HTTP/1.1" 200 134827 "-" "Mozilla/5.0 (Windows NT 10.0; Win64; x64) AppleWebKit/537.36 (KHTML, like Gecko) Chrome/78.0.3904.108 Safari/537.36"
34.138.227.1 - - [02/Dec/2025:17:51:01 +0000] "GET /?author=1 HTTP/1.1" 301 0 "-" "Mozilla/5.0 (Windows NT 10.0; Win64; x64) AppleWebKit/537.36 (KHTML, like Gecko) Chrome/78.0.3904.108 Safari/537.36"
34.138.227.1 - - [02/Dec/2025:17:51:02 +0000] "GET /?author=2 HTTP/1.1" 200 133751 "-" "Mozilla/5.0 (Windows NT 10.0; Win64; x64) AppleWebKit/537.36 (KHTML, like Gecko) Chrome/78.0.3904.108 Safari/537.36"
34.138.227.1 - - [02/Dec/2025:17:51:03 +0000] "GET /wp-json/wp/v2/users/ HTTP/1.1" 200 798 "-" "Mozilla/5.0 (Windows NT 10.0; Win64; x64) AppleWebKit/537.36 (KHTML, like Gecko) Chrome/78.0.3904.108 Safari/537.36"
34.138.227.1 - - [02/Dec/2025:17:51:03 +0000] "POST /xmlrpc.php HTTP/1.1" 200 414 "-" "Mozilla/5.0 (Windows NT 10.0; Win64; x64) AppleWebKit/537.36 (KHTML, like Gecko) Chrome/78.0.3904.108 Safari/537.36"
34.138.227.1 - - [02/Dec/2025:17:51:04 +0000] "POST /xmlrpc.php HTTP/1.1" 200 414 "-" "Mozilla/5.0 (Windows NT 10.0; Win64; x64) AppleWebKit/537.36 (KHTML, like Gecko) Chrome/78.0.3904.108 Safari/537.36"
34.138.227.1 - - [02/Dec/2025:17:51:04 +0000] "POST /xmlrpc.php HTTP/1.1" 200 414 "-" "Mozilla/5.0 (Windows NT 10.0; Win64; x64) AppleWebKit/537.36 (KHTML, like Gecko) Chrome/78.0.3904.108 Safari/537.36"
34.138.227.1 - - [02/Dec/2025:17:51:05 +0000] "POST /xmlrpc.php HTTP/1.1" 200 414 "-" "Mozilla/5.0 (Windows NT 10.0; Win64; x64) AppleWebKit/537.36 (KHTML, like Gecko) Chrome/78.0.3904.108 Safari/537.36"
34.138.227.1 - - [02/Dec/2025:17:51:07 +0000] "POST /xmlrpc.php HTTP/1.1" 403 414 "-" "Mozilla/5.0 (Windows NT 10.0; Win64; x64) AppleWebKit/537.36 (KHTML, like Gecko) Chrome/78.0.3904.108 Safari/537.36"
170.10.164.108 - - [02/Dec/2025:17:51:01 +0000] "POST /wp-cron.php?doing_wp_cron=1764697861.4364469051361083984375 HTTP/1.1" 200 0 "-" "WordPress/6.8.3; https://delcarajo.brainware.com.co"
204.12.208.18 - - [02/Dec/2025:18:44:39 +0000] "GET /wp-includes/qq4c4896/index.php HTTP/1.1" 200 0 "http://delcarajo.brainware.com.co/wp-includes/qq4c4896/index.php" "Mozilla/5.0 (Windows; U; Windows NT 5.1; en-US) AppleWebKit/534.16 (KHTML, like Gecko) Chrome/10.0.648.151 Safari/534.16"
101.99.88.90 - - [02/Dec/2025:18:34:39 +0000] "GET / HTTP/1.1" 200 129150 "-" "Mozilla/5.0 (compatible; Googlebot/2.1; +http://www.google.com/bot.html)"
