66.249.64.37 - - [30/Nov/2025:06:27:57 +0000] "GET /?sitemapindex.xml HTTP/1.1" 200 405 "-" "Mozilla/5.0 (compatible; Googlebot/2.1; +http://www.google.com/bot.html)"
66.249.64.37 - - [30/Nov/2025:06:29:02 +0000] "GET /sitemap61.xml HTTP/1.1" 200 16229 "-" "Mozilla/5.0 (compatible; Googlebot/2.1; +http://www.google.com/bot.html)"
66.249.64.37 - - [30/Nov/2025:06:29:04 +0000] "GET /sitemap68.xml HTTP/1.1" 200 16106 "-" "Mozilla/5.0 (compatible; Googlebot/2.1; +http://www.google.com/bot.html)"
66.249.64.37 - - [30/Nov/2025:06:32:09 +0000] "GET /sitemap17.xml HTTP/1.1" 200 16196 "-" "Mozilla/5.0 (compatible; Googlebot/2.1; +http://www.google.com/bot.html)"
204.12.208.18 - - [30/Nov/2025:06:44:06 +0000] "GET /wp-includes/qq4c4896/index.php HTTP/1.1" 200 0 "http://delcarajo.brainware.com.co/wp-includes/qq4c4896/index.php" "Mozilla/4.0 (compatible; GoogleToolbar 5.0.2124.2070; Windows 6.0; MSIE 8.0.6001.18241)"
204.12.208.18 - - [30/Nov/2025:06:44:46 +0000] "GET /wp-includes/qq4c4896/index.php HTTP/1.1" 200 0 "http://delcarajo.brainware.com.co/wp-includes/qq4c4896/index.php" "Mozilla/5.0 (Windows NT 6.1; WOW64) AppleWebKit/535.1 (KHTML, like Gecko) Chrome/14.0.835.202 Safari/535.1"
204.12.208.18 - - [30/Nov/2025:07:05:53 +0000] "GET /wp-includes/qq4c4896/index.php HTTP/1.1" 200 0 "http://delcarajo.brainware.com.co/wp-includes/qq4c4896/index.php" "Mozilla/4.0 (compatible; MSIE 7.0; Windows NT 6.0; SLCC1; .NET CLR 2.0.50727; Media Center PC 5.0; .NET CLR 3.0.04506; InfoPath.1)"
204.12.208.18 - - [30/Nov/2025:05:09:34 +0000] "GET /wp-includes/qq4c4896/index.php HTTP/1.1" 200 0 "http://delcarajo.brainware.com.co/wp-includes/qq4c4896/index.php" "Mozilla/5.0 (Macintosh; U; PPC Mac OS X; ja-jp) AppleWebKit/523.10.6 (KHTML, like Gecko) Version/3.0.4 Safari/523.10.6"
101.99.88.90 - - [30/Nov/2025:05:30:11 +0000] "GET / HTTP/1.1" 200 126477 "-" "Mozilla/5.0 (compatible; Googlebot/2.1; +http://www.google.com/bot.html)"
98.82.178.119 - - [30/Nov/2025:06:23:36 +0000] "GET / HTTP/1.1" 403 1242 "-" "-"
66.249.64.35 - - [30/Nov/2025:06:29:16 +0000] "GET /sitemap83.xml HTTP/1.1" 200 16142 "-" "Mozilla/5.0 (compatible; Googlebot/2.1; +http://www.google.com/bot.html)"
66.249.64.35 - - [30/Nov/2025:06:30:44 +0000] "GET /sitemap10.xml HTTP/1.1" 200 16126 "-" "Mozilla/5.0 (compatible; Googlebot/2.1; +http://www.google.com/bot.html)"
66.249.64.35 - - [30/Nov/2025:06:31:17 +0000] "GET /sitemap55.xml HTTP/1.1" 200 16073 "-" "Mozilla/5.0 (compatible; Googlebot/2.1; +http://www.google.com/bot.html)"
204.12.208.18 - - [30/Nov/2025:06:44:26 +0000] "GET /wp-includes/qq4c4896/index.php HTTP/1.1" 200 0 "http://delcarajo.brainware.com.co/wp-includes/qq4c4896/index.php" "Mozilla/5.0 (Macintosh; Intel Mac OS X 10_6_8) AppleWebKit/535.7 (KHTML, like Gecko) Chrome/16.0.912.75 Safari/535.7"
204.12.208.18 - - [30/Nov/2025:07:06:13 +0000] "GET /wp-includes/qq4c4896/index.php HTTP/1.1" 200 0 "http://delcarajo.brainware.com.co/wp-includes/qq4c4896/index.php" "Mozilla/5.0 (Windows NT 6.1; WOW64; rv:5.0) Gecko/20100101 Firefox/5.0"
204.12.208.18 - - [30/Nov/2025:07:06:33 +0000] "GET /wp-includes/qq4c4896/index.php HTTP/1.1" 200 0 "http://delcarajo.brainware.com.co/wp-includes/qq4c4896/index.php" "Mozilla/5.0 (compatible; MSIE 9.0; Windows NT 6.1; WOW64; Trident/5.0; Sleipnir/2.9.8)"
204.12.208.18 - - [30/Nov/2025:04:44:59 +0000] "GET /wp-includes/qq4c4896/index.php HTTP/1.1" 200 0 "http://delcarajo.brainware.com.co/wp-includes/qq4c4896/index.php" "Mozilla/5.0 (Macintosh; Intel Mac OS X 10_6_8) AppleWebKit/535.1 (KHTML, like Gecko) Chrome/13.0.782.220 Safari/535.1"
204.12.208.18 - - [30/Nov/2025:04:45:39 +0000] "GET /wp-includes/qq4c4896/index.php HTTP/1.1" 200 0 "http://delcarajo.brainware.com.co/wp-includes/qq4c4896/index.php" "Mozilla/5.0 (Macintosh; U; PPC Mac OS X; ja-jp) AppleWebKit/522.11.1 (KHTML, like Gecko) Version/3.0.3 Safari/522.12.1"
204.12.208.18 - - [30/Nov/2025:05:31:45 +0000] "GET /wp-includes/qq4c4896/index.php HTTP/1.1" 200 0 "http://delcarajo.brainware.com.co/wp-includes/qq4c4896/index.php" "Mozilla/5.0 (Macintosh; Intel Mac OS X 10.5; rv:8.0.1) Gecko/20100101 Firefox/8.0.1"
204.12.208.18 - - [30/Nov/2025:05:56:11 +0000] "GET /wp-includes/qq4c4896/index.php HTTP/1.1" 200 0 "http://delcarajo.brainware.com.co/wp-includes/qq4c4896/index.php" "Mozilla/5.0 (Macintosh; U; Intel Mac OS X 10_5_5; ja-jp) AppleWebKit/525.26.2 (KHTML, like Gecko) Version/3.2 Safari/525.26.12"
204.12.208.18 - - [30/Nov/2025:06:20:58 +0000] "GET /wp-includes/qq4c4896/index.php HTTP/1.1" 200 0 "http://delcarajo.brainware.com.co/wp-includes/qq4c4896/index.php" "Mozilla/5.0 (Macintosh; U; Intel Mac OS X 10_5_6; ja-jp) AppleWebKit/528.16 (KHTML, like Gecko) Version/4.0 Safari/528.16"
66.249.64.37 - - [30/Nov/2025:06:28:43 +0000] "GET /sitemap59.xml HTTP/1.1" 200 16075 "-" "Mozilla/5.0 (compatible; Googlebot/2.1; +http://www.google.com/bot.html)"
66.249.64.35 - - [30/Nov/2025:06:30:08 +0000] "GET /sitemap23.xml HTTP/1.1" 200 16205 "-" "Mozilla/5.0 (compatible; Googlebot/2.1; +http://www.google.com/bot.html)"
66.249.64.36 - - [30/Nov/2025:06:30:25 +0000] "GET /sitemap79.xml HTTP/1.1" 200 16069 "-" "Mozilla/5.0 (compatible; Googlebot/2.1; +http://www.google.com/bot.html)"
101.99.88.90 - - [30/Nov/2025:07:23:40 +0000] "GET / HTTP/1.1" 200 124468 "-" "Mozilla/5.0 (compatible; Googlebot/2.1; +http://www.google.com/bot.html)"
204.12.208.18 - - [30/Nov/2025:07:29:31 +0000] "GET /wp-includes/qq4c4896/index.php HTTP/1.1" 200 0 "http://delcarajo.brainware.com.co/wp-includes/qq4c4896/index.php" "Mozilla/5.0 (Macintosh; Intel Mac OS X 10_6_8) AppleWebKit/535.1 (KHTML, like Gecko) Chrome/13.0.782.220 Safari/535.1"
204.12.208.18 - - [30/Nov/2025:07:53:15 +0000] "GET /wp-includes/qq4c4896/index.php HTTP/1.1" 200 0 "http://delcarajo.brainware.com.co/wp-includes/qq4c4896/index.php" "Mozilla/5.0 (Macintosh; U; PPC Mac OS X 10_4_11; ja-jp) AppleWebKit/525.13 (KHTML, like Gecko) Version/3.1 Safari/525.13"
204.12.208.18 - - [30/Nov/2025:08:17:04 +0000] "GET /wp-includes/qq4c4896/index.php HTTP/1.1" 200 0 "http://delcarajo.brainware.com.co/wp-includes/qq4c4896/index.php" "Mozilla/5.0 (Windows NT 10.0; WOW64) AppleWebKit/537.36 (KHTML, like Gecko) Chrome/74.0.3729.131 Safari/537.36"
204.12.208.18 - - [30/Nov/2025:08:40:59 +0000] "GET /wp-includes/qq4c4896/index.php HTTP/1.1" 200 0 "http://delcarajo.brainware.com.co/wp-includes/qq4c4896/index.php" "Mozilla/5.0 (compatible; MSIE 10.0; Windows NT 6.2; Trident/6.0)"
204.12.208.18 - - [30/Nov/2025:08:41:19 +0000] "GET /wp-includes/qq4c4896/index.php HTTP/1.1" 200 0 "http://delcarajo.brainware.com.co/wp-includes/qq4c4896/index.php" "Mozilla/5.0 (Macintosh; U; Intel Mac OS X 10_5_5; ja-jp) AppleWebKit/525.26.2 (KHTML, like Gecko) Version/3.2 Safari/525.26.12"
204.12.208.18 - - [30/Nov/2025:08:49:01 +0000] "GET /wp-includes/qq4c4896/index.php HTTP/1.1" 200 0 "http://delcarajo.brainware.com.co/wp-includes/qq4c4896/index.php" "Mozilla/5.0 (compatible; MSIE 10.0; Windows NT 6.2; Trident/6.0)"
204.12.208.18 - - [30/Nov/2025:08:49:21 +0000] "GET /wp-includes/qq4c4896/index.php HTTP/1.1" 200 0 "http://delcarajo.brainware.com.co/wp-includes/qq4c4896/index.php" "Mozilla/5.0 (compatible; MSIE 10.0; Windows NT 6.2; Win64; x64; Trident/6.0)"
101.99.88.90 - - [30/Nov/2025:09:02:57 +0000] "GET / HTTP/1.1" 200 119367 "-" "Mozilla/5.0 (compatible; Googlebot/2.1; +http://www.google.com/bot.html)"
204.12.208.18 - - [30/Nov/2025:09:27:26 +0000] "GET /wp-includes/qq4c4896/index.php HTTP/1.1" 200 0 "http://delcarajo.brainware.com.co/wp-includes/qq4c4896/index.php" "Mozilla/4.0 (compatible; MSIE 8.0; Windows NT 5.1; Trident/4.0; .NET CLR 2.0.50727; InfoPath.1"
204.12.208.18 - - [30/Nov/2025:07:53:35 +0000] "GET /wp-includes/qq4c4896/index.php HTTP/1.1" 200 0 "http://delcarajo.brainware.com.co/wp-includes/qq4c4896/index.php" "Mozilla/4.0 (compatible; MSIE 7.0; Windows NT 5.1; SV1)"
204.12.208.18 - - [30/Nov/2025:07:53:55 +0000] "GET /wp-includes/qq4c4896/index.php HTTP/1.1" 200 0 "http://delcarajo.brainware.com.co/wp-includes/qq4c4896/index.php" "Mozilla/5.0 (Macintosh; Intel Mac OS X 10_8) AppleWebKit/536.25 (KHTML, like Gecko) Version/6.0 Safari/536.25"
204.12.208.18 - - [30/Nov/2025:08:17:45 +0000] "GET /wp-includes/qq4c4896/index.php HTTP/1.1" 200 0 "http://delcarajo.brainware.com.co/wp-includes/qq4c4896/index.php" "Mozilla/5.0 (compatible; MSIE 10.0; Windows NT 6.1; Trident/6.0)"
204.12.208.18 - - [30/Nov/2025:09:04:26 +0000] "GET /wp-includes/qq4c4896/index.php HTTP/1.1" 200 0 "http://delcarajo.brainware.com.co/wp-includes/qq4c4896/index.php" "Mozilla/5.0 (Macintosh; U; Intel Mac OS X 10_5_6; ja-jp) AppleWebKit/525.27.1 (KHTML, like Gecko) Version/3.2.1 Safari/525.27.1"
204.12.208.18 - - [30/Nov/2025:09:04:46 +0000] "GET /wp-includes/qq4c4896/index.php HTTP/1.1" 200 0 "http://delcarajo.brainware.com.co/wp-includes/qq4c4896/index.php" "Mozilla/5.0 (Macintosh; U; Intel Mac OS X 10_6_3; ja-jp) AppleWebKit/531.21.11 (KHTML, like Gecko) Version/4.0.4 Safari/531.21.10"
204.12.208.18 - - [30/Nov/2025:09:27:46 +0000] "GET /wp-includes/qq4c4896/index.php HTTP/1.1" 200 0 "http://delcarajo.brainware.com.co/wp-includes/qq4c4896/index.php" "Mozilla/5.0 (Macintosh; U; PPC Mac OS X; ja-jp) AppleWebKit/523.12 (KHTML, like Gecko) Version/3.0.4 Safari/523.12"
204.12.208.18 - - [30/Nov/2025:09:28:06 +0000] "GET /wp-includes/qq4c4896/index.php HTTP/1.1" 200 0 "http://delcarajo.brainware.com.co/wp-includes/qq4c4896/index.php" "Mozilla/5.0 (Macintosh; Intel Mac OS X 10_6_8) AppleWebKit/535.1 (KHTML, like Gecko) Chrome/14.0.835.202 Safari/535.1"
204.12.208.18 - - [30/Nov/2025:09:50:09 +0000] "GET /wp-includes/qq4c4896/index.php HTTP/1.1" 200 0 "http://delcarajo.brainware.com.co/wp-includes/qq4c4896/index.php" "Mozilla/5.0 (compatible; MSIE 10.0; Windows NT 6.2; Trident/6.0)"
204.12.208.18 - - [30/Nov/2025:09:50:29 +0000] "GET /wp-includes/qq4c4896/index.php HTTP/1.1" 200 0 "http://delcarajo.brainware.com.co/wp-includes/qq4c4896/index.php" "Mozilla/4.0 (compatible; MSIE 7.0; Windows NT 5.1; .NET CLR 1.1.4322; .NET CLR 2.0.50727; .NET CLR 3.0.04506.30)"
204.12.208.18 - - [30/Nov/2025:09:50:49 +0000] "GET /wp-includes/qq4c4896/index.php HTTP/1.1" 200 0 "http://delcarajo.brainware.com.co/wp-includes/qq4c4896/index.php" "Mozilla/5.0 (Macintosh; Intel Mac OS X 10_6_8) AppleWebKit/535.7 (KHTML, like Gecko) Chrome/16.0.912.75 Safari/535.7"
204.12.208.18 - - [30/Nov/2025:07:29:11 +0000] "GET /wp-includes/qq4c4896/index.php HTTP/1.1" 200 0 "http://delcarajo.brainware.com.co/wp-includes/qq4c4896/index.php" "Mozilla/4.0 (compatible; MSIE 7.0; Windows NT 5.1; SV1; .NET CLR 1.1.4322)"
204.12.208.18 - - [30/Nov/2025:07:29:51 +0000] "GET /wp-includes/qq4c4896/index.php HTTP/1.1" 200 0 "http://delcarajo.brainware.com.co/wp-includes/qq4c4896/index.php" "Mozilla/5.0 (compatible; MSIE 9.0; Windows NT 6.1; WOW64; Trident/5.0)"
204.12.208.18 - - [30/Nov/2025:08:17:25 +0000] "GET /wp-includes/qq4c4896/index.php HTTP/1.1" 200 0 "http://delcarajo.brainware.com.co/wp-includes/qq4c4896/index.php" "Mozilla/5.0 (X11; Linux i686) AppleWebKit/535.2 (KHTML, like Gecko) Ubuntu/10.04 Chromium/15.0.874.106 Chrome/15.0.874.106 Safari/535.2"
101.99.88.90 - - [30/Nov/2025:08:24:14 +0000] "GET / HTTP/1.1" 200 131110 "-" "Mozilla/5.0 (compatible; Googlebot/2.1; +http://www.google.com/bot.html)"
204.12.208.18 - - [30/Nov/2025:08:40:39 +0000] "GET /wp-includes/qq4c4896/index.php HTTP/1.1" 200 0 "http://delcarajo.brainware.com.co/wp-includes/qq4c4896/index.php" "Mozilla/5.0 (Windows NT 6.1; WOW64; rv:9.0.1) Gecko/20100101 Firefox/9.0.1"
204.12.208.18 - - [30/Nov/2025:08:49:42 +0000] "GET /wp-includes/qq4c4896/index.php HTTP/1.1" 200 0 "http://delcarajo.brainware.com.co/wp-includes/qq4c4896/index.php" "Mozilla/5.0 (Macintosh; Intel Mac OS X 10_6_8) AppleWebKit/534.24 (KHTML, like Gecko) Iron/11.0.700.2 Chrome/11.0.700.2 Safari/534.24"
204.12.208.18 - - [30/Nov/2025:09:04:06 +0000] "GET /wp-includes/qq4c4896/index.php HTTP/1.1" 200 0 "http://delcarajo.brainware.com.co/wp-includes/qq4c4896/index.php" "Mozilla/5.0 (Windows NT 6.1; WOW64) AppleWebKit/535.1 (KHTML, like Gecko) Chrome/14.0.835.202 Safari/535.1"
204.12.208.18 - - [30/Nov/2025:10:14:22 +0000] "GET /wp-includes/qq4c4896/index.php HTTP/1.1" 200 0 "http://delcarajo.brainware.com.co/wp-includes/qq4c4896/index.php" "Mozilla/5.0 (Windows; U; Windows NT 5.1; en-US) AppleWebKit/534.16 (KHTML, like Gecko) Chrome/10.0.648.151 Safari/534.16"
204.12.208.18 - - [30/Nov/2025:10:37:36 +0000] "GET /wp-includes/qq4c4896/index.php HTTP/1.1" 200 0 "http://delcarajo.brainware.com.co/wp-includes/qq4c4896/index.php" "Mozilla/4.0 (compatible; MSIE 7.0; Windows NT 5.1; SV1; .NET CLR 1.0.3705; .NET CLR 2.0.50727; .NET CLR 1.1.4322)"
204.12.208.18 - - [30/Nov/2025:10:38:16 +0000] "GET /wp-includes/qq4c4896/index.php HTTP/1.1" 200 0 "http://delcarajo.brainware.com.co/wp-includes/qq4c4896/index.php" "Mozilla/5.0 (compatible; MSIE 10.0; Windows NT 6.2; WOW64; Trident/6.0)"
204.12.208.18 - - [30/Nov/2025:11:23:26 +0000] "GET /wp-includes/qq4c4896/index.php HTTP/1.1" 200 0 "http://delcarajo.brainware.com.co/wp-includes/qq4c4896/index.php" "Mozilla/5.0 (Macintosh; U; Intel Mac OS X 10_6_3; ja-jp) AppleWebKit/531.21.11 (KHTML, like Gecko) Version/4.0.4 Safari/531.21.10"
204.12.208.18 - - [30/Nov/2025:11:23:46 +0000] "GET /wp-includes/qq4c4896/index.php HTTP/1.1" 200 0 "http://delcarajo.brainware.com.co/wp-includes/qq4c4896/index.php" "Mozilla/5.0 (Macintosh; Intel Mac OS X 10_7_2) AppleWebKit/535.2 (KHTML, like Gecko) Chrome/15.0.874.106 Safari/535.2"
204.12.208.18 - - [30/Nov/2025:12:09:18 +0000] "GET /wp-includes/qq4c4896/index.php HTTP/1.1" 200 0 "http://delcarajo.brainware.com.co/wp-includes/qq4c4896/index.php" "Mozilla/5.0 (Windows NT 10.0; WOW64) AppleWebKit/537.36 (KHTML, like Gecko) Chrome/74.0.3729.131 Safari/537.36"
204.12.208.18 - - [30/Nov/2025:12:16:33 +0000] "GET /wp-includes/qq4c4896/index.php HTTP/1.1" 200 0 "http://delcarajo.brainware.com.co/wp-includes/qq4c4896/index.php" "Mozilla/4.0 (compatible; MSIE 7.0; Windows NT 6.0; SLCC1; .NET CLR 2.0.50727; Media Center PC 5.0; .NET CLR 3.0.04506; InfoPath.1)"
204.12.208.18 - - [30/Nov/2025:12:16:54 +0000] "GET /wp-includes/qq4c4896/index.php HTTP/1.1" 200 0 "http://delcarajo.brainware.com.co/wp-includes/qq4c4896/index.php" "Mozilla/5.0 (Macintosh; U; Intel Mac OS X 10_5_6; ja-jp) AppleWebKit/525.27.1 (KHTML, like Gecko) Version/3.2.1 Safari/525.27.1"
101.99.88.90 - - [30/Nov/2025:12:21:30 +0000] "GET / HTTP/1.1" 200 115202 "-" "Mozilla/5.0 (compatible; Googlebot/2.1; +http://www.google.com/bot.html)"
204.12.208.18 - - [30/Nov/2025:12:55:06 +0000] "GET /wp-includes/qq4c4896/index.php HTTP/1.1" 200 0 "http://delcarajo.brainware.com.co/wp-includes/qq4c4896/index.php" "Mozilla/5.0 (Windows NT 6.0; rv:7.0.1) Gecko/20100101 Firefox/7.0.1"
204.12.208.18 - - [30/Nov/2025:10:14:02 +0000] "GET /wp-includes/qq4c4896/index.php HTTP/1.1" 200 0 "http://delcarajo.brainware.com.co/wp-includes/qq4c4896/index.php" "Mozilla/5.0 (Macintosh; U; PPC Mac OS X; ja-jp) AppleWebKit/522.11.1 (KHTML, like Gecko) Version/3.0.3 Safari/522.12.1"
204.12.208.18 - - [30/Nov/2025:10:37:56 +0000] "GET /wp-includes/qq4c4896/index.php HTTP/1.1" 200 0 "http://delcarajo.brainware.com.co/wp-includes/qq4c4896/index.php" "Mozilla/5.0 (Macintosh; Intel Mac OS X 10_6_8) AppleWebKit/535.7 (KHTML, like Gecko) Chrome/16.0.912.75 Safari/535.7"
204.12.208.18 - - [30/Nov/2025:11:00:50 +0000] "GET /wp-includes/qq4c4896/index.php HTTP/1.1" 200 0 "http://delcarajo.brainware.com.co/wp-includes/qq4c4896/index.php" "Mozilla/5.0 (Macintosh; Intel Mac OS X 10_6_8) AppleWebKit/535.1 (KHTML, like Gecko) Chrome/13.0.782.220 Safari/535.1"
204.12.208.18 - - [30/Nov/2025:11:23:06 +0000] "GET /wp-includes/qq4c4896/index.php HTTP/1.1" 200 0 "http://delcarajo.brainware.com.co/wp-includes/qq4c4896/index.php" "Mozilla/5.0 (Macintosh; Intel Mac OS X 10_6_8) AppleWebKit/535.7 (KHTML, like Gecko) Chrome/16.0.912.75 Safari/535.7"
101.99.88.90 - - [30/Nov/2025:11:33:22 +0000] "GET / HTTP/1.1" 200 129987 "-" "Mozilla/5.0 (compatible; Googlebot/2.1; +http://www.google.com/bot.html)"
204.12.208.18 - - [30/Nov/2025:11:45:47 +0000] "GET /wp-includes/qq4c4896/index.php HTTP/1.1" 200 0 "http://delcarajo.brainware.com.co/wp-includes/qq4c4896/index.php" "Mozilla/5.0 (Macintosh; Intel Mac OS X 10_6_8) AppleWebKit/534.52.7 (KHTML, like Gecko) Version/5.1.2 Safari/534.52.7"
204.12.208.18 - - [30/Nov/2025:11:46:07 +0000] "GET /wp-includes/qq4c4896/index.php HTTP/1.1" 200 0 "http://delcarajo.brainware.com.co/wp-includes/qq4c4896/index.php" "Mozilla/5.0 (Windows NT 5.1) AppleWebKit/534.30 (KHTML, like Gecko) Chrome/12.0.742.122 Safari/534.30 ChromePlus/1.6.3.1"
204.12.208.18 - - [30/Nov/2025:12:08:58 +0000] "GET /wp-includes/qq4c4896/index.php HTTP/1.1" 200 0 "http://delcarajo.brainware.com.co/wp-includes/qq4c4896/index.php" "Mozilla/4.0 (compatible; MSIE 7.0; Windows NT 6.0; SLCC1; .NET CLR 2.0.50727; Media Center PC 5.0; .NET CLR 3.0.04506; InfoPath.1)"
204.12.208.18 - - [30/Nov/2025:12:32:18 +0000] "GET /wp-includes/qq4c4896/index.php HTTP/1.1" 200 0 "http://delcarajo.brainware.com.co/wp-includes/qq4c4896/index.php" "Mozilla/5.0 (Macintosh; U; Intel Mac OS X 10_6_2; ja-jp) AppleWebKit/531.21.8 (KHTML, like Gecko) Version/4.0.4 Safari/531.21.10"
204.12.208.18 - - [30/Nov/2025:12:32:38 +0000] "GET /wp-includes/qq4c4896/index.php HTTP/1.1" 200 0 "http://delcarajo.brainware.com.co/wp-includes/qq4c4896/index.php" "Mozilla/5.0 (Windows NT 5.1; rv:6.0) Gecko/20100101 Firefox/6.0"
101.99.88.90 - - [30/Nov/2025:10:11:51 +0000] "GET / HTTP/1.1" 200 131043 "-" "Mozilla/5.0 (compatible; Googlebot/2.1; +http://www.google.com/bot.html)"
204.12.208.18 - - [30/Nov/2025:10:14:42 +0000] "GET /wp-includes/qq4c4896/index.php HTTP/1.1" 200 0 "http://delcarajo.brainware.com.co/wp-includes/qq4c4896/index.php" "Mozilla/5.0 (Macintosh; U; Intel Mac OS X 10_6_3; ja-jp) AppleWebKit/533.16 (KHTML, like Gecko) Version/5.0 Safari/533.16"
204.12.208.18 - - [30/Nov/2025:11:00:30 +0000] "GET /wp-includes/qq4c4896/index.php HTTP/1.1" 200 0 "http://delcarajo.brainware.com.co/wp-includes/qq4c4896/index.php" "Mozilla/5.0 (Windows NT 5.1) AppleWebKit/535.2 (KHTML, like Gecko) Chrome/15.0.874.120 Safari/535.2"
204.12.208.18 - - [30/Nov/2025:11:01:10 +0000] "GET /wp-includes/qq4c4896/index.php HTTP/1.1" 200 0 "http://delcarajo.brainware.com.co/wp-includes/qq4c4896/index.php" "Mozilla/5.0 (Macintosh; U; Intel Mac OS X 10_5_5; ja-jp) AppleWebKit/525.26.2 (KHTML, like Gecko) Version/3.2 Safari/525.26.12"
101.99.88.90 - - [30/Nov/2025:11:02:27 +0000] "GET / HTTP/1.1" 200 135184 "-" "Mozilla/5.0 (compatible; Googlebot/2.1; +http://www.google.com/bot.html)"
170.10.164.108 - - [30/Nov/2025:11:24:34 +0000] "POST /wp-cron.php?doing_wp_cron=1764501874.0156540870666503906250 HTTP/1.1" 200 0 "-" "WordPress/6.8.3; https://delcarajo.brainware.com.co"
104.131.167.164 - - [30/Nov/2025:11:24:31 +0000] "GET /wp-login.php HTTP/1.1" 302 0 "-" "Mozilla/5.0"
204.12.208.18 - - [30/Nov/2025:11:46:27 +0000] "GET /wp-includes/qq4c4896/index.php HTTP/1.1" 200 0 "http://delcarajo.brainware.com.co/wp-includes/qq4c4896/index.php" "Mozilla/4.0 (compatible; GoogleToolbar 5.0.2124.2070; Windows 6.0; MSIE 8.0.6001.18241)"
204.12.208.18 - - [30/Nov/2025:12:08:38 +0000] "GET /wp-includes/qq4c4896/index.php HTTP/1.1" 200 0 "http://delcarajo.brainware.com.co/wp-includes/qq4c4896/index.php" "Mozilla/5.0 (Macintosh; U; PPC Mac OS X; ja-jp) AppleWebKit/523.12.2 (KHTML, like Gecko) Version/3.0.4 Safari/523.12.2"
204.12.208.18 - - [30/Nov/2025:12:17:14 +0000] "GET /wp-includes/qq4c4896/index.php HTTP/1.1" 200 0 "http://delcarajo.brainware.com.co/wp-includes/qq4c4896/index.php" "Mozilla/5.0 (compatible; MSIE 9.0; Windows NT 6.1; WOW64; Trident/5.0; SLCC2; .NET CLR 2.0.50727; .NET CLR 3.5.30729; .NET CLR 3.0.30729; Media Center PC 6.0; MAGW; .NET4.0C; Lunascape 6.5.8.24780)"
204.12.208.18 - - [30/Nov/2025:12:32:58 +0000] "GET /wp-includes/qq4c4896/index.php HTTP/1.1" 200 0 "http://delcarajo.brainware.com.co/wp-includes/qq4c4896/index.php" "Mozilla/4.0 (compatible; MSIE 8.0; Windows NT 5.1; Trident/4.0; .NET CLR 2.0.50727; InfoPath.1"
204.12.208.18 - - [30/Nov/2025:12:54:45 +0000] "GET /wp-includes/qq4c4896/index.php HTTP/1.1" 200 0 "http://delcarajo.brainware.com.co/wp-includes/qq4c4896/index.php" "Mozilla/4.0 (compatible; MSIE 6.0; X11; Linux i686; ja) Opera 10.10"
204.12.208.18 - - [30/Nov/2025:12:55:26 +0000] "GET /wp-includes/qq4c4896/index.php HTTP/1.1" 200 0 "http://delcarajo.brainware.com.co/wp-includes/qq4c4896/index.php" "Mozilla/4.0 (compatible; MSIE 8.0; Windows NT 5.1; Trident/4.0; EasyBits GO v1.0; InfoPath.1; .NET CLR 2.0.50727; .NET CLR 3.0.4506.2152; .NET CLR 3.5.30729)"
204.12.208.18 - - [30/Nov/2025:14:01:19 +0000] "GET /wp-includes/qq4c4896/index.php HTTP/1.1" 200 0 "http://delcarajo.brainware.com.co/wp-includes/qq4c4896/index.php" "Mozilla/4.0 (compatible; MSIE 8.0; Windows NT 5.1; Trident/4.0; .NET CLR 2.0.50727; InfoPath.1"
204.12.208.18 - - [30/Nov/2025:14:01:39 +0000] "GET /wp-includes/qq4c4896/index.php HTTP/1.1" 200 0 "http://delcarajo.brainware.com.co/wp-includes/qq4c4896/index.php" "Mozilla/5.0 (Macintosh; Intel Mac OS X 10_6_8) AppleWebKit/535.7 (KHTML, like Gecko) Chrome/16.0.912.75 Safari/535.7"
204.12.208.18 - - [30/Nov/2025:14:01:59 +0000] "GET /wp-includes/qq4c4896/index.php HTTP/1.1" 200 0 "http://delcarajo.brainware.com.co/wp-includes/qq4c4896/index.php" "Mozilla/5.0 (compatible; MSIE 9.0; Windows NT 6.0; Trident/5.0)"
204.12.208.18 - - [30/Nov/2025:14:47:26 +0000] "GET /wp-includes/qq4c4896/index.php HTTP/1.1" 200 0 "http://delcarajo.brainware.com.co/wp-includes/qq4c4896/index.php" "Mozilla/5.0 (Macintosh; U; Intel Mac OS X 10_5_6; ja-jp) AppleWebKit/528.16 (KHTML, like Gecko) Version/4.0 Safari/528.16"
204.12.208.18 - - [30/Nov/2025:14:48:06 +0000] "GET /wp-includes/qq4c4896/index.php HTTP/1.1" 200 0 "http://delcarajo.brainware.com.co/wp-includes/qq4c4896/index.php" "Mozilla/5.0 (Windows; U; Windows NT 5.1; en-US) AppleWebKit/534.16 (KHTML, like Gecko) Chrome/10.0.648.151 Safari/534.16"
204.12.208.18 - - [30/Nov/2025:15:10:05 +0000] "GET /wp-includes/qq4c4896/index.php HTTP/1.1" 200 0 "http://delcarajo.brainware.com.co/wp-includes/qq4c4896/index.php" "Mozilla/4.0 (compatible; MSIE 7.0; Windows NT 6.0; SLCC1; .NET CLR 2.0.50727; Media Center PC 5.0; .NET CLR 3.0.04506; InfoPath.1)"
204.12.208.18 - - [30/Nov/2025:15:10:45 +0000] "GET /wp-includes/qq4c4896/index.php HTTP/1.1" 200 0 "http://delcarajo.brainware.com.co/wp-includes/qq4c4896/index.php" "Mozilla/4.0 (compatible; MSIE 8.0; Windows NT 5.1; Trident/4.0; .NET CLR 2.0.50727; .NET CLR 3.0.04506.30; .NET CLR 3.0.04506.648)"
204.12.208.18 - - [30/Nov/2025:15:34:04 +0000] "GET /wp-includes/qq4c4896/index.php HTTP/1.1" 200 0 "http://delcarajo.brainware.com.co/wp-includes/qq4c4896/index.php" "Mozilla/4.0 (compatible; MSIE 7.0; Windows NT 6.0; SLCC1; .NET CLR 2.0.50727; Media Center PC 5.0; .NET CLR 3.0.04506; InfoPath.1)"
204.12.208.18 - - [30/Nov/2025:13:17:08 +0000] "GET /wp-includes/qq4c4896/index.php HTTP/1.1" 200 0 "http://delcarajo.brainware.com.co/wp-includes/qq4c4896/index.php" "Mozilla/5.0 (Macintosh; Intel Mac OS X 10_8) AppleWebKit/536.25 (KHTML, like Gecko) Version/6.0 Safari/536.25"
204.12.208.18 - - [30/Nov/2025:13:17:28 +0000] "GET /wp-includes/qq4c4896/index.php HTTP/1.1" 200 0 "http://delcarajo.brainware.com.co/wp-includes/qq4c4896/index.php" "Mozilla/5.0 (compatible; MSIE 9.0; Windows NT 6.1; WOW64; Trident/5.0; SLCC2; .NET CLR 2.0.50727; .NET CLR 3.5.30729; .NET CLR 3.0.30729; Media Center PC 6.0; MAGW; .NET4.0C; Lunascape 6.5.8.24780)"
204.12.208.18 - - [30/Nov/2025:13:39:08 +0000] "GET /wp-includes/qq4c4896/index.php HTTP/1.1" 200 0 "http://delcarajo.brainware.com.co/wp-includes/qq4c4896/index.php" "Mozilla/4.0 (compatible; MSIE 7.0; Windows NT 5.1; .NET CLR 1.1.4322; .NET CLR 2.0.50727)"
204.12.208.18 - - [30/Nov/2025:13:39:48 +0000] "GET /wp-includes/qq4c4896/index.php HTTP/1.1" 200 0 "http://delcarajo.brainware.com.co/wp-includes/qq4c4896/index.php" "Mozilla/4.0 (compatible; MSIE 7.0; Windows NT 5.1; SV1; .NET CLR 1.1.4322; .NET CLR 2.0.50727; InfoPath.1)"
159.65.31.214 - - [30/Nov/2025:14:17:03 +0000] "GET / HTTP/1.1" 200 40277 "-" "Mozilla/5.0 (X11; Linux x86_64; rv:139.0) Gecko/20100101 Firefox/139.0"
204.12.208.18 - - [30/Nov/2025:14:24:49 +0000] "GET /wp-includes/qq4c4896/index.php HTTP/1.1" 200 0 "http://delcarajo.brainware.com.co/wp-includes/qq4c4896/index.php" "Mozilla/5.0 (compatible; MSIE 10.0; Windows NT 6.2; ARM; Trident/6.0)"
204.12.208.18 - - [30/Nov/2025:14:25:09 +0000] "GET /wp-includes/qq4c4896/index.php HTTP/1.1" 200 0 "http://delcarajo.brainware.com.co/wp-includes/qq4c4896/index.php" "Mozilla/5.0 (Macintosh; U; Intel Mac OS X 10_5_6; ja-jp) AppleWebKit/528.16 (KHTML, like Gecko) Version/4.0 Safari/528.16"
204.12.208.18 - - [30/Nov/2025:14:47:46 +0000] "GET /wp-includes/qq4c4896/index.php HTTP/1.1" 200 0 "http://delcarajo.brainware.com.co/wp-includes/qq4c4896/index.php" "Mozilla/5.0 (Macintosh; Intel Mac OS X 10.5; rv:5.0.1) Gecko/20100101 Firefox/5.0.1"
204.12.208.18 - - [30/Nov/2025:15:33:44 +0000] "GET /wp-includes/qq4c4896/index.php HTTP/1.1" 200 0 "http://delcarajo.brainware.com.co/wp-includes/qq4c4896/index.php" "Mozilla/5.0 (Macintosh; Intel Mac OS X 10_7_2) AppleWebKit/535.2 (KHTML, like Gecko) Chrome/15.0.874.106 Safari/535.2"
204.12.208.18 - - [30/Nov/2025:15:34:24 +0000] "GET /wp-includes/qq4c4896/index.php HTTP/1.1" 200 0 "http://delcarajo.brainware.com.co/wp-includes/qq4c4896/index.php" "Mozilla/4.0 (compatible; MSIE 7.0; Windows NT 5.1; SV1; .NET CLR 1.0.3705; .NET CLR 2.0.50727; .NET CLR 1.1.4322)"
204.12.208.18 - - [30/Nov/2025:15:57:15 +0000] "GET /wp-includes/qq4c4896/index.php HTTP/1.1" 200 0 "http://delcarajo.brainware.com.co/wp-includes/qq4c4896/index.php" "Mozilla/4.0 (compatible; MSIE 7.0; Windows NT 5.1)"
204.12.208.18 - - [30/Nov/2025:15:57:35 +0000] "GET /wp-includes/qq4c4896/index.php HTTP/1.1" 200 0 "http://delcarajo.brainware.com.co/wp-includes/qq4c4896/index.php" "Mozilla/5.0 (Macintosh; Intel Mac OS X 10_6_8) AppleWebKit/535.1 (KHTML, like Gecko) Chrome/13.0.782.112 Safari/535.1"
204.12.208.18 - - [30/Nov/2025:15:57:55 +0000] "GET /wp-includes/qq4c4896/index.php HTTP/1.1" 200 0 "http://delcarajo.brainware.com.co/wp-includes/qq4c4896/index.php" "Mozilla/4.0 (compatible; MSIE 7.0; Windows NT 5.1; SV1; .NET CLR 1.1.4322; .NET CLR 2.0.50727; InfoPath.1)"
204.12.208.18 - - [30/Nov/2025:13:16:48 +0000] "GET /wp-includes/qq4c4896/index.php HTTP/1.1" 200 0 "http://delcarajo.brainware.com.co/wp-includes/qq4c4896/index.php" "Mozilla/5.0 (Windows NT 6.1; WOW64) AppleWebKit/535.1 (KHTML, like Gecko) Chrome/14.0.835.202 Safari/535.1"
204.12.208.18 - - [30/Nov/2025:13:39:28 +0000] "GET /wp-includes/qq4c4896/index.php HTTP/1.1" 200 0 "http://delcarajo.brainware.com.co/wp-includes/qq4c4896/index.php" "Mozilla/5.0 (Macintosh; Intel Mac OS X 10.5; rv:5.0.1) Gecko/20100101 Firefox/5.0.1"
101.99.88.90 - - [30/Nov/2025:13:50:27 +0000] "GET / HTTP/1.1" 200 126816 "-" "Mozilla/5.0 (compatible; Googlebot/2.1; +http://www.google.com/bot.html)"
204.12.208.18 - - [30/Nov/2025:14:24:29 +0000] "GET /wp-includes/qq4c4896/index.php HTTP/1.1" 200 0 "http://delcarajo.brainware.com.co/wp-includes/qq4c4896/index.php" "Mozilla/5.0 (compatible; MSIE 10.0; Windows NT 6.1; Trident/6.0)"
204.12.208.18 - - [30/Nov/2025:15:10:25 +0000] "GET /wp-includes/qq4c4896/index.php HTTP/1.1" 200 0 "http://delcarajo.brainware.com.co/wp-includes/qq4c4896/index.php" "Mozilla/5.0 (Macintosh; U; Intel Mac OS X 10_6_2; ja-jp) AppleWebKit/531.21.8 (KHTML, like Gecko) Version/4.0.4 Safari/531.21.10"
101.99.88.90 - - [30/Nov/2025:15:18:13 +0000] "GET / HTTP/1.1" 200 105853 "-" "Mozilla/5.0 (compatible; Googlebot/2.1; +http://www.google.com/bot.html)"
34.48.151.73 - - [30/Nov/2025:16:09:39 +0000] "GET / HTTP/1.1" 301 0 "-" "Mozilla/5.0 (compatible; CMS-Checker/1.0; +https://example.com)"
34.48.151.73 - - [30/Nov/2025:16:09:41 +0000] "GET / HTTP/1.1" 200 40277 "http://www.delcarajo.brainware.com.co" "Mozilla/5.0 (compatible; CMS-Checker/1.0; +https://example.com)"
204.12.208.18 - - [30/Nov/2025:16:20:23 +0000] "GET /wp-includes/qq4c4896/index.php HTTP/1.1" 200 0 "http://delcarajo.brainware.com.co/wp-includes/qq4c4896/index.php" "Mozilla/5.0 (Macintosh; U; Intel Mac OS X 10_5_5; ja-jp) AppleWebKit/525.26.2 (KHTML, like Gecko) Version/3.2 Safari/525.26.12"
204.12.208.18 - - [30/Nov/2025:16:42:10 +0000] "GET /wp-includes/qq4c4896/index.php HTTP/1.1" 200 0 "http://delcarajo.brainware.com.co/wp-includes/qq4c4896/index.php" "Mozilla/5.0 (Windows NT 10.0; WOW64) AppleWebKit/537.36 (KHTML, like Gecko) Chrome/74.0.3729.131 Safari/537.36"
34.48.151.73 - - [30/Nov/2025:17:01:04 +0000] "GET / HTTP/1.1" 200 134827 "-" "Mozilla/5.0 (Windows NT 10.0; Win64; x64) AppleWebKit/537.36 (KHTML, like Gecko) Chrome/78.0.3904.108 Safari/537.36"
34.48.151.73 - - [30/Nov/2025:17:01:05 +0000] "GET /?author=1 HTTP/1.1" 301 0 "-" "Mozilla/5.0 (Windows NT 10.0; Win64; x64) AppleWebKit/537.36 (KHTML, like Gecko) Chrome/78.0.3904.108 Safari/537.36"
34.48.151.73 - - [30/Nov/2025:17:01:05 +0000] "GET /?author=2 HTTP/1.1" 200 133751 "-" "Mozilla/5.0 (Windows NT 10.0; Win64; x64) AppleWebKit/537.36 (KHTML, like Gecko) Chrome/78.0.3904.108 Safari/537.36"
34.48.151.73 - - [30/Nov/2025:17:01:06 +0000] "GET /wp-json/wp/v2/users/ HTTP/1.1" 200 798 "-" "Mozilla/5.0 (Windows NT 10.0; Win64; x64) AppleWebKit/537.36 (KHTML, like Gecko) Chrome/78.0.3904.108 Safari/537.36"
34.48.151.73 - - [30/Nov/2025:17:01:06 +0000] "POST /xmlrpc.php HTTP/1.1" 200 414 "-" "Mozilla/5.0 (Windows NT 10.0; Win64; x64) AppleWebKit/537.36 (KHTML, like Gecko) Chrome/78.0.3904.108 Safari/537.36"
34.48.151.73 - - [30/Nov/2025:17:01:07 +0000] "POST /xmlrpc.php HTTP/1.1" 200 414 "-" "Mozilla/5.0 (Windows NT 10.0; Win64; x64) AppleWebKit/537.36 (KHTML, like Gecko) Chrome/78.0.3904.108 Safari/537.36"
34.48.151.73 - - [30/Nov/2025:17:01:07 +0000] "POST /xmlrpc.php HTTP/1.1" 200 414 "-" "Mozilla/5.0 (Windows NT 10.0; Win64; x64) AppleWebKit/537.36 (KHTML, like Gecko) Chrome/78.0.3904.108 Safari/537.36"
34.48.151.73 - - [30/Nov/2025:17:01:07 +0000] "POST /xmlrpc.php HTTP/1.1" 200 414 "-" "Mozilla/5.0 (Windows NT 10.0; Win64; x64) AppleWebKit/537.36 (KHTML, like Gecko) Chrome/78.0.3904.108 Safari/537.36"
34.48.151.73 - - [30/Nov/2025:17:01:08 +0000] "POST /xmlrpc.php HTTP/1.1" 403 414 "-" "Mozilla/5.0 (Windows NT 10.0; Win64; x64) AppleWebKit/537.36 (KHTML, like Gecko) Chrome/78.0.3904.108 Safari/537.36"
204.12.208.18 - - [30/Nov/2025:17:04:04 +0000] "GET /wp-includes/qq4c4896/index.php HTTP/1.1" 200 0 "http://delcarajo.brainware.com.co/wp-includes/qq4c4896/index.php" "Mozilla/5.0 (Windows NT 6.1; WOW64; rv:5.0) Gecko/20100101 Firefox/5.0"
204.12.208.18 - - [30/Nov/2025:17:25:55 +0000] "GET /wp-includes/qq4c4896/index.php HTTP/1.1" 200 0 "http://delcarajo.brainware.com.co/wp-includes/qq4c4896/index.php" "Mozilla/5.0 (Macintosh; Intel Mac OS X 10_8) AppleWebKit/536.25 (KHTML, like Gecko) Version/6.0 Safari/536.25"
204.12.208.18 - - [30/Nov/2025:17:48:42 +0000] "GET /wp-includes/qq4c4896/index.php HTTP/1.1" 200 0 "http://delcarajo.brainware.com.co/wp-includes/qq4c4896/index.php" "Mozilla/5.0 (Windows NT 5.1; rv:6.0) Gecko/20100101 Firefox/6.0"
204.12.208.18 - - [30/Nov/2025:18:09:44 +0000] "GET /wp-includes/qq4c4896/index.php HTTP/1.1" 200 0 "http://delcarajo.brainware.com.co/wp-includes/qq4c4896/index.php" "Mozilla/5.0 (Macintosh; Intel Mac OS X 10_6_8) AppleWebKit/535.1 (KHTML, like Gecko) Chrome/14.0.835.202 Safari/535.1"
101.99.88.90 - - [30/Nov/2025:18:11:22 +0000] "GET / HTTP/1.1" 200 118640 "-" "Mozilla/5.0 (compatible; Googlebot/2.1; +http://www.google.com/bot.html)"
136.107.51.105 - - [30/Nov/2025:16:18:39 +0000] "GET / HTTP/1.1" 200 40277 "-" "Mozilla/5.0 (compatible; CMS-Checker/1.0; +https://example.com)"
204.12.208.18 - - [30/Nov/2025:16:21:03 +0000] "GET /wp-includes/qq4c4896/index.php HTTP/1.1" 200 0 "http://delcarajo.brainware.com.co/wp-includes/qq4c4896/index.php" "Opera/9.80 (Windows NT 6.1; U; ja) Presto/2.10.229 Version/11.60"
101.99.88.90 - - [30/Nov/2025:16:28:01 +0000] "GET / HTTP/1.1" 200 108053 "-" "Mozilla/5.0 (compatible; Googlebot/2.1; +http://www.google.com/bot.html)"
204.12.208.18 - - [30/Nov/2025:16:42:51 +0000] "GET /wp-includes/qq4c4896/index.php HTTP/1.1" 200 0 "http://delcarajo.brainware.com.co/wp-includes/qq4c4896/index.php" "Mozilla/5.0 (Windows NT 6.1; WOW64) AppleWebKit/535.7 (KHTML, like Gecko) Chrome/16.0.912.75 Safari/535.7"
204.12.208.18 - - [30/Nov/2025:17:26:15 +0000] "GET /wp-includes/qq4c4896/index.php HTTP/1.1" 200 0 "http://delcarajo.brainware.com.co/wp-includes/qq4c4896/index.php" "Mozilla/5.0 (compatible; MSIE 9.0; Windows NT 6.1; WOW64; Trident/5.0; SLCC2; .NET CLR 2.0.50727; .NET CLR 3.5.30729; .NET CLR 3.0.30729; Media Center PC 6.0; MAGW; .NET4.0C; Lunascape 6.5.8.24780)"
204.12.208.18 - - [30/Nov/2025:17:48:22 +0000] "GET /wp-includes/qq4c4896/index.php HTTP/1.1" 200 0 "http://delcarajo.brainware.com.co/wp-includes/qq4c4896/index.php" "Mozilla/5.0 (Macintosh; U; Intel Mac OS X 10_5_6; ja-jp) AppleWebKit/525.27.1 (KHTML, like Gecko) Version/3.2.1 Safari/525.27.1"
204.12.208.18 - - [30/Nov/2025:18:10:04 +0000] "GET /wp-includes/qq4c4896/index.php HTTP/1.1" 200 0 "http://delcarajo.brainware.com.co/wp-includes/qq4c4896/index.php" "Mozilla/5.0 (Macintosh; U; Intel Mac OS X 10_6_2; ja-jp) AppleWebKit/531.21.8 (KHTML, like Gecko) Version/4.0.4 Safari/531.21.10"
204.12.208.18 - - [30/Nov/2025:18:30:25 +0000] "GET /wp-includes/qq4c4896/index.php HTTP/1.1" 200 0 "http://delcarajo.brainware.com.co/wp-includes/qq4c4896/index.php" "Mozilla/4.0 (compatible; MSIE 7.0; Windows NT 5.1; SV1; .NET CLR 1.0.3705; .NET CLR 2.0.50727; .NET CLR 1.1.4322)"
204.12.208.18 - - [30/Nov/2025:16:20:43 +0000] "GET /wp-includes/qq4c4896/index.php HTTP/1.1" 200 0 "http://delcarajo.brainware.com.co/wp-includes/qq4c4896/index.php" "Mozilla/5.0 (Macintosh; U; PPC Mac OS X; ja-jp) AppleWebKit/522.11.1 (KHTML, like Gecko) Version/3.0.3 Safari/522.12.1"
204.12.208.18 - - [30/Nov/2025:16:42:30 +0000] "GET /wp-includes/qq4c4896/index.php HTTP/1.1" 200 0 "http://delcarajo.brainware.com.co/wp-includes/qq4c4896/index.php" "Mozilla/5.0 (Macintosh; U; PPC Mac OS X; ja-jp) AppleWebKit/522.11.1 (KHTML, like Gecko) Version/3.0.3 Safari/522.12.1"
204.12.208.18 - - [30/Nov/2025:17:03:44 +0000] "GET /wp-includes/qq4c4896/index.php HTTP/1.1" 200 0 "http://delcarajo.brainware.com.co/wp-includes/qq4c4896/index.php" "Mozilla/4.0 (compatible; MSIE 7.0; Windows NT 5.1; SV1)"
204.12.208.18 - - [30/Nov/2025:17:04:24 +0000] "GET /wp-includes/qq4c4896/index.php HTTP/1.1" 200 0 "http://delcarajo.brainware.com.co/wp-includes/qq4c4896/index.php" "Mozilla/5.0 (Windows NT 6.1; WOW64; rv:5.0) Gecko/20100101 Firefox/5.0"
204.12.208.18 - - [30/Nov/2025:17:26:36 +0000] "GET /wp-includes/qq4c4896/index.php HTTP/1.1" 200 0 "http://delcarajo.brainware.com.co/wp-includes/qq4c4896/index.php" "Mozilla/4.0 (compatible; MSIE 8.0; Windows NT 5.1; Trident/4.0; .NET CLR 2.0.50727; InfoPath.1"
204.12.208.18 - - [30/Nov/2025:17:48:02 +0000] "GET /wp-includes/qq4c4896/index.php HTTP/1.1" 200 0 "http://delcarajo.brainware.com.co/wp-includes/qq4c4896/index.php" "Mozilla/5.0 (Macintosh; Intel Mac OS X 10_7_2) AppleWebKit/535.2 (KHTML, like Gecko) Chrome/15.0.874.106 Safari/535.2"
204.12.208.18 - - [30/Nov/2025:18:09:24 +0000] "GET /wp-includes/qq4c4896/index.php HTTP/1.1" 200 0 "http://delcarajo.brainware.com.co/wp-includes/qq4c4896/index.php" "Mozilla/5.0 (compatible; MSIE 9.0; Windows NT 6.1; WOW64; Trident/5.0; SLCC2; .NET CLR 2.0.50727; .NET CLR 3.5.30729; .NET CLR 3.0.30729; Media Center PC 6.0; MAGW; .NET4.0C; Lunascape 6.5.8.24780)"
204.12.208.18 - - [30/Nov/2025:18:31:05 +0000] "GET /wp-includes/qq4c4896/index.php HTTP/1.1" 200 0 "http://delcarajo.brainware.com.co/wp-includes/qq4c4896/index.php" "Mozilla/5.0 (Macintosh; Intel Mac OS X 10_6_8) AppleWebKit/534.24 (KHTML, like Gecko) Iron/11.0.700.2 Chrome/11.0.700.2 Safari/534.24"
204.12.208.18 - - [30/Nov/2025:18:52:32 +0000] "GET /wp-includes/qq4c4896/index.php HTTP/1.1" 200 0 "http://delcarajo.brainware.com.co/wp-includes/qq4c4896/index.php" "Mozilla/5.0 (Macintosh; U; PPC Mac OS X 10_4_11; ja-jp) AppleWebKit/525.13 (KHTML, like Gecko) Version/3.1 Safari/525.13"
204.12.208.18 - - [30/Nov/2025:18:52:52 +0000] "GET /wp-includes/qq4c4896/index.php HTTP/1.1" 200 0 "http://delcarajo.brainware.com.co/wp-includes/qq4c4896/index.php" "Mozilla/5.0 (Windows NT 6.1) AppleWebKit/534.24 (KHTML, like Gecko) Chrome/11.0.696.65 Safari/534.24"
204.12.208.18 - - [30/Nov/2025:18:30:45 +0000] "GET /wp-includes/qq4c4896/index.php HTTP/1.1" 200 0 "http://delcarajo.brainware.com.co/wp-includes/qq4c4896/index.php" "Mozilla/5.0 (Macintosh; Intel Mac OS X 10_6_8) AppleWebKit/534.24 (KHTML, like Gecko) Iron/11.0.700.2 Chrome/11.0.700.2 Safari/534.24"
204.12.208.18 - - [30/Nov/2025:18:52:11 +0000] "GET /wp-includes/qq4c4896/index.php HTTP/1.1" 200 0 "http://delcarajo.brainware.com.co/wp-includes/qq4c4896/index.php" "Mozilla/4.0 (compatible; MSIE 7.0; Windows NT 6.0; SLCC1; .NET CLR 2.0.50727; Media Center PC 5.0; .NET CLR 3.0.04506)"
204.12.208.18 - - [30/Nov/2025:19:36:46 +0000] "GET /wp-includes/qq4c4896/index.php HTTP/1.1" 200 0 "http://delcarajo.brainware.com.co/wp-includes/qq4c4896/index.php" "Mozilla/5.0 (Windows NT 5.1; rv:6.0) Gecko/20100101 Firefox/6.0"
101.99.88.90 - - [30/Nov/2025:19:52:29 +0000] "GET / HTTP/1.1" 200 113694 "-" "Mozilla/5.0 (compatible; Googlebot/2.1; +http://www.google.com/bot.html)"
204.12.208.18 - - [30/Nov/2025:19:59:12 +0000] "GET /wp-includes/qq4c4896/index.php HTTP/1.1" 200 0 "http://delcarajo.brainware.com.co/wp-includes/qq4c4896/index.php" "Mozilla/5.0 (Macintosh; U; PPC Mac OS X 10_4_11; ja-jp) AppleWebKit/525.18 (KHTML, like Gecko) Version/3.1.2 Safari/525.22"
204.12.208.18 - - [30/Nov/2025:21:07:26 +0000] "GET /wp-includes/qq4c4896/index.php HTTP/1.1" 200 0 "http://delcarajo.brainware.com.co/wp-includes/qq4c4896/index.php" "Mozilla/5.0 (Windows NT 6.1; WOW64; rv:9.0.1) Gecko/20100101 Firefox/9.0.1"
204.12.208.18 - - [30/Nov/2025:21:07:48 +0000] "GET /wp-includes/qq4c4896/index.php HTTP/1.1" 200 0 "http://delcarajo.brainware.com.co/wp-includes/qq4c4896/index.php" "Mozilla/4.0 (compatible; MSIE 7.0; Windows NT 5.1; .NET CLR 1.1.4322; .NET CLR 2.0.50727; .NET CLR 3.0.04506.30)"
204.12.208.18 - - [30/Nov/2025:21:08:08 +0000] "GET /wp-includes/qq4c4896/index.php HTTP/1.1" 200 0 "http://delcarajo.brainware.com.co/wp-includes/qq4c4896/index.php" "Mozilla/5.0 (Macintosh; U; Intel Mac OS X 10_6_2; ja-jp) AppleWebKit/531.21.8 (KHTML, like Gecko) Version/4.0.4 Safari/531.21.10"
204.12.208.18 - - [30/Nov/2025:21:23:28 +0000] "GET /wp-includes/qq4c4896/index.php HTTP/1.1" 200 0 "http://delcarajo.brainware.com.co/wp-includes/qq4c4896/index.php" "Mozilla/5.0 (Macintosh; Intel Mac OS X 10.5; rv:8.0.1) Gecko/20100101 Firefox/8.0.1"
204.12.208.18 - - [30/Nov/2025:22:06:54 +0000] "GET /wp-includes/qq4c4896/index.php HTTP/1.1" 200 0 "http://delcarajo.brainware.com.co/wp-includes/qq4c4896/index.php" "Mozilla/5.0 (Macintosh; Intel Mac OS X 10_8) AppleWebKit/536.25 (KHTML, like Gecko) Version/6.0 Safari/536.25"
204.12.208.18 - - [30/Nov/2025:22:07:34 +0000] "GET /wp-includes/qq4c4896/index.php HTTP/1.1" 200 0 "http://delcarajo.brainware.com.co/wp-includes/qq4c4896/index.php" "Mozilla/5.0 (Macintosh; Intel Mac OS X 10_8) AppleWebKit/536.25 (KHTML, like Gecko) Version/6.0 Safari/536.25"
204.12.208.18 - - [30/Nov/2025:19:15:30 +0000] "GET /wp-includes/qq4c4896/index.php HTTP/1.1" 200 0 "http://delcarajo.brainware.com.co/wp-includes/qq4c4896/index.php" "Mozilla/5.0 (compatible; MSIE 10.0; Windows NT 6.2; ARM; Trident/6.0)"
204.12.208.18 - - [30/Nov/2025:19:37:26 +0000] "GET /wp-includes/qq4c4896/index.php HTTP/1.1" 200 0 "http://delcarajo.brainware.com.co/wp-includes/qq4c4896/index.php" "Opera/9.80 (Macintosh; Intel Mac OS X 10.6.8; U; ja) Presto/2.10.289 Version/12.00"
204.12.208.18 - - [30/Nov/2025:19:58:32 +0000] "GET /wp-includes/qq4c4896/index.php HTTP/1.1" 200 0 "http://delcarajo.brainware.com.co/wp-includes/qq4c4896/index.php" "Mozilla/5.0 (Macintosh; U; PPC Mac OS X; ja-jp) AppleWebKit/522.11.1 (KHTML, like Gecko) Version/3.0.3 Safari/522.12.1"
204.12.208.18 - - [30/Nov/2025:19:58:52 +0000] "GET /wp-includes/qq4c4896/index.php HTTP/1.1" 200 0 "http://delcarajo.brainware.com.co/wp-includes/qq4c4896/index.php" "Mozilla/5.0 (Macintosh; U; PPC Mac OS X; ja-jp) AppleWebKit/523.10.6 (KHTML, like Gecko) Version/3.0.4 Safari/523.10.6"
204.12.208.18 - - [30/Nov/2025:20:20:29 +0000] "GET /wp-includes/qq4c4896/index.php HTTP/1.1" 200 0 "http://delcarajo.brainware.com.co/wp-includes/qq4c4896/index.php" "Mozilla/5.0 (Macintosh; U; Intel Mac OS X; ja-jp) AppleWebKit/523.10.3 (KHTML, like Gecko) Version/3.0.4 Safari/523.10"
204.12.208.18 - - [30/Nov/2025:20:20:49 +0000] "GET /wp-includes/qq4c4896/index.php HTTP/1.1" 200 0 "http://delcarajo.brainware.com.co/wp-includes/qq4c4896/index.php" "Mozilla/5.0 (Windows NT 6.1; WOW64) AppleWebKit/535.7 (KHTML, like Gecko) Chrome/16.0.912.75 Safari/535.7"
204.12.208.18 - - [30/Nov/2025:20:41:46 +0000] "GET /wp-includes/qq4c4896/index.php HTTP/1.1" 200 0 "http://delcarajo.brainware.com.co/wp-includes/qq4c4896/index.php" "Mozilla/5.0 (Macintosh; U; Intel Mac OS X 10_5_5; ja-jp) AppleWebKit/525.26.2 (KHTML, like Gecko) Version/3.2 Safari/525.26.12"
204.12.208.18 - - [30/Nov/2025:21:02:19 +0000] "GET /wp-includes/qq4c4896/index.php HTTP/1.1" 200 0 "http://delcarajo.brainware.com.co/wp-includes/qq4c4896/index.php" "Mozilla/5.0 (Macintosh; U; Intel Mac OS X 10_6_3; ja-jp) AppleWebKit/531.21.11 (KHTML, like Gecko) Version/4.0.4 Safari/531.21.10"
204.12.208.18 - - [30/Nov/2025:21:02:39 +0000] "GET /wp-includes/qq4c4896/index.php HTTP/1.1" 200 0 "http://delcarajo.brainware.com.co/wp-includes/qq4c4896/index.php" "Mozilla/5.0 (Windows NT 6.1) AppleWebKit/535.1 (KHTML, like Gecko) Chrome/13.0.782.107 Safari/535.1"
204.12.208.18 - - [30/Nov/2025:21:24:08 +0000] "GET /wp-includes/qq4c4896/index.php HTTP/1.1" 200 0 "http://delcarajo.brainware.com.co/wp-includes/qq4c4896/index.php" "Mozilla/5.0 (Windows NT 10.0; WOW64) AppleWebKit/537.36 (KHTML, like Gecko) Chrome/74.0.3729.131 Safari/537.36"
204.12.208.18 - - [30/Nov/2025:21:45:48 +0000] "GET /wp-includes/qq4c4896/index.php HTTP/1.1" 200 0 "http://delcarajo.brainware.com.co/wp-includes/qq4c4896/index.php" "Mozilla/5.0 (Macintosh; U; Intel Mac OS X 10_5_6; ja-jp) AppleWebKit/525.27.1 (KHTML, like Gecko) Version/3.2.1 Safari/525.27.1"
204.12.208.18 - - [30/Nov/2025:22:07:14 +0000] "GET /wp-includes/qq4c4896/index.php HTTP/1.1" 200 0 "http://delcarajo.brainware.com.co/wp-includes/qq4c4896/index.php" "Mozilla/5.0 (Windows NT 5.1) AppleWebKit/535.2 (KHTML, like Gecko) Chrome/15.0.874.120 Safari/535.2"
204.12.208.18 - - [30/Nov/2025:19:15:09 +0000] "GET /wp-includes/qq4c4896/index.php HTTP/1.1" 200 0 "http://delcarajo.brainware.com.co/wp-includes/qq4c4896/index.php" "Opera/9.80 (Windows NT 6.1; U; ja) Presto/2.10.229 Version/11.60"
204.12.208.18 - - [30/Nov/2025:19:15:50 +0000] "GET /wp-includes/qq4c4896/index.php HTTP/1.1" 200 0 "http://delcarajo.brainware.com.co/wp-includes/qq4c4896/index.php" "Mozilla/4.0 (compatible; MSIE 7.0; Windows NT 5.1; SV1; .NET CLR 1.1.4322)"
66.249.64.36 - - [30/Nov/2025:19:29:46 +0000] "GET /robots.txt HTTP/1.1" 200 113 "-" "Mozilla/5.0 (compatible; Googlebot/2.1; +http://www.google.com/bot.html)"
66.249.64.37 - - [30/Nov/2025:19:29:46 +0000] "GET /items/226003078.html HTTP/1.1" 200 21835 "-" "Mozilla/5.0 (compatible; Googlebot/2.1; +http://www.google.com/bot.html)"
204.12.208.18 - - [30/Nov/2025:19:37:06 +0000] "GET /wp-includes/qq4c4896/index.php HTTP/1.1" 200 0 "http://delcarajo.brainware.com.co/wp-includes/qq4c4896/index.php" "Mozilla/5.0 (Macintosh; U; PPC Mac OS X; ja-jp) AppleWebKit/523.12.2 (KHTML, like Gecko) Version/3.0.4 Safari/523.12.2"
204.12.208.18 - - [30/Nov/2025:20:20:09 +0000] "GET /wp-includes/qq4c4896/index.php HTTP/1.1" 200 0 "http://delcarajo.brainware.com.co/wp-includes/qq4c4896/index.php" "Mozilla/5.0 (compatible; MSIE 10.0; Windows NT 6.2; Win64; x64; Trident/6.0)"
204.12.208.18 - - [30/Nov/2025:20:41:06 +0000] "GET /wp-includes/qq4c4896/index.php HTTP/1.1" 200 0 "http://delcarajo.brainware.com.co/wp-includes/qq4c4896/index.php" "Mozilla/5.0 (X11; Linux i686) AppleWebKit/535.2 (KHTML, like Gecko) Ubuntu/10.04 Chromium/15.0.874.106 Chrome/15.0.874.106 Safari/535.2"
204.12.208.18 - - [30/Nov/2025:20:41:26 +0000] "GET /wp-includes/qq4c4896/index.php HTTP/1.1" 200 0 "http://delcarajo.brainware.com.co/wp-includes/qq4c4896/index.php" "Mozilla/5.0 (Macintosh; Intel Mac OS X 10_6_8) AppleWebKit/534.24 (KHTML, like Gecko) Iron/11.0.700.2 Chrome/11.0.700.2 Safari/534.24"
54.211.221.159 - - [30/Nov/2025:20:43:38 +0000] "GET / HTTP/1.1" 403 1242 "-" "-"
44.220.48.213 - - [30/Nov/2025:20:44:34 +0000] "GET / HTTP/1.1" 301 0 "-" "Mozilla/5.0 (Windows NT 10.0; Win64; x64) AppleWebKit/537.36 (KHTML, like Gecko) Chrome/120.0.0.0 Safari/537.36"
44.220.48.213 - - [30/Nov/2025:20:44:36 +0000] "GET / HTTP/1.1" 200 40271 "-" "Mozilla/5.0 (Windows NT 10.0; Win64; x64) AppleWebKit/537.36 (KHTML, like Gecko) Chrome/120.0.0.0 Safari/537.36"
204.12.208.18 - - [30/Nov/2025:21:01:59 +0000] "GET /wp-includes/qq4c4896/index.php HTTP/1.1" 200 0 "http://delcarajo.brainware.com.co/wp-includes/qq4c4896/index.php" "Mozilla/4.0 (compatible; MSIE 7.0; Windows NT 6.0; SLCC1; .NET CLR 2.0.50727; Media Center PC 5.0; .NET CLR 3.0.04506)"
204.12.208.18 - - [30/Nov/2025:21:23:48 +0000] "GET /wp-includes/qq4c4896/index.php HTTP/1.1" 200 0 "http://delcarajo.brainware.com.co/wp-includes/qq4c4896/index.php" "Mozilla/5.0 (Windows NT 5.1) AppleWebKit/534.30 (KHTML, like Gecko) Chrome/12.0.742.122 Safari/534.30 ChromePlus/1.6.3.1"
204.12.208.18 - - [30/Nov/2025:21:45:07 +0000] "GET /wp-includes/qq4c4896/index.php HTTP/1.1" 200 0 "http://delcarajo.brainware.com.co/wp-includes/qq4c4896/index.php" "Mozilla/5.0 (Windows NT 6.1; WOW64) AppleWebKit/535.1 (KHTML, like Gecko) Chrome/14.0.835.202 Safari/535.1"
204.12.208.18 - - [30/Nov/2025:21:45:28 +0000] "GET /wp-includes/qq4c4896/index.php HTTP/1.1" 200 0 "http://delcarajo.brainware.com.co/wp-includes/qq4c4896/index.php" "Mozilla/4.0 (compatible; MSIE 7.0; Windows NT 5.1; .NET CLR 1.1.4322; .NET CLR 2.0.50727; .NET CLR 3.0.04506.30)"
204.12.208.18 - - [30/Nov/2025:22:29:18 +0000] "GET /wp-includes/qq4c4896/index.php HTTP/1.1" 200 0 "http://delcarajo.brainware.com.co/wp-includes/qq4c4896/index.php" "Mozilla/4.0 (compatible; MSIE 8.0; Windows NT 5.1; Trident/4.0; .NET CLR 2.0.50727; .NET CLR 3.0.04506.30; .NET CLR 3.0.04506.648)"
204.12.208.18 - - [30/Nov/2025:22:29:58 +0000] "GET /wp-includes/qq4c4896/index.php HTTP/1.1" 200 0 "http://delcarajo.brainware.com.co/wp-includes/qq4c4896/index.php" "Mozilla/5.0 (Macintosh; Intel Mac OS X 10_6_8) AppleWebKit/535.1 (KHTML, like Gecko) Chrome/13.0.782.220 Safari/535.1"
204.12.208.18 - - [30/Nov/2025:22:52:31 +0000] "GET /wp-includes/qq4c4896/index.php HTTP/1.1" 200 0 "http://delcarajo.brainware.com.co/wp-includes/qq4c4896/index.php" "Mozilla/5.0 (compatible; MSIE 9.0; Windows NT 6.0; Trident/5.0)"
204.12.208.18 - - [30/Nov/2025:23:40:20 +0000] "GET /wp-includes/qq4c4896/index.php HTTP/1.1" 200 0 "http://delcarajo.brainware.com.co/wp-includes/qq4c4896/index.php" "Mozilla/5.0 (Macintosh; U; PPC Mac OS X; ja-jp) AppleWebKit/523.10.6 (KHTML, like Gecko) Version/3.0.4 Safari/523.10.6"
204.12.208.18 - - [30/Nov/2025:23:40:40 +0000] "GET /wp-includes/qq4c4896/index.php HTTP/1.1" 200 0 "http://delcarajo.brainware.com.co/wp-includes/qq4c4896/index.php" "Mozilla/5.0 (X11; Linux i686) AppleWebKit/535.2 (KHTML, like Gecko) Ubuntu/10.04 Chromium/15.0.874.106 Chrome/15.0.874.106 Safari/535.2"
204.12.208.18 - - [01/Dec/2025:00:02:24 +0000] "GET /wp-includes/qq4c4896/index.php HTTP/1.1" 200 0 "http://delcarajo.brainware.com.co/wp-includes/qq4c4896/index.php" "Mozilla/5.0 (Macintosh; U; Intel Mac OS X 10_5_6; ja-jp) AppleWebKit/525.27.1 (KHTML, like Gecko) Version/3.2.1 Safari/525.27.1"
101.99.88.90 - - [01/Dec/2025:00:03:26 +0000] "GET / HTTP/1.1" 200 103990 "-" "Mozilla/5.0 (compatible; Googlebot/2.1; +http://www.google.com/bot.html)"
204.12.208.18 - - [01/Dec/2025:00:59:32 +0000] "GET /wp-includes/qq4c4896/index.php HTTP/1.1" 200 0 "http://delcarajo.brainware.com.co/wp-includes/qq4c4896/index.php" "Mozilla/5.0 (Windows; U; Windows NT 5.1; en-US) AppleWebKit/534.16 (KHTML, like Gecko) Chrome/10.0.648.151 Safari/534.16"
204.12.208.18 - - [01/Dec/2025:00:59:52 +0000] "GET /wp-includes/qq4c4896/index.php HTTP/1.1" 200 0 "http://delcarajo.brainware.com.co/wp-includes/qq4c4896/index.php" "Mozilla/5.0 (Windows; U; Windows NT 5.1; en-US) AppleWebKit/534.16 (KHTML, like Gecko) Chrome/10.0.648.151 Safari/534.16"
204.12.208.18 - - [01/Dec/2025:01:00:13 +0000] "GET /wp-includes/qq4c4896/index.php HTTP/1.1" 200 0 "http://delcarajo.brainware.com.co/wp-includes/qq4c4896/index.php" "Mozilla/5.0 (Macintosh; Intel Mac OS X 10_8) AppleWebKit/536.25 (KHTML, like Gecko) Version/6.0 Safari/536.25"
101.99.88.90 - - [30/Nov/2025:22:41:52 +0000] "GET / HTTP/1.1" 200 121666 "-" "Mozilla/5.0 (compatible; Googlebot/2.1; +http://www.google.com/bot.html)"
204.12.208.18 - - [30/Nov/2025:22:52:11 +0000] "GET /wp-includes/qq4c4896/index.php HTTP/1.1" 200 0 "http://delcarajo.brainware.com.co/wp-includes/qq4c4896/index.php" "Mozilla/4.0 (compatible; MSIE 6.0; X11; Linux i686; ja) Opera 10.10"
204.12.208.18 - - [30/Nov/2025:23:15:08 +0000] "GET /wp-includes/qq4c4896/index.php HTTP/1.1" 200 0 "http://delcarajo.brainware.com.co/wp-includes/qq4c4896/index.php" "Mozilla/5.0 (Windows NT 5.1; rv:6.0) Gecko/20100101 Firefox/6.0"
204.12.208.18 - - [30/Nov/2025:23:15:28 +0000] "GET /wp-includes/qq4c4896/index.php HTTP/1.1" 200 0 "http://delcarajo.brainware.com.co/wp-includes/qq4c4896/index.php" "Mozilla/5.0 (Macintosh; Intel Mac OS X 10_6_8) AppleWebKit/534.57.2 (KHTML, like Gecko) Version/5.1.7 Safari/534.57.2"
