152.203.125.120 - - [03/Dec/2025:04:01:51 +0000] "GET /wp-content/uploads/2025/12/Gemini_Generated_Image_ce71s0ce71s0ce71-1024x559.png HTTP/3" 200 692148 "https://nitro.brainware.com.co/wp-admin/post-new.php?post_type=proyecto" "Mozilla/5.0 (Windows NT 10.0; Win64; x64) AppleWebKit/537.36 (KHTML, like Gecko) Chrome/142.0.0.0 Safari/537.36"
152.203.125.120 - - [03/Dec/2025:04:01:55 +0000] "POST /wp-admin/admin-ajax.php HTTP/3" 200 79 "https://nitro.brainware.com.co/wp-admin/post-new.php?post_type=proyecto" "Mozilla/5.0 (Windows NT 10.0; Win64; x64) AppleWebKit/537.36 (KHTML, like Gecko) Chrome/142.0.0.0 Safari/537.36"
152.203.125.120 - - [03/Dec/2025:04:02:05 +0000] "POST /wp-admin/admin-ajax.php HTTP/3" 200 79 "https://nitro.brainware.com.co/wp-admin/post-new.php?post_type=proyecto" "Mozilla/5.0 (Windows NT 10.0; Win64; x64) AppleWebKit/537.36 (KHTML, like Gecko) Chrome/142.0.0.0 Safari/537.36"
152.203.125.120 - - [03/Dec/2025:04:02:06 +0000] "OPTIONS /wp-json/wp/v2/proyecto/?context=edit&_locale=user HTTP/3" 200 2527 "https://nitro.brainware.com.co/wp-admin/post-new.php?post_type=proyecto" "Mozilla/5.0 (Windows NT 10.0; Win64; x64) AppleWebKit/537.36 (KHTML, like Gecko) Chrome/142.0.0.0 Safari/537.36"
152.203.125.120 - - [03/Dec/2025:04:02:15 +0000] "POST /wp-admin/admin-ajax.php HTTP/3" 200 79 "https://nitro.brainware.com.co/wp-admin/post-new.php?post_type=proyecto" "Mozilla/5.0 (Windows NT 10.0; Win64; x64) AppleWebKit/537.36 (KHTML, like Gecko) Chrome/142.0.0.0 Safari/537.36"
152.203.125.120 - - [03/Dec/2025:04:02:16 +0000] "GET /wp-json/wp/v2/tipo_proyecto?context=view&per_page=100&orderby=name&order=asc&_fields=id%2Cname%2Cparent&page=1&_locale=user HTTP/3" 200 6 "https://nitro.brainware.com.co/wp-admin/post-new.php?post_type=proyecto" "Mozilla/5.0 (Windows NT 10.0; Win64; x64) AppleWebKit/537.36 (KHTML, like Gecko) Chrome/142.0.0.0 Safari/537.36"
152.203.125.120 - - [03/Dec/2025:04:02:16 +0000] "POST /wp-json/wp/v2/users/me?_locale=user HTTP/3" 200 973 "https://nitro.brainware.com.co/wp-admin/post-new.php?post_type=proyecto" "Mozilla/5.0 (Windows NT 10.0; Win64; x64) AppleWebKit/537.36 (KHTML, like Gecko) Chrome/142.0.0.0 Safari/537.36"
152.203.125.120 - - [03/Dec/2025:04:02:25 +0000] "POST /wp-json/wp/v2/proyecto/25/autosaves?_locale=user HTTP/3" 200 246 "https://nitro.brainware.com.co/wp-admin/post-new.php?post_type=proyecto" "Mozilla/5.0 (Windows NT 10.0; Win64; x64) AppleWebKit/537.36 (KHTML, like Gecko) Chrome/142.0.0.0 Safari/537.36"
152.203.125.120 - - [03/Dec/2025:04:02:25 +0000] "POST /wp-admin/admin-ajax.php HTTP/3" 200 79 "https://nitro.brainware.com.co/wp-admin/post-new.php?post_type=proyecto" "Mozilla/5.0 (Windows NT 10.0; Win64; x64) AppleWebKit/537.36 (KHTML, like Gecko) Chrome/142.0.0.0 Safari/537.36"
152.203.125.120 - - [03/Dec/2025:04:02:35 +0000] "POST /wp-admin/admin-ajax.php HTTP/3" 200 79 "https://nitro.brainware.com.co/wp-admin/post.php?post=25&action=edit" "Mozilla/5.0 (Windows NT 10.0; Win64; x64) AppleWebKit/537.36 (KHTML, like Gecko) Chrome/142.0.0.0 Safari/537.36"
152.203.125.120 - - [03/Dec/2025:04:02:38 +0000] "POST /wp-json/wp/v2/tipo_proyecto?_locale=user HTTP/3" 201 315 "https://nitro.brainware.com.co/wp-admin/post.php?post=25&action=edit" "Mozilla/5.0 (Windows NT 10.0; Win64; x64) AppleWebKit/537.36 (KHTML, like Gecko) Chrome/142.0.0.0 Safari/537.36"
152.203.125.120 - - [03/Dec/2025:04:02:39 +0000] "GET /wp-json/wp/v2/tipo_proyecto?context=view&per_page=100&orderby=name&order=asc&_fields=id%2Cname%2Cparent&page=1&_locale=user HTTP/3" 200 46 "https://nitro.brainware.com.co/wp-admin/post.php?post=25&action=edit" "Mozilla/5.0 (Windows NT 10.0; Win64; x64) AppleWebKit/537.36 (KHTML, like Gecko) Chrome/142.0.0.0 Safari/537.36"
152.203.125.120 - - [03/Dec/2025:04:02:45 +0000] "POST /wp-admin/admin-ajax.php HTTP/3" 200 79 "https://nitro.brainware.com.co/wp-admin/post.php?post=25&action=edit" "Mozilla/5.0 (Windows NT 10.0; Win64; x64) AppleWebKit/537.36 (KHTML, like Gecko) Chrome/142.0.0.0 Safari/537.36"
152.203.125.120 - - [03/Dec/2025:04:02:55 +0000] "POST /wp-admin/admin-ajax.php HTTP/3" 200 79 "https://nitro.brainware.com.co/wp-admin/post.php?post=25&action=edit" "Mozilla/5.0 (Windows NT 10.0; Win64; x64) AppleWebKit/537.36 (KHTML, like Gecko) Chrome/142.0.0.0 Safari/537.36"
152.203.125.120 - - [03/Dec/2025:04:02:57 +0000] "POST /wp-json/wp/v2/tipo_proyecto?_locale=user HTTP/3" 201 325 "https://nitro.brainware.com.co/wp-admin/post.php?post=25&action=edit" "Mozilla/5.0 (Windows NT 10.0; Win64; x64) AppleWebKit/537.36 (KHTML, like Gecko) Chrome/142.0.0.0 Safari/537.36"
152.203.125.120 - - [03/Dec/2025:04:02:58 +0000] "GET /wp-json/wp/v2/tipo_proyecto?context=view&per_page=100&orderby=name&order=asc&_fields=id%2Cname%2Cparent&page=1&_locale=user HTTP/3" 200 71 "https://nitro.brainware.com.co/wp-admin/post.php?post=25&action=edit" "Mozilla/5.0 (Windows NT 10.0; Win64; x64) AppleWebKit/537.36 (KHTML, like Gecko) Chrome/142.0.0.0 Safari/537.36"
152.203.125.120 - - [03/Dec/2025:04:03:05 +0000] "POST /wp-admin/admin-ajax.php HTTP/3" 200 79 "https://nitro.brainware.com.co/wp-admin/post.php?post=25&action=edit" "Mozilla/5.0 (Windows NT 10.0; Win64; x64) AppleWebKit/537.36 (KHTML, like Gecko) Chrome/142.0.0.0 Safari/537.36"
152.203.125.120 - - [03/Dec/2025:04:03:07 +0000] "POST /wp-json/wp/v2/tipo_proyecto?_locale=user HTTP/3" 201 316 "https://nitro.brainware.com.co/wp-admin/post.php?post=25&action=edit" "Mozilla/5.0 (Windows NT 10.0; Win64; x64) AppleWebKit/537.36 (KHTML, like Gecko) Chrome/142.0.0.0 Safari/537.36"
152.203.125.120 - - [03/Dec/2025:04:03:08 +0000] "GET /wp-json/wp/v2/tipo_proyecto?context=view&per_page=100&orderby=name&order=asc&_fields=id%2Cname%2Cparent&page=1&_locale=user HTTP/3" 200 82 "https://nitro.brainware.com.co/wp-admin/post.php?post=25&action=edit" "Mozilla/5.0 (Windows NT 10.0; Win64; x64) AppleWebKit/537.36 (KHTML, like Gecko) Chrome/142.0.0.0 Safari/537.36"
152.203.125.120 - - [03/Dec/2025:04:03:15 +0000] "POST /wp-admin/admin-ajax.php HTTP/3" 200 79 "https://nitro.brainware.com.co/wp-admin/post.php?post=25&action=edit" "Mozilla/5.0 (Windows NT 10.0; Win64; x64) AppleWebKit/537.36 (KHTML, like Gecko) Chrome/142.0.0.0 Safari/537.36"
152.203.125.120 - - [03/Dec/2025:04:03:25 +0000] "POST /wp-json/wp/v2/proyecto/25/autosaves?_locale=user HTTP/3" 200 246 "https://nitro.brainware.com.co/wp-admin/post.php?post=25&action=edit" "Mozilla/5.0 (Windows NT 10.0; Win64; x64) AppleWebKit/537.36 (KHTML, like Gecko) Chrome/142.0.0.0 Safari/537.36"
152.203.125.120 - - [03/Dec/2025:04:03:25 +0000] "POST /wp-admin/admin-ajax.php HTTP/3" 200 79 "https://nitro.brainware.com.co/wp-admin/post.php?post=25&action=edit" "Mozilla/5.0 (Windows NT 10.0; Win64; x64) AppleWebKit/537.36 (KHTML, like Gecko) Chrome/142.0.0.0 Safari/537.36"
152.203.125.120 - - [03/Dec/2025:04:03:35 +0000] "POST /wp-admin/admin-ajax.php HTTP/3" 200 79 "https://nitro.brainware.com.co/wp-admin/post.php?post=25&action=edit" "Mozilla/5.0 (Windows NT 10.0; Win64; x64) AppleWebKit/537.36 (KHTML, like Gecko) Chrome/142.0.0.0 Safari/537.36"
152.203.125.120 - - [03/Dec/2025:04:03:49 +0000] "POST /wp-admin/admin-ajax.php HTTP/3" 200 79 "https://nitro.brainware.com.co/wp-admin/post.php?post=25&action=edit" "Mozilla/5.0 (Windows NT 10.0; Win64; x64) AppleWebKit/537.36 (KHTML, like Gecko) Chrome/142.0.0.0 Safari/537.36"
152.203.125.120 - - [03/Dec/2025:04:03:59 +0000] "POST /wp-admin/admin-ajax.php HTTP/3" 200 79 "https://nitro.brainware.com.co/wp-admin/post.php?post=25&action=edit" "Mozilla/5.0 (Windows NT 10.0; Win64; x64) AppleWebKit/537.36 (KHTML, like Gecko) Chrome/142.0.0.0 Safari/537.36"
152.203.125.120 - - [03/Dec/2025:04:04:09 +0000] "POST /wp-admin/admin-ajax.php HTTP/3" 200 79 "https://nitro.brainware.com.co/wp-admin/post.php?post=25&action=edit" "Mozilla/5.0 (Windows NT 10.0; Win64; x64) AppleWebKit/537.36 (KHTML, like Gecko) Chrome/142.0.0.0 Safari/537.36"
152.203.125.120 - - [03/Dec/2025:04:04:19 +0000] "POST /wp-admin/admin-ajax.php HTTP/3" 200 79 "https://nitro.brainware.com.co/wp-admin/post.php?post=25&action=edit" "Mozilla/5.0 (Windows NT 10.0; Win64; x64) AppleWebKit/537.36 (KHTML, like Gecko) Chrome/142.0.0.0 Safari/537.36"
152.203.125.120 - - [03/Dec/2025:04:04:25 +0000] "POST /wp-json/wp/v2/proyecto/25/autosaves?_locale=user HTTP/3" 200 329 "https://nitro.brainware.com.co/wp-admin/post.php?post=25&action=edit" "Mozilla/5.0 (Windows NT 10.0; Win64; x64) AppleWebKit/537.36 (KHTML, like Gecko) Chrome/142.0.0.0 Safari/537.36"
152.203.125.120 - - [03/Dec/2025:04:04:29 +0000] "POST /wp-admin/admin-ajax.php HTTP/3" 200 79 "https://nitro.brainware.com.co/wp-admin/post.php?post=25&action=edit" "Mozilla/5.0 (Windows NT 10.0; Win64; x64) AppleWebKit/537.36 (KHTML, like Gecko) Chrome/142.0.0.0 Safari/537.36"
152.203.125.120 - - [03/Dec/2025:04:04:39 +0000] "POST /wp-admin/admin-ajax.php HTTP/3" 200 79 "https://nitro.brainware.com.co/wp-admin/post.php?post=25&action=edit" "Mozilla/5.0 (Windows NT 10.0; Win64; x64) AppleWebKit/537.36 (KHTML, like Gecko) Chrome/142.0.0.0 Safari/537.36"
152.203.125.120 - - [03/Dec/2025:04:04:45 +0000] "GET /wp-json/wp/v2/categories/1?context=edit&_locale=user HTTP/3" 200 304 "https://nitro.brainware.com.co/wp-admin/post.php?post=25&action=edit" "Mozilla/5.0 (Windows NT 10.0; Win64; x64) AppleWebKit/537.36 (KHTML, like Gecko) Chrome/142.0.0.0 Safari/537.36"
152.203.125.120 - - [03/Dec/2025:04:04:45 +0000] "POST /wp-json/wp/v2/proyecto/25?_locale=user HTTP/3" 200 750 "https://nitro.brainware.com.co/wp-admin/post.php?post=25&action=edit" "Mozilla/5.0 (Windows NT 10.0; Win64; x64) AppleWebKit/537.36 (KHTML, like Gecko) Chrome/142.0.0.0 Safari/537.36"
152.203.125.120 - - [03/Dec/2025:04:04:46 +0000] "POST /wp-admin/post.php?post=25&action=edit&meta-box-loader=1&meta-box-loader-nonce=a6487e2afb&_locale=user HTTP/3" 302 0 "https://nitro.brainware.com.co/wp-admin/post.php?post=25&action=edit" "Mozilla/5.0 (Windows NT 10.0; Win64; x64) AppleWebKit/537.36 (KHTML, like Gecko) Chrome/142.0.0.0 Safari/537.36"
152.203.125.120 - - [03/Dec/2025:04:04:46 +0000] "GET /wp-json/wp/v2/templates/lookup?slug=single-proyecto-abogados-en-roswell&_locale=user HTTP/3" 200 5145 "https://nitro.brainware.com.co/wp-admin/post.php?post=25&action=edit" "Mozilla/5.0 (Windows NT 10.0; Win64; x64) AppleWebKit/537.36 (KHTML, like Gecko) Chrome/142.0.0.0 Safari/537.36"
152.203.125.120 - - [03/Dec/2025:04:04:47 +0000] "GET /wp-admin/post.php?post=25&action=edit&message=4 HTTP/3" 200 144455 "https://nitro.brainware.com.co/wp-admin/post.php?post=25&action=edit" "Mozilla/5.0 (Windows NT 10.0; Win64; x64) AppleWebKit/537.36 (KHTML, like Gecko) Chrome/142.0.0.0 Safari/537.36"
152.203.125.120 - - [03/Dec/2025:04:04:50 +0000] "POST /wp-admin/admin-ajax.php HTTP/3" 200 79 "https://nitro.brainware.com.co/wp-admin/post.php?post=25&action=edit" "Mozilla/5.0 (Windows NT 10.0; Win64; x64) AppleWebKit/537.36 (KHTML, like Gecko) Chrome/142.0.0.0 Safari/537.36"
152.203.125.120 - - [03/Dec/2025:04:04:51 +0000] "GET /2025/11/27/hello-world/ HTTP/3" 200 41159 "https://nitro.brainware.com.co/2025/11/27/hello-world/" "Mozilla/5.0 (Windows NT 10.0; Win64; x64) AppleWebKit/537.36 (KHTML, like Gecko) Chrome/142.0.0.0 Safari/537.36"
170.10.164.108 - - [03/Dec/2025:04:04:58 +0000] "GET /wp-content/uploads/2025/12/Gemini_Generated_Image_ce71s0ce71s0ce71-scaled.png HTTP/1.1" 200 3962891 "-" "-"
152.203.125.120 - - [03/Dec/2025:04:04:58 +0000] "GET /proyecto/abogados-en-roswell/ HTTP/3" 200 41147 "https://nitro.brainware.com.co/2025/11/27/hello-world/" "Mozilla/5.0 (Windows NT 10.0; Win64; x64) AppleWebKit/537.36 (KHTML, like Gecko) Chrome/142.0.0.0 Safari/537.36"
152.203.125.120 - - [03/Dec/2025:04:05:44 +0000] "POST /wp-admin/admin-ajax.php HTTP/3" 200 79 "https://nitro.brainware.com.co/wp-admin/post.php?post=25&action=edit" "Mozilla/5.0 (Windows NT 10.0; Win64; x64) AppleWebKit/537.36 (KHTML, like Gecko) Chrome/142.0.0.0 Safari/537.36"
152.203.125.120 - - [03/Dec/2025:04:05:46 +0000] "POST /wp-admin/admin-ajax.php HTTP/3" 200 5 "https://nitro.brainware.com.co/wp-admin/post.php?post=25&action=edit" "Mozilla/5.0 (Windows NT 10.0; Win64; x64) AppleWebKit/537.36 (KHTML, like Gecko) Chrome/142.0.0.0 Safari/537.36"
152.203.125.120 - - [03/Dec/2025:04:05:46 +0000] "GET /wp-admin/edit.php?post_type=proyecto HTTP/3" 200 35007 "https://nitro.brainware.com.co/wp-admin/post.php?post=25&action=edit" "Mozilla/5.0 (Windows NT 10.0; Win64; x64) AppleWebKit/537.36 (KHTML, like Gecko) Chrome/142.0.0.0 Safari/537.36"
152.203.125.120 - - [03/Dec/2025:04:05:47 +0000] "POST /wp-admin/admin-ajax.php HTTP/3" 200 51 "https://nitro.brainware.com.co/wp-admin/edit.php?post_type=proyecto" "Mozilla/5.0 (Windows NT 10.0; Win64; x64) AppleWebKit/537.36 (KHTML, like Gecko) Chrome/142.0.0.0 Safari/537.36"
152.203.125.120 - - [03/Dec/2025:04:05:58 +0000] "POST /wp-admin/admin-ajax.php HTTP/3" 200 51 "https://nitro.brainware.com.co/wp-admin/edit.php?post_type=proyecto" "Mozilla/5.0 (Windows NT 10.0; Win64; x64) AppleWebKit/537.36 (KHTML, like Gecko) Chrome/142.0.0.0 Safari/537.36"
152.203.125.120 - - [03/Dec/2025:04:07:59 +0000] "POST /wp-admin/admin-ajax.php HTTP/3" 200 51 "https://nitro.brainware.com.co/wp-admin/edit.php?post_type=proyecto" "Mozilla/5.0 (Windows NT 10.0; Win64; x64) AppleWebKit/537.36 (KHTML, like Gecko) Chrome/142.0.0.0 Safari/537.36"
152.203.125.120 - - [03/Dec/2025:03:57:57 +0000] "GET /wp-json/wp/v2/blocks?context=edit&per_page=100&page=1&_locale=user HTTP/3" 200 6 "https://nitro.brainware.com.co/wp-admin/site-editor.php?p=%2Fwp_template%2Fnitro-codes%2F%2Findex&canvas=edit" "Mozilla/5.0 (Windows NT 10.0; Win64; x64) AppleWebKit/537.36 (KHTML, like Gecko) Chrome/142.0.0.0 Safari/537.36"
152.203.125.120 - - [03/Dec/2025:03:57:57 +0000] "GET /wp-json/wp/v2/menus?context=view&per_page=100&_locale=user HTTP/3" 200 6 "https://nitro.brainware.com.co/wp-admin/site-editor.php?p=%2Fwp_template%2Fnitro-codes%2F%2Findex&canvas=edit" "Mozilla/5.0 (Windows NT 10.0; Win64; x64) AppleWebKit/537.36 (KHTML, like Gecko) Chrome/142.0.0.0 Safari/537.36"
152.203.125.120 - - [03/Dec/2025:03:57:57 +0000] "GET /wp-json/wp-block-editor/v1/navigation-fallback?_embed=true&_locale=user HTTP/3" 200 523 "https://nitro.brainware.com.co/wp-admin/site-editor.php?p=%2Fwp_template%2Fnitro-codes%2F%2Findex&canvas=edit" "Mozilla/5.0 (Windows NT 10.0; Win64; x64) AppleWebKit/537.36 (KHTML, like Gecko) Chrome/142.0.0.0 Safari/537.36"
152.203.125.120 - - [03/Dec/2025:03:57:57 +0000] "OPTIONS /wp-json/wp/v2/navigation?_locale=user HTTP/3" 200 1886 "https://nitro.brainware.com.co/wp-admin/site-editor.php?p=%2Fwp_template%2Fnitro-codes%2F%2Findex&canvas=edit" "Mozilla/5.0 (Windows NT 10.0; Win64; x64) AppleWebKit/537.36 (KHTML, like Gecko) Chrome/142.0.0.0 Safari/537.36"
152.203.125.120 - - [03/Dec/2025:03:57:57 +0000] "GET /wp-json/wp/v2/pages?context=view&parent=0&order=asc&orderby=id&per_page=100&_locale=user HTTP/3" 200 1156 "https://nitro.brainware.com.co/wp-admin/site-editor.php?p=%2Fwp_template%2Fnitro-codes%2F%2Findex&canvas=edit" "Mozilla/5.0 (Windows NT 10.0; Win64; x64) AppleWebKit/537.36 (KHTML, like Gecko) Chrome/142.0.0.0 Safari/537.36"
152.203.125.120 - - [03/Dec/2025:03:57:59 +0000] "GET /wp-json/wp/v2/pages?context=edit&per_page=100&_fields=id%2Clink%2Cmenu_order%2Cparent%2Ctitle%2Ctype&orderby=menu_order&order=asc&_locale=user HTTP/3" 200 128 "https://nitro.brainware.com.co/wp-admin/site-editor.php?p=%2Fwp_template%2Fnitro-codes%2F%2Findex&canvas=edit" "Mozilla/5.0 (Windows NT 10.0; Win64; x64) AppleWebKit/537.36 (KHTML, like Gecko) Chrome/142.0.0.0 Safari/537.36"
152.203.125.120 - - [03/Dec/2025:03:57:57 +0000] "GET /wp-json/wp/v2/navigation?context=edit&_locale=user HTTP/3" 200 555 "https://nitro.brainware.com.co/wp-admin/site-editor.php?p=%2Fwp_template%2Fnitro-codes%2F%2Findex&canvas=edit" "Mozilla/5.0 (Windows NT 10.0; Win64; x64) AppleWebKit/537.36 (KHTML, like Gecko) Chrome/142.0.0.0 Safari/537.36"
152.203.125.120 - - [03/Dec/2025:03:57:57 +0000] "GET /wp-json/wp/v2/media/61?context=view&_locale=user HTTP/3" 404 89 "https://nitro.brainware.com.co/wp-admin/site-editor.php?p=%2Fwp_template%2Fnitro-codes%2F%2Findex&canvas=edit" "Mozilla/5.0 (Windows NT 10.0; Win64; x64) AppleWebKit/537.36 (KHTML, like Gecko) Chrome/142.0.0.0 Safari/537.36"
152.203.125.120 - - [03/Dec/2025:04:16:03 +0000] "POST /wp-admin/admin-ajax.php HTTP/2" 200 51 "https://nitro.brainware.com.co/wp-admin/edit.php?post_type=proyecto" "Mozilla/5.0 (Windows NT 10.0; Win64; x64) AppleWebKit/537.36 (KHTML, like Gecko) Chrome/142.0.0.0 Safari/537.36"
152.203.125.120 - - [03/Dec/2025:04:24:07 +0000] "POST /wp-admin/admin-ajax.php HTTP/3" 200 51 "https://nitro.brainware.com.co/wp-admin/edit.php?post_type=proyecto" "Mozilla/5.0 (Windows NT 10.0; Win64; x64) AppleWebKit/537.36 (KHTML, like Gecko) Chrome/142.0.0.0 Safari/537.36"
152.203.125.120 - - [03/Dec/2025:04:28:09 +0000] "POST /wp-admin/admin-ajax.php HTTP/2" 200 51 "https://nitro.brainware.com.co/wp-admin/edit.php?post_type=proyecto" "Mozilla/5.0 (Windows NT 10.0; Win64; x64) AppleWebKit/537.36 (KHTML, like Gecko) Chrome/142.0.0.0 Safari/537.36"
152.203.125.120 - - [03/Dec/2025:04:14:02 +0000] "POST /wp-admin/admin-ajax.php HTTP/2" 200 51 "https://nitro.brainware.com.co/wp-admin/edit.php?post_type=proyecto" "Mozilla/5.0 (Windows NT 10.0; Win64; x64) AppleWebKit/537.36 (KHTML, like Gecko) Chrome/142.0.0.0 Safari/537.36"
152.203.125.120 - - [03/Dec/2025:04:20:05 +0000] "POST /wp-admin/admin-ajax.php HTTP/3" 200 51 "https://nitro.brainware.com.co/wp-admin/edit.php?post_type=proyecto" "Mozilla/5.0 (Windows NT 10.0; Win64; x64) AppleWebKit/537.36 (KHTML, like Gecko) Chrome/142.0.0.0 Safari/537.36"
152.203.125.120 - - [03/Dec/2025:04:10:00 +0000] "POST /wp-admin/admin-ajax.php HTTP/2" 200 51 "https://nitro.brainware.com.co/wp-admin/edit.php?post_type=proyecto" "Mozilla/5.0 (Windows NT 10.0; Win64; x64) AppleWebKit/537.36 (KHTML, like Gecko) Chrome/142.0.0.0 Safari/537.36"
152.203.125.120 - - [03/Dec/2025:04:12:01 +0000] "POST /wp-admin/admin-ajax.php HTTP/2" 200 51 "https://nitro.brainware.com.co/wp-admin/edit.php?post_type=proyecto" "Mozilla/5.0 (Windows NT 10.0; Win64; x64) AppleWebKit/537.36 (KHTML, like Gecko) Chrome/142.0.0.0 Safari/537.36"
152.203.125.120 - - [03/Dec/2025:04:18:04 +0000] "POST /wp-admin/admin-ajax.php HTTP/3" 200 51 "https://nitro.brainware.com.co/wp-admin/edit.php?post_type=proyecto" "Mozilla/5.0 (Windows NT 10.0; Win64; x64) AppleWebKit/537.36 (KHTML, like Gecko) Chrome/142.0.0.0 Safari/537.36"
152.203.125.120 - - [03/Dec/2025:04:22:06 +0000] "POST /wp-admin/admin-ajax.php HTTP/3" 200 51 "https://nitro.brainware.com.co/wp-admin/edit.php?post_type=proyecto" "Mozilla/5.0 (Windows NT 10.0; Win64; x64) AppleWebKit/537.36 (KHTML, like Gecko) Chrome/142.0.0.0 Safari/537.36"
170.10.164.108 - - [03/Dec/2025:04:26:11 +0000] "POST /wp-cron.php?doing_wp_cron=1764735971.5641300678253173828125 HTTP/1.1" 200 0 "-" "WordPress/6.9; https://nitro.brainware.com.co"
152.203.125.120 - - [03/Dec/2025:04:26:08 +0000] "POST /wp-admin/admin-ajax.php HTTP/2" 200 51 "https://nitro.brainware.com.co/wp-admin/edit.php?post_type=proyecto" "Mozilla/5.0 (Windows NT 10.0; Win64; x64) AppleWebKit/537.36 (KHTML, like Gecko) Chrome/142.0.0.0 Safari/537.36"
170.10.164.108 - - [03/Dec/2025:15:05:10 +0000] "POST /wp-cron.php?doing_wp_cron=1764774310.4244060516357421875000 HTTP/1.1" 200 0 "-" "WordPress/6.9; https://nitro.brainware.com.co"
152.203.125.120 - - [03/Dec/2025:15:06:32 +0000] "POST /wp-admin/admin-ajax.php HTTP/3" 200 51 "https://nitro.brainware.com.co/wp-admin/edit.php?post_type=proyecto" "Mozilla/5.0 (Windows NT 10.0; Win64; x64) AppleWebKit/537.36 (KHTML, like Gecko) Chrome/142.0.0.0 Safari/537.36"
170.10.164.108 - - [03/Dec/2025:15:06:35 +0000] "GET /wp-content/uploads/2025/12/Gemini_Generated_Image_ce71s0ce71s0ce71-scaled.png HTTP/1.1" 200 3962891 "-" "-"
152.203.125.120 - - [03/Dec/2025:15:06:35 +0000] "GET /proyecto/abogados-en-roswell/ HTTP/3" 200 41148 "https://nitro.brainware.com.co/2025/11/27/hello-world/" "Mozilla/5.0 (Windows NT 10.0; Win64; x64) AppleWebKit/537.36 (KHTML, like Gecko) Chrome/142.0.0.0 Safari/537.36"
152.203.125.120 - - [03/Dec/2025:15:06:35 +0000] "GET /wp-includes/js/admin-bar.min.js?ver=6.9 HTTP/3" 200 1223 "-" "Mozilla/5.0 (Windows NT 10.0; Win64; x64) AppleWebKit/537.36 (KHTML, like Gecko) Chrome/142.0.0.0 Safari/537.36"
152.203.125.120 - - [03/Dec/2025:15:06:35 +0000] "GET /wp-content/plugins/siteseo/assets/js/universal-metabox.js?ver=1.3.3 HTTP/3" 200 1615 "-" "Mozilla/5.0 (Windows NT 10.0; Win64; x64) AppleWebKit/537.36 (KHTML, like Gecko) Chrome/142.0.0.0 Safari/537.36"
152.203.125.120 - - [03/Dec/2025:15:06:35 +0000] "GET /wp-content/plugins/siteseo-pro/assets/js/index-highlight.js?ver=1.3.3 HTTP/3" 200 1073 "-" "Mozilla/5.0 (Windows NT 10.0; Win64; x64) AppleWebKit/537.36 (KHTML, like Gecko) Chrome/142.0.0.0 Safari/537.36"
152.203.125.120 - - [03/Dec/2025:15:06:35 +0000] "GET /wp-includes/js/jquery/jquery-migrate.min.js?ver=3.4.1 HTTP/3" 200 4678 "-" "Mozilla/5.0 (Windows NT 10.0; Win64; x64) AppleWebKit/537.36 (KHTML, like Gecko) Chrome/142.0.0.0 Safari/537.36"
152.203.125.120 - - [03/Dec/2025:15:06:35 +0000] "GET /wp-includes/js/jquery/jquery.min.js?ver=3.7.1 HTTP/3" 200 29744 "-" "Mozilla/5.0 (Windows NT 10.0; Win64; x64) AppleWebKit/537.36 (KHTML, like Gecko) Chrome/142.0.0.0 Safari/537.36"
152.203.125.120 - - [03/Dec/2025:15:06:35 +0000] "GET /wp-content/plugins/siteseo-pro/assets/js/metabox.js?ver=1.3.3 HTTP/3" 200 5577 "-" "Mozilla/5.0 (Windows NT 10.0; Win64; x64) AppleWebKit/537.36 (KHTML, like Gecko) Chrome/142.0.0.0 Safari/537.36"
152.203.125.120 - - [03/Dec/2025:15:06:36 +0000] "GET /wp-includes/js/wp-emoji-release.min.js?ver=6.9 HTTP/3" 200 4949 "-" "Mozilla/5.0 (Windows NT 10.0; Win64; x64) AppleWebKit/537.36 (KHTML, like Gecko) Chrome/142.0.0.0 Safari/537.36"
152.203.125.120 - - [03/Dec/2025:15:08:32 +0000] "POST /wp-admin/admin-ajax.php HTTP/3" 200 51 "https://nitro.brainware.com.co/wp-admin/edit.php?post_type=proyecto" "Mozilla/5.0 (Windows NT 10.0; Win64; x64) AppleWebKit/537.36 (KHTML, like Gecko) Chrome/142.0.0.0 Safari/537.36"
152.203.125.120 - - [03/Dec/2025:15:12:34 +0000] "POST /wp-admin/admin-ajax.php HTTP/3" 200 51 "https://nitro.brainware.com.co/wp-admin/edit.php?post_type=proyecto" "Mozilla/5.0 (Windows NT 10.0; Win64; x64) AppleWebKit/537.36 (KHTML, like Gecko) Chrome/142.0.0.0 Safari/537.36"
152.203.125.120 - - [03/Dec/2025:15:16:36 +0000] "POST /wp-admin/admin-ajax.php HTTP/3" 200 51 "https://nitro.brainware.com.co/wp-admin/edit.php?post_type=proyecto" "Mozilla/5.0 (Windows NT 10.0; Win64; x64) AppleWebKit/537.36 (KHTML, like Gecko) Chrome/142.0.0.0 Safari/537.36"
152.203.125.120 - - [03/Dec/2025:15:32:11 +0000] "GET / HTTP/3" 200 38440 "-" "Mozilla/5.0 (Windows NT 10.0; Win64; x64) AppleWebKit/537.36 (KHTML, like Gecko) Chrome/142.0.0.0 Safari/537.36"
181.71.43.142 - - [03/Dec/2025:15:35:03 +0000] "GET /proyecto/abogados-en-roswell/ HTTP/2" 200 35491 "https://nitro.brainware.com.co/2025/11/27/hello-world/" "Mozilla/5.0 (Windows NT 10.0; Win64; x64) AppleWebKit/537.36 (KHTML, like Gecko) Chrome/142.0.0.0 Safari/537.36"
152.203.125.120 - - [03/Dec/2025:15:05:07 +0000] "POST /wp-admin/admin-ajax.php HTTP/2" 200 86 "https://nitro.brainware.com.co/wp-admin/edit.php?post_type=proyecto" "Mozilla/5.0 (Windows NT 10.0; Win64; x64) AppleWebKit/537.36 (KHTML, like Gecko) Chrome/142.0.0.0 Safari/537.36"
152.203.125.120 - - [03/Dec/2025:15:14:35 +0000] "POST /wp-admin/admin-ajax.php HTTP/3" 200 51 "https://nitro.brainware.com.co/wp-admin/edit.php?post_type=proyecto" "Mozilla/5.0 (Windows NT 10.0; Win64; x64) AppleWebKit/537.36 (KHTML, like Gecko) Chrome/142.0.0.0 Safari/537.36"
170.10.164.108 - - [03/Dec/2025:15:32:13 +0000] "POST /wp-cron.php?doing_wp_cron=1764775933.6437890529632568359375 HTTP/1.1" 200 0 "-" "WordPress/6.9; https://nitro.brainware.com.co"
181.71.43.142 - - [03/Dec/2025:15:32:38 +0000] "GET / HTTP/2" 200 35308 "-" "Mozilla/5.0 (Windows NT 10.0; Win64; x64) AppleWebKit/537.36 (KHTML, like Gecko) Chrome/142.0.0.0 Safari/537.36"
181.71.43.142 - - [03/Dec/2025:15:32:39 +0000] "GET /wp-content/themes/nitro-codes/style.css?ver=1.0 HTTP/2" 200 199 "https://nitro.brainware.com.co/" "Mozilla/5.0 (Windows NT 10.0; Win64; x64) AppleWebKit/537.36 (KHTML, like Gecko) Chrome/142.0.0.0 Safari/537.36"
181.71.43.142 - - [03/Dec/2025:15:32:39 +0000] "GET /wp-content/plugins/cookieadmin/assets/css/consent.css?ver=1.1.3 HTTP/2" 200 2439 "https://nitro.brainware.com.co/" "Mozilla/5.0 (Windows NT 10.0; Win64; x64) AppleWebKit/537.36 (KHTML, like Gecko) Chrome/142.0.0.0 Safari/537.36"
181.71.43.142 - - [03/Dec/2025:15:32:39 +0000] "GET /wp-content/plugins/cookieadmin/assets/js/consent.js?ver=1.1.3 HTTP/2" 200 4282 "https://nitro.brainware.com.co/" "Mozilla/5.0 (Windows NT 10.0; Win64; x64) AppleWebKit/537.36 (KHTML, like Gecko) Chrome/142.0.0.0 Safari/537.36"
181.71.43.142 - - [03/Dec/2025:15:32:40 +0000] "GET /wp-content/plugins/cookieadmin/assets/js/consent.js?ver=1.1.3 HTTP/2" 200 4282 "-" "Mozilla/5.0 (Windows NT 10.0; Win64; x64) AppleWebKit/537.36 (KHTML, like Gecko) Chrome/142.0.0.0 Safari/537.36"
181.71.43.142 - - [03/Dec/2025:15:32:40 +0000] "GET /wp-content/plugins/cookieadmin-pro/assets/js/consent.js?ver=1.1.3 HTTP/2" 200 528 "-" "Mozilla/5.0 (Windows NT 10.0; Win64; x64) AppleWebKit/537.36 (KHTML, like Gecko) Chrome/142.0.0.0 Safari/537.36"
181.71.43.142 - - [03/Dec/2025:15:32:43 +0000] "GET /wp-includes/js/wp-emoji-release.min.js?ver=6.9 HTTP/2" 200 4949 "-" "Mozilla/5.0 (Windows NT 10.0; Win64; x64) AppleWebKit/537.36 (KHTML, like Gecko) Chrome/142.0.0.0 Safari/537.36"
170.10.164.108 - - [03/Dec/2025:15:35:03 +0000] "GET /wp-content/uploads/2025/12/Gemini_Generated_Image_ce71s0ce71s0ce71-scaled.png HTTP/1.1" 200 3962891 "-" "-"
152.203.125.120 - - [03/Dec/2025:15:10:33 +0000] "POST /wp-admin/admin-ajax.php HTTP/3" 200 51 "https://nitro.brainware.com.co/wp-admin/edit.php?post_type=proyecto" "Mozilla/5.0 (Windows NT 10.0; Win64; x64) AppleWebKit/537.36 (KHTML, like Gecko) Chrome/142.0.0.0 Safari/537.36"
152.203.125.120 - - [03/Dec/2025:15:32:19 +0000] "GET / HTTP/2" 200 131778 "-" "WhatsApp/2.2546.3 W"
181.71.43.142 - - [03/Dec/2025:15:32:39 +0000] "GET /wp-content/plugins/cookieadmin-pro/assets/js/consent.js?ver=1.1.3 HTTP/3" 200 528 "https://nitro.brainware.com.co/" "Mozilla/5.0 (Windows NT 10.0; Win64; x64) AppleWebKit/537.36 (KHTML, like Gecko) Chrome/142.0.0.0 Safari/537.36"
181.71.43.142 - - [03/Dec/2025:15:32:39 +0000] "GET /wp-content/plugins/cookieadmin/assets/images/cookieadmin_icon.svg HTTP/3" 200 293 "https://nitro.brainware.com.co/" "Mozilla/5.0 (Windows NT 10.0; Win64; x64) AppleWebKit/537.36 (KHTML, like Gecko) Chrome/142.0.0.0 Safari/537.36"
181.71.43.142 - - [03/Dec/2025:15:32:40 +0000] "GET /wp-content/uploads/2025/12/Gemini_Generated_Image_ce71s0ce71s0ce71-1024x559.png HTTP/3" 200 692148 "https://nitro.brainware.com.co/" "Mozilla/5.0 (Windows NT 10.0; Win64; x64) AppleWebKit/537.36 (KHTML, like Gecko) Chrome/142.0.0.0 Safari/537.36"
181.71.43.142 - - [03/Dec/2025:15:32:40 +0000] "GET /wp-includes/js/wp-emoji-release.min.js?ver=6.9 HTTP/3" 200 4949 "https://nitro.brainware.com.co/" "Mozilla/5.0 (Windows NT 10.0; Win64; x64) AppleWebKit/537.36 (KHTML, like Gecko) Chrome/142.0.0.0 Safari/537.36"
181.71.43.142 - - [03/Dec/2025:15:32:40 +0000] "GET /favicon.ico HTTP/3" 404 1251 "https://nitro.brainware.com.co/" "Mozilla/5.0 (Windows NT 10.0; Win64; x64) AppleWebKit/537.36 (KHTML, like Gecko) Chrome/142.0.0.0 Safari/537.36"
181.71.43.142 - - [03/Dec/2025:15:32:42 +0000] "POST /wp-admin/admin-ajax.php HTTP/3" 200 64 "https://nitro.brainware.com.co/" "Mozilla/5.0 (Windows NT 10.0; Win64; x64) AppleWebKit/537.36 (KHTML, like Gecko) Chrome/142.0.0.0 Safari/537.36"
181.71.43.142 - - [03/Dec/2025:15:34:55 +0000] "GET /2025/11/27/hello-world/ HTTP/2" 200 35660 "https://nitro.brainware.com.co/" "Mozilla/5.0 (Windows NT 10.0; Win64; x64) AppleWebKit/537.36 (KHTML, like Gecko) Chrome/142.0.0.0 Safari/537.36"
35.223.215.244 - - [03/Dec/2025:18:02:45 +0000] "GET /.git/config HTTP/1.1" 403 1242 "-" "-"
170.10.164.108 - - [03/Dec/2025:21:06:30 +0000] "POST /wp-cron.php?doing_wp_cron=1764795990.4423820972442626953125 HTTP/1.1" 200 0 "-" "WordPress/6.9; https://nitro.brainware.com.co"
74.7.242.34 - - [03/Dec/2025:21:06:27 +0000] "GET /wp-sitemap.xml HTTP/2" 301 0 "-" "Mozilla/5.0 AppleWebKit/537.36 (KHTML, like Gecko; compatible; GPTBot/1.3; +https://openai.com/gptbot)"
74.7.242.34 - - [03/Dec/2025:21:06:30 +0000] "GET /sitemaps.xml HTTP/2" 200 236 "-" "Mozilla/5.0 AppleWebKit/537.36 (KHTML, like Gecko; compatible; GPTBot/1.3; +https://openai.com/gptbot)"
170.10.164.108 - - [03/Dec/2025:22:26:00 +0000] "POST /wp-cron.php?doing_wp_cron=1764800759.9782159328460693359375 HTTP/1.1" 200 0 "-" "WordPress/6.9; https://nitro.brainware.com.co"
147.185.132.52 - - [04/Dec/2025:00:14:26 +0000] "GET /shell.php HTTP/1.1" 404 131560 "-" "Hello from Palo Alto Networks, find out more about our scans in https://docs-cortex.paloaltonetworks.com/r/1/Cortex-Xpanse/Scanning-activity"
198.235.24.230 - - [04/Dec/2025:00:26:14 +0000] "GET /shell HTTP/1.1" 404 131560 "-" "Hello from Palo Alto Networks, find out more about our scans in https://docs-cortex.paloaltonetworks.com/r/1/Cortex-Xpanse/Scanning-activity"
204.76.203.25 - - [03/Dec/2025:22:25:57 +0000] "GET / HTTP/1.1" 200 131778 "-" "Mozilla/5.0 (Windows NT 10.0; Win64; x64) AppleWebKit/537.36 (KHTML, like Gecko) Chrome/134.0.0.0 Safari/537.3"
170.10.164.108 - - [04/Dec/2025:00:14:29 +0000] "POST /wp-cron.php?doing_wp_cron=1764807269.1771819591522216796875 HTTP/1.1" 200 0 "-" "WordPress/6.9; https://nitro.brainware.com.co"
170.10.164.108 - - [04/Dec/2025:00:26:17 +0000] "POST /wp-cron.php?doing_wp_cron=1764807977.1281309127807617187500 HTTP/1.1" 200 0 "-" "WordPress/6.9; https://nitro.brainware.com.co"
205.210.31.245 - - [04/Dec/2025:00:31:11 +0000] "GET /webshell HTTP/1.1" 404 131560 "-" "Hello from Palo Alto Networks, find out more about our scans in https://docs-cortex.paloaltonetworks.com/r/1/Cortex-Xpanse/Scanning-activity"
23.27.127.185 - - [04/Dec/2025:01:42:50 +0000] "GET /wp-login.php HTTP/2" 200 4363 "https://nitro.brainware.com.co/wp-login.php" "Mozilla/5.0 (Windows NT 10.0; Win64; x64) AppleWebKit/537.36 (KHTML, like Gecko) Chrome/117.0.5938.132 Safari/537.36"
23.27.127.185 - - [04/Dec/2025:01:42:53 +0000] "POST /wp-login.php HTTP/2" 200 4466 "https://nitro.brainware.com.co/wp-login.php" "Mozilla/5.0 (Windows NT 10.0; Win64; x64) AppleWebKit/537.36 (KHTML, like Gecko) Chrome/117.0.5938.132 Safari/537.36"
46.203.52.84 - - [04/Dec/2025:02:14:26 +0000] "GET /wp-login.php HTTP/2" 200 4363 "https://nitro.brainware.com.co/wp-login.php" "Mozilla/5.0 (Windows NT 10.0; Win64; x64) AppleWebKit/537.36 (KHTML, like Gecko) Chrome/110.0.5481.178 Safari/537.36"
46.203.52.84 - - [04/Dec/2025:02:14:29 +0000] "POST /wp-login.php HTTP/2" 200 4466 "https://nitro.brainware.com.co/wp-login.php" "Mozilla/5.0 (Windows NT 10.0; Win64; x64) AppleWebKit/537.36 (KHTML, like Gecko) Chrome/110.0.5481.178 Safari/537.36"
170.10.164.108 - - [04/Dec/2025:02:39:12 +0000] "POST /wp-cron.php?doing_wp_cron=1764815952.0834889411926269531250 HTTP/1.1" 200 0 "-" "WordPress/6.9; https://nitro.brainware.com.co"
82.21.249.82 - - [04/Dec/2025:02:39:09 +0000] "GET /wp-login.php HTTP/2" 200 4363 "https://nitro.brainware.com.co/wp-login.php" "Mozilla/5.0 (Windows NT 10.0; Win64; x64) AppleWebKit/537.36 (KHTML, like Gecko) Chrome/105.0.5195.102 Safari/537.36"
82.21.249.82 - - [04/Dec/2025:02:39:13 +0000] "POST /wp-login.php HTTP/2" 200 4466 "https://nitro.brainware.com.co/wp-login.php" "Mozilla/5.0 (Windows NT 10.0; Win64; x64) AppleWebKit/537.36 (KHTML, like Gecko) Chrome/105.0.5195.102 Safari/537.36"
170.10.164.108 - - [04/Dec/2025:01:42:52 +0000] "POST /wp-cron.php?doing_wp_cron=1764812572.8752019405364990234375 HTTP/1.1" 200 0 "-" "WordPress/6.9; https://nitro.brainware.com.co"
152.203.125.120 - - [04/Dec/2025:03:09:41 +0000] "GET /prueba/ HTTP/3" 404 35239 "-" "Mozilla/5.0 (Linux; Android 10; K) AppleWebKit/537.36 (KHTML, like Gecko) Chrome/142.0.0.0 Mobile Safari/537.36"
152.203.125.120 - - [04/Dec/2025:03:09:43 +0000] "GET /wp-content/uploads/2025/12/Gemini_Generated_Image_ce71s0ce71s0ce71-1024x559.png HTTP/3" 200 692148 "https://nitro.brainware.com.co/prueba/" "Mozilla/5.0 (Linux; Android 10; K) AppleWebKit/537.36 (KHTML, like Gecko) Chrome/142.0.0.0 Mobile Safari/537.36"
152.203.125.120 - - [04/Dec/2025:03:09:44 +0000] "GET /favicon.ico HTTP/3" 404 1251 "https://nitro.brainware.com.co/prueba/" "Mozilla/5.0 (Linux; Android 10; K) AppleWebKit/537.36 (KHTML, like Gecko) Chrome/142.0.0.0 Mobile Safari/537.36"
152.203.125.120 - - [04/Dec/2025:03:09:46 +0000] "GET / HTTP/3" 200 35312 "-" "Mozilla/5.0 (Linux; Android 10; K) AppleWebKit/537.36 (KHTML, like Gecko) Chrome/142.0.0.0 Mobile Safari/537.36"
152.203.125.120 - - [04/Dec/2025:03:22:52 +0000] "GET / HTTP/3" 200 0 "https://nitro.brainware.com.co/wp-admin/" "Mozilla/5.0 (Windows NT 10.0; Win64; x64) AppleWebKit/537.36 (KHTML, like Gecko) Chrome/142.0.0.0 Safari/537.36"
45.139.104.171 - - [04/Dec/2025:10:42:54 +0000] "GET /.env HTTP/1.1" 404 38534 "-" "Mozilla/5.0 (Windows NT 10.0; WOW64) AppleWebKit/537.36 (KHTML, like Gecko) Chrome/75.0.3770.142 Safari/537.36"
45.139.104.171 - - [04/Dec/2025:12:47:15 +0000] "GET /.env HTTP/1.1" 301 0 "-" "Mozilla/5.0 (X11; Linux x86_64) AppleWebKit/537.36 (KHTML, like Gecko) Chrome/67.0.3396.62 Safari/537.36"
170.10.164.108 - - [04/Dec/2025:10:42:56 +0000] "POST /wp-cron.php?doing_wp_cron=1764844976.9284389019012451171875 HTTP/1.1" 200 0 "-" "WordPress/6.9; https://nitro.brainware.com.co"
170.10.164.108 - - [04/Dec/2025:12:47:17 +0000] "POST /wp-cron.php?doing_wp_cron=1764852437.4641809463500976562500 HTTP/1.1" 200 0 "-" "WordPress/6.9; https://nitro.brainware.com.co"
170.10.164.108 - - [04/Dec/2025:13:59:52 +0000] "POST /wp-cron.php?doing_wp_cron=1764856792.7981889247894287109375 HTTP/1.1" 200 0 "-" "WordPress/6.9; https://nitro.brainware.com.co"
152.203.125.120 - - [04/Dec/2025:15:47:51 +0000] "GET /wp-admin/edit.php?post_type=proyecto HTTP/3" 200 0 "https://nitro.brainware.com.co/wp-admin/post.php?post=25&action=edit" "Mozilla/5.0 (Windows NT 10.0; Win64; x64) AppleWebKit/537.36 (KHTML, like Gecko) Chrome/142.0.0.0 Safari/537.36"
45.139.104.171 - - [04/Dec/2025:13:59:50 +0000] "GET /.env HTTP/1.1" 301 0 "-" "Mozilla/5.0 (X11; Linux x86_64; rv:55.0) Gecko/20100101 Firefox/55.0"
170.10.164.108 - - [04/Dec/2025:15:48:04 +0000] "POST /wp-cron.php?doing_wp_cron=1764863284.7785170078277587890625 HTTP/1.1" 200 0 "-" "WordPress/6.9; https://nitro.brainware.com.co"
66.102.9.96 - - [04/Dec/2025:17:14:29 +0000] "GET /wp-content/uploads/2025/12/Gemini_Generated_Image_ce71s0ce71s0ce71-1024x559.png HTTP/2" 200 692148 "http://nitro.brainware.com.co/" "Mozilla/5.0 (Linux; Android 11; moto g power (2022)) AppleWebKit/537.36 (KHTML, like Gecko) Chrome/136.0.0.0 Mobile Safari/537.36 Chrome-Lighthouse"
66.249.81.37 - - [04/Dec/2025:17:14:43 +0000] "GET /wp-content/uploads/2025/12/Gemini_Generated_Image_ce71s0ce71s0ce71-1024x559.png HTTP/2" 200 692148 "http://nitro.brainware.com.co/" "Mozilla/5.0 (Linux; Android 11; moto g power (2022)) AppleWebKit/537.36 (KHTML, like Gecko) Chrome/136.0.0.0 Mobile Safari/537.36 Chrome-Lighthouse"