/home/crealab/logs/cntxt.brainware.com.co.bkup
164.90.208.56 - - [29/Nov/2025:10:27:16 +0000] "POST /api HTTP/1.1" 404 8890 "-" "Mozilla/5.0 (l9scan/2.0.830313e2436313e20313e2037313; +https://leakix.net)"
164.90.208.56 - - [29/Nov/2025:10:27:21 +0000] "POST /api/gql HTTP/1.1" 404 8890 "-" "Mozilla/5.0 (l9scan/2.0.830313e2436313e20313e2037313; +https://leakix.net)"
164.90.208.56 - - [29/Nov/2025:10:27:29 +0000] "GET /swagger.json HTTP/1.1" 301 0 "-" "Mozilla/5.0 (l9scan/2.0.830313e2436313e20313e2037313; +https://leakix.net)"
164.90.208.56 - - [29/Nov/2025:10:27:31 +0000] "GET /swagger/v1/swagger.json HTTP/1.1" 301 0 "-" "Mozilla/5.0 (l9scan/2.0.830313e2436313e20313e2037313; +https://leakix.net)"
164.90.208.56 - - [29/Nov/2025:10:27:34 +0000] "GET /actuator/env HTTP/1.1" 301 0 "-" "Mozilla/5.0 (l9scan/2.0.830313e2436313e20313e2037313; +https://leakix.net)"
164.90.208.56 - - [29/Nov/2025:10:27:38 +0000] "GET /server HTTP/1.1" 301 0 "-" "Mozilla/5.0 (l9scan/2.0.830313e2436313e20313e2037313; +https://leakix.net)"
164.90.208.56 - - [29/Nov/2025:10:27:39 +0000] "GET /.vscode/sftp.json HTTP/1.1" 301 0 "-" "Mozilla/5.0 (l9scan/2.0.830313e2436313e20313e2037313; +https://leakix.net)"
170.10.164.108 - - [29/Nov/2025:10:27:48 +0000] "POST /wp-cron.php?doing_wp_cron=1764412068.7662460803985595703125 HTTP/1.1" 200 0 "-" "WordPress/6.8.3; https://cntxt.brainware.com.co"
164.90.208.56 - - [29/Nov/2025:10:27:47 +0000] "GET /login.action HTTP/1.1" 301 0 "-" "Mozilla/5.0 (l9scan/2.0.830313e2436313e20313e2037313; +https://leakix.net)"
170.10.164.108 - - [29/Nov/2025:10:27:56 +0000] "POST /wp-cron.php?doing_wp_cron=1764412076.0303750038146972656250 HTTP/1.1" 200 0 "-" "WordPress/6.8.3; https://cntxt.brainware.com.co"
164.90.208.56 - - [29/Nov/2025:10:27:55 +0000] "GET /s/830313e2436313e20313e2037313/_/;/META-INF/maven/com.atlassian.jira/jira-webapp-dist/pom.properties HTTP/1.1" 301 0 "-" "Mozilla/5.0 (l9scan/2.0.830313e2436313e20313e2037313; +https://leakix.net)"
164.90.208.56 - - [29/Nov/2025:10:27:56 +0000] "GET /config.json HTTP/1.1" 301 0 "-" "Mozilla/5.0 (l9scan/2.0.830313e2436313e20313e2037313; +https://leakix.net)"
164.90.208.56 - - [29/Nov/2025:10:27:58 +0000] "GET /telescope/requests HTTP/1.1" 301 0 "-" "Mozilla/5.0 (l9scan/2.0.830313e2436313e20313e2037313; +https://leakix.net)"
164.90.208.56 - - [29/Nov/2025:10:28:02 +0000] "GET /?rest_route=/wp/v2/users/ HTTP/1.1" 200 440 "-" "Mozilla/5.0 (l9scan/2.0.830313e2436313e20313e2037313; +https://leakix.net)"
170.10.164.108 - - [29/Nov/2025:10:27:14 +0000] "POST /wp-cron.php?doing_wp_cron=1764412034.0688450336456298828125 HTTP/1.1" 200 0 "-" "WordPress/6.8.3; https://cntxt.brainware.com.co"
164.90.208.56 - - [29/Nov/2025:10:27:08 +0000] "GET / HTTP/1.1" 301 0 "-" "Mozilla/5.0 (l9scan/2.0.830313e2436313e20313e2037313; +https://leakix.net)"
164.90.208.56 - - [29/Nov/2025:10:27:14 +0000] "POST /graphql HTTP/1.1" 404 8890 "-" "Mozilla/5.0 (l9scan/2.0.830313e2436313e20313e2037313; +https://leakix.net)"
164.90.208.56 - - [29/Nov/2025:10:27:18 +0000] "POST /api/graphql HTTP/1.1" 404 8890 "-" "Mozilla/5.0 (l9scan/2.0.830313e2436313e20313e2037313; +https://leakix.net)"
164.90.208.56 - - [29/Nov/2025:10:27:19 +0000] "POST /graphql/api HTTP/1.1" 404 8890 "-" "Mozilla/5.0 (l9scan/2.0.830313e2436313e20313e2037313; +https://leakix.net)"
164.90.208.56 - - [29/Nov/2025:10:27:23 +0000] "GET /swagger-ui.html HTTP/1.1" 301 0 "-" "Mozilla/5.0 (l9scan/2.0.830313e2436313e20313e2037313; +https://leakix.net)"
164.90.208.56 - - [29/Nov/2025:10:27:27 +0000] "GET /webjars/swagger-ui/index.html HTTP/1.1" 301 0 "-" "Mozilla/5.0 (l9scan/2.0.830313e2436313e20313e2037313; +https://leakix.net)"
164.90.208.56 - - [29/Nov/2025:10:27:40 +0000] "GET /about HTTP/1.1" 301 0 "-" "Mozilla/5.0 (l9scan/2.0.830313e2436313e20313e2037313; +https://leakix.net)"
164.90.208.56 - - [29/Nov/2025:10:27:42 +0000] "GET /debug/default/view?panel=config HTTP/1.1" 301 0 "-" "Mozilla/5.0 (l9scan/2.0.830313e2436313e20313e2037313; +https://leakix.net)"
164.90.208.56 - - [29/Nov/2025:10:27:44 +0000] "GET /ecp/Current/exporttool/microsoft.exchange.ediscovery.exporttool.application HTTP/1.1" 301 0 "-" "Mozilla/5.0 (l9scan/2.0.830313e2436313e20313e2037313; +https://leakix.net)"
164.90.208.56 - - [29/Nov/2025:10:27:46 +0000] "GET /server-status HTTP/1.1" 301 0 "-" "Mozilla/5.0 (l9scan/2.0.830313e2436313e20313e2037313; +https://leakix.net)"
164.90.208.56 - - [29/Nov/2025:10:27:51 +0000] "GET /.DS_Store HTTP/1.1" 301 0 "-" "Mozilla/5.0 (l9scan/2.0.830313e2436313e20313e2037313; +https://leakix.net)"
164.90.208.56 - - [29/Nov/2025:10:27:54 +0000] "GET /.git/config HTTP/1.1" 403 1242 "-" "Mozilla/5.0 (l9scan/2.0.830313e2436313e20313e2037313; +https://leakix.net)"
164.90.208.56 - - [29/Nov/2025:10:27:59 +0000] "GET /info.php HTTP/1.1" 301 0 "-" "Mozilla/5.0 (l9scan/2.0.830313e2436313e20313e2037313; +https://leakix.net)"
164.90.208.56 - - [29/Nov/2025:10:26:36 +0000] "GET / HTTP/1.1" 403 1242 "-" "-"
164.90.208.56 - - [29/Nov/2025:10:27:24 +0000] "GET /swagger/index.html HTTP/1.1" 301 0 "-" "Mozilla/5.0 (l9scan/2.0.830313e2436313e20313e2037313; +https://leakix.net)"
164.90.208.56 - - [29/Nov/2025:10:27:26 +0000] "GET /swagger/swagger-ui.html HTTP/1.1" 301 0 "-" "Mozilla/5.0 (l9scan/2.0.830313e2436313e20313e2037313; +https://leakix.net)"
164.90.208.56 - - [29/Nov/2025:10:27:33 +0000] "GET /@vite/env HTTP/1.1" 301 0 "-" "Mozilla/5.0 (l9scan/2.0.830313e2436313e20313e2037313; +https://leakix.net)"
170.10.164.108 - - [29/Nov/2025:10:27:36 +0000] "POST /wp-cron.php?doing_wp_cron=1764412056.9388849735260009765625 HTTP/1.1" 200 0 "-" "WordPress/6.8.3; https://cntxt.brainware.com.co"
164.90.208.56 - - [29/Nov/2025:10:27:36 +0000] "POST /php-cgi/php-cgi.exe?%ADd+cgi.force_redirect%3D0+%ADd+disable_functions%3D\"\"+%ADd+allow_url_include%3D1+%ADd+auto_prepend_file%3Dphp://input HTTP/1.1" 404 8890 "-" "Mozilla/5.0 (l9scan/2.0.830313e2436313e20313e2037313; +https://leakix.net)"
164.90.208.56 - - [29/Nov/2025:10:27:43 +0000] "GET /v2/_catalog HTTP/1.1" 301 0 "-" "Mozilla/5.0 (l9scan/2.0.830313e2436313e20313e2037313; +https://leakix.net)"
164.90.208.56 - - [29/Nov/2025:10:27:49 +0000] "GET /_all_dbs HTTP/1.1" 301 0 "-" "Mozilla/5.0 (l9scan/2.0.830313e2436313e20313e2037313; +https://leakix.net)"
164.90.208.56 - - [29/Nov/2025:10:27:53 +0000] "GET /.env HTTP/1.1" 301 0 "-" "Mozilla/5.0 (l9scan/2.0.830313e2436313e20313e2037313; +https://leakix.net)"
3.140.182.19 - - [29/Nov/2025:22:01:13 +0000] "GET / HTTP/1.1" 301 0 "-" "cypex.ai/scanning Mozilla/5.0 (Macintosh; Intel Mac OS X 10_15_7) Chrome/126.0.0.0 Safari/537.36"
205.169.39.58 - - [30/Nov/2025:04:35:05 +0000] "GET / HTTP/1.1" 200 0 "-" "Mozilla/5.0 (Windows NT 10.0; Win64; x64) AppleWebKit/537.36 (KHTML, like Gecko) Chrome/117.0.5938.132 Safari/537.36"
103.28.116.41 - - [30/Nov/2025:23:28:48 +0000] "GET /zz12.php HTTP/1.1" 302 0 "-" "Mozilla/5.0 (Windows NT 10.0; Win64; x64) AppleWebKit/537.36 (KHTML, like Gecko) HeadlessChrome/141.0.7390.37 Safari/537.36"
103.28.116.41 - - [30/Nov/2025:23:28:48 +0000] "GET /zz12.php?p= HTTP/1.1" 200 2160 "-" "Mozilla/5.0 (Windows NT 10.0; Win64; x64) AppleWebKit/537.36 (KHTML, like Gecko) HeadlessChrome/141.0.7390.37 Safari/537.36"
114.79.4.162 - - [01/Dec/2025:00:24:33 +0000] "GET /lrwit7bvakghhggw6jCakc.php HTTP/1.1" 200 2160 "-" "Mozilla/5.0 (Windows NT 10.0; Win64; x64) AppleWebKit/537.36 (KHTML, like Gecko) HeadlessChrome/136.0.7103.25 Safari/537.36"
207.154.212.47 - - [01/Dec/2025:05:52:36 +0000] "GET / HTTP/1.1" 403 1242 "-" "-"
207.154.212.47 - - [01/Dec/2025:05:52:36 +0000] "GET / HTTP/1.1" 301 0 "-" "Mozilla/5.0 (l9scan/2.0.830313e2436313e20313e2037313; +https://leakix.net)"
207.154.212.47 - - [01/Dec/2025:05:52:37 +0000] "POST /graphql HTTP/1.1" 404 8891 "-" "Mozilla/5.0 (l9scan/2.0.830313e2436313e20313e2037313; +https://leakix.net)"
207.154.212.47 - - [01/Dec/2025:05:52:44 +0000] "GET /swagger-ui.html HTTP/1.1" 301 0 "-" "Mozilla/5.0 (l9scan/2.0.830313e2436313e20313e2037313; +https://leakix.net)"
207.154.212.47 - - [01/Dec/2025:05:52:47 +0000] "GET /swagger/swagger-ui.html HTTP/1.1" 301 0 "-" "Mozilla/5.0 (l9scan/2.0.830313e2436313e20313e2037313; +https://leakix.net)"
207.154.212.47 - - [01/Dec/2025:05:52:49 +0000] "GET /swagger.json HTTP/1.1" 301 0 "-" "Mozilla/5.0 (l9scan/2.0.830313e2436313e20313e2037313; +https://leakix.net)"
207.154.212.47 - - [01/Dec/2025:05:52:50 +0000] "GET /swagger/v1/swagger.json HTTP/1.1" 301 0 "-" "Mozilla/5.0 (l9scan/2.0.830313e2436313e20313e2037313; +https://leakix.net)"
207.154.212.47 - - [01/Dec/2025:05:52:51 +0000] "GET /v2/api-docs HTTP/1.1" 301 0 "-" "Mozilla/5.0 (l9scan/2.0.830313e2436313e20313e2037313; +https://leakix.net)"
170.10.164.108 - - [01/Dec/2025:05:52:55 +0000] "POST /wp-cron.php?doing_wp_cron=1764568375.3968539237976074218750 HTTP/1.1" 200 0 "-" "WordPress/6.8.3; https://cntxt.brainware.com.co"
207.154.212.47 - - [01/Dec/2025:05:53:03 +0000] "GET /v2/_catalog HTTP/1.1" 301 0 "-" "Mozilla/5.0 (l9scan/2.0.830313e2436313e20313e2037313; +https://leakix.net)"
207.154.212.47 - - [01/Dec/2025:05:53:06 +0000] "GET /login.action HTTP/1.1" 301 0 "-" "Mozilla/5.0 (l9scan/2.0.830313e2436313e20313e2037313; +https://leakix.net)"
207.154.212.47 - - [01/Dec/2025:05:53:10 +0000] "GET /.env HTTP/1.1" 301 0 "-" "Mozilla/5.0 (l9scan/2.0.830313e2436313e20313e2037313; +https://leakix.net)"
207.154.212.47 - - [01/Dec/2025:05:53:12 +0000] "GET /s/830313e2436313e20313e2037313/_/;/META-INF/maven/com.atlassian.jira/jira-webapp-dist/pom.properties HTTP/1.1" 301 0 "-" "Mozilla/5.0 (l9scan/2.0.830313e2436313e20313e2037313; +https://leakix.net)"
207.154.212.47 - - [01/Dec/2025:05:53:14 +0000] "GET /config.json HTTP/1.1" 301 0 "-" "Mozilla/5.0 (l9scan/2.0.830313e2436313e20313e2037313; +https://leakix.net)"
207.154.212.47 - - [01/Dec/2025:05:53:16 +0000] "GET /info.php HTTP/1.1" 301 0 "-" "Mozilla/5.0 (l9scan/2.0.830313e2436313e20313e2037313; +https://leakix.net)"
207.154.212.47 - - [01/Dec/2025:05:52:39 +0000] "POST /api HTTP/1.1" 404 8891 "-" "Mozilla/5.0 (l9scan/2.0.830313e2436313e20313e2037313; +https://leakix.net)"
207.154.212.47 - - [01/Dec/2025:05:52:45 +0000] "GET /swagger/index.html HTTP/1.1" 301 0 "-" "Mozilla/5.0 (l9scan/2.0.830313e2436313e20313e2037313; +https://leakix.net)"
207.154.212.47 - - [01/Dec/2025:05:52:52 +0000] "GET /v3/api-docs HTTP/1.1" 301 0 "-" "Mozilla/5.0 (l9scan/2.0.830313e2436313e20313e2037313; +https://leakix.net)"
207.154.212.47 - - [01/Dec/2025:05:52:54 +0000] "GET /api-docs/swagger.json HTTP/1.1" 200 0 "-" "Mozilla/5.0 (l9scan/2.0.830313e2436313e20313e2037313; +https://leakix.net)"
207.154.212.47 - - [01/Dec/2025:05:52:58 +0000] "GET /server HTTP/1.1" 301 0 "-" "Mozilla/5.0 (l9scan/2.0.830313e2436313e20313e2037313; +https://leakix.net)"
207.154.212.47 - - [01/Dec/2025:05:53:01 +0000] "GET /debug/default/view?panel=config HTTP/1.1" 301 0 "-" "Mozilla/5.0 (l9scan/2.0.830313e2436313e20313e2037313; +https://leakix.net)"
207.154.212.47 - - [01/Dec/2025:05:53:04 +0000] "GET /ecp/Current/exporttool/microsoft.exchange.ediscovery.exporttool.application HTTP/1.1" 301 0 "-" "Mozilla/5.0 (l9scan/2.0.830313e2436313e20313e2037313; +https://leakix.net)"
207.154.212.47 - - [01/Dec/2025:05:53:06 +0000] "GET /server-status HTTP/1.1" 301 0 "-" "Mozilla/5.0 (l9scan/2.0.830313e2436313e20313e2037313; +https://leakix.net)"
207.154.212.47 - - [01/Dec/2025:05:53:08 +0000] "GET /_all_dbs HTTP/1.1" 301 0 "-" "Mozilla/5.0 (l9scan/2.0.830313e2436313e20313e2037313; +https://leakix.net)"
207.154.212.47 - - [01/Dec/2025:05:53:09 +0000] "GET /.DS_Store HTTP/1.1" 301 0 "-" "Mozilla/5.0 (l9scan/2.0.830313e2436313e20313e2037313; +https://leakix.net)"
207.154.212.47 - - [01/Dec/2025:05:53:15 +0000] "GET /telescope/requests HTTP/1.1" 301 0 "-" "Mozilla/5.0 (l9scan/2.0.830313e2436313e20313e2037313; +https://leakix.net)"
207.154.212.47 - - [01/Dec/2025:05:53:17 +0000] "GET /?rest_route=/wp/v2/users/ HTTP/1.1" 200 440 "-" "Mozilla/5.0 (l9scan/2.0.830313e2436313e20313e2037313; +https://leakix.net)"
205.210.31.12 - - [01/Dec/2025:06:34:53 +0000] "GET / HTTP/1.1" 403 1242 "-" "-"
170.10.164.108 - - [01/Dec/2025:05:52:37 +0000] "POST /wp-cron.php?doing_wp_cron=1764568357.3289179801940917968750 HTTP/1.1" 200 0 "-" "WordPress/6.8.3; https://cntxt.brainware.com.co"
207.154.212.47 - - [01/Dec/2025:05:52:40 +0000] "POST /api/graphql HTTP/1.1" 404 8891 "-" "Mozilla/5.0 (l9scan/2.0.830313e2436313e20313e2037313; +https://leakix.net)"
207.154.212.47 - - [01/Dec/2025:05:52:42 +0000] "POST /graphql/api HTTP/1.1" 404 8891 "-" "Mozilla/5.0 (l9scan/2.0.830313e2436313e20313e2037313; +https://leakix.net)"
207.154.212.47 - - [01/Dec/2025:05:52:43 +0000] "POST /api/gql HTTP/1.1" 404 8891 "-" "Mozilla/5.0 (l9scan/2.0.830313e2436313e20313e2037313; +https://leakix.net)"
170.10.164.108 - - [01/Dec/2025:05:52:48 +0000] "POST /wp-cron.php?doing_wp_cron=1764568368.7562189102172851562500 HTTP/1.1" 200 0 "-" "WordPress/6.8.3; https://cntxt.brainware.com.co"
207.154.212.47 - - [01/Dec/2025:05:52:48 +0000] "GET /webjars/swagger-ui/index.html HTTP/1.1" 301 0 "-" "Mozilla/5.0 (l9scan/2.0.830313e2436313e20313e2037313; +https://leakix.net)"
207.154.212.47 - - [01/Dec/2025:05:52:54 +0000] "GET /@vite/env HTTP/1.1" 301 0 "-" "Mozilla/5.0 (l9scan/2.0.830313e2436313e20313e2037313; +https://leakix.net)"
207.154.212.47 - - [01/Dec/2025:05:52:55 +0000] "GET /actuator/env HTTP/1.1" 301 0 "-" "Mozilla/5.0 (l9scan/2.0.830313e2436313e20313e2037313; +https://leakix.net)"
207.154.212.47 - - [01/Dec/2025:05:52:57 +0000] "POST /php-cgi/php-cgi.exe?%ADd+cgi.force_redirect%3D0+%ADd+disable_functions%3D\"\"+%ADd+allow_url_include%3D1+%ADd+auto_prepend_file%3Dphp://input HTTP/1.1" 404 8891 "-" "Mozilla/5.0 (l9scan/2.0.830313e2436313e20313e2037313; +https://leakix.net)"
207.154.212.47 - - [01/Dec/2025:05:52:59 +0000] "GET /.vscode/sftp.json HTTP/1.1" 301 0 "-" "Mozilla/5.0 (l9scan/2.0.830313e2436313e20313e2037313; +https://leakix.net)"
207.154.212.47 - - [01/Dec/2025:05:53:00 +0000] "GET /about HTTP/1.1" 301 0 "-" "Mozilla/5.0 (l9scan/2.0.830313e2436313e20313e2037313; +https://leakix.net)"
170.10.164.108 - - [01/Dec/2025:05:53:06 +0000] "POST /wp-cron.php?doing_wp_cron=1764568386.6750710010528564453125 HTTP/1.1" 200 0 "-" "WordPress/6.8.3; https://cntxt.brainware.com.co"
207.154.212.47 - - [01/Dec/2025:05:53:11 +0000] "GET /.git/config HTTP/1.1" 403 1242 "-" "Mozilla/5.0 (l9scan/2.0.830313e2436313e20313e2037313; +https://leakix.net)"
162.142.125.45 - - [01/Dec/2025:15:26:37 +0000] "GET / HTTP/1.1" 403 0 "-" "Mozilla/5.0 (compatible; CensysInspect/1.1; +https://about.censys.io/)"
159.89.127.165 - - [01/Dec/2025:17:07:40 +0000] "POST /graphql HTTP/1.1" 404 8875 "-" "Mozilla/5.0 (l9scan/2.0.830313e2436313e20313e2037313; +https://leakix.net)"
170.10.164.108 - - [01/Dec/2025:17:07:48 +0000] "POST /wp-cron.php?doing_wp_cron=1764608868.1534841060638427734375 HTTP/1.1" 200 0 "-" "WordPress/6.8.3; https://cntxt.brainware.com.co"
159.89.127.165 - - [01/Dec/2025:17:07:48 +0000] "GET /swagger/index.html HTTP/1.1" 404 8924 "-" "Mozilla/5.0 (l9scan/2.0.830313e2436313e20313e2037313; +https://leakix.net)"
159.89.127.165 - - [01/Dec/2025:17:07:51 +0000] "GET /webjars/swagger-ui/index.html HTTP/1.1" 404 8924 "-" "Mozilla/5.0 (l9scan/2.0.830313e2436313e20313e2037313; +https://leakix.net)"
159.89.127.165 - - [01/Dec/2025:17:07:57 +0000] "GET /@vite/env HTTP/1.1" 404 8924 "-" "Mozilla/5.0 (l9scan/2.0.830313e2436313e20313e2037313; +https://leakix.net)"
159.89.127.165 - - [01/Dec/2025:17:07:58 +0000] "GET /actuator/env HTTP/1.1" 404 8924 "-" "Mozilla/5.0 (l9scan/2.0.830313e2436313e20313e2037313; +https://leakix.net)"
159.89.127.165 - - [01/Dec/2025:17:08:00 +0000] "GET /server HTTP/1.1" 404 8917 "-" "Mozilla/5.0 (l9scan/2.0.830313e2436313e20313e2037313; +https://leakix.net)"
159.89.127.165 - - [01/Dec/2025:17:08:02 +0000] "GET /.vscode/sftp.json HTTP/1.1" 404 8918 "-" "Mozilla/5.0 (l9scan/2.0.830313e2436313e20313e2037313; +https://leakix.net)"
159.89.127.165 - - [01/Dec/2025:17:08:06 +0000] "GET /v2/_catalog HTTP/1.1" 404 8918 "-" "Mozilla/5.0 (l9scan/2.0.830313e2436313e20313e2037313; +https://leakix.net)"
159.89.127.165 - - [01/Dec/2025:17:08:08 +0000] "GET /ecp/Current/exporttool/microsoft.exchange.ediscovery.exporttool.application HTTP/1.1" 404 8924 "-" "Mozilla/5.0 (l9scan/2.0.830313e2436313e20313e2037313; +https://leakix.net)"
159.89.127.165 - - [01/Dec/2025:17:08:10 +0000] "GET /login.action HTTP/1.1" 404 8917 "-" "Mozilla/5.0 (l9scan/2.0.830313e2436313e20313e2037313; +https://leakix.net)"
159.89.127.165 - - [01/Dec/2025:17:08:11 +0000] "GET /_all_dbs HTTP/1.1" 404 8924 "-" "Mozilla/5.0 (l9scan/2.0.830313e2436313e20313e2037313; +https://leakix.net)"
159.89.127.165 - - [01/Dec/2025:17:08:13 +0000] "GET /.env HTTP/1.1" 404 8924 "-" "Mozilla/5.0 (l9scan/2.0.830313e2436313e20313e2037313; +https://leakix.net)"
159.89.127.165 - - [01/Dec/2025:17:08:15 +0000] "GET /.git/config HTTP/1.1" 403 1242 "-" "Mozilla/5.0 (l9scan/2.0.830313e2436313e20313e2037313; +https://leakix.net)"
159.89.127.165 - - [01/Dec/2025:17:08:15 +0000] "GET /s/830313e2436313e20313e2037313/_/;/META-INF/maven/com.atlassian.jira/jira-webapp-dist/pom.properties HTTP/1.1" 404 8918 "-" "Mozilla/5.0 (l9scan/2.0.830313e2436313e20313e2037313; +https://leakix.net)"
52.169.206.229 - - [01/Dec/2025:17:24:31 +0000] "GET /wp-content/plugins/hellopress/wp_filemanager.php HTTP/1.1" 403 1242 "-" "-"
52.169.206.229 - - [01/Dec/2025:17:24:31 +0000] "GET /error.php HTTP/1.1" 403 1242 "-" "-"
52.169.206.229 - - [01/Dec/2025:17:24:31 +0000] "GET /gfile.php HTTP/1.1" 403 1242 "-" "-"
52.169.206.229 - - [01/Dec/2025:17:24:31 +0000] "GET /file6.php HTTP/1.1" 403 1242 "-" "-"
52.169.206.229 - - [01/Dec/2025:17:24:31 +0000] "GET /eauu.php HTTP/1.1" 403 1242 "-" "-"
52.169.206.229 - - [01/Dec/2025:17:24:31 +0000] "GET /we.php HTTP/1.1" 403 1242 "-" "-"
52.169.206.229 - - [01/Dec/2025:17:24:32 +0000] "GET /fe5.php HTTP/1.1" 403 1242 "-" "-"
52.169.206.229 - - [01/Dec/2025:17:24:32 +0000] "GET /cccc.php HTTP/1.1" 403 1242 "-" "-"
52.169.206.229 - - [01/Dec/2025:17:24:32 +0000] "GET /wp-admin/js/wp-conflg.php?p= HTTP/1.1" 403 1242 "-" "-"
52.169.206.229 - - [01/Dec/2025:17:24:32 +0000] "GET /hk.php HTTP/1.1" 403 1242 "-" "-"
52.169.206.229 - - [01/Dec/2025:17:24:32 +0000] "GET /cjfuns.php HTTP/1.1" 403 1242 "-" "-"
52.169.206.229 - - [01/Dec/2025:17:24:32 +0000] "GET /aa21.php HTTP/1.1" 403 1242 "-" "-"
52.169.206.229 - - [01/Dec/2025:17:24:32 +0000] "GET /akk.php HTTP/1.1" 403 1242 "-" "-"
52.169.206.229 - - [01/Dec/2025:17:24:32 +0000] "GET /alpa.php HTTP/1.1" 403 1242 "-" "-"
52.169.206.229 - - [01/Dec/2025:17:24:32 +0000] "GET /file21.php HTTP/1.1" 403 1242 "-" "-"
52.169.206.229 - - [01/Dec/2025:17:24:32 +0000] "GET /rrr.php HTTP/1.1" 403 1242 "-" "-"
52.169.206.229 - - [01/Dec/2025:17:24:32 +0000] "GET /cabs.php HTTP/1.1" 403 1242 "-" "-"
52.169.206.229 - - [01/Dec/2025:17:24:33 +0000] "GET /vee.php HTTP/1.1" 403 1242 "-" "-"
52.169.206.229 - - [01/Dec/2025:17:24:33 +0000] "GET /ff2.php HTTP/1.1" 403 1242 "-" "-"
52.169.206.229 - - [01/Dec/2025:17:24:33 +0000] "GET /2clas.php HTTP/1.1" 403 1242 "-" "-"
52.169.206.229 - - [01/Dec/2025:17:24:33 +0000] "GET /bp.php HTTP/1.1" 403 1242 "-" "-"
52.169.206.229 - - [01/Dec/2025:17:24:33 +0000] "GET /tox.php HTTP/1.1" 403 1242 "-" "-"
52.169.206.229 - - [01/Dec/2025:17:24:33 +0000] "GET /0x0x.php HTTP/1.1" 403 1242 "-" "-"
52.169.206.229 - - [01/Dec/2025:17:24:33 +0000] "GET /file15.php HTTP/1.1" 403 1242 "-" "-"
52.169.206.229 - - [01/Dec/2025:17:24:33 +0000] "GET /333.php HTTP/1.1" 403 1242 "-" "-"
52.169.206.229 - - [01/Dec/2025:17:24:33 +0000] "GET /file.php HTTP/1.1" 403 1242 "-" "-"
52.169.206.229 - - [01/Dec/2025:17:24:33 +0000] "GET /file1.php HTTP/1.1" 403 1242 "-" "-"
52.169.206.229 - - [01/Dec/2025:17:24:34 +0000] "GET /file2.php HTTP/1.1" 403 1242 "-" "-"
52.169.206.229 - - [01/Dec/2025:17:24:34 +0000] "GET /file5.php HTTP/1.1" 403 1242 "-" "-"
52.169.206.229 - - [01/Dec/2025:17:24:34 +0000] "GET /file17.php HTTP/1.1" 403 1242 "-" "-"
52.169.206.229 - - [01/Dec/2025:17:24:34 +0000] "GET /file32.php HTTP/1.1" 403 1242 "-" "-"
52.169.206.229 - - [01/Dec/2025:17:24:34 +0000] "GET /filesss.php HTTP/1.1" 403 1242 "-" "-"
52.169.206.229 - - [01/Dec/2025:17:24:34 +0000] "GET /file9.php HTTP/1.1" 403 1242 "-" "-"
52.169.206.229 - - [01/Dec/2025:17:24:34 +0000] "GET /file13.php HTTP/1.1" 403 1242 "-" "-"
52.169.206.229 - - [01/Dec/2025:17:24:34 +0000] "GET /file3.php HTTP/1.1" 403 1242 "-" "-"
52.169.206.229 - - [01/Dec/2025:17:24:34 +0000] "GET /atomlib.php HTTP/1.1" 403 1242 "-" "-"
52.169.206.229 - - [01/Dec/2025:17:24:34 +0000] "GET /520.php HTTP/1.1" 403 1242 "-" "-"
52.169.206.229 - - [01/Dec/2025:17:24:35 +0000] "GET /031.php HTTP/1.1" 403 1242 "-" "-"
52.169.206.229 - - [01/Dec/2025:17:24:35 +0000] "GET /lock360.php HTTP/1.1" 403 1242 "-" "-"
52.169.206.229 - - [01/Dec/2025:17:24:35 +0000] "GET /jmfi2.php HTTP/1.1" 403 1242 "-" "-"
52.169.206.229 - - [01/Dec/2025:17:24:35 +0000] "GET /eauu.php HTTP/1.1" 403 1242 "-" "-"
52.169.206.229 - - [01/Dec/2025:17:24:35 +0000] "GET /gowap.org HTTP/1.1" 403 1242 "-" "-"
52.169.206.229 - - [01/Dec/2025:17:24:35 +0000] "GET /we.php HTTP/1.1" 403 1242 "-" "-"
52.169.206.229 - - [01/Dec/2025:17:24:35 +0000] "GET /hexx.php HTTP/1.1" 403 1242 "-" "-"
52.169.206.229 - - [01/Dec/2025:17:24:35 +0000] "GET /a2.php HTTP/1.1" 403 1242 "-" "-"
52.169.206.229 - - [01/Dec/2025:17:24:35 +0000] "GET /cfile.php HTTP/1.1" 403 1242 "-" "-"
52.169.206.229 - - [01/Dec/2025:17:24:35 +0000] "GET /lv.php HTTP/1.1" 403 1242 "-" "-"
52.169.206.229 - - [01/Dec/2025:17:24:36 +0000] "GET /goat.php HTTP/1.1" 403 1242 "-" "-"
52.169.206.229 - - [01/Dec/2025:17:24:36 +0000] "GET /222.php HTTP/1.1" 403 1242 "-" "-"
52.169.206.229 - - [01/Dec/2025:17:24:36 +0000] "GET /aa.php HTTP/1.1" 403 1242 "-" "-"
52.169.206.229 - - [01/Dec/2025:17:24:36 +0000] "GET /ffile.php HTTP/1.1" 403 1242 "-" "-"
52.169.206.229 - - [01/Dec/2025:17:24:36 +0000] "GET /class-wp.php HTTP/1.1" 403 1242 "-" "-"
52.169.206.229 - - [01/Dec/2025:17:24:36 +0000] "GET /030.php HTTP/1.1" 403 1242 "-" "-"
52.169.206.229 - - [01/Dec/2025:17:24:36 +0000] "GET /sh3ll.php HTTP/1.1" 403 1242 "-" "-"
52.169.206.229 - - [01/Dec/2025:17:24:36 +0000] "GET /hook.php HTTP/1.1" 403 1242 "-" "-"
52.169.206.229 - - [01/Dec/2025:17:24:36 +0000] "GET /wp-aaa.php HTTP/1.1" 403 1242 "-" "-"
52.169.206.229 - - [01/Dec/2025:17:24:36 +0000] "GET /te.php HTTP/1.1" 403 1242 "-" "-"
52.169.206.229 - - [01/Dec/2025:17:24:36 +0000] "GET /nc4.php HTTP/1.1" 403 1242 "-" "-"
52.169.206.229 - - [01/Dec/2025:17:24:37 +0000] "GET /gifclass4.php HTTP/1.1" 403 1242 "-" "-"
52.169.206.229 - - [01/Dec/2025:17:24:37 +0000] "GET /inde.php HTTP/1.1" 403 1242 "-" "-"
52.169.206.229 - - [01/Dec/2025:17:24:37 +0000] "GET /ilex.php HTTP/1.1" 403 1242 "-" "-"
52.169.206.229 - - [01/Dec/2025:17:24:37 +0000] "GET /shellb.php HTTP/1.1" 403 1242 "-" "-"
52.169.206.229 - - [01/Dec/2025:17:24:37 +0000] "GET /3406.php HTTP/1.1" 403 1242 "-" "-"
52.169.206.229 - - [01/Dec/2025:17:24:37 +0000] "GET /wp-admin/install.php HTTP/1.1" 403 1242 "-" "-"
52.169.206.229 - - [01/Dec/2025:17:24:37 +0000] "GET /anskrit.php HTTP/1.1" 403 1242 "-" "-"
52.169.206.229 - - [01/Dec/2025:17:24:37 +0000] "GET /gelap.php HTTP/1.1" 403 1242 "-" "-"
52.169.206.229 - - [01/Dec/2025:17:24:37 +0000] "GET /gif.php HTTP/1.1" 403 1242 "-" "-"
52.169.206.229 - - [01/Dec/2025:17:24:37 +0000] "GET /g.php HTTP/1.1" 403 1242 "-" "-"
52.169.206.229 - - [01/Dec/2025:17:24:38 +0000] "GET /ahtrew.php HTTP/1.1" 403 1242 "-" "-"
52.169.206.229 - - [01/Dec/2025:17:24:38 +0000] "GET /2.php HTTP/1.1" 403 1242 "-" "-"
52.169.206.229 - - [01/Dec/2025:17:24:38 +0000] "GET /push.php HTTP/1.1" 403 1242 "-" "-"
52.169.206.229 - - [01/Dec/2025:17:24:38 +0000] "GET /itil.php HTTP/1.1" 403 1242 "-" "-"
52.169.206.229 - - [01/Dec/2025:17:24:38 +0000] "GET /build.php HTTP/1.1" 403 1242 "-" "-"
52.169.206.229 - - [01/Dec/2025:17:24:38 +0000] "GET /wag.php HTTP/1.1" 403 1242 "-" "-"
52.169.206.229 - - [01/Dec/2025:17:24:38 +0000] "GET /tiny.php HTTP/1.1" 403 1242 "-" "-"
52.169.206.229 - - [01/Dec/2025:17:24:38 +0000] "GET /wp-admin/maint/index.php HTTP/1.1" 403 1242 "-" "-"
52.169.206.229 - - [01/Dec/2025:17:24:38 +0000] "GET /fv.php HTTP/1.1" 403 1242 "-" "-"
52.169.206.229 - - [01/Dec/2025:17:24:38 +0000] "GET /mlex.php HTTP/1.1" 403 1242 "-" "-"
52.169.206.229 - - [01/Dec/2025:17:24:38 +0000] "GET /love.php HTTP/1.1" 403 1242 "-" "-"
52.169.206.229 - - [01/Dec/2025:17:24:39 +0000] "GET /02.php HTTP/1.1" 403 1242 "-" "-"
52.169.206.229 - - [01/Dec/2025:17:24:39 +0000] "GET /re.php HTTP/1.1" 403 1242 "-" "-"
52.169.206.229 - - [01/Dec/2025:17:24:39 +0000] "GET /admin.php HTTP/1.1" 403 1242 "-" "-"
52.169.206.229 - - [01/Dec/2025:17:24:39 +0000] "GET /class-t.api.php HTTP/1.1" 403 1242 "-" "-"
52.169.206.229 - - [01/Dec/2025:17:24:39 +0000] "GET /admin.php?p= HTTP/1.1" 403 1242 "-" "-"
52.169.206.229 - - [01/Dec/2025:17:24:39 +0000] "GET /file.php? HTTP/1.1" 403 1242 "-" "-"
52.169.206.229 - - [01/Dec/2025:17:24:39 +0000] "GET /x.php HTTP/1.1" 403 1242 "-" "-"
52.169.206.229 - - [01/Dec/2025:17:24:39 +0000] "GET /xx.php HTTP/1.1" 403 1242 "-" "-"
52.169.206.229 - - [01/Dec/2025:17:24:39 +0000] "GET /w.php HTTP/1.1" 403 1242 "-" "-"
52.169.206.229 - - [01/Dec/2025:17:24:39 +0000] "GET /ww.php HTTP/1.1" 403 1242 "-" "-"
52.169.206.229 - - [01/Dec/2025:17:24:40 +0000] "GET /file48.php HTTP/1.1" 403 1242 "-" "-"
52.169.206.229 - - [01/Dec/2025:17:24:40 +0000] "GET /files.php HTTP/1.1" 403 1242 "-" "-"
52.169.206.229 - - [01/Dec/2025:17:24:40 +0000] "GET /ar.php HTTP/1.1" 403 1242 "-" "-"
52.169.206.229 - - [01/Dec/2025:17:24:40 +0000] "GET /ioxi-o1.php HTTP/1.1" 403 1242 "-" "-"
52.169.206.229 - - [01/Dec/2025:17:24:40 +0000] "GET /lock360.php HTTP/1.1" 403 1242 "-" "-"
52.169.206.229 - - [01/Dec/2025:17:24:40 +0000] "GET /f35.php HTTP/1.1" 403 1242 "-" "-"
52.169.206.229 - - [01/Dec/2025:17:24:40 +0000] "GET /bless5.php HTTP/1.1" 403 1242 "-" "-"
52.169.206.229 - - [01/Dec/2025:17:24:40 +0000] "GET /security.php HTTP/1.1" 403 1242 "-" "-"
52.169.206.229 - - [01/Dec/2025:17:24:40 +0000] "GET /gmo.php HTTP/1.1" 403 1242 "-" "-"
52.169.206.229 - - [01/Dec/2025:17:24:40 +0000] "GET /sx.php HTTP/1.1" 403 1242 "-" "-"
52.169.206.229 - - [01/Dec/2025:17:24:40 +0000] "GET /ioxi-o.php HTTP/1.1" 403 1242 "-" "-"
52.169.206.229 - - [01/Dec/2025:17:24:41 +0000] "GET /wsd.php HTTP/1.1" 403 1242 "-" "-"
52.169.206.229 - - [01/Dec/2025:17:24:41 +0000] "GET /gtc.php HTTP/1.1" 403 1242 "-" "-"
52.169.206.229 - - [01/Dec/2025:17:24:41 +0000] "GET /atx.php HTTP/1.1" 403 1242 "-" "-"
52.169.206.229 - - [01/Dec/2025:17:24:41 +0000] "GET /g.php HTTP/1.1" 403 1242 "-" "-"
52.169.206.229 - - [01/Dec/2025:17:24:41 +0000] "GET /class19.php HTTP/1.1" 403 1242 "-" "-"
159.89.127.165 - - [01/Dec/2025:17:07:38 +0000] "GET / HTTP/1.1" 403 1242 "-" "-"
159.89.127.165 - - [01/Dec/2025:17:07:38 +0000] "GET / HTTP/1.1" 301 0 "-" "Mozilla/5.0 (l9scan/2.0.830313e2436313e20313e2037313; +https://leakix.net)"
159.89.127.165 - - [01/Dec/2025:17:07:42 +0000] "POST /api HTTP/1.1" 404 8875 "-" "Mozilla/5.0 (l9scan/2.0.830313e2436313e20313e2037313; +https://leakix.net)"
159.89.127.165 - - [01/Dec/2025:17:07:43 +0000] "POST /api/graphql HTTP/1.1" 404 8865 "-" "Mozilla/5.0 (l9scan/2.0.830313e2436313e20313e2037313; +https://leakix.net)"
159.89.127.165 - - [01/Dec/2025:17:07:45 +0000] "POST /graphql/api HTTP/1.1" 404 8875 "-" "Mozilla/5.0 (l9scan/2.0.830313e2436313e20313e2037313; +https://leakix.net)"
159.89.127.165 - - [01/Dec/2025:17:07:46 +0000] "POST /api/gql HTTP/1.1" 404 8875 "-" "Mozilla/5.0 (l9scan/2.0.830313e2436313e20313e2037313; +https://leakix.net)"
159.89.127.165 - - [01/Dec/2025:17:07:47 +0000] "GET /swagger-ui.html HTTP/1.1" 404 8918 "-" "Mozilla/5.0 (l9scan/2.0.830313e2436313e20313e2037313; +https://leakix.net)"
159.89.127.165 - - [01/Dec/2025:17:07:55 +0000] "GET /v2/api-docs HTTP/1.1" 404 8924 "-" "Mozilla/5.0 (l9scan/2.0.830313e2436313e20313e2037313; +https://leakix.net)"
159.89.127.165 - - [01/Dec/2025:17:07:59 +0000] "POST /php-cgi/php-cgi.exe?%ADd+cgi.force_redirect%3D0+%ADd+disable_functions%3D\"\"+%ADd+allow_url_include%3D1+%ADd+auto_prepend_file%3Dphp://input HTTP/1.1" 404 8875 "-" "Mozilla/5.0 (l9scan/2.0.830313e2436313e20313e2037313; +https://leakix.net)"
159.89.127.165 - - [01/Dec/2025:17:08:03 +0000] "GET /about HTTP/1.1" 404 8924 "-" "Mozilla/5.0 (l9scan/2.0.830313e2436313e20313e2037313; +https://leakix.net)"
159.89.127.165 - - [01/Dec/2025:17:08:09 +0000] "GET /server-status HTTP/1.1" 404 8924 "-" "Mozilla/5.0 (l9scan/2.0.830313e2436313e20313e2037313; +https://leakix.net)"
159.89.127.165 - - [01/Dec/2025:17:08:12 +0000] "GET /.DS_Store HTTP/1.1" 404 8924 "-" "Mozilla/5.0 (l9scan/2.0.830313e2436313e20313e2037313; +https://leakix.net)"
159.89.127.165 - - [01/Dec/2025:17:08:16 +0000] "GET /config.json HTTP/1.1" 404 8924 "-" "Mozilla/5.0 (l9scan/2.0.830313e2436313e20313e2037313; +https://leakix.net)"
159.89.127.165 - - [01/Dec/2025:17:08:17 +0000] "GET /telescope/requests HTTP/1.1" 404 8918 "-" "Mozilla/5.0 (l9scan/2.0.830313e2436313e20313e2037313; +https://leakix.net)"
159.89.127.165 - - [01/Dec/2025:17:08:18 +0000] "GET /info.php HTTP/1.1" 404 8924 "-" "Mozilla/5.0 (l9scan/2.0.830313e2436313e20313e2037313; +https://leakix.net)"
52.169.206.229 - - [01/Dec/2025:17:24:41 +0000] "GET /class20.php HTTP/1.1" 403 1242 "-" "-"
159.89.127.165 - - [01/Dec/2025:17:07:50 +0000] "GET /swagger/swagger-ui.html HTTP/1.1" 404 8924 "-" "Mozilla/5.0 (l9scan/2.0.830313e2436313e20313e2037313; +https://leakix.net)"
159.89.127.165 - - [01/Dec/2025:17:07:52 +0000] "GET /swagger.json HTTP/1.1" 404 8924 "-" "Mozilla/5.0 (l9scan/2.0.830313e2436313e20313e2037313; +https://leakix.net)"
159.89.127.165 - - [01/Dec/2025:17:07:54 +0000] "GET /swagger/v1/swagger.json HTTP/1.1" 404 8924 "-" "Mozilla/5.0 (l9scan/2.0.830313e2436313e20313e2037313; +https://leakix.net)"
170.10.164.108 - - [01/Dec/2025:17:07:56 +0000] "POST /wp-cron.php?doing_wp_cron=1764608876.1763799190521240234375 HTTP/1.1" 200 0 "-" "WordPress/6.8.3; https://cntxt.brainware.com.co"
159.89.127.165 - - [01/Dec/2025:17:07:56 +0000] "GET /v3/api-docs HTTP/1.1" 200 0 "-" "Mozilla/5.0 (l9scan/2.0.830313e2436313e20313e2037313; +https://leakix.net)"
170.10.164.108 - - [01/Dec/2025:17:08:06 +0000] "POST /wp-cron.php?doing_wp_cron=1764608886.0617539882659912109375 HTTP/1.1" 200 0 "-" "WordPress/6.8.3; https://cntxt.brainware.com.co"
159.89.127.165 - - [01/Dec/2025:17:08:05 +0000] "GET /debug/default/view?panel=config HTTP/1.1" 404 8924 "-" "Mozilla/5.0 (l9scan/2.0.830313e2436313e20313e2037313; +https://leakix.net)"
159.89.127.165 - - [01/Dec/2025:17:08:19 +0000] "GET /?rest_route=/wp/v2/users/ HTTP/1.1" 200 440 "-" "Mozilla/5.0 (l9scan/2.0.830313e2436313e20313e2037313; +https://leakix.net)"
114.79.2.169 - - [01/Dec/2025:21:57:33 +0000] "GET /lrwit7bvakghhggw6jCakc.php HTTP/1.1" 200 2160 "-" "Mozilla/5.0 (Windows NT 10.0; Win64; x64) AppleWebKit/537.36 (KHTML, like Gecko) HeadlessChrome/136.0.7103.25 Safari/537.36"
114.10.76.95 - - [01/Dec/2025:23:50:09 +0000] "GET /zz12.php HTTP/1.1" 302 0 "-" "Mozilla/5.0 (Windows NT 10.0; Win64; x64) AppleWebKit/537.36 (KHTML, like Gecko) HeadlessChrome/141.0.7390.37 Safari/537.36"
114.10.76.95 - - [01/Dec/2025:23:50:10 +0000] "GET /zz12.php?p= HTTP/1.1" 200 2122 "-" "Mozilla/5.0 (Windows NT 10.0; Win64; x64) AppleWebKit/537.36 (KHTML, like Gecko) HeadlessChrome/141.0.7390.37 Safari/537.36"
54.73.134.161 - - [01/Dec/2025:23:55:59 +0000] "GET / HTTP/1.1" 301 0 "-" "Mozilla/5.0 (Windows NT 10.0; Win64; x64) AppleWebKit/537.36 (KHTML, like Gecko) Chrome/123.0.0.0 Safari/537.36"
173.208.148.34 - - [02/Dec/2025:01:27:50 +0000] "GET /index.php?params=1 HTTP/1.1" 301 0 "-" "Mozilla/5.0 (Windows NT 10.0; Win64; x64) AppleWebKit/537.36 (KHTML, like Gecko) Chrome/91.0.4472.106 Safari/537.36"
170.10.164.108 - - [02/Dec/2025:01:27:51 +0000] "POST /wp-cron.php?doing_wp_cron=1764638871.5529720783233642578125 HTTP/1.1" 200 0 "-" "WordPress/6.8.3; https://cntxt.brainware.com.co"
101.99.88.90 - - [02/Dec/2025:10:42:30 +0000] "GET /7ykahi6pvzdiidg9puqcCakc.php HTTP/1.1" 404 33383 "-" "Mozilla/5.0 (Windows NT 10.0; Win64; x64) AppleWebKit/537.36 (KHTML, like Gecko) Chrome/120.0.0.0 Safari/537.36"
170.10.164.108 - - [02/Dec/2025:12:45:08 +0000] "POST /wp-cron.php?doing_wp_cron=1764679508.5401289463043212890625 HTTP/1.1" 200 0 "-" "WordPress/6.8.3; https://cntxt.brainware.com.co"
101.99.88.90 - - [02/Dec/2025:12:45:07 +0000] "GET /7ykahi6pvzdiidg9puqcCakc.php HTTP/1.1" 404 33383 "-" "Mozilla/5.0 (Windows NT 10.0; Win64; x64) AppleWebKit/537.36 (KHTML, like Gecko) Chrome/120.0.0.0 Safari/537.36"
114.79.6.245 - - [02/Dec/2025:23:05:28 +0000] "GET /lrwit7bvakghhggw6jCakc.php HTTP/1.1" 200 2122 "-" "Mozilla/5.0 (Windows NT 10.0; Win64; x64) AppleWebKit/537.36 (KHTML, like Gecko) HeadlessChrome/136.0.7103.25 Safari/537.36"
205.210.31.132 - - [03/Dec/2025:00:14:03 +0000] "GET / HTTP/1.1" 403 0 "-" "Hello from Palo Alto Networks, find out more about our scans in https://docs-cortex.paloaltonetworks.com/r/1/Cortex-Xpanse/Scanning-activity"
103.255.156.13 - - [03/Dec/2025:00:22:44 +0000] "GET /zz12.php HTTP/1.1" 302 0 "-" "Mozilla/5.0 (Windows NT 10.0; Win64; x64) AppleWebKit/537.36 (KHTML, like Gecko) HeadlessChrome/141.0.7390.37 Safari/537.36"
103.255.156.13 - - [03/Dec/2025:00:22:44 +0000] "GET /zz12.php?p= HTTP/1.1" 200 2122 "-" "Mozilla/5.0 (Windows NT 10.0; Win64; x64) AppleWebKit/537.36 (KHTML, like Gecko) HeadlessChrome/141.0.7390.37 Safari/537.36"
173.208.148.34 - - [03/Dec/2025:01:43:39 +0000] "GET /index.php?params=1 HTTP/1.1" 301 0 "-" "Mozilla/5.0 (Windows NT 10.0; Win64; x64) AppleWebKit/537.36 (KHTML, like Gecko) Chrome/91.0.4472.106 Safari/537.36"
170.10.164.108 - - [03/Dec/2025:01:43:45 +0000] "POST /wp-cron.php?doing_wp_cron=1764726225.2219700813293457031250 HTTP/1.1" 200 0 "-" "WordPress/6.8.3; https://cntxt.brainware.com.co"
114.10.77.22 - - [03/Dec/2025:23:39:06 +0000] "GET /lrwit7bvakghhggw6jCakc.php HTTP/1.1" 200 2122 "-" "Mozilla/5.0 (Windows NT 10.0; Win64; x64) AppleWebKit/537.36 (KHTML, like Gecko) HeadlessChrome/136.0.7103.25 Safari/537.36"
103.255.156.66 - - [03/Dec/2025:22:58:57 +0000] "GET /zz12.php HTTP/1.1" 302 0 "-" "Mozilla/5.0 (Windows NT 10.0; Win64; x64) AppleWebKit/537.36 (KHTML, like Gecko) HeadlessChrome/141.0.7390.37 Safari/537.36"
103.255.156.66 - - [03/Dec/2025:22:58:57 +0000] "GET /zz12.php?p= HTTP/1.1" 200 2160 "-" "Mozilla/5.0 (Windows NT 10.0; Win64; x64) AppleWebKit/537.36 (KHTML, like Gecko) HeadlessChrome/141.0.7390.37 Safari/537.36"
173.208.148.34 - - [04/Dec/2025:02:39:40 +0000] "GET /index.php?params=1 HTTP/1.1" 301 0 "-" "Mozilla/5.0 (Windows NT 10.0; Win64; x64) AppleWebKit/537.36 (KHTML, like Gecko) Chrome/91.0.4472.106 Safari/537.36"
134.199.167.214 - - [04/Dec/2025:06:49:45 +0000] "GET / HTTP/1.1" 301 0 "https://www.google.com" "Mozilla/5.0 (X11; Ubuntu; Linux x86_64; rv:105.0) Gecko/20100101 Firefox/105.0"
170.10.164.108 - - [04/Dec/2025:08:09:50 +0000] "POST /wp-cron.php?doing_wp_cron=1764835790.9411549568176269531250 HTTP/1.1" 200 0 "-" "WordPress/6.9; https://cntxt.brainware.com.co"
101.99.88.90 - - [04/Dec/2025:08:09:49 +0000] "GET /d9hc6te5vlz67trasgcr6Cakc.php HTTP/1.1" 404 32493 "-" "Mozilla/5.0 (Windows NT 10.0; Win64; x64) AppleWebKit/537.36 (KHTML, like Gecko) Chrome/120.0.0.0 Safari/537.36"
101.99.88.90 - - [04/Dec/2025:12:14:30 +0000] "GET /d9hc6te5vlz67trasgcr6Cakc.php HTTP/1.1" 404 32493 "-" "Mozilla/5.0 (Windows NT 10.0; Win64; x64) AppleWebKit/537.36 (KHTML, like Gecko) Chrome/120.0.0.0 Safari/537.36"
170.10.164.108 - - [04/Dec/2025:10:45:15 +0000] "POST /wp-cron.php?doing_wp_cron=1764845115.5549900531768798828125 HTTP/1.1" 200 0 "-" "WordPress/6.9; https://cntxt.brainware.com.co"
101.99.88.90 - - [04/Dec/2025:10:45:14 +0000] "GET /d9hc6te5vlz67trasgcr6Cakc.php HTTP/1.1" 404 32493 "-" "Mozilla/5.0 (Windows NT 10.0; Win64; x64) AppleWebKit/537.36 (KHTML, like Gecko) Chrome/120.0.0.0 Safari/537.36"
170.10.164.108 - - [04/Dec/2025:12:14:32 +0000] "POST /wp-cron.php?doing_wp_cron=1764850472.0283958911895751953125 HTTP/1.1" 200 0 "-" "WordPress/6.9; https://cntxt.brainware.com.co"
170.10.164.108 - - [04/Dec/2025:13:55:47 +0000] "POST /wp-cron.php?doing_wp_cron=1764856547.6699390411376953125000 HTTP/1.1" 200 0 "-" "WordPress/6.9; https://cntxt.brainware.com.co"
101.99.88.90 - - [04/Dec/2025:13:55:46 +0000] "GET /d9hc6te5vlz67trasgcr6Cakc.php HTTP/1.1" 404 32493 "-" "Mozilla/5.0 (Windows NT 10.0; Win64; x64) AppleWebKit/537.36 (KHTML, like Gecko) Chrome/120.0.0.0 Safari/537.36"