/home/crealab/logs/carweb.brainware.com.co-ssl_log.bkup
170.10.164.108 - - [29/Nov/2025:10:22:32 +0000] "POST /wp-cron.php?doing_wp_cron=1764411752.7541320323944091796875 HTTP/1.1" 200 0 "-" "WordPress/6.8.3; https://carweb.brainware.com.co"
74.7.241.18 - - [29/Nov/2025:10:22:25 +0000] "GET / HTTP/2" 200 31722 "-" "Mozilla/5.0 AppleWebKit/537.36 (KHTML, like Gecko; compatible; GPTBot/1.3; +https://openai.com/gptbot)"
167.71.30.92 - - [29/Nov/2025:11:48:00 +0000] "GET / HTTP/1.1" 301 0 "-" "Mozilla/5.0 (X11; Linux x86_64) AppleWebKit/537.36 (KHTML, like Gecko) Chrome/139.0.0.0 Safari/537.36"
167.71.30.92 - - [29/Nov/2025:11:48:01 +0000] "GET /favicon.ico HTTP/1.1" 404 1251 "https://www.carweb.brainware.com.co/" "Mozilla/5.0 (X11; Linux x86_64) AppleWebKit/537.36 (KHTML, like Gecko) Chrome/139.0.0.0 Safari/537.36"
205.210.31.42 - - [29/Nov/2025:13:39:55 +0000] "GET / HTTP/1.1" 403 1242 "-" "-"
170.10.164.108 - - [30/Nov/2025:04:01:18 +0000] "POST /wp-cron.php?doing_wp_cron=1764475278.5652840137481689453125 HTTP/1.1" 200 0 "-" "WordPress/6.8.3; https://carweb.brainware.com.co"
74.7.243.234 - - [30/Nov/2025:04:01:15 +0000] "GET / HTTP/2" 301 0 "-" "Mozilla/5.0 AppleWebKit/537.36 (KHTML, like Gecko; compatible; GPTBot/1.3; +https://openai.com/gptbot)"
170.10.164.108 - - [30/Nov/2025:06:17:28 +0000] "POST /wp-cron.php?doing_wp_cron=1764483448.1309349536895751953125 HTTP/1.1" 200 0 "-" "WordPress/6.8.3; https://carweb.brainware.com.co"
18.224.192.118 - - [30/Nov/2025:06:17:25 +0000] "GET / HTTP/1.1" 200 35288 "-" "cypex.ai/scanning Mozilla/5.0 (Macintosh; Intel Mac OS X 10_15_7) Chrome/126.0.0.0 Safari/537.36"
198.235.24.156 - - [30/Nov/2025:14:24:07 +0000] "GET / HTTP/1.1" 403 1242 "-" "-"
170.10.164.108 - - [30/Nov/2025:17:26:18 +0000] "POST /wp-cron.php?doing_wp_cron=1764523578.9096589088439941406250 HTTP/1.1" 200 0 "-" "WordPress/6.8.3; https://carweb.brainware.com.co"
74.7.228.9 - - [30/Nov/2025:17:26:15 +0000] "GET /robots.txt HTTP/2" 200 99 "-" "Mozilla/5.0 (Macintosh; Intel Mac OS X 10_15_7) AppleWebKit/537.36 (KHTML, like Gecko) Chrome/131.0.0.0 Safari/537.36; compatible; OAI-SearchBot/1.3; robots.txt; +https://openai.com/searchbot"
170.10.164.108 - - [01/Dec/2025:01:58:16 +0000] "POST /wp-cron.php?doing_wp_cron=1764554296.0687699317932128906250 HTTP/1.1" 200 0 "-" "WordPress/6.8.3; https://carweb.brainware.com.co"
104.252.20.123 - - [01/Dec/2025:01:58:13 +0000] "GET / HTTP/1.1" 200 115808 "-" "Mozilla/5.0+(compatible;+Googlebot/2.1;++http://www.google.com/bot.html)"
104.252.20.123 - - [01/Dec/2025:01:58:17 +0000] "GET / HTTP/1.1" 200 115808 "-" "Mozilla/5.0 (Windows NT 10.0; Win64; x64) AppleWebKit/537.36 (KHTML, like Gecko) Chrome/132.0.0.0 Safari/537.36"
23.27.127.153 - - [01/Dec/2025:02:19:03 +0000] "GET / HTTP/1.1" 200 115808 "-" "Mozilla/5.0+(compatible;+Googlebot/2.1;++http://www.google.com/bot.html)"
23.27.127.153 - - [01/Dec/2025:02:19:14 +0000] "GET / HTTP/1.1" 200 115808 "-" "Mozilla/5.0 (Windows NT 10.0; Win64; x64) AppleWebKit/537.36 (KHTML, like Gecko) Chrome/132.0.0.0 Safari/537.36"
139.59.224.88 - - [01/Dec/2025:06:16:09 +0000] "POST / HTTP/1.1" 200 35288 "-" "Mozilla/5.0 (X11; Linux x86_64; rv:83.0) Gecko/20100101 Firefox/83.0"
204.76.203.25 - - [01/Dec/2025:07:03:32 +0000] "GET /.env HTTP/1.1" 404 119844 "-" "Mozilla/5.0 (Windows NT 10.0; Win64; x64) AppleWebKit/537.36 (KHTML, like Gecko) Chrome/134.0.0.0 Safari/537.3"
139.59.224.88 - - [01/Dec/2025:06:16:05 +0000] "GET /.env HTTP/1.1" 404 36464 "-" "Mozilla/5.0 (X11; Linux x86_64; rv:83.0) Gecko/20100101 Firefox/83.0"
139.59.224.88 - - [01/Dec/2025:06:23:22 +0000] "POST / HTTP/1.1" 200 35309 "-" "Mozilla/5.0 (X11; Linux x86_64; rv:83.0) Gecko/20100101 Firefox/83.0"
170.10.164.108 - - [01/Dec/2025:06:16:08 +0000] "POST /wp-cron.php?doing_wp_cron=1764569768.7645668983459472656250 HTTP/1.1" 200 0 "-" "WordPress/6.8.3; https://carweb.brainware.com.co"
139.59.224.88 - - [01/Dec/2025:06:23:21 +0000] "GET /.env HTTP/1.1" 301 0 "-" "Mozilla/5.0 (X11; Linux x86_64; rv:83.0) Gecko/20100101 Firefox/83.0"
170.10.164.108 - - [01/Dec/2025:07:03:35 +0000] "POST /wp-cron.php?doing_wp_cron=1764572615.3409559726715087890625 HTTP/1.1" 200 0 "-" "WordPress/6.8.3; https://carweb.brainware.com.co"
170.10.164.108 - - [01/Dec/2025:23:14:05 +0000] "POST /wp-cron.php?doing_wp_cron=1764630844.9537899494171142578125 HTTP/1.1" 200 0 "-" "WordPress/6.8.3; https://carweb.brainware.com.co"
74.7.241.18 - - [01/Dec/2025:23:14:01 +0000] "GET / HTTP/2" 200 31725 "-" "Mozilla/5.0 AppleWebKit/537.36 (KHTML, like Gecko; compatible; GPTBot/1.3; +https://openai.com/gptbot)"
170.10.164.108 - - [02/Dec/2025:02:12:23 +0000] "POST /wp-cron.php?doing_wp_cron=1764641543.4867351055145263671875 HTTP/1.1" 200 0 "-" "WordPress/6.8.3; https://carweb.brainware.com.co"
23.26.61.188 - - [02/Dec/2025:02:12:10 +0000] "GET / HTTP/1.1" 200 115808 "-" "Mozilla/5.0+(compatible;+Googlebot/2.1;++http://www.google.com/bot.html)"
23.26.61.188 - - [02/Dec/2025:02:12:25 +0000] "GET / HTTP/1.1" 200 115808 "-" "Mozilla/5.0 (Windows NT 10.0; Win64; x64) AppleWebKit/537.36 (KHTML, like Gecko) Chrome/132.0.0.0 Safari/537.36"
161.123.209.72 - - [02/Dec/2025:02:23:03 +0000] "GET / HTTP/1.1" 200 115808 "-" "Mozilla/5.0+(compatible;+Googlebot/2.1;++http://www.google.com/bot.html)"
161.123.209.72 - - [02/Dec/2025:02:23:08 +0000] "GET / HTTP/1.1" 200 115808 "-" "Mozilla/5.0 (Windows NT 10.0; Win64; x64) AppleWebKit/537.36 (KHTML, like Gecko) Chrome/132.0.0.0 Safari/537.36"
170.10.164.108 - - [02/Dec/2025:08:00:05 +0000] "POST /wp-cron.php?doing_wp_cron=1764662405.5563509464263916015625 HTTP/1.1" 200 0 "-" "WordPress/6.8.3; https://carweb.brainware.com.co"
74.7.243.234 - - [02/Dec/2025:08:00:01 +0000] "GET / HTTP/2" 301 0 "-" "Mozilla/5.0 AppleWebKit/537.36 (KHTML, like Gecko; compatible; GPTBot/1.3; +https://openai.com/gptbot)"
147.185.132.33 - - [02/Dec/2025:09:10:27 +0000] "GET /wp-login.php HTTP/1.1" 200 14234 "http://170.10.164.108:80/wp-login.php" "Hello from Palo Alto Networks, find out more about our scans in https://docs-cortex.paloaltonetworks.com/r/1/Cortex-Xpanse/Scanning-activity"
205.210.31.85 - - [02/Dec/2025:12:21:08 +0000] "GET / HTTP/1.1" 301 0 "-" "Hello from Palo Alto Networks, find out more about our scans in https://docs-cortex.paloaltonetworks.com/r/1/Cortex-Xpanse/Scanning-activity"
170.10.164.108 - - [02/Dec/2025:12:21:11 +0000] "POST /wp-cron.php?doing_wp_cron=1764678071.5052359104156494140625 HTTP/1.1" 200 0 "-" "WordPress/6.8.3; https://carweb.brainware.com.co"
170.10.164.108 - - [02/Dec/2025:16:23:30 +0000] "POST /wp-cron.php?doing_wp_cron=1764692610.7147829532623291015625 HTTP/1.1" 200 0 "-" "WordPress/6.8.3; https://carweb.brainware.com.co"
198.235.24.31 - - [02/Dec/2025:16:23:27 +0000] "GET / HTTP/1.1" 200 115808 "-" "Hello from Palo Alto Networks, find out more about our scans in https://docs-cortex.paloaltonetworks.com/r/1/Cortex-Xpanse/Scanning-activity"
170.10.164.108 - - [02/Dec/2025:18:05:20 +0000] "POST /wp-cron.php?doing_wp_cron=1764698720.2668728828430175781250 HTTP/1.1" 200 0 "-" "WordPress/6.8.3; https://carweb.brainware.com.co"
147.185.132.81 - - [02/Dec/2025:18:05:17 +0000] "GET /wp-login.php HTTP/1.1" 200 14234 "-" "Hello from Palo Alto Networks, find out more about our scans in https://docs-cortex.paloaltonetworks.com/r/1/Cortex-Xpanse/Scanning-activity"
198.235.24.30 - - [03/Dec/2025:00:14:30 +0000] "GET /shell.php HTTP/1.1" 404 119844 "-" "Hello from Palo Alto Networks, find out more about our scans in https://docs-cortex.paloaltonetworks.com/r/1/Cortex-Xpanse/Scanning-activity"
170.10.164.108 - - [03/Dec/2025:00:14:34 +0000] "POST /wp-cron.php?doing_wp_cron=1764720874.4148709774017333984375 HTTP/1.1" 200 0 "-" "WordPress/6.8.3; https://carweb.brainware.com.co"
198.235.24.230 - - [03/Dec/2025:00:34:03 +0000] "GET /shell HTTP/1.1" 404 119844 "-" "Hello from Palo Alto Networks, find out more about our scans in https://docs-cortex.paloaltonetworks.com/r/1/Cortex-Xpanse/Scanning-activity"
205.210.31.147 - - [03/Dec/2025:00:36:07 +0000] "GET /webshell.php HTTP/1.1" 404 119844 "-" "Hello from Palo Alto Networks, find out more about our scans in https://docs-cortex.paloaltonetworks.com/r/1/Cortex-Xpanse/Scanning-activity"
198.235.24.145 - - [03/Dec/2025:00:33:30 +0000] "GET /webshell HTTP/1.1" 404 65536 "-" "Hello from Palo Alto Networks, find out more about our scans in https://docs-cortex.paloaltonetworks.com/r/1/Cortex-Xpanse/Scanning-activity"
31.57.90.188 - - [03/Dec/2025:02:04:53 +0000] "GET / HTTP/1.1" 200 115808 "-" "Mozilla/5.0+(compatible;+Googlebot/2.1;++http://www.google.com/bot.html)"
31.57.90.188 - - [03/Dec/2025:02:04:58 +0000] "GET / HTTP/1.1" 200 115808 "-" "Mozilla/5.0 (Windows NT 10.0; Win64; x64) AppleWebKit/537.36 (KHTML, like Gecko) Chrome/132.0.0.0 Safari/537.36"
98.84.1.175 - - [03/Dec/2025:01:59:21 +0000] "GET / HTTP/1.1" 200 35289 "https://170.10.164.108:443" "RecordedFuture Global Inventory Crawler"
170.10.164.108 - - [03/Dec/2025:01:58:56 +0000] "POST /wp-cron.php?doing_wp_cron=1764727136.1559629440307617187500 HTTP/1.1" 200 0 "-" "WordPress/6.8.3; https://carweb.brainware.com.co"
98.88.137.2 - - [03/Dec/2025:01:58:52 +0000] "GET / HTTP/1.1" 301 0 "-" "RecordedFuture Global Inventory Crawler"
45.38.111.59 - - [03/Dec/2025:02:11:35 +0000] "GET / HTTP/1.1" 200 115808 "-" "Mozilla/5.0+(compatible;+Googlebot/2.1;++http://www.google.com/bot.html)"
45.38.111.59 - - [03/Dec/2025:02:11:50 +0000] "GET / HTTP/1.1" 200 115808 "-" "Mozilla/5.0 (Windows NT 10.0; Win64; x64) AppleWebKit/537.36 (KHTML, like Gecko) Chrome/132.0.0.0 Safari/537.36"
74.7.241.180 - - [03/Dec/2025:14:50:03 +0000] "GET /robots.txt HTTP/2" 301 0 "-" "Mozilla/5.0 (Macintosh; Intel Mac OS X 10_15_7) AppleWebKit/537.36 (KHTML, like Gecko) Chrome/131.0.0.0 Safari/537.36; compatible; OAI-SearchBot/1.3; robots.txt; +https://openai.com/searchbot"
74.7.241.180 - - [03/Dec/2025:14:50:07 +0000] "GET /robots.txt HTTP/2" 200 99 "https://www.carweb.brainware.com.co/robots.txt" "Mozilla/5.0 (Macintosh; Intel Mac OS X 10_15_7) AppleWebKit/537.36 (KHTML, like Gecko) Chrome/131.0.0.0 Safari/537.36; compatible; OAI-SearchBot/1.3; robots.txt; +https://openai.com/searchbot"
170.10.164.108 - - [03/Dec/2025:14:50:06 +0000] "POST /wp-cron.php?doing_wp_cron=1764773406.6333429813385009765625 HTTP/1.1" 200 0 "-" "WordPress/6.8.3; https://carweb.brainware.com.co"
170.10.164.108 - - [03/Dec/2025:14:50:54 +0000] "POST /wp-cron.php?doing_wp_cron=1764773454.1710340976715087890625 HTTP/1.1" 200 0 "-" "WordPress/6.9; https://carweb.brainware.com.co"
170.10.164.108 - - [03/Dec/2025:14:50:52 +0000] "POST /wp-admin/upgrade.php?step=upgrade_db HTTP/1.1" 200 21 "-" "WordPress/6.8.3; https://carweb.brainware.com.co"
170.10.164.108 - - [03/Dec/2025:20:29:11 +0000] "POST /wp-cron.php?doing_wp_cron=1764793751.2292330265045166015625 HTTP/1.1" 200 0 "-" "WordPress/6.9; https://carweb.brainware.com.co"
204.76.203.25 - - [03/Dec/2025:20:29:07 +0000] "GET / HTTP/1.1" 200 131425 "-" "Mozilla/5.0 (Windows NT 10.0; Win64; x64) AppleWebKit/537.36 (KHTML, like Gecko) Chrome/134.0.0.0 Safari/537.3"
23.26.61.176 - - [04/Dec/2025:02:15:32 +0000] "GET / HTTP/1.1" 200 131425 "-" "Mozilla/5.0+(compatible;+Googlebot/2.1;++http://www.google.com/bot.html)"
23.26.61.176 - - [04/Dec/2025:02:15:37 +0000] "GET / HTTP/1.1" 200 131425 "-" "Mozilla/5.0 (Windows NT 10.0; Win64; x64) AppleWebKit/537.36 (KHTML, like Gecko) Chrome/132.0.0.0 Safari/537.36"
170.10.164.108 - - [04/Dec/2025:02:06:58 +0000] "POST /wp-cron.php?doing_wp_cron=1764814017.9867370128631591796875 HTTP/1.1" 200 0 "-" "WordPress/6.9; https://carweb.brainware.com.co"
92.112.162.69 - - [04/Dec/2025:02:06:54 +0000] "GET / HTTP/1.1" 200 131425 "-" "Mozilla/5.0+(compatible;+Googlebot/2.1;++http://www.google.com/bot.html)"
92.112.162.69 - - [04/Dec/2025:02:06:59 +0000] "GET / HTTP/1.1" 200 131425 "-" "Mozilla/5.0 (Windows NT 10.0; Win64; x64) AppleWebKit/537.36 (KHTML, like Gecko) Chrome/132.0.0.0 Safari/537.36"
157.143.30.12 - - [04/Dec/2025:03:47:19 +0000] "GET / HTTP/2" 200 0 "-" "Mozilla/5.0 (Linux; Android 6.0; Nexus 5 Build/MRA58N) AppleWebKit/537.36 (KHTML, like Gecko) Chrome/130.0.0.0 Mobile Safari/537.36"
170.10.164.108 - - [04/Dec/2025:03:47:23 +0000] "POST /wp-cron.php?doing_wp_cron=1764820043.2127470970153808593750 HTTP/1.1" 200 0 "-" "WordPress/6.9; https://carweb.brainware.com.co"
134.199.226.189 - - [04/Dec/2025:07:48:33 +0000] "GET /favicon.ico HTTP/1.1" 404 1251 "https://carweb.brainware.com.co/" "Mozilla/5.0 (X11; Linux x86_64) AppleWebKit/537.36 (KHTML, like Gecko) Chrome/139.0.0.0 Safari/537.36"
134.199.226.189 - - [04/Dec/2025:07:48:31 +0000] "GET / HTTP/1.1" 200 37472 "-" "Mozilla/5.0 (X11; Linux x86_64) AppleWebKit/537.36 (KHTML, like Gecko) Chrome/139.0.0.0 Safari/537.36"
45.148.10.42 - - [04/Dec/2025:19:19:34 +0000] "GET /wp-includes/js/dist/script-modules/interactivity/index.min.js?ver=8964710565a1d258501f HTTP/1.1" 200 14966 "-" "python-httpx/0.28.1"
45.148.10.42 - - [04/Dec/2025:19:19:35 +0000] "GET /.env HTTP/1.1" 404 39082 "-" "python-httpx/0.28.1"
45.148.10.42 - - [04/Dec/2025:19:19:36 +0000] "GET /.env.example HTTP/1.1" 404 39082 "-" "python-httpx/0.28.1"
45.148.10.42 - - [04/Dec/2025:19:19:37 +0000] "GET /.env.development HTTP/1.1" 404 39082 "-" "python-httpx/0.28.1"
45.148.10.42 - - [04/Dec/2025:19:19:38 +0000] "GET /api/.env HTTP/1.1" 404 39082 "-" "python-httpx/0.28.1"
45.148.10.42 - - [04/Dec/2025:19:19:39 +0000] "GET /backend/.env HTTP/1.1" 404 39082 "-" "python-httpx/0.28.1"
45.148.10.42 - - [04/Dec/2025:19:19:41 +0000] "GET /admin/phpinfo.php HTTP/1.1" 404 39076 "-" "python-httpx/0.28.1"
45.148.10.42 - - [04/Dec/2025:19:19:42 +0000] "GET /phpinfo.php HTTP/1.1" 404 39082 "-" "python-httpx/0.28.1"
45.148.10.42 - - [04/Dec/2025:19:19:44 +0000] "GET /info.php HTTP/1.1" 404 39082 "-" "python-httpx/0.28.1"
45.148.10.42 - - [04/Dec/2025:19:19:45 +0000] "GET /index.php/phpinfo HTTP/1.1" 301 0 "-" "python-httpx/0.28.1"
45.148.10.42 - - [04/Dec/2025:19:19:45 +0000] "GET /phpinfo HTTP/1.1" 404 39076 "-" "python-httpx/0.28.1"
45.148.10.42 - - [04/Dec/2025:19:19:49 +0000] "GET /dashboard/info.php HTTP/1.1" 404 39082 "-" "python-httpx/0.28.1"
45.148.10.42 - - [04/Dec/2025:19:19:50 +0000] "GET / HTTP/1.1" 200 37480 "-" "python-httpx/0.28.1"
45.148.10.42 - - [04/Dec/2025:19:19:53 +0000] "GET /logs/debug.log HTTP/1.1" 404 39082 "-" "python-httpx/0.28.1"
45.148.10.42 - - [04/Dec/2025:19:19:54 +0000] "GET /.env.js HTTP/1.1" 404 39082 "-" "python-httpx/0.28.1"
45.148.10.42 - - [04/Dec/2025:19:20:00 +0000] "GET /wp-content/debug.log HTTP/1.1" 404 39082 "-" "python-httpx/0.28.1"
45.148.10.42 - - [04/Dec/2025:19:19:34 +0000] "GET /wp-includes/js/dist/script-modules/block-library/navigation/view.min.js?ver=b0f909c3ec791c383210 HTTP/1.1" 200 1160 "-" "python-httpx/0.28.1"
45.148.10.42 - - [04/Dec/2025:19:19:35 +0000] "GET /.git/config HTTP/1.1" 403 1242 "-" "python-httpx/0.28.1"
45.148.10.42 - - [04/Dec/2025:19:19:43 +0000] "GET /phpinfo HTTP/1.1" 404 39082 "-" "python-httpx/0.28.1"
45.148.10.42 - - [04/Dec/2025:19:19:51 +0000] "GET /.aws/credentials HTTP/1.1" 404 39082 "-" "python-httpx/0.28.1"
45.148.10.42 - - [04/Dec/2025:19:19:55 +0000] "GET /debug.log HTTP/1.1" 404 39082 "-" "python-httpx/0.28.1"
45.148.10.42 - - [04/Dec/2025:19:19:56 +0000] "GET /logs/error.log HTTP/1.1" 404 39082 "-" "python-httpx/0.28.1"
45.148.10.42 - - [04/Dec/2025:19:19:57 +0000] "GET /laravel.log HTTP/1.1" 404 39082 "-" "python-httpx/0.28.1"
45.148.10.42 - - [04/Dec/2025:19:19:59 +0000] "GET /storage/logs/laravel.log HTTP/1.1" 404 39082 "-" "python-httpx/0.28.1"
45.148.10.42 - - [04/Dec/2025:19:19:33 +0000] "GET / HTTP/1.1" 200 37480 "-" "python-httpx/0.28.1"
45.148.10.42 - - [04/Dec/2025:19:19:38 +0000] "GET /.env.production HTTP/1.1" 404 39082 "-" "python-httpx/0.28.1"
45.148.10.42 - - [04/Dec/2025:19:19:40 +0000] "GET /_profiler/phpinfo HTTP/1.1" 404 39082 "-" "python-httpx/0.28.1"
45.148.10.42 - - [04/Dec/2025:19:19:46 +0000] "GET /symfony/_profiler/phpinfo HTTP/1.1" 404 39082 "-" "python-httpx/0.28.1"
45.148.10.42 - - [04/Dec/2025:19:19:47 +0000] "GET /app_dev.php/_profiler/phpinfo HTTP/1.1" 404 39082 "-" "python-httpx/0.28.1"
45.148.10.42 - - [04/Dec/2025:19:19:48 +0000] "GET /test.php HTTP/1.1" 404 39082 "-" "python-httpx/0.28.1"
45.148.10.42 - - [04/Dec/2025:19:19:52 +0000] "GET /config/database.yml HTTP/1.1" 404 39082 "-" "python-httpx/0.28.1"
45.148.10.42 - - [04/Dec/2025:19:19:52 +0000] "GET /settings.py HTTP/1.1" 404 39082 "-" "python-httpx/0.28.1"
45.148.10.42 - - [04/Dec/2025:19:19:58 +0000] "GET /logs/debug.log HTTP/1.1" 404 39082 "-" "python-httpx/0.28.1"