/home/crealab/logs/brainware.com.co.bkup
170.106.35.187 - - [29/Nov/2025:07:48:40 +0000] "GET / HTTP/1.1" 301 0 "-" "Mozilla/5.0 (iPhone; CPU iPhone OS 13_2_3 like Mac OS X) AppleWebKit/605.1.15 (KHTML, like Gecko) Version/13.0.3 Mobile/15E148 Safari/604.1"
101.32.208.70 - - [29/Nov/2025:12:29:22 +0000] "GET / HTTP/1.1" 301 0 "-" "Mozilla/5.0 (iPhone; CPU iPhone OS 13_2_3 like Mac OS X) AppleWebKit/605.1.15 (KHTML, like Gecko) Version/13.0.3 Mobile/15E148 Safari/604.1"
111.172.249.49 - - [29/Nov/2025:10:33:17 +0000] "GET / HTTP/1.1" 301 0 "-" "Mozilla/5.0 (iPhone; CPU iPhone OS 13_2_3 like Mac OS X) AppleWebKit/605.1.15 (KHTML, like Gecko) Version/13.0.3 Mobile/15E148 Safari/604.1"
216.244.66.249 - - [29/Nov/2025:12:41:54 +0000] "GET /robots.txt HTTP/1.1" 200 67 "-" "Mozilla/5.0 (compatible; DotBot/1.2; +https://opensiteexplorer.org/dotbot; help@moz.com)"
216.244.66.249 - - [29/Nov/2025:12:48:54 +0000] "GET /?MD HTTP/1.1" 301 0 "-" "Mozilla/5.0 (compatible; DotBot/1.2; +https://opensiteexplorer.org/dotbot; help@moz.com)"
2a06:98c0:3600::103 - - [29/Nov/2025:14:52:36 +0000] "GET /wp-admin/setup-config.php HTTP/1.1" 409 1213 "-" "Mozilla/5.0 (Windows NT 10.0; Win64; x64) AppleWebKit/537.36 (KHTML, like Gecko) Chrome/142.0.0.0 Safari/537.36"
2a06:98c0:3600::103 - - [29/Nov/2025:14:54:41 +0000] "GET /wordpress/wp-admin/setup-config.php HTTP/1.1" 404 35114 "-" "Mozilla/5.0 (Windows NT 10.0; Win64; x64) AppleWebKit/537.36 (KHTML, like Gecko) Chrome/142.0.0.0 Safari/537.36"
2a06:98c0:3600::103 - - [29/Nov/2025:16:00:26 +0000] "GET /wordpress/wp-admin/setup-config.php HTTP/1.1" 404 35114 "-" "Mozilla/5.0 (Windows NT 10.0; Win64; x64) AppleWebKit/537.36 (KHTML, like Gecko) Chrome/142.0.0.0 Safari/537.36"
173.252.87.15 - - [29/Nov/2025:17:46:49 +0000] "GET /robots.txt HTTP/1.1" 200 67 "-" "facebookexternalhit/1.1 (+http://www.facebook.com/externalhit_uatext.php)"
2a06:98c0:3600::103 - - [29/Nov/2025:16:01:13 +0000] "GET /wp-admin/setup-config.php HTTP/1.1" 409 1213 "-" "Mozilla/5.0 (Windows NT 10.0; Win64; x64) AppleWebKit/537.36 (KHTML, like Gecko) Chrome/142.0.0.0 Safari/537.36"
170.106.187.106 - - [29/Nov/2025:16:06:52 +0000] "GET / HTTP/1.1" 301 0 "-" "Mozilla/5.0 (iPhone; CPU iPhone OS 13_2_3 like Mac OS X) AppleWebKit/605.1.15 (KHTML, like Gecko) Version/13.0.3 Mobile/15E148 Safari/604.1"
138.199.35.5 - - [29/Nov/2025:16:19:00 +0000] "GET / HTTP/1.1" 301 0 "-" "Mozilla/5.0 (Windows NT 10.0; Win64; x64) AppleWebKit/537.36 (KHTML, like Gecko) Chrome/78.0.3904.108 Safari/537.36"
101.91.148.219 - - [29/Nov/2025:17:29:17 +0000] "GET / HTTP/1.1" 301 0 "-" "Mozilla/5.0 (iPhone; CPU iPhone OS 13_2_3 like Mac OS X) AppleWebKit/605.1.15 (KHTML, like Gecko) Version/13.0.3 Mobile/15E148 Safari/604.1"
170.10.164.108 - - [29/Nov/2025:16:06:53 +0000] "POST /wp-cron.php?doing_wp_cron=1764432412.9857048988342285156250 HTTP/1.1" 200 0 "-" "WordPress/6.8.3; https://brainware.com.co"
170.10.164.108 - - [29/Nov/2025:19:07:55 +0000] "POST /wp-cron.php?doing_wp_cron=1764443275.3382520675659179687500 HTTP/1.1" 200 0 "-" "WordPress/6.8.3; https://brainware.com.co"
193.233.85.204 - - [29/Nov/2025:19:07:51 +0000] "GET /wp-json/wp/v2/posts HTTP/1.1" 200 717 "-" "Mozilla/5.0 (Windows NT 10.0; Win64; x64) AppleWebKit/537.36 (KHTML, like Gecko) Chrome/120.0.0.0 Safari/537.36"
193.26.115.216 - - [29/Nov/2025:20:29:00 +0000] "GET / HTTP/1.1" 403 1242 "-" "-"
43.130.67.6 - - [29/Nov/2025:20:45:11 +0000] "GET / HTTP/1.1" 200 0 "-" "Mozilla/5.0 (iPhone; CPU iPhone OS 13_2_3 like Mac OS X) AppleWebKit/605.1.15 (KHTML, like Gecko) Version/13.0.3 Mobile/15E148 Safari/604.1"
216.244.66.249 - - [29/Nov/2025:21:59:28 +0000] "GET /?MA HTTP/1.1" 301 0 "-" "Mozilla/5.0 (compatible; DotBot/1.2; +https://opensiteexplorer.org/dotbot; help@moz.com)"
216.244.66.249 - - [29/Nov/2025:21:52:50 +0000] "GET /robots.txt HTTP/1.1" 200 67 "-" "Mozilla/5.0 (compatible; DotBot/1.2; +https://opensiteexplorer.org/dotbot; help@moz.com)"
43.166.130.123 - - [30/Nov/2025:00:17:32 +0000] "GET / HTTP/1.1" 301 0 "-" "Mozilla/5.0 (iPhone; CPU iPhone OS 13_2_3 like Mac OS X) AppleWebKit/605.1.15 (KHTML, like Gecko) Version/13.0.3 Mobile/15E148 Safari/604.1"
106.119.167.146 - - [29/Nov/2025:23:45:42 +0000] "GET / HTTP/1.1" 301 0 "-" "Mozilla/5.0 (iPhone; CPU iPhone OS 13_2_3 like Mac OS X) AppleWebKit/605.1.15 (KHTML, like Gecko) Version/13.0.3 Mobile/15E148 Safari/604.1"
45.55.237.52 - - [30/Nov/2025:02:07:55 +0000] "GET /.git/config HTTP/1.1" 403 1242 "-" "Mozilla/5.0 (X11; Linux x86_64) AppleWebKit/537.36 (KHTML, like Gecko) Chrome/81.0.4044.129 Safari/537.36"
170.10.164.108 - - [30/Nov/2025:04:20:32 +0000] "POST /wp-cron.php?doing_wp_cron=1764476432.4012379646301269531250 HTTP/1.1" 200 0 "-" "WordPress/6.8.3; https://brainware.com.co"
64.23.137.254 - - [30/Nov/2025:04:20:28 +0000] "GET /wp-login.php HTTP/1.1" 302 0 "-" "Mozilla/5.0"
43.130.72.40 - - [30/Nov/2025:05:03:35 +0000] "GET / HTTP/1.1" 301 0 "-" "Mozilla/5.0 (iPhone; CPU iPhone OS 13_2_3 like Mac OS X) AppleWebKit/605.1.15 (KHTML, like Gecko) Version/13.0.3 Mobile/15E148 Safari/604.1"
2a06:98c0:3600::103 - - [30/Nov/2025:05:59:36 +0000] "GET /wp-admin/setup-config.php HTTP/1.1" 409 1213 "-" "Mozilla/5.0 (Windows NT 10.0; Win64; x64) AppleWebKit/537.36 (KHTML, like Gecko) Chrome/142.0.0.0 Safari/537.36"
2a06:98c0:3600::103 - - [30/Nov/2025:06:02:47 +0000] "GET /wordpress/wp-admin/setup-config.php HTTP/1.1" 404 35113 "-" "Mozilla/5.0 (Windows NT 10.0; Win64; x64) AppleWebKit/537.36 (KHTML, like Gecko) Chrome/142.0.0.0 Safari/537.36"
182.44.67.97 - - [30/Nov/2025:06:14:28 +0000] "GET / HTTP/1.1" 301 0 "-" "Mozilla/5.0 (iPhone; CPU iPhone OS 13_2_3 like Mac OS X) AppleWebKit/605.1.15 (KHTML, like Gecko) Version/13.0.3 Mobile/15E148 Safari/604.1"
43.165.65.75 - - [30/Nov/2025:09:00:10 +0000] "GET / HTTP/1.1" 301 0 "-" "Mozilla/5.0 (iPhone; CPU iPhone OS 13_2_3 like Mac OS X) AppleWebKit/605.1.15 (KHTML, like Gecko) Version/13.0.3 Mobile/15E148 Safari/604.1"
167.172.27.131 - - [30/Nov/2025:09:04:26 +0000] "GET /.git/config HTTP/1.1" 403 1242 "-" "Mozilla/5.0 (X11; Linux x86_64) AppleWebKit/537.36 (KHTML, like Gecko) Chrome/81.0.4044.129 Safari/537.36"
14.175.17.52 - - [30/Nov/2025:09:37:16 +0000] "GET /wp-json/wp/v2/posts HTTP/1.1" 200 717 "-" "Mozilla/5.0 (Windows NT 10.0; Win64; x64) AppleWebKit/537.36 (KHTML, like Gecko) Chrome/120.0.0.0 Safari/537.36"
1.249.31.220 - - [30/Nov/2025:09:02:56 +0000] "GET /wp-json/wp/v2/posts HTTP/1.1" 200 717 "-" "Mozilla/5.0 (Windows NT 10.0; Win64; x64) AppleWebKit/537.36 (KHTML, like Gecko) Chrome/120.0.0.0 Safari/537.36"
45.148.10.160 - - [30/Nov/2025:09:14:59 +0000] "GET /.git/config HTTP/1.1" 403 1242 "-" "Mozilla/5.0 (Windows NT 10.0; rv:91.0) Gecko/20100101 Firefox/91.0"
45.148.10.160 - - [30/Nov/2025:09:15:01 +0000] "GET / HTTP/1.1" 403 1242 "-" "-"
2a06:98c0:3600::103 - - [30/Nov/2025:10:43:59 +0000] "GET /wp-admin/setup-config.php HTTP/1.1" 409 1213 "-" "Mozilla/5.0 (Windows NT 10.0; Win64; x64) AppleWebKit/537.36 (KHTML, like Gecko) Chrome/142.0.0.0 Safari/537.36"
2a06:98c0:3600::103 - - [30/Nov/2025:10:47:18 +0000] "GET /wordpress/wp-admin/setup-config.php HTTP/1.1" 404 35113 "-" "Mozilla/5.0 (Windows NT 10.0; Win64; x64) AppleWebKit/537.36 (KHTML, like Gecko) Chrome/142.0.0.0 Safari/537.36"
198.235.24.37 - - [30/Nov/2025:13:07:41 +0000] "GET / HTTP/1.1" 403 1242 "-" "-"
170.10.164.108 - - [30/Nov/2025:10:47:20 +0000] "POST /wp-cron.php?doing_wp_cron=1764499640.1619770526885986328125 HTTP/1.1" 200 0 "-" "WordPress/6.8.3; https://brainware.com.co"
216.244.66.249 - - [30/Nov/2025:14:35:06 +0000] "GET /robots.txt HTTP/1.1" 200 67 "-" "Mozilla/5.0 (compatible; DotBot/1.2; +https://opensiteexplorer.org/dotbot; help@moz.com)"
43.133.253.253 - - [30/Nov/2025:13:14:27 +0000] "GET / HTTP/1.1" 301 0 "-" "Mozilla/5.0 (iPhone; CPU iPhone OS 13_2_3 like Mac OS X) AppleWebKit/605.1.15 (KHTML, like Gecko) Version/13.0.3 Mobile/15E148 Safari/604.1"
216.244.66.249 - - [30/Nov/2025:14:42:06 +0000] "GET /?SA HTTP/1.1" 301 0 "-" "Mozilla/5.0 (compatible; DotBot/1.2; +https://opensiteexplorer.org/dotbot; help@moz.com)"
173.252.87.18 - - [30/Nov/2025:16:30:18 +0000] "GET /robots.txt HTTP/1.1" 200 67 "-" "facebookexternalhit/1.1 (+http://www.facebook.com/externalhit_uatext.php)"
43.157.170.126 - - [30/Nov/2025:16:48:56 +0000] "GET / HTTP/1.1" 301 0 "-" "Mozilla/5.0 (iPhone; CPU iPhone OS 13_2_3 like Mac OS X) AppleWebKit/605.1.15 (KHTML, like Gecko) Version/13.0.3 Mobile/15E148 Safari/604.1"
167.172.27.131 - - [30/Nov/2025:18:18:16 +0000] "GET /.git/config HTTP/1.1" 403 1242 "-" "Mozilla/5.0 (X11; Linux x86_64) AppleWebKit/537.36 (KHTML, like Gecko) Chrome/81.0.4044.129 Safari/537.36"
49.149.222.14 - - [30/Nov/2025:20:26:15 +0000] "GET /wp-json/wp/v2/posts HTTP/1.1" 200 717 "-" "Mozilla/5.0 (Windows NT 10.0; Win64; x64) AppleWebKit/537.36 (KHTML, like Gecko) Chrome/120.0.0.0 Safari/537.36"
27.64.123.238 - - [30/Nov/2025:20:49:52 +0000] "GET /wp-json/wp/v2/posts HTTP/1.1" 200 717 "-" "Mozilla/5.0 (Windows NT 10.0; Win64; x64) AppleWebKit/537.36 (KHTML, like Gecko) Chrome/120.0.0.0 Safari/537.36"
223.15.245.170 - - [30/Nov/2025:19:31:31 +0000] "GET / HTTP/1.1" 301 0 "-" "Mozilla/5.0 (iPhone; CPU iPhone OS 13_2_3 like Mac OS X) AppleWebKit/605.1.15 (KHTML, like Gecko) Version/13.0.3 Mobile/15E148 Safari/604.1"
170.106.15.3 - - [30/Nov/2025:21:11:10 +0000] "GET / HTTP/1.1" 301 0 "-" "Mozilla/5.0 (iPhone; CPU iPhone OS 13_2_3 like Mac OS X) AppleWebKit/605.1.15 (KHTML, like Gecko) Version/13.0.3 Mobile/15E148 Safari/604.1"
34.64.218.102 - - [30/Nov/2025:23:14:39 +0000] "GET /wp-login.php HTTP/1.1" 302 0 "-" "Mozilla/5.0 (X11; Ubuntu; Linux x86_64; rv:85.0) Gecko/20100101 Firefox/91.0"
52.169.206.229 - - [30/Nov/2025:23:47:01 +0000] "GET /wp-content/plugins/hellopress/wp_filemanager.php HTTP/1.1" 403 1242 "-" "-"
52.169.206.229 - - [30/Nov/2025:23:47:02 +0000] "GET /class-t.api.php HTTP/1.1" 403 1242 "-" "-"
52.169.206.229 - - [30/Nov/2025:23:47:02 +0000] "GET /zwso.php HTTP/1.1" 403 1242 "-" "-"
52.169.206.229 - - [30/Nov/2025:23:47:02 +0000] "GET /wp-admin/css/colors/blue/index.php HTTP/1.1" 403 1242 "-" "-"
52.169.206.229 - - [30/Nov/2025:23:47:02 +0000] "GET /class19.php HTTP/1.1" 403 1242 "-" "-"
52.169.206.229 - - [30/Nov/2025:23:47:02 +0000] "GET /class20.php HTTP/1.1" 403 1242 "-" "-"
52.169.206.229 - - [30/Nov/2025:23:47:02 +0000] "GET /admin.php?p= HTTP/1.1" 403 1242 "-" "-"
52.169.206.229 - - [30/Nov/2025:23:47:02 +0000] "GET /randkeyword.php HTTP/1.1" 403 1242 "-" "-"
52.169.206.229 - - [30/Nov/2025:23:47:02 +0000] "GET /fwe.php HTTP/1.1" 403 1242 "-" "-"
52.169.206.229 - - [30/Nov/2025:23:47:02 +0000] "GET /images/m.php HTTP/1.1" 403 1242 "-" "-"
52.169.206.229 - - [30/Nov/2025:23:47:02 +0000] "GET /g.php HTTP/1.1" 403 1242 "-" "-"
52.169.206.229 - - [30/Nov/2025:23:47:03 +0000] "GET /tx1.php HTTP/1.1" 403 1242 "-" "-"
52.169.206.229 - - [30/Nov/2025:23:47:03 +0000] "GET /xv.php HTTP/1.1" 403 1242 "-" "-"
52.169.206.229 - - [30/Nov/2025:23:47:03 +0000] "GET /x56.php HTTP/1.1" 403 1242 "-" "-"
52.169.206.229 - - [30/Nov/2025:23:47:03 +0000] "GET /htaccess.php HTTP/1.1" 403 1242 "-" "-"
52.169.206.229 - - [30/Nov/2025:23:47:03 +0000] "GET /readme.php HTTP/1.1" 403 1242 "-" "-"
52.169.206.229 - - [30/Nov/2025:23:47:03 +0000] "GET /x50.php HTTP/1.1" 403 1242 "-" "-"
52.169.206.229 - - [30/Nov/2025:23:47:03 +0000] "GET /fv.php HTTP/1.1" 403 1242 "-" "-"
52.169.206.229 - - [30/Nov/2025:23:47:03 +0000] "GET /file.php? HTTP/1.1" 403 1242 "-" "-"
52.169.206.229 - - [30/Nov/2025:23:47:03 +0000] "GET /system_log.php HTTP/1.1" 403 1242 "-" "-"
52.169.206.229 - - [30/Nov/2025:23:47:03 +0000] "GET /as.php HTTP/1.1" 403 1242 "-" "-"
52.169.206.229 - - [30/Nov/2025:23:47:03 +0000] "GET /wsd.php HTTP/1.1" 403 1242 "-" "-"
52.169.206.229 - - [30/Nov/2025:23:47:04 +0000] "GET /gtc.php HTTP/1.1" 403 1242 "-" "-"
52.169.206.229 - - [30/Nov/2025:23:47:04 +0000] "GET /atx.php HTTP/1.1" 403 1242 "-" "-"
52.169.206.229 - - [30/Nov/2025:23:47:04 +0000] "GET /z60.php HTTP/1.1" 403 1242 "-" "-"
52.169.206.229 - - [30/Nov/2025:23:47:04 +0000] "GET /z60.php?p= HTTP/1.1" 403 1242 "-" "-"
52.169.206.229 - - [30/Nov/2025:23:47:04 +0000] "GET /403.php HTTP/1.1" 403 1242 "-" "-"
52.169.206.229 - - [30/Nov/2025:23:47:04 +0000] "GET /m.php HTTP/1.1" 403 1242 "-" "-"
52.169.206.229 - - [30/Nov/2025:23:47:04 +0000] "GET /themes.php HTTP/1.1" 403 1242 "-" "-"
52.169.206.229 - - [30/Nov/2025:23:47:04 +0000] "GET /wp-admin/maint/about.php HTTP/1.1" 403 1242 "-" "-"
52.169.206.229 - - [30/Nov/2025:23:47:04 +0000] "GET /wp-admin/network/wp-conflg.php?p= HTTP/1.1" 403 1242 "-" "-"
52.169.206.229 - - [30/Nov/2025:23:47:04 +0000] "GET /click.php HTTP/1.1" 403 1242 "-" "-"
52.169.206.229 - - [30/Nov/2025:23:47:04 +0000] "GET /install.php HTTP/1.1" 403 1242 "-" "-"
52.169.206.229 - - [30/Nov/2025:23:47:05 +0000] "GET /lv.php HTTP/1.1" 403 1242 "-" "-"
52.169.206.229 - - [30/Nov/2025:23:47:05 +0000] "GET /simple.php HTTP/1.1" 403 1242 "-" "-"
52.169.206.229 - - [30/Nov/2025:23:47:05 +0000] "GET /css.php HTTP/1.1" 403 1242 "-" "-"
52.169.206.229 - - [30/Nov/2025:23:47:05 +0000] "GET /cong.php HTTP/1.1" 403 1242 "-" "-"
52.169.206.229 - - [30/Nov/2025:23:47:05 +0000] "GET /wp-includes/images/wp-login.php HTTP/1.1" 403 1242 "-" "-"
52.169.206.229 - - [30/Nov/2025:23:47:05 +0000] "GET /cong.php HTTP/1.1" 403 1242 "-" "-"
52.169.206.229 - - [30/Nov/2025:23:47:05 +0000] "GET /w.php HTTP/1.1" 403 1242 "-" "-"
52.169.206.229 - - [30/Nov/2025:23:47:05 +0000] "GET /404.php HTTP/1.1" 403 1242 "-" "-"
52.169.206.229 - - [30/Nov/2025:23:47:05 +0000] "GET /ioxi-o.php HTTP/1.1" 403 1242 "-" "-"
52.169.206.229 - - [30/Nov/2025:23:47:05 +0000] "GET /0x.php HTTP/1.1" 403 1242 "-" "-"
52.169.206.229 - - [30/Nov/2025:23:47:06 +0000] "GET /css.php HTTP/1.1" 403 1242 "-" "-"
52.169.206.229 - - [30/Nov/2025:23:47:06 +0000] "GET /222.php HTTP/1.1" 403 1242 "-" "-"
52.169.206.229 - - [30/Nov/2025:23:47:06 +0000] "GET /wp-content/index.php HTTP/1.1" 403 1242 "-" "-"
52.169.206.229 - - [30/Nov/2025:23:47:06 +0000] "GET /1.php HTTP/1.1" 403 1242 "-" "-"
52.169.206.229 - - [30/Nov/2025:23:47:06 +0000] "GET /admin.php HTTP/1.1" 403 1242 "-" "-"
52.169.206.229 - - [30/Nov/2025:23:47:06 +0000] "GET /wp-admin/maint/maint.php HTTP/1.1" 403 1242 "-" "-"
52.169.206.229 - - [30/Nov/2025:23:47:06 +0000] "GET /classwithtostring.php HTTP/1.1" 403 1242 "-" "-"
52.169.206.229 - - [30/Nov/2025:23:47:06 +0000] "GET /abcd.php HTTP/1.1" 403 1242 "-" "-"
52.169.206.229 - - [30/Nov/2025:23:47:06 +0000] "GET /0x.php HTTP/1.1" 403 1242 "-" "-"
52.169.206.229 - - [30/Nov/2025:23:47:06 +0000] "GET /moon.php?p= HTTP/1.1" 403 1242 "-" "-"
52.169.206.229 - - [30/Nov/2025:23:47:06 +0000] "GET /autoload_classmap.php?p= HTTP/1.1" 403 1242 "-" "-"
52.169.206.229 - - [30/Nov/2025:23:47:07 +0000] "GET /inputs.php HTTP/1.1" 403 1242 "-" "-"
52.169.206.229 - - [30/Nov/2025:23:47:07 +0000] "GET /about.php HTTP/1.1" 403 1242 "-" "-"
52.169.206.229 - - [30/Nov/2025:23:47:07 +0000] "GET /alfa.php HTTP/1.1" 403 1242 "-" "-"
52.169.206.229 - - [30/Nov/2025:23:47:07 +0000] "GET /themes/twentytwentytwo/index.php HTTP/1.1" 403 1242 "-" "-"
52.169.206.229 - - [30/Nov/2025:23:47:07 +0000] "GET /wp-admin/js/wp-conflg.php?p= HTTP/1.1" 403 1242 "-" "-"
52.169.206.229 - - [30/Nov/2025:23:47:07 +0000] "GET /wp-admin/wp-conflg.php?p= HTTP/1.1" 403 1242 "-" "-"
52.169.206.229 - - [30/Nov/2025:23:47:07 +0000] "GET /wp-admin/css/wp-conflg.php?p= HTTP/1.1" 403 1242 "-" "-"
52.169.206.229 - - [30/Nov/2025:23:47:07 +0000] "GET /manager.php?p= HTTP/1.1" 403 1242 "-" "-"
52.169.206.229 - - [30/Nov/2025:23:47:07 +0000] "GET /item.php HTTP/1.1" 403 1242 "-" "-"
52.169.206.229 - - [30/Nov/2025:23:47:07 +0000] "GET /plugins/Cache/footer.php HTTP/1.1" 403 1242 "-" "-"
52.169.206.229 - - [30/Nov/2025:23:47:07 +0000] "GET /404.php HTTP/1.1" 403 1242 "-" "-"
52.169.206.229 - - [30/Nov/2025:23:47:08 +0000] "GET /mail.php HTTP/1.1" 403 1242 "-" "-"
52.169.206.229 - - [30/Nov/2025:23:47:08 +0000] "GET /wp-content/plugins/index.php HTTP/1.1" 403 1242 "-" "-"
52.169.206.229 - - [30/Nov/2025:23:47:08 +0000] "GET /sx.php HTTP/1.1" 403 1242 "-" "-"
52.169.206.229 - - [30/Nov/2025:23:47:08 +0000] "GET /wp-admin/maint/admin.php HTTP/1.1" 403 1242 "-" "-"
52.169.206.229 - - [30/Nov/2025:23:47:08 +0000] "GET /alfa.php HTTP/1.1" 403 1242 "-" "-"
52.169.206.229 - - [30/Nov/2025:23:47:08 +0000] "GET /1.php HTTP/1.1" 403 1242 "-" "-"
52.169.206.229 - - [30/Nov/2025:23:47:08 +0000] "GET /byp.php HTTP/1.1" 403 1242 "-" "-"
52.169.206.229 - - [30/Nov/2025:23:47:08 +0000] "GET /wp-trackback.php HTTP/1.1" 403 1242 "-" "-"
52.169.206.229 - - [30/Nov/2025:23:47:08 +0000] "GET /.well-known/index.php HTTP/1.1" 403 1242 "-" "-"
52.169.206.229 - - [30/Nov/2025:23:47:08 +0000] "GET /wp-admin/network/plugins.php HTTP/1.1" 403 1242 "-" "-"
52.169.206.229 - - [30/Nov/2025:23:47:09 +0000] "GET /wp-admin/about.php HTTP/1.1" 403 1242 "-" "-"
52.169.206.229 - - [30/Nov/2025:23:47:09 +0000] "GET /gmo.php HTTP/1.1" 403 1242 "-" "-"
52.169.206.229 - - [30/Nov/2025:23:47:09 +0000] "GET /wp-includes/ID3/about.php HTTP/1.1" 403 1242 "-" "-"
52.169.206.229 - - [30/Nov/2025:23:47:09 +0000] "GET /css/index.php HTTP/1.1" 403 1242 "-" "-"
52.169.206.229 - - [30/Nov/2025:23:47:09 +0000] "GET /wp-includes/SimplePie/wp-login.php HTTP/1.1" 403 1242 "-" "-"
52.169.206.229 - - [30/Nov/2025:23:47:09 +0000] "GET /wp-content/themes/about.php HTTP/1.1" 403 1242 "-" "-"
52.169.206.229 - - [30/Nov/2025:23:47:09 +0000] "GET /filemanager/dialog.php HTTP/1.1" 403 1242 "-" "-"
52.169.206.229 - - [30/Nov/2025:23:47:09 +0000] "GET /wp-admin/maint/index.php HTTP/1.1" 403 1242 "-" "-"
52.169.206.229 - - [30/Nov/2025:23:47:09 +0000] "GET /wp-includes/customize/about.php HTTP/1.1" 403 1242 "-" "-"
52.169.206.229 - - [30/Nov/2025:23:47:09 +0000] "GET /index/function.php HTTP/1.1" 403 1242 "-" "-"
52.169.206.229 - - [30/Nov/2025:23:47:09 +0000] "GET /uploads/autoload_classmap.php HTTP/1.1" 403 1242 "-" "-"
52.169.206.229 - - [30/Nov/2025:23:47:10 +0000] "GET /wp-includes/style-engine/about.php HTTP/1.1" 403 1242 "-" "-"
52.169.206.229 - - [30/Nov/2025:23:47:10 +0000] "GET /ww1.php HTTP/1.1" 403 1242 "-" "-"
52.169.206.229 - - [30/Nov/2025:23:47:10 +0000] "GET /about/function.php HTTP/1.1" 403 1242 "-" "-"
52.169.206.229 - - [30/Nov/2025:23:47:10 +0000] "GET /admin/function.php HTTP/1.1" 403 1242 "-" "-"
52.169.206.229 - - [30/Nov/2025:23:47:10 +0000] "GET /.well-known/acme-challenge/index.php HTTP/1.1" 403 1242 "-" "-"
52.169.206.229 - - [30/Nov/2025:23:47:10 +0000] "GET /css/colors/blue/index.php HTTP/1.1" 403 1242 "-" "-"
52.169.206.229 - - [30/Nov/2025:23:47:10 +0000] "GET /security.php HTTP/1.1" 403 1242 "-" "-"
52.169.206.229 - - [30/Nov/2025:23:47:10 +0000] "GET /wp-admin/user/about.php HTTP/1.1" 403 1242 "-" "-"
52.169.206.229 - - [30/Nov/2025:23:47:10 +0000] "GET /wp-admin/js/index.php HTTP/1.1" 403 1242 "-" "-"
52.169.206.229 - - [30/Nov/2025:23:47:10 +0000] "GET /wp-content/upgrade/about.php HTTP/1.1" 403 1242 "-" "-"
52.169.206.229 - - [30/Nov/2025:23:47:11 +0000] "GET /wp-includes/assets/index.php HTTP/1.1" 403 1242 "-" "-"
52.169.206.229 - - [30/Nov/2025:23:47:11 +0000] "GET /wp-content/radio.php HTTP/1.1" 403 1242 "-" "-"
52.169.206.229 - - [30/Nov/2025:23:47:11 +0000] "GET /wp-includes/fonts/index.php?p= HTTP/1.1" 403 1242 "-" "-"
52.169.206.229 - - [30/Nov/2025:23:47:11 +0000] "GET /.well-known/admin.php HTTP/1.1" 403 1242 "-" "-"
52.169.206.229 - - [30/Nov/2025:23:47:11 +0000] "GET /wp-content/admin.php HTTP/1.1" 403 1242 "-" "-"
52.169.206.229 - - [30/Nov/2025:23:47:11 +0000] "GET /wp-content/plugins/admin.php HTTP/1.1" 403 1242 "-" "-"
52.169.206.229 - - [30/Nov/2025:23:47:11 +0000] "GET /wp-content/themes/twentytwentytwo/index.php?p= HTTP/1.1" 403 1242 "-" "-"
52.169.206.229 - - [30/Nov/2025:23:47:11 +0000] "GET /.well-known/log.php HTTP/1.1" 403 1242 "-" "-"
52.169.206.229 - - [30/Nov/2025:23:47:11 +0000] "GET /class.php HTTP/1.1" 403 1242 "-" "-"
52.169.206.229 - - [30/Nov/2025:23:47:11 +0000] "GET /bless5.php HTTP/1.1" 403 1242 "-" "-"
52.169.206.229 - - [30/Nov/2025:23:47:12 +0000] "GET /wp-includes/js/codemirror/index.php HTTP/1.1" 403 1242 "-" "-"
52.169.206.229 - - [30/Nov/2025:23:47:12 +0000] "GET /wp-includes/block-patterns/index.php HTTP/1.1" 403 1242 "-" "-"
52.169.206.229 - - [30/Nov/2025:23:47:12 +0000] "GET /lock360.php HTTP/1.1" 403 1242 "-" "-"
52.169.206.229 - - [30/Nov/2025:23:47:12 +0000] "GET /f35.php HTTP/1.1" 403 1242 "-" "-"
52.169.206.229 - - [30/Nov/2025:23:47:12 +0000] "GET /ioxi-o1.php HTTP/1.1" 403 1242 "-" "-"
52.169.206.229 - - [30/Nov/2025:23:47:12 +0000] "GET /juuuu.php HTTP/1.1" 403 1242 "-" "-"
52.169.206.229 - - [30/Nov/2025:23:47:12 +0000] "GET /ha.php HTTP/1.1" 403 1242 "-" "-"
52.169.206.229 - - [30/Nov/2025:23:47:12 +0000] "GET /gg.php HTTP/1.1" 403 1242 "-" "-"
52.169.206.229 - - [30/Nov/2025:23:47:12 +0000] "GET /we2.php HTTP/1.1" 403 1242 "-" "-"
52.169.206.229 - - [30/Nov/2025:23:47:12 +0000] "GET /04.php HTTP/1.1" 403 1242 "-" "-"
52.169.206.229 - - [30/Nov/2025:23:47:12 +0000] "GET /333.php HTTP/1.1" 403 1242 "-" "-"
52.169.206.229 - - [30/Nov/2025:23:47:13 +0000] "GET /520.php HTTP/1.1" 403 1242 "-" "-"
52.169.206.229 - - [30/Nov/2025:23:47:13 +0000] "GET /ar.php HTTP/1.1" 403 1242 "-" "-"
52.169.206.229 - - [30/Nov/2025:23:47:13 +0000] "GET /x.php HTTP/1.1" 403 1242 "-" "-"
52.169.206.229 - - [30/Nov/2025:23:47:13 +0000] "GET /xx.php HTTP/1.1" 403 1242 "-" "-"
52.169.206.229 - - [30/Nov/2025:23:47:13 +0000] "GET /gifclass4.php HTTP/1.1" 403 1242 "-" "-"
52.169.206.229 - - [30/Nov/2025:23:47:13 +0000] "GET /wp-freya.php HTTP/1.1" 403 1242 "-" "-"
52.169.206.229 - - [30/Nov/2025:23:47:13 +0000] "GET /2clas.php HTTP/1.1" 403 1242 "-" "-"
52.169.206.229 - - [30/Nov/2025:23:47:13 +0000] "GET /2eaa2.php HTTP/1.1" 403 1242 "-" "-"
52.169.206.229 - - [30/Nov/2025:23:47:13 +0000] "GET /ave.php HTTP/1.1" 403 1242 "-" "-"
52.169.206.229 - - [30/Nov/2025:23:47:13 +0000] "GET /wrt.php HTTP/1.1" 403 1242 "-" "-"
52.169.206.229 - - [30/Nov/2025:23:47:13 +0000] "GET /bibil.php HTTP/1.1" 403 1242 "-" "-"
52.169.206.229 - - [30/Nov/2025:23:47:14 +0000] "GET /radio.php HTTP/1.1" 403 1242 "-" "-"
52.169.206.229 - - [30/Nov/2025:23:47:14 +0000] "GET /files.php HTTP/1.1" 403 1242 "-" "-"
52.169.206.229 - - [30/Nov/2025:23:47:14 +0000] "GET /cord.php HTTP/1.1" 403 1242 "-" "-"
52.169.206.229 - - [30/Nov/2025:23:47:14 +0000] "GET /gifclass.php HTTP/1.1" 403 1242 "-" "-"
52.169.206.229 - - [30/Nov/2025:23:47:14 +0000] "GET /shlo.php HTTP/1.1" 403 1242 "-" "-"
52.169.206.229 - - [30/Nov/2025:23:47:14 +0000] "GET /wp-admin/css/colors/midnight/about.php HTTP/1.1" 403 1242 "-" "-"
52.169.206.229 - - [30/Nov/2025:23:47:14 +0000] "GET /nox.php HTTP/1.1" 403 1242 "-" "-"
52.169.206.229 - - [30/Nov/2025:23:47:14 +0000] "GET /file48.php HTTP/1.1" 403 1242 "-" "-"
52.169.206.229 - - [30/Nov/2025:23:47:14 +0000] "GET /info.php HTTP/1.1" 403 1242 "-" "-"
216.244.66.249 - - [30/Nov/2025:23:58:59 +0000] "GET /?NA HTTP/1.1" 301 0 "-" "Mozilla/5.0 (compatible; DotBot/1.2; +https://opensiteexplorer.org/dotbot; help@moz.com)"
43.153.104.196 - - [01/Dec/2025:00:41:26 +0000] "GET / HTTP/1.1" 301 0 "-" "Mozilla/5.0 (iPhone; CPU iPhone OS 13_2_3 like Mac OS X) AppleWebKit/605.1.15 (KHTML, like Gecko) Version/13.0.3 Mobile/15E148 Safari/604.1"
167.172.27.131 - - [30/Nov/2025:23:00:32 +0000] "GET /.git/config HTTP/1.1" 403 1242 "-" "Mozilla/5.0 (X11; Linux x86_64) AppleWebKit/537.36 (KHTML, like Gecko) Chrome/81.0.4044.129 Safari/537.36"
2a06:98c0:3600::103 - - [30/Nov/2025:23:03:35 +0000] "GET /wp-admin/setup-config.php HTTP/1.1" 409 1213 "-" "Mozilla/5.0 (Windows NT 10.0; Win64; x64) AppleWebKit/537.36 (KHTML, like Gecko) Chrome/142.0.0.0 Safari/537.36"
2a06:98c0:3600::103 - - [30/Nov/2025:23:03:40 +0000] "GET /wordpress/wp-admin/setup-config.php HTTP/1.1" 404 35112 "-" "Mozilla/5.0 (Windows NT 10.0; Win64; x64) AppleWebKit/537.36 (KHTML, like Gecko) Chrome/142.0.0.0 Safari/537.36"
34.64.218.102 - - [30/Nov/2025:23:14:39 +0000] "GET /wp-login.php HTTP/1.1" 302 0 "-" "Mozilla/5.0 (X11; Ubuntu; Linux x86_64; rv:85.0) Gecko/20100101 Firefox/91.0"
160.187.38.101 - - [30/Nov/2025:23:39:00 +0000] "GET / HTTP/1.1" 301 0 "-" "Mozilla/5.0 (Macintosh; Intel Mac OS X 10_15_7) AppleWebKit/537.36 (KHTML, like Gecko) Chrome/112.0.5615.138 Safari/537.36"
138.199.35.5 - - [01/Dec/2025:00:58:36 +0000] "GET / HTTP/1.1" 301 0 "-" "Mozilla/5.0 (Windows NT 10.0; Win64; x64) AppleWebKit/537.36 (KHTML, like Gecko) Chrome/78.0.3904.108 Safari/537.36"
34.64.218.102 - - [30/Nov/2025:23:14:39 +0000] "GET /wp-login.php HTTP/1.1" 302 0 "-" "Mozilla/5.0 (X11; Ubuntu; Linux x86_64; rv:85.0) Gecko/20100101 Firefox/91.0"
34.64.218.102 - - [30/Nov/2025:23:14:39 +0000] "GET /wp-login.php HTTP/1.1" 302 0 "-" "Mozilla/5.0 (X11; Ubuntu; Linux x86_64; rv:85.0) Gecko/20100101 Firefox/91.0"
216.244.66.249 - - [30/Nov/2025:23:51:03 +0000] "GET /robots.txt HTTP/1.1" 200 67 "-" "Mozilla/5.0 (compatible; DotBot/1.2; +https://opensiteexplorer.org/dotbot; help@moz.com)"
45.138.16.119 - - [01/Dec/2025:00:37:36 +0000] "GET / HTTP/1.1" 403 1242 "-" "-"
45.149.173.233 - - [01/Dec/2025:02:12:30 +0000] "GET / HTTP/1.1" 301 0 "-" "Mozilla/5.0 (Windows NT 10.0; Win64; x64) AppleWebKit/537.36 (KHTML, like Gecko) Chrome/78.0.3904.108 Safari/537.36"
222.79.104.23 - - [01/Dec/2025:01:42:21 +0000] "GET / HTTP/1.1" 301 0 "-" "Mozilla/5.0 (iPhone; CPU iPhone OS 13_2_3 like Mac OS X) AppleWebKit/605.1.15 (KHTML, like Gecko) Version/13.0.3 Mobile/15E148 Safari/604.1"
170.10.164.108 - - [01/Dec/2025:02:12:34 +0000] "POST /wp-cron.php?doing_wp_cron=1764555154.9023261070251464843750 HTTP/1.1" 200 0 "-" "WordPress/6.8.3; https://brainware.com.co"
64.190.113.201 - - [01/Dec/2025:05:11:45 +0000] "GET /.env HTTP/1.1" 404 35114 "-" "python-requests/2.32.3"
170.10.164.108 - - [01/Dec/2025:05:11:48 +0000] "POST /wp-cron.php?doing_wp_cron=1764565908.7532310485839843750000 HTTP/1.1" 200 0 "-" "WordPress/6.8.3; https://brainware.com.co"
43.155.129.131 - - [01/Dec/2025:05:17:28 +0000] "GET / HTTP/1.1" 301 0 "-" "Mozilla/5.0 (iPhone; CPU iPhone OS 13_2_3 like Mac OS X) AppleWebKit/605.1.15 (KHTML, like Gecko) Version/13.0.3 Mobile/15E148 Safari/604.1"
124.217.69.118 - - [01/Dec/2025:06:54:00 +0000] "GET /wp-json/wp/v2/posts HTTP/1.1" 200 717 "-" "Mozilla/5.0 (Windows NT 10.0; Win64; x64) AppleWebKit/537.36 (KHTML, like Gecko) Chrome/120.0.0.0 Safari/537.36"
217.194.249.191 - - [01/Dec/2025:07:38:32 +0000] "GET /wp-json/wp/v2/posts HTTP/1.1" 200 717 "-" "Mozilla/5.0 (Windows NT 10.0; Win64; x64) AppleWebKit/537.36 (KHTML, like Gecko) Chrome/120.0.0.0 Safari/537.36"
43.159.143.139 - - [01/Dec/2025:08:56:31 +0000] "GET / HTTP/1.1" 301 0 "-" "Mozilla/5.0 (iPhone; CPU iPhone OS 13_2_3 like Mac OS X) AppleWebKit/605.1.15 (KHTML, like Gecko) Version/13.0.3 Mobile/15E148 Safari/604.1"
223.165.66.10 - - [01/Dec/2025:09:13:56 +0000] "POST /xmlrpc.php HTTP/1.1" 200 244 "-" "Mozilla/5.0 (X11; Ubuntu; Linux x86_64; rv:85.0) Gecko/20100101 Firefox/91.0"
2a06:98c0:3600::103 - - [01/Dec/2025:08:21:08 +0000] "GET /wp-admin/setup-config.php HTTP/1.1" 409 1213 "-" "Mozilla/5.0 (Windows NT 10.0; Win64; x64) AppleWebKit/537.36 (KHTML, like Gecko) Chrome/142.0.0.0 Safari/537.36"
2a06:98c0:3600::103 - - [01/Dec/2025:08:22:44 +0000] "GET /wordpress/wp-admin/setup-config.php HTTP/1.1" 404 35114 "-" "Mozilla/5.0 (Windows NT 10.0; Win64; x64) AppleWebKit/537.36 (KHTML, like Gecko) Chrome/142.0.0.0 Safari/537.36"
223.165.66.10 - - [01/Dec/2025:09:13:56 +0000] "POST /xmlrpc.php HTTP/1.1" 200 211 "-" "Mozilla/5.0 (X11; Ubuntu; Linux x86_64; rv:85.0) Gecko/20100101 Firefox/91.0"
223.165.66.10 - - [01/Dec/2025:09:13:56 +0000] "POST /xmlrpc.php HTTP/1.1" 200 211 "-" "Mozilla/5.0 (X11; Ubuntu; Linux x86_64; rv:85.0) Gecko/20100101 Firefox/91.0"
223.165.66.10 - - [01/Dec/2025:09:13:56 +0000] "POST /xmlrpc.php HTTP/1.1" 200 244 "-" "Mozilla/5.0 (X11; Ubuntu; Linux x86_64; rv:85.0) Gecko/20100101 Firefox/91.0"
192.159.99.170 - - [01/Dec/2025:09:29:48 +0000] "GET / HTTP/1.1" 403 1242 "-" "-"
167.172.27.131 - - [01/Dec/2025:10:32:48 +0000] "GET /.git/config HTTP/1.1" 403 1242 "-" "Mozilla/5.0 (X11; Linux x86_64) AppleWebKit/537.36 (KHTML, like Gecko) Chrome/81.0.4044.129 Safari/537.36"
43.157.95.239 - - [01/Dec/2025:13:12:38 +0000] "GET / HTTP/1.1" 301 0 "-" "Mozilla/5.0 (iPhone; CPU iPhone OS 13_2_3 like Mac OS X) AppleWebKit/605.1.15 (KHTML, like Gecko) Version/13.0.3 Mobile/15E148 Safari/604.1"
2a06:98c0:3600::103 - - [01/Dec/2025:13:38:08 +0000] "GET /wp-admin/setup-config.php HTTP/1.1" 409 1213 "-" "Mozilla/5.0 (Windows NT 10.0; Win64; x64) AppleWebKit/537.36 (KHTML, like Gecko) Chrome/142.0.0.0 Safari/537.36"
216.244.66.249 - - [01/Dec/2025:13:12:29 +0000] "GET /robots.txt HTTP/1.1" 200 67 "-" "Mozilla/5.0 (compatible; DotBot/1.2; +https://opensiteexplorer.org/dotbot; help@moz.com)"
216.244.66.249 - - [01/Dec/2025:13:19:03 +0000] "GET / HTTP/1.1" 301 0 "-" "Mozilla/5.0 (compatible; DotBot/1.2; +https://opensiteexplorer.org/dotbot; help@moz.com)"
2a06:98c0:3600::103 - - [01/Dec/2025:13:39:17 +0000] "GET /wordpress/wp-admin/setup-config.php HTTP/1.1" 404 35113 "-" "Mozilla/5.0 (Windows NT 10.0; Win64; x64) AppleWebKit/537.36 (KHTML, like Gecko) Chrome/142.0.0.0 Safari/537.36"
170.10.164.108 - - [01/Dec/2025:15:04:22 +0000] "POST /wp-cron.php?doing_wp_cron=1764601461.7202610969543457031250 HTTP/1.1" 200 0 "-" "WordPress/6.8.3; https://brainware.com.co"
36.111.67.189 - - [01/Dec/2025:15:02:39 +0000] "GET / HTTP/1.1" 301 0 "-" "Mozilla/5.0 (iPhone; CPU iPhone OS 13_2_3 like Mac OS X) AppleWebKit/605.1.15 (KHTML, like Gecko) Version/13.0.3 Mobile/15E148 Safari/604.1"
173.252.87.15 - - [01/Dec/2025:15:04:20 +0000] "GET /robots.txt HTTP/1.1" 200 67 "-" "facebookexternalhit/1.1 (+http://www.facebook.com/externalhit_uatext.php)"
43.155.129.131 - - [01/Dec/2025:17:00:51 +0000] "GET / HTTP/1.1" 301 0 "-" "Mozilla/5.0 (iPhone; CPU iPhone OS 13_2_3 like Mac OS X) AppleWebKit/605.1.15 (KHTML, like Gecko) Version/13.0.3 Mobile/15E148 Safari/604.1"
216.244.66.249 - - [01/Dec/2025:17:37:18 +0000] "GET /robots.txt HTTP/1.1" 200 67 "-" "Mozilla/5.0 (compatible; DotBot/1.2; +https://opensiteexplorer.org/dotbot; help@moz.com)"
216.244.66.249 - - [01/Dec/2025:17:44:22 +0000] "GET /?SD HTTP/1.1" 301 0 "-" "Mozilla/5.0 (compatible; DotBot/1.2; +https://opensiteexplorer.org/dotbot; help@moz.com)"
91.199.118.51 - - [01/Dec/2025:21:24:22 +0000] "GET /wp-content/uploads/ HTTP/1.1" 403 1242 "-" "-"
91.199.118.51 - - [01/Dec/2025:21:24:23 +0000] "GET /wp-includes/ HTTP/1.1" 403 1242 "-" "-"
91.199.118.51 - - [01/Dec/2025:21:24:23 +0000] "GET /wp-includes/css/ HTTP/1.1" 403 1242 "-" "-"
91.199.118.51 - - [01/Dec/2025:21:24:23 +0000] "GET /wp-includes/ID3/ HTTP/1.1" 403 1242 "-" "-"
91.199.118.51 - - [01/Dec/2025:21:24:23 +0000] "GET /wp-includes/IXR/ HTTP/1.1" 403 1242 "-" "-"
91.199.118.51 - - [01/Dec/2025:21:24:23 +0000] "GET /wp-includes/Requests/ HTTP/1.1" 403 1242 "-" "-"
91.199.118.51 - - [01/Dec/2025:21:24:23 +0000] "GET /wp-includes/SimplePie/ HTTP/1.1" 403 1242 "-" "-"
91.199.118.51 - - [01/Dec/2025:21:24:24 +0000] "GET /wp-includes/Text/ HTTP/1.1" 403 1242 "-" "-"
91.199.118.51 - - [01/Dec/2025:21:24:24 +0000] "GET /wp-content/mu-plugins-old/ HTTP/1.1" 403 1242 "-" "-"
91.199.118.51 - - [01/Dec/2025:21:24:24 +0000] "GET /wp-content/themes/classic/inc/ HTTP/1.1" 403 1242 "-" "-"
91.199.118.51 - - [01/Dec/2025:21:24:24 +0000] "GET /wp-content/plugins/ninja-forms/ HTTP/1.1" 403 1242 "-" "-"
91.199.118.51 - - [01/Dec/2025:21:24:24 +0000] "GET /wp-content/mu-plugins/ HTTP/1.1" 403 1242 "-" "-"
91.199.118.51 - - [01/Dec/2025:21:24:24 +0000] "GET /wp-includes/Text/Diff/Renderer/ HTTP/1.1" 403 1242 "-" "-"
91.199.118.51 - - [01/Dec/2025:21:24:24 +0000] "GET /wp-includes/blocks/ HTTP/1.1" 403 1242 "-" "-"
91.199.118.51 - - [01/Dec/2025:21:24:25 +0000] "GET /wp-includes/certificates/ HTTP/1.1" 403 1242 "-" "-"
91.199.118.51 - - [01/Dec/2025:21:24:25 +0000] "GET /wp-includes/customize/ HTTP/1.1" 403 1242 "-" "-"
91.199.118.51 - - [01/Dec/2025:21:24:25 +0000] "GET /wp-includes/fonts/ HTTP/1.1" 403 1242 "-" "-"
91.199.118.51 - - [01/Dec/2025:21:24:25 +0000] "GET /wp-includes/images/ HTTP/1.1" 403 1242 "-" "-"
91.199.118.51 - - [01/Dec/2025:21:24:25 +0000] "GET /.well-known/ HTTP/1.1" 403 1242 "-" "-"
91.199.118.51 - - [01/Dec/2025:21:24:25 +0000] "GET /ALFA_DATA/ HTTP/1.1" 403 1242 "-" "-"
91.199.118.51 - - [01/Dec/2025:21:24:25 +0000] "GET /.well-knownold/ HTTP/1.1" 403 1242 "-" "-"
91.199.118.51 - - [01/Dec/2025:21:24:26 +0000] "GET /.well-known/acme-challenge/ HTTP/1.1" 403 1242 "-" "-"
91.199.118.51 - - [01/Dec/2025:21:24:26 +0000] "GET /cgi-bin/ HTTP/1.1" 403 1242 "-" "-"
91.199.118.51 - - [01/Dec/2025:21:24:26 +0000] "GET /index/ HTTP/1.1" 403 1242 "-" "-"
91.199.118.51 - - [01/Dec/2025:21:24:26 +0000] "GET /id/ HTTP/1.1" 403 1242 "-" "-"
91.199.118.51 - - [01/Dec/2025:21:24:26 +0000] "GET /www/ HTTP/1.1" 403 1242 "-" "-"
91.199.118.51 - - [01/Dec/2025:21:24:26 +0000] "GET /web/ HTTP/1.1" 403 1242 "-" "-"
91.199.118.51 - - [01/Dec/2025:21:24:27 +0000] "GET /uploads/ HTTP/1.1" 403 1242 "-" "-"
91.199.118.51 - - [01/Dec/2025:21:24:27 +0000] "GET /upload/ HTTP/1.1" 403 1242 "-" "-"
91.199.118.51 - - [01/Dec/2025:21:24:27 +0000] "GET /admin/uploads/ HTTP/1.1" 403 1242 "-" "-"
91.199.118.51 - - [01/Dec/2025:21:24:27 +0000] "GET /Admin/uploads/ HTTP/1.1" 403 1242 "-" "-"
91.199.118.51 - - [01/Dec/2025:21:24:27 +0000] "GET /admin/ HTTP/1.1" 403 1242 "-" "-"
91.199.118.51 - - [01/Dec/2025:21:24:28 +0000] "GET /images/ HTTP/1.1" 403 1242 "-" "-"
91.199.118.51 - - [01/Dec/2025:21:24:28 +0000] "GET /assets/ HTTP/1.1" 403 1242 "-" "-"
91.199.118.51 - - [01/Dec/2025:21:24:28 +0000] "GET /vendor/phpunit/phpunit/src/Util/PHP/ HTTP/1.1" 403 1242 "-" "-"
91.199.118.51 - - [01/Dec/2025:21:24:28 +0000] "GET /upload/image/ HTTP/1.1" 403 1242 "-" "-"
91.199.118.51 - - [01/Dec/2025:21:24:28 +0000] "GET /assets/images/ HTTP/1.1" 403 1242 "-" "-"
91.199.118.51 - - [01/Dec/2025:21:24:28 +0000] "GET /Public/ HTTP/1.1" 403 1242 "-" "-"
91.199.118.51 - - [01/Dec/2025:21:24:28 +0000] "GET /vendor/ HTTP/1.1" 403 1242 "-" "-"
91.199.118.51 - - [01/Dec/2025:21:24:29 +0000] "GET /local/ HTTP/1.1" 403 1242 "-" "-"
91.199.118.51 - - [01/Dec/2025:21:24:29 +0000] "GET /modules/ HTTP/1.1" 403 1242 "-" "-"
91.199.118.51 - - [01/Dec/2025:21:24:29 +0000] "GET /Site/ HTTP/1.1" 403 1242 "-" "-"
91.199.118.51 - - [01/Dec/2025:21:24:29 +0000] "GET /system/ HTTP/1.1" 403 1242 "-" "-"
91.199.118.51 - - [01/Dec/2025:21:24:29 +0000] "GET /template/ HTTP/1.1" 403 1242 "-" "-"
91.199.118.51 - - [01/Dec/2025:21:24:29 +0000] "GET /shop/ HTTP/1.1" 403 1242 "-" "-"
91.199.118.51 - - [01/Dec/2025:21:24:29 +0000] "GET /files/ HTTP/1.1" 403 1242 "-" "-"
91.199.118.51 - - [01/Dec/2025:21:24:30 +0000] "GET /admin/editor/ HTTP/1.1" 403 1242 "-" "-"
91.199.118.51 - - [01/Dec/2025:21:24:30 +0000] "GET /include/ HTTP/1.1" 403 1242 "-" "-"
91.199.118.51 - - [01/Dec/2025:21:24:30 +0000] "GET /Assets/ HTTP/1.1" 403 1242 "-" "-"
91.199.118.51 - - [01/Dec/2025:21:24:30 +0000] "GET /images/stories/ HTTP/1.1" 403 1242 "-" "-"
91.199.118.51 - - [01/Dec/2025:21:24:30 +0000] "GET /plugins/ HTTP/1.1" 403 1242 "-" "-"
91.199.118.51 - - [01/Dec/2025:21:24:30 +0000] "GET /php/ HTTP/1.1" 403 1242 "-" "-"
91.199.118.51 - - [01/Dec/2025:21:24:31 +0000] "GET /wp-admin/css/ HTTP/1.1" 403 1242 "-" "-"
91.199.118.51 - - [01/Dec/2025:21:24:31 +0000] "GET /wp-content/themes/twentytwenty/ HTTP/1.1" 403 1242 "-" "-"
91.199.118.51 - - [01/Dec/2025:21:24:31 +0000] "GET /wp-content/cache/ HTTP/1.1" 403 1242 "-" "-"
91.199.118.51 - - [01/Dec/2025:21:24:31 +0000] "GET /wp-admin/maint/ HTTP/1.1" 403 1242 "-" "-"
91.199.118.51 - - [01/Dec/2025:21:24:31 +0000] "GET /wp-content/plugins/akismet/ HTTP/1.1" 403 1242 "-" "-"
91.199.118.51 - - [01/Dec/2025:21:24:31 +0000] "GET /wp-includes/assets/ HTTP/1.1" 403 1242 "-" "-"
91.199.118.51 - - [01/Dec/2025:21:24:32 +0000] "GET /wp-includes/block-patterns/ HTTP/1.1" 403 1242 "-" "-"
91.199.118.51 - - [01/Dec/2025:21:24:32 +0000] "GET /wp-includes/block-supports/ HTTP/1.1" 403 1242 "-" "-"
91.199.118.51 - - [01/Dec/2025:21:24:32 +0000] "GET /wp-includes/html-api/ HTTP/1.1" 403 1242 "-" "-"
91.199.118.51 - - [01/Dec/2025:21:24:32 +0000] "GET /wp-includes/js/ HTTP/1.1" 403 1242 "-" "-"
91.199.118.51 - - [01/Dec/2025:21:24:32 +0000] "GET /wp-includes/php-compat/ HTTP/1.1" 403 1242 "-" "-"
91.199.118.51 - - [01/Dec/2025:21:24:32 +0000] "GET /wp-includes/PHPMailer/ HTTP/1.1" 403 1242 "-" "-"
91.199.118.51 - - [01/Dec/2025:21:24:32 +0000] "GET /wp-includes/pomo/ HTTP/1.1" 403 1242 "-" "-"
91.199.118.51 - - [01/Dec/2025:21:24:32 +0000] "GET /wp-includes/random_compat/ HTTP/1.1" 403 1242 "-" "-"
91.199.118.51 - - [01/Dec/2025:21:24:33 +0000] "GET /wp-includes/rest-api/ HTTP/1.1" 403 1242 "-" "-"
91.199.118.51 - - [01/Dec/2025:21:24:33 +0000] "GET /wp-includes/sitemaps/ HTTP/1.1" 403 1242 "-" "-"
91.199.118.51 - - [01/Dec/2025:21:24:33 +0000] "GET /wp-includes/sodium_compat/ HTTP/1.1" 403 1242 "-" "-"
91.199.118.51 - - [01/Dec/2025:21:24:33 +0000] "GET /wp-includes/style-engine/ HTTP/1.1" 403 1242 "-" "-"
91.199.118.51 - - [01/Dec/2025:21:24:33 +0000] "GET /wp-includes/theme-compat/ HTTP/1.1" 403 1242 "-" "-"
91.199.118.51 - - [01/Dec/2025:21:24:34 +0000] "GET /wp-includes/widgets/ HTTP/1.1" 403 1242 "-" "-"
91.199.118.51 - - [01/Dec/2025:21:24:34 +0000] "GET /wp-admin/css/colors/ectoplasm/ HTTP/1.1" 403 1242 "-" "-"
91.199.118.51 - - [01/Dec/2025:21:24:34 +0000] "GET /wp-admin/css/colors/ HTTP/1.1" 403 1242 "-" "-"
91.199.118.51 - - [01/Dec/2025:21:24:34 +0000] "GET /admin/images/slider/ HTTP/1.1" 403 1242 "-" "-"
91.199.118.51 - - [01/Dec/2025:21:24:34 +0000] "GET /admin/fckeditor/editor/filemanager/ HTTP/1.1" 403 1242 "-" "-"
91.199.118.51 - - [01/Dec/2025:21:24:34 +0000] "GET /sites/default/files/ HTTP/1.1" 403 1242 "-" "-"
91.199.118.51 - - [01/Dec/2025:21:24:35 +0000] "GET /admin/controller/extension/extension/ HTTP/1.1" 403 1242 "-" "-"
91.199.118.51 - - [01/Dec/2025:21:24:35 +0000] "GET /modules/mod_simplefileuploadv1.3/elements/ HTTP/1.1" 403 1242 "-" "-"
91.199.118.51 - - [01/Dec/2025:21:24:35 +0000] "GET /components/ HTTP/1.1" 403 1242 "-" "-"
91.199.118.51 - - [01/Dec/2025:21:24:35 +0000] "GET /admin/uploads/images/ HTTP/1.1" 403 1242 "-" "-"
91.199.118.51 - - [01/Dec/2025:21:24:35 +0000] "GET /wp-content/plugins/classic-editor/ HTTP/1.1" 403 1242 "-" "-"
91.199.118.51 - - [01/Dec/2025:21:24:35 +0000] "GET /wp-content/fonts/ HTTP/1.1" 403 1242 "-" "-"
91.199.118.51 - - [01/Dec/2025:21:24:35 +0000] "GET /wp-content/plugins/contact-form-7/admin/js/ HTTP/1.1" 403 1242 "-" "-"
91.199.118.51 - - [01/Dec/2025:21:24:36 +0000] "GET /wp-content/plugins/contact-form-7/ HTTP/1.1" 403 1242 "-" "-"
91.199.118.51 - - [01/Dec/2025:21:24:36 +0000] "GET /wordpress/ HTTP/1.1" 403 1242 "-" "-"
91.199.118.51 - - [01/Dec/2025:21:24:36 +0000] "GET /wp-admin/images/ HTTP/1.1" 403 1242 "-" "-"
91.199.118.51 - - [01/Dec/2025:21:24:36 +0000] "GET /wp-content/plugins/wordpress-seo/js/dist/ HTTP/1.1" 403 1242 "-" "-"
91.199.118.51 - - [01/Dec/2025:21:24:36 +0000] "GET /wp-content/plugins/wordpress-seo/ HTTP/1.1" 403 1242 "-" "-"
91.199.118.51 - - [01/Dec/2025:21:24:36 +0000] "GET /js/ HTTP/1.1" 403 1242 "-" "-"
91.199.118.51 - - [01/Dec/2025:21:24:36 +0000] "GET /wp-content/plugins/woocommerce/assets/js/ HTTP/1.1" 403 1242 "-" "-"
91.199.118.51 - - [01/Dec/2025:21:24:37 +0000] "GET /wp-content/plugins/woocommerce/ HTTP/1.1" 403 1242 "-" "-"
91.199.118.51 - - [01/Dec/2025:21:24:37 +0000] "GET /wp-admin/meta/ HTTP/1.1" 403 1242 "-" "-"
91.199.118.51 - - [01/Dec/2025:21:24:37 +0000] "GET /wp-admin/network/ HTTP/1.1" 403 1242 "-" "-"
91.199.118.51 - - [01/Dec/2025:21:24:37 +0000] "GET /wp-admin/user/ HTTP/1.1" 403 1242 "-" "-"
91.199.118.51 - - [01/Dec/2025:21:24:37 +0000] "GET /wp-content/ HTTP/1.1" 403 1242 "-" "-"
91.199.118.51 - - [01/Dec/2025:21:24:37 +0000] "GET /wp-content/plugins/ HTTP/1.1" 403 1242 "-" "-"
91.199.118.51 - - [01/Dec/2025:21:24:38 +0000] "GET /wp-content/themes/ HTTP/1.1" 403 1242 "-" "-"
91.199.118.51 - - [01/Dec/2025:21:24:38 +0000] "GET /wp-admin/includes/ HTTP/1.1" 403 1242 "-" "-"
91.199.118.51 - - [01/Dec/2025:21:24:38 +0000] "GET /wp-admin/ HTTP/1.1" 403 1242 "-" "-"
91.199.118.51 - - [01/Dec/2025:21:24:38 +0000] "GET /wp-content/upgrade/ HTTP/1.1" 403 1242 "-" "-"
170.10.164.108 - - [01/Dec/2025:22:04:41 +0000] "POST /wp-cron.php?doing_wp_cron=1764626681.0121669769287109375000 HTTP/1.1" 200 0 "-" "WordPress/6.8.3; https://brainware.com.co"
216.244.66.249 - - [01/Dec/2025:22:04:37 +0000] "GET /robots.txt HTTP/1.1" 200 67 "-" "Mozilla/5.0 (compatible; DotBot/1.2; +https://opensiteexplorer.org/dotbot; help@moz.com)"
216.244.66.249 - - [01/Dec/2025:22:12:17 +0000] "GET /?ND HTTP/1.1" 301 0 "-" "Mozilla/5.0 (compatible; DotBot/1.2; +https://opensiteexplorer.org/dotbot; help@moz.com)"
18.202.82.105 - - [01/Dec/2025:23:55:56 +0000] "GET / HTTP/1.1" 301 0 "-" "Mozilla/5.0 (Windows NT 10.0; Win64; x64) AppleWebKit/537.36 (KHTML, like Gecko) Chrome/123.0.0.0 Safari/537.36"
2a06:98c0:3600::103 - - [02/Dec/2025:00:55:27 +0000] "GET /wp-admin/setup-config.php HTTP/1.1" 409 1213 "-" "Mozilla/5.0 (Windows NT 10.0; Win64; x64) AppleWebKit/537.36 (KHTML, like Gecko) Chrome/142.0.0.0 Safari/537.36"
2a06:98c0:3600::103 - - [02/Dec/2025:00:58:08 +0000] "GET /wordpress/wp-admin/setup-config.php HTTP/1.1" 404 35111 "-" "Mozilla/5.0 (Windows NT 10.0; Win64; x64) AppleWebKit/537.36 (KHTML, like Gecko) Chrome/142.0.0.0 Safari/537.36"
170.10.164.108 - - [02/Dec/2025:03:05:49 +0000] "POST /wp-cron.php?doing_wp_cron=1764644749.2700130939483642578125 HTTP/1.1" 200 0 "-" "WordPress/6.8.3; https://brainware.com.co"
2a06:98c0:3600::103 - - [02/Dec/2025:03:05:48 +0000] "GET /wordpress/wp-admin/setup-config.php HTTP/1.1" 404 35111 "-" "Mozilla/5.0 (Windows NT 10.0; Win64; x64) AppleWebKit/537.36 (KHTML, like Gecko) Chrome/142.0.0.0 Safari/537.36"
150.109.230.210 - - [02/Dec/2025:02:43:03 +0000] "GET / HTTP/1.1" 301 0 "-" "Mozilla/5.0 (iPhone; CPU iPhone OS 13_2_3 like Mac OS X) AppleWebKit/605.1.15 (KHTML, like Gecko) Version/13.0.3 Mobile/15E148 Safari/604.1"
2a06:98c0:3600::103 - - [02/Dec/2025:03:06:42 +0000] "GET /wp-admin/setup-config.php HTTP/1.1" 409 1213 "-" "Mozilla/5.0 (Windows NT 10.0; Win64; x64) AppleWebKit/537.36 (KHTML, like Gecko) Chrome/142.0.0.0 Safari/537.36"
114.96.103.33 - - [02/Dec/2025:03:35:12 +0000] "GET / HTTP/1.1" 301 0 "-" "Mozilla/5.0 (iPhone; CPU iPhone OS 13_2_3 like Mac OS X) AppleWebKit/605.1.15 (KHTML, like Gecko) Version/13.0.3 Mobile/15E148 Safari/604.1"
186.188.209.26 - - [02/Dec/2025:04:29:14 +0000] "GET /wp-json/wp/v2/posts HTTP/1.1" 200 717 "-" "Mozilla/5.0 (Windows NT 10.0; Win64; x64) AppleWebKit/537.36 (KHTML, like Gecko) Chrome/120.0.0.0 Safari/537.36"
64.190.113.201 - - [02/Dec/2025:04:14:07 +0000] "POST / HTTP/1.1" 200 40267 "-" "python-requests/2.32.3"
64.190.113.201 - - [02/Dec/2025:04:14:01 +0000] "GET /.env HTTP/1.1" 404 35111 "-" "python-requests/2.32.3"
64.190.113.201 - - [02/Dec/2025:04:14:09 +0000] "GET /?%3Cplay%3Ewithme%3C/%3E HTTP/1.1" 301 0 "-" "python-requests/2.32.3"
64.190.113.201 - - [02/Dec/2025:04:14:10 +0000] "POST / HTTP/1.1" 200 40273 "-" "python-requests/2.32.3"
64.190.113.201 - - [02/Dec/2025:04:14:11 +0000] "POST / HTTP/1.1" 200 40273 "-" "python-requests/2.32.3"
2a06:98c0:3600::103 - - [02/Dec/2025:07:39:14 +0000] "GET /wp-admin/setup-config.php HTTP/1.1" 409 1213 "-" "Mozilla/5.0 (Windows NT 10.0; Win64; x64) AppleWebKit/537.36 (KHTML, like Gecko) Chrome/142.0.0.0 Safari/537.36"
43.155.27.244 - - [02/Dec/2025:07:43:19 +0000] "GET / HTTP/1.1" 301 0 "-" "Mozilla/5.0 (iPhone; CPU iPhone OS 13_2_3 like Mac OS X) AppleWebKit/605.1.15 (KHTML, like Gecko) Version/13.0.3 Mobile/15E148 Safari/604.1"
2a06:98c0:3600::103 - - [02/Dec/2025:07:36:41 +0000] "GET /wordpress/wp-admin/setup-config.php HTTP/1.1" 404 35111 "-" "Mozilla/5.0 (Windows NT 10.0; Win64; x64) AppleWebKit/537.36 (KHTML, like Gecko) Chrome/142.0.0.0 Safari/537.36"
170.10.164.108 - - [02/Dec/2025:09:37:17 +0000] "POST /wp-cron.php?doing_wp_cron=1764668237.3703811168670654296875 HTTP/1.1" 200 0 "-" "WordPress/6.8.3; https://brainware.com.co"
182.253.109.82 - - [02/Dec/2025:09:37:13 +0000] "GET /wp-json/wp/v2/posts HTTP/1.1" 200 717 "-" "Mozilla/5.0 (Windows NT 10.0; Win64; x64) AppleWebKit/537.36 (KHTML, like Gecko) Chrome/120.0.0.0 Safari/537.36"
170.10.164.108 - - [02/Dec/2025:10:12:05 +0000] "POST /wp-cron.php?doing_wp_cron=1764670325.6146709918975830078125 HTTP/1.1" 200 0 "-" "WordPress/6.8.3; https://brainware.com.co"
58.49.233.126 - - [02/Dec/2025:10:12:01 +0000] "GET / HTTP/1.1" 301 0 "-" "Mozilla/5.0 (iPhone; CPU iPhone OS 13_2_3 like Mac OS X) AppleWebKit/605.1.15 (KHTML, like Gecko) Version/13.0.3 Mobile/15E148 Safari/604.1"
51.68.111.217 - - [02/Dec/2025:13:01:10 +0000] "GET /robots.txt HTTP/1.1" 200 61 "-" "Mozilla/5.0 (compatible; MJ12bot/v2.0.4; http://mj12bot.com/)"
51.68.111.217 - - [02/Dec/2025:13:01:14 +0000] "GET / HTTP/1.1" 301 0 "-" "Mozilla/5.0 (compatible; MJ12bot/v2.0.4; http://mj12bot.com/)"
170.106.192.3 - - [02/Dec/2025:12:50:35 +0000] "GET / HTTP/1.1" 301 0 "-" "Mozilla/5.0 (iPhone; CPU iPhone OS 13_2_3 like Mac OS X) AppleWebKit/605.1.15 (KHTML, like Gecko) Version/13.0.3 Mobile/15E148 Safari/604.1"
173.252.82.22 - - [02/Dec/2025:13:32:54 +0000] "GET /robots.txt HTTP/1.1" 200 67 "-" "facebookexternalhit/1.1 (+http://www.facebook.com/externalhit_uatext.php)"
216.244.66.249 - - [02/Dec/2025:14:23:35 +0000] "GET /robots.txt HTTP/1.1" 200 67 "-" "Mozilla/5.0 (compatible; DotBot/1.2; +https://opensiteexplorer.org/dotbot; help@moz.com)"
216.244.66.249 - - [02/Dec/2025:14:31:16 +0000] "GET /?MD HTTP/1.1" 301 0 "-" "Mozilla/5.0 (compatible; DotBot/1.2; +https://opensiteexplorer.org/dotbot; help@moz.com)"
170.10.164.108 - - [02/Dec/2025:15:37:35 +0000] "POST /wp-cron.php?doing_wp_cron=1764689855.2005670070648193359375 HTTP/1.1" 200 0 "-" "WordPress/6.8.3; https://brainware.com.co"
173.239.218.11 - - [02/Dec/2025:15:37:31 +0000] "GET /inputs.php HTTP/1.1" 404 35109 "-" "Go-http-client/1.1"
98.159.37.69 - - [02/Dec/2025:15:37:36 +0000] "GET /file.php HTTP/1.1" 404 35109 "-" "Go-http-client/1.1"
98.159.37.69 - - [02/Dec/2025:15:37:38 +0000] "GET /wp-content/plugins/pwnd/pwnd.php HTTP/1.1" 404 35109 "-" "Go-http-client/1.1"
98.159.37.69 - - [02/Dec/2025:15:37:39 +0000] "GET /css/index.php HTTP/1.1" 301 0 "-" "Go-http-client/1.1"
98.159.37.69 - - [02/Dec/2025:15:37:40 +0000] "GET /css/ HTTP/1.1" 404 35109 "http://brainware.com.co/css/index.php" "Go-http-client/1.1"
98.159.37.69 - - [02/Dec/2025:15:37:42 +0000] "GET /wp.php HTTP/1.1" 404 35109 "-" "Go-http-client/1.1"
98.159.37.69 - - [02/Dec/2025:15:37:43 +0000] "GET /admin.php HTTP/1.1" 404 35109 "-" "Go-http-client/1.1"
98.159.37.69 - - [02/Dec/2025:15:37:44 +0000] "GET /bless.php HTTP/1.1" 404 35109 "-" "Go-http-client/1.1"
98.159.37.69 - - [02/Dec/2025:15:37:46 +0000] "GET /wp-content/plugins/fix/up.php HTTP/1.1" 404 35109 "-" "Go-http-client/1.1"
98.159.37.69 - - [02/Dec/2025:15:37:47 +0000] "GET /ad.php HTTP/1.1" 404 35109 "-" "Go-http-client/1.1"
98.159.37.69 - - [02/Dec/2025:15:37:48 +0000] "GET /moderation.php HTTP/1.1" 404 35109 "-" "Go-http-client/1.1"
98.159.37.69 - - [02/Dec/2025:15:37:50 +0000] "GET /wp-conflg.php HTTP/1.1" 404 35109 "-" "Go-http-client/1.1"
98.159.37.69 - - [02/Dec/2025:15:37:52 +0000] "GET /chosen.php HTTP/1.1" 404 35109 "-" "Go-http-client/1.1"
98.159.37.69 - - [02/Dec/2025:15:37:53 +0000] "GET /alfa.php HTTP/1.1" 404 35109 "-" "Go-http-client/1.1"
98.159.37.69 - - [02/Dec/2025:15:37:54 +0000] "GET /about.php HTTP/1.1" 404 35109 "-" "Go-http-client/1.1"
98.159.37.69 - - [02/Dec/2025:15:37:56 +0000] "GET /wp-content/themes/classwithtostring.php HTTP/1.1" 404 35109 "-" "Go-http-client/1.1"
98.159.37.69 - - [02/Dec/2025:15:37:57 +0000] "GET /wp-content/plugins/core-plugin/include.php HTTP/1.1" 404 35109 "-" "Go-http-client/1.1"
98.159.37.69 - - [02/Dec/2025:15:37:59 +0000] "GET /themes.php HTTP/1.1" 404 35109 "-" "Go-http-client/1.1"
98.159.37.69 - - [02/Dec/2025:15:38:00 +0000] "GET /goods.php HTTP/1.1" 404 35109 "-" "Go-http-client/1.1"
98.159.37.69 - - [02/Dec/2025:15:38:01 +0000] "GET /404.php HTTP/1.1" 404 35109 "-" "Go-http-client/1.1"
98.159.37.69 - - [02/Dec/2025:15:38:03 +0000] "GET /load.php HTTP/1.1" 404 35109 "-" "Go-http-client/1.1"
98.159.37.69 - - [02/Dec/2025:15:38:05 +0000] "GET /wp-content/plugins/index.php HTTP/1.1" 200 0 "-" "Go-http-client/1.1"
98.159.37.69 - - [02/Dec/2025:15:38:05 +0000] "GET /wp-content/index.php HTTP/1.1" 200 0 "-" "Go-http-client/1.1"
98.159.37.69 - - [02/Dec/2025:15:38:05 +0000] "GET /jindex.php HTTP/1.1" 404 35109 "-" "Go-http-client/1.1"
98.159.37.69 - - [02/Dec/2025:15:38:06 +0000] "GET /system.php HTTP/1.1" 404 35109 "-" "Go-http-client/1.1"
98.159.37.69 - - [02/Dec/2025:15:38:08 +0000] "GET /av.php HTTP/1.1" 404 35109 "-" "Go-http-client/1.1"
98.159.37.69 - - [02/Dec/2025:15:38:10 +0000] "GET /wso.php HTTP/1.1" 404 35109 "-" "Go-http-client/1.1"
98.159.37.69 - - [02/Dec/2025:15:38:12 +0000] "GET /classwithtostring.php HTTP/1.1" 404 35109 "-" "Go-http-client/1.1"
98.159.37.69 - - [02/Dec/2025:15:38:13 +0000] "GET /1.php HTTP/1.1" 404 35109 "-" "Go-http-client/1.1"
98.159.37.69 - - [02/Dec/2025:15:38:14 +0000] "GET /wp-includes/block-bindings HTTP/1.1" 301 795 "-" "Go-http-client/1.1"
98.159.37.69 - - [02/Dec/2025:15:38:15 +0000] "GET /wp-includes/block-bindings/ HTTP/1.1" 200 829 "http://brainware.com.co/wp-includes/block-bindings" "Go-http-client/1.1"
98.159.37.69 - - [02/Dec/2025:15:38:15 +0000] "GET /wp-content/classwithtostring.php HTTP/1.1" 404 35109 "-" "Go-http-client/1.1"
98.159.37.69 - - [02/Dec/2025:15:38:16 +0000] "GET /wp-admin/css/colors/blue HTTP/1.1" 301 795 "-" "Go-http-client/1.1"
