/home/crealab/logs/joms.brainware.com.co-ssl_log.bkup
170.10.164.108 - - [29/Nov/2025:11:35:10 +0000] "POST /wp-cron.php?doing_wp_cron=1764416110.6158790588378906250000 HTTP/1.1" 200 0 "-" "Q5pfPa0DOrUQ"
204.76.203.25 - - [29/Nov/2025:11:35:03 +0000] "GET /.env HTTP/1.1" 200 0 "-" "Mozilla/5.0 (Windows NT 10.0; Win64; x64) AppleWebKit/537.36 (KHTML, like Gecko) Chrome/134.0.0.0 Safari/537.3"
170.10.164.108 - - [29/Nov/2025:11:35:11 +0000] "POST /wp-admin/admin-ajax.php?action=async_litespeed&nonce=PxqixQTYuigtDBAez6T5OQJ20gOJAN1m&litespeed_type=imgoptm HTTP/1.1" 200 0 "-" "bd5OIKAUSPle"
204.76.203.25 - - [29/Nov/2025:11:35:34 +0000] "GET /.env HTTP/1.1" 200 0 "-" "Mozilla/5.0 (Windows NT 10.0; Win64; x64) AppleWebKit/537.36 (KHTML, like Gecko) Chrome/134.0.0.0 Safari/537.3"
170.10.164.108 - - [29/Nov/2025:13:29:15 +0000] "POST /wp-admin/admin-ajax.php?action=async_litespeed&nonce=ztjfbrB53vFEiFTmKZhrkII1ToG1jiIT&litespeed_type=imgoptm HTTP/1.1" 200 21 "-" "ighDyO3EyGAe"
167.94.146.60 - - [29/Nov/2025:22:30:51 +0000] "GET / HTTP/1.1" 200 67516 "-" "Mozilla/5.0 (compatible; CensysInspect/1.1; +https://about.censys.io/)"
170.10.164.108 - - [29/Nov/2025:22:30:52 +0000] "POST /wp-admin/admin-ajax.php?action=async_litespeed&nonce=yxN5juNdmoGDDUAfoaALeEvEOuW0XOmF&litespeed_type=imgoptm HTTP/1.1" 200 21 "-" "8p2x9Ya5vRwV"
170.10.164.108 - - [29/Nov/2025:22:31:01 +0000] "GET / HTTP/1.1" 200 67614 "-" "WordPress/6.8.3; https://joms.brainware.com.co"
170.10.164.108 - - [29/Nov/2025:23:16:05 +0000] "POST /wp-cron.php?doing_wp_cron=1764458165.3396139144897460937500 HTTP/1.1" 200 0 "-" "gv6QaCCdjelx"
170.10.164.108 - - [29/Nov/2025:23:16:06 +0000] "POST /wp-admin/admin-ajax.php?action=async_litespeed&nonce=r2vY45yZTkm4jeLpuSTp2Or7IgFoEysn&litespeed_type=imgoptm HTTP/1.1" 200 21 "-" "E2AMPGSIGqW4"
167.94.138.122 - - [29/Nov/2025:23:17:18 +0000] "GET / HTTP/1.1" 301 0 "-" "Mozilla/5.0 (compatible; CensysInspect/1.1; +https://about.censys.io/)"
167.94.146.60 - - [29/Nov/2025:22:30:53 +0000] "GET /favicon.ico HTTP/1.1" 404 1251 "-" "Mozilla/5.0 (compatible; CensysInspect/1.1; +https://about.censys.io/)"
170.10.164.108 - - [29/Nov/2025:22:31:01 +0000] "GET / HTTP/1.1" 200 67614 "-" "WordPress/6.8.3; https://joms.brainware.com.co"
167.94.138.122 - - [29/Nov/2025:23:15:57 +0000] "GET / HTTP/1.1" 301 0 "-" "Mozilla/5.0 (compatible; CensysInspect/1.1; +https://about.censys.io/)"
167.94.138.122 - - [29/Nov/2025:23:16:12 +0000] "GET / HTTP/1.1" 200 67614 "-" "Mozilla/5.0 (compatible; CensysInspect/1.1; +https://about.censys.io/)"
167.94.138.122 - - [29/Nov/2025:23:16:37 +0000] "GET /favicon.ico HTTP/1.1" 404 1251 "-" "Mozilla/5.0 (compatible; CensysInspect/1.1; +https://about.censys.io/)"
170.10.164.108 - - [29/Nov/2025:23:17:21 +0000] "POST /wp-admin/admin-ajax.php?action=async_litespeed&nonce=M7pJul05Y145C6d4kaIZVp9gNtDbydQ6&litespeed_type=imgoptm HTTP/1.1" 200 21 "-" "ynBqOYageoO9"
170.10.164.108 - - [29/Nov/2025:22:30:57 +0000] "GET / HTTP/1.1" 200 67614 "-" "WordPress/6.8.3; https://joms.brainware.com.co"
170.10.164.108 - - [29/Nov/2025:22:31:01 +0000] "GET / HTTP/1.1" 200 67614 "-" "WordPress/6.8.3; https://joms.brainware.com.co"
170.10.164.108 - - [29/Nov/2025:23:17:20 +0000] "POST /wp-cron.php?doing_wp_cron=1764458240.0408821105957031250000 HTTP/1.1" 200 0 "-" "NmQbwK7pv2iB"
74.7.227.36 - - [30/Nov/2025:07:51:05 +0000] "GET / HTTP/2" 200 47679 "-" "Mozilla/5.0 AppleWebKit/537.36 (KHTML, like Gecko; compatible; GPTBot/1.3; +https://openai.com/gptbot)"
170.10.164.108 - - [30/Nov/2025:23:23:43 +0000] "POST /wp-admin/admin-ajax.php?action=async_litespeed&nonce=ExmzvApbPebOU77O4CrinU1ak6U8hbnB&litespeed_type=imgoptm HTTP/1.1" 200 0 "-" "MgsGXqd5IUCQ"
170.10.164.108 - - [30/Nov/2025:23:24:52 +0000] "POST /wp-admin/admin-ajax.php?action=async_litespeed&nonce=MJA775K0MaMVnaqPkqoghjOK6eNi3xIP&litespeed_type=imgoptm HTTP/1.1" 200 21 "-" "pzo11mdD7wxV"
71.6.134.233 - - [01/Dec/2025:02:48:51 +0000] "GET / HTTP/1.1" 200 67614 "-" "Mozilla/5.0 (Windows NT 10.0; Win64; x64) AppleWebKit/537.36 (KHTML, like Gecko) Chrome/133.0.0.0 Safari/537.36"
71.6.134.233 - - [01/Dec/2025:02:50:24 +0000] "GET /favicon.ico HTTP/2" 404 1251 "-" "Mozilla/5.0 (Windows NT 10.0; Win64; x64) AppleWebKit/537.36 (KHTML, like Gecko) Chrome/133.0.0.0 Safari/537.36"
108.165.181.108 - - [01/Dec/2025:01:54:16 +0000] "GET / HTTP/1.1" 200 590880 "-" "Mozilla/5.0+(compatible;+Googlebot/2.1;++http://www.google.com/bot.html)"
108.165.181.108 - - [01/Dec/2025:01:54:20 +0000] "GET / HTTP/1.1" 200 590880 "-" "Mozilla/5.0 (Windows NT 10.0; Win64; x64) AppleWebKit/537.36 (KHTML, like Gecko) Chrome/132.0.0.0 Safari/537.36"
50.114.92.49 - - [01/Dec/2025:02:18:57 +0000] "GET / HTTP/1.1" 200 590880 "-" "Mozilla/5.0+(compatible;+Googlebot/2.1;++http://www.google.com/bot.html)"
50.114.92.49 - - [01/Dec/2025:02:18:59 +0000] "GET / HTTP/1.1" 200 590880 "-" "Mozilla/5.0 (Windows NT 10.0; Win64; x64) AppleWebKit/537.36 (KHTML, like Gecko) Chrome/132.0.0.0 Safari/537.36"
170.10.164.108 - - [01/Dec/2025:05:10:00 +0000] "POST /wp-admin/admin-ajax.php?action=async_litespeed&nonce=fJYx11ckirieEPTIMgji4EXZVzZE62j9&litespeed_type=imgoptm HTTP/1.1" 200 21 "-" "n8SHJpytBRie"
209.97.180.8 - - [01/Dec/2025:09:11:41 +0000] "GET / HTTP/1.1" 301 0 "-" "Mozilla/5.0 (l9scan/2.0.830313e2436313e20313e2037313; +https://leakix.net)"
209.97.180.8 - - [01/Dec/2025:09:11:52 +0000] "POST /api HTTP/1.1" 404 26565 "-" "Mozilla/5.0 (l9scan/2.0.830313e2436313e20313e2037313; +https://leakix.net)"
170.10.164.108 - - [01/Dec/2025:09:11:56 +0000] "POST /wp-cron.php?doing_wp_cron=1764580316.3429110050201416015625 HTTP/1.1" 200 0 "-" "UuCqTWzqjMBs"
209.97.180.8 - - [01/Dec/2025:09:12:01 +0000] "GET /swagger/index.html HTTP/1.1" 301 0 "-" "Mozilla/5.0 (l9scan/2.0.830313e2436313e20313e2037313; +https://leakix.net)"
209.97.180.8 - - [01/Dec/2025:09:12:10 +0000] "GET /actuator/env HTTP/1.1" 301 0 "-" "Mozilla/5.0 (l9scan/2.0.830313e2436313e20313e2037313; +https://leakix.net)"
209.97.180.8 - - [01/Dec/2025:09:12:13 +0000] "GET /server HTTP/1.1" 301 0 "-" "Mozilla/5.0 (l9scan/2.0.830313e2436313e20313e2037313; +https://leakix.net)"
209.97.180.8 - - [01/Dec/2025:09:12:15 +0000] "GET /.vscode/sftp.json HTTP/1.1" 301 0 "-" "Mozilla/5.0 (l9scan/2.0.830313e2436313e20313e2037313; +https://leakix.net)"
209.97.180.8 - - [01/Dec/2025:09:12:30 +0000] "GET /.git/config HTTP/1.1" 403 1242 "-" "Mozilla/5.0 (l9scan/2.0.830313e2436313e20313e2037313; +https://leakix.net)"
170.10.164.108 - - [01/Dec/2025:09:12:28 +0000] "POST /wp-admin/admin-ajax.php?action=async_litespeed&nonce=UtZ4MubiOwSXxuGASBlGomUA4dmgDMwm&litespeed_type=imgoptm HTTP/1.1" 200 21 "-" "AmYn1XyBrayu"
209.97.180.8 - - [01/Dec/2025:09:12:30 +0000] "GET /s/830313e2436313e20313e2037313/_/;/META-INF/maven/com.atlassian.jira/jira-webapp-dist/pom.properties HTTP/1.1" 301 0 "-" "Mozilla/5.0 (l9scan/2.0.830313e2436313e20313e2037313; +https://leakix.net)"
170.10.164.108 - - [01/Dec/2025:09:11:48 +0000] "POST /wp-cron.php?doing_wp_cron=1764580308.7390809059143066406250 HTTP/1.1" 200 0 "-" "FyCzlkGaN3Z5"
170.10.164.108 - - [01/Dec/2025:09:11:50 +0000] "POST /wp-admin/admin-ajax.php?action=async_litespeed&nonce=vi1B8RQOpJstYKSgf0LA2d9KnxIgdWc3&litespeed_type=imgoptm HTTP/1.1" 200 21 "-" "3aFVnQHkPha7"
209.97.180.8 - - [01/Dec/2025:09:11:55 +0000] "POST /api/graphql HTTP/1.1" 404 26574 "-" "Mozilla/5.0 (l9scan/2.0.830313e2436313e20313e2037313; +https://leakix.net)"
209.97.180.8 - - [01/Dec/2025:09:12:06 +0000] "GET /swagger.json HTTP/1.1" 301 0 "-" "Mozilla/5.0 (l9scan/2.0.830313e2436313e20313e2037313; +https://leakix.net)"
209.97.180.8 - - [01/Dec/2025:09:12:20 +0000] "GET /ecp/Current/exporttool/microsoft.exchange.ediscovery.exporttool.application HTTP/1.1" 301 0 "-" "Mozilla/5.0 (l9scan/2.0.830313e2436313e20313e2037313; +https://leakix.net)"
209.97.180.8 - - [01/Dec/2025:09:12:21 +0000] "GET /server-status HTTP/1.1" 301 0 "-" "Mozilla/5.0 (l9scan/2.0.830313e2436313e20313e2037313; +https://leakix.net)"
209.97.180.8 - - [01/Dec/2025:09:12:23 +0000] "GET /login.action HTTP/1.1" 301 0 "-" "Mozilla/5.0 (l9scan/2.0.830313e2436313e20313e2037313; +https://leakix.net)"
170.10.164.108 - - [01/Dec/2025:09:12:27 +0000] "POST /wp-cron.php?doing_wp_cron=1764580347.1378529071807861328125 HTTP/1.1" 200 0 "-" "yS0crOogL0jr"
209.97.180.8 - - [01/Dec/2025:09:12:25 +0000] "GET /.DS_Store HTTP/1.1" 301 0 "-" "Mozilla/5.0 (l9scan/2.0.830313e2436313e20313e2037313; +https://leakix.net)"
209.97.180.8 - - [01/Dec/2025:09:12:37 +0000] "GET /?rest_route=/wp/v2/users/ HTTP/1.1" 200 583 "-" "Mozilla/5.0 (l9scan/2.0.830313e2436313e20313e2037313; +https://leakix.net)"
209.97.180.8 - - [01/Dec/2025:09:11:41 +0000] "GET / HTTP/1.1" 403 1242 "-" "-"
209.97.180.8 - - [01/Dec/2025:09:11:49 +0000] "POST /graphql HTTP/1.1" 200 0 "-" "Mozilla/5.0 (l9scan/2.0.830313e2436313e20313e2037313; +https://leakix.net)"
209.97.180.8 - - [01/Dec/2025:09:11:57 +0000] "POST /graphql/api HTTP/1.1" 200 0 "-" "Mozilla/5.0 (l9scan/2.0.830313e2436313e20313e2037313; +https://leakix.net)"
209.97.180.8 - - [01/Dec/2025:09:11:59 +0000] "GET /swagger-ui.html HTTP/1.1" 301 0 "-" "Mozilla/5.0 (l9scan/2.0.830313e2436313e20313e2037313; +https://leakix.net)"
209.97.180.8 - - [01/Dec/2025:09:12:02 +0000] "GET /swagger/swagger-ui.html HTTP/1.1" 301 0 "-" "Mozilla/5.0 (l9scan/2.0.830313e2436313e20313e2037313; +https://leakix.net)"
209.97.180.8 - - [01/Dec/2025:09:12:04 +0000] "GET /webjars/swagger-ui/index.html HTTP/1.1" 301 0 "-" "Mozilla/5.0 (l9scan/2.0.830313e2436313e20313e2037313; +https://leakix.net)"
209.97.180.8 - - [01/Dec/2025:09:12:08 +0000] "GET /swagger/v1/swagger.json HTTP/1.1" 200 0 "-" "Mozilla/5.0 (l9scan/2.0.830313e2436313e20313e2037313; +https://leakix.net)"
209.97.180.8 - - [01/Dec/2025:09:12:09 +0000] "GET /@vite/env HTTP/1.1" 301 0 "-" "Mozilla/5.0 (l9scan/2.0.830313e2436313e20313e2037313; +https://leakix.net)"
209.97.180.8 - - [01/Dec/2025:09:12:12 +0000] "POST /php-cgi/php-cgi.exe?%ADd+cgi.force_redirect%3D0+%ADd+disable_functions%3D\"\"+%ADd+allow_url_include%3D1+%ADd+auto_prepend_file%3Dphp://input HTTP/1.1" 404 26538 "-" "Mozilla/5.0 (l9scan/2.0.830313e2436313e20313e2037313; +https://leakix.net)"
209.97.180.8 - - [01/Dec/2025:09:12:16 +0000] "GET /about HTTP/1.1" 301 0 "-" "Mozilla/5.0 (l9scan/2.0.830313e2436313e20313e2037313; +https://leakix.net)"
209.97.180.8 - - [01/Dec/2025:09:12:17 +0000] "GET /debug/default/view?panel=config HTTP/1.1" 301 0 "-" "Mozilla/5.0 (l9scan/2.0.830313e2436313e20313e2037313; +https://leakix.net)"
209.97.180.8 - - [01/Dec/2025:09:12:19 +0000] "GET /v2/_catalog HTTP/1.1" 301 0 "-" "Mozilla/5.0 (l9scan/2.0.830313e2436313e20313e2037313; +https://leakix.net)"
209.97.180.8 - - [01/Dec/2025:09:12:24 +0000] "GET /_all_dbs HTTP/1.1" 301 0 "-" "Mozilla/5.0 (l9scan/2.0.830313e2436313e20313e2037313; +https://leakix.net)"
209.97.180.8 - - [01/Dec/2025:09:12:27 +0000] "GET /.env HTTP/1.1" 301 0 "-" "Mozilla/5.0 (l9scan/2.0.830313e2436313e20313e2037313; +https://leakix.net)"
209.97.180.8 - - [01/Dec/2025:09:12:32 +0000] "GET /config.json HTTP/1.1" 301 0 "-" "Mozilla/5.0 (l9scan/2.0.830313e2436313e20313e2037313; +https://leakix.net)"
209.97.180.8 - - [01/Dec/2025:09:12:33 +0000] "GET /telescope/requests HTTP/1.1" 301 0 "-" "Mozilla/5.0 (l9scan/2.0.830313e2436313e20313e2037313; +https://leakix.net)"
209.97.180.8 - - [01/Dec/2025:09:12:35 +0000] "GET /info.php HTTP/1.1" 301 0 "-" "Mozilla/5.0 (l9scan/2.0.830313e2436313e20313e2037313; +https://leakix.net)"
74.7.242.63 - - [01/Dec/2025:16:23:05 +0000] "GET / HTTP/2" 301 0 "-" "Mozilla/5.0 AppleWebKit/537.36 (KHTML, like Gecko; compatible; GPTBot/1.3; +https://openai.com/gptbot)"
170.10.164.108 - - [01/Dec/2025:16:23:13 +0000] "POST /wp-cron.php?doing_wp_cron=1764606193.1205019950866699218750 HTTP/1.1" 200 0 "-" "ZXxaehTINDIa"
170.10.164.108 - - [01/Dec/2025:16:23:15 +0000] "POST /wp-admin/admin-ajax.php?action=async_litespeed&nonce=UrtZzPGrLXs0BDJ5X6NvxQEva6QafXlm&litespeed_type=imgoptm HTTP/1.1" 200 0 "-" "7TyRmiLFRe1M"
170.10.164.108 - - [01/Dec/2025:21:28:57 +0000] "POST /wp-cron.php?doing_wp_cron=1764624537.2299211025238037109375 HTTP/1.1" 200 0 "-" "p5X2P6Sedqvi"
170.10.164.108 - - [01/Dec/2025:21:28:58 +0000] "POST /wp-admin/admin-ajax.php?action=async_litespeed&nonce=gRMweFFf6W1ELV7nLw2yhqd4Ys845M5G&litespeed_type=imgoptm HTTP/1.1" 200 21 "-" "LrFQWZBH67bt"
170.10.164.108 - - [01/Dec/2025:21:55:28 +0000] "POST /wp-admin/admin-ajax.php?action=async_litespeed&nonce=ML53QAYxBW6rWq4U4KyGNZyrSJSvYBod&litespeed_type=imgoptm HTTP/1.1" 200 21 "-" "KVFn9oCQnNVi"
35.238.157.147 - - [01/Dec/2025:21:28:49 +0000] "GET /.env HTTP/1.1" 404 65536 "-" "Python/3.14 aiohttp/3.13.2"
204.76.203.25 - - [02/Dec/2025:00:31:04 +0000] "GET / HTTP/1.1" 200 590880 "-" "Mozilla/5.0 (Windows NT 10.0; Win64; x64) AppleWebKit/537.36 (KHTML, like Gecko) Chrome/134.0.0.0 Safari/537.3"
108.165.87.77 - - [02/Dec/2025:02:12:09 +0000] "GET / HTTP/1.1" 200 590880 "-" "Mozilla/5.0+(compatible;+Googlebot/2.1;++http://www.google.com/bot.html)"
108.165.87.77 - - [02/Dec/2025:02:12:11 +0000] "GET / HTTP/1.1" 200 590880 "-" "Mozilla/5.0 (Windows NT 10.0; Win64; x64) AppleWebKit/537.36 (KHTML, like Gecko) Chrome/132.0.0.0 Safari/537.36"
170.10.164.108 - - [02/Dec/2025:02:20:34 +0000] "POST /wp-admin/admin-ajax.php?action=async_litespeed&nonce=YNm3IezhIUl9rDMEVmiQXUxFvMEBSree&litespeed_type=imgoptm HTTP/1.1" 200 21 "-" "OXvEKSpeJyAe"
138.128.148.243 - - [02/Dec/2025:02:24:18 +0000] "GET / HTTP/1.1" 200 590880 "-" "Mozilla/5.0+(compatible;+Googlebot/2.1;++http://www.google.com/bot.html)"
138.128.148.243 - - [02/Dec/2025:02:24:20 +0000] "GET / HTTP/1.1" 200 590880 "-" "Mozilla/5.0 (Windows NT 10.0; Win64; x64) AppleWebKit/537.36 (KHTML, like Gecko) Chrome/132.0.0.0 Safari/537.36"
143.244.168.161 - - [02/Dec/2025:05:29:01 +0000] "GET / HTTP/1.1" 403 1242 "-" "-"
143.244.168.161 - - [02/Dec/2025:05:29:01 +0000] "GET / HTTP/1.1" 301 0 "-" "Mozilla/5.0 (l9scan/2.0.830313e2436313e20313e2037313; +https://leakix.net)"
143.244.168.161 - - [02/Dec/2025:05:29:21 +0000] "POST /api/gql HTTP/1.1" 200 0 "-" "Mozilla/5.0 (l9scan/2.0.830313e2436313e20313e2037313; +https://leakix.net)"
143.244.168.161 - - [02/Dec/2025:05:29:27 +0000] "GET /swagger/index.html HTTP/1.1" 301 0 "-" "Mozilla/5.0 (l9scan/2.0.830313e2436313e20313e2037313; +https://leakix.net)"
143.244.168.161 - - [02/Dec/2025:05:29:29 +0000] "GET /swagger/swagger-ui.html HTTP/1.1" 301 0 "-" "Mozilla/5.0 (l9scan/2.0.830313e2436313e20313e2037313; +https://leakix.net)"
143.244.168.161 - - [02/Dec/2025:05:29:32 +0000] "GET /swagger.json HTTP/1.1" 301 0 "-" "Mozilla/5.0 (l9scan/2.0.830313e2436313e20313e2037313; +https://leakix.net)"
143.244.168.161 - - [02/Dec/2025:05:29:33 +0000] "GET /swagger/v1/swagger.json HTTP/1.1" 301 0 "-" "Mozilla/5.0 (l9scan/2.0.830313e2436313e20313e2037313; +https://leakix.net)"
143.244.168.161 - - [02/Dec/2025:05:29:35 +0000] "GET /v3/api-docs HTTP/1.1" 301 0 "-" "Mozilla/5.0 (l9scan/2.0.830313e2436313e20313e2037313; +https://leakix.net)"
143.244.168.161 - - [02/Dec/2025:05:29:36 +0000] "GET /api-docs/swagger.json HTTP/1.1" 301 0 "-" "Mozilla/5.0 (l9scan/2.0.830313e2436313e20313e2037313; +https://leakix.net)"
143.244.168.161 - - [02/Dec/2025:05:29:37 +0000] "GET /api/swagger.json HTTP/1.1" 301 0 "-" "Mozilla/5.0 (l9scan/2.0.830313e2436313e20313e2037313; +https://leakix.net)"
170.10.164.108 - - [02/Dec/2025:05:29:28 +0000] "POST /wp-admin/admin-ajax.php?action=async_litespeed&nonce=dBDeEafhHI8AwksEO8iDncpHlDt4yeDx&litespeed_type=imgoptm HTTP/1.1" 200 0 "-" "EFMOWkjVqVzd"
143.244.168.161 - - [02/Dec/2025:05:29:41 +0000] "POST /php-cgi/php-cgi.exe?%ADd+cgi.force_redirect%3D0+%ADd+disable_functions%3D\"\"+%ADd+allow_url_include%3D1+%ADd+auto_prepend_file%3Dphp://input HTTP/1.1" 200 0 "-" "Mozilla/5.0 (l9scan/2.0.830313e2436313e20313e2037313; +https://leakix.net)"
143.244.168.161 - - [02/Dec/2025:05:29:44 +0000] "GET /server HTTP/1.1" 301 0 "-" "Mozilla/5.0 (l9scan/2.0.830313e2436313e20313e2037313; +https://leakix.net)"
143.244.168.161 - - [02/Dec/2025:05:29:45 +0000] "GET /.vscode/sftp.json HTTP/1.1" 301 0 "-" "Mozilla/5.0 (l9scan/2.0.830313e2436313e20313e2037313; +https://leakix.net)"
143.244.168.161 - - [02/Dec/2025:05:29:52 +0000] "GET /ecp/Current/exporttool/microsoft.exchange.ediscovery.exporttool.application HTTP/1.1" 301 0 "-" "Mozilla/5.0 (l9scan/2.0.830313e2436313e20313e2037313; +https://leakix.net)"
143.244.168.161 - - [02/Dec/2025:05:29:53 +0000] "GET /server-status HTTP/1.1" 301 0 "-" "Mozilla/5.0 (l9scan/2.0.830313e2436313e20313e2037313; +https://leakix.net)"
170.10.164.108 - - [02/Dec/2025:05:29:57 +0000] "POST /wp-cron.php?doing_wp_cron=1764653397.1528420448303222656250 HTTP/1.1" 200 0 "-" "9rV72EVUiECT"
143.244.168.161 - - [02/Dec/2025:05:29:57 +0000] "GET /.DS_Store HTTP/1.1" 301 0 "-" "Mozilla/5.0 (l9scan/2.0.830313e2436313e20313e2037313; +https://leakix.net)"
143.244.168.161 - - [02/Dec/2025:05:30:01 +0000] "GET /.git/config HTTP/1.1" 403 1242 "-" "Mozilla/5.0 (l9scan/2.0.830313e2436313e20313e2037313; +https://leakix.net)"
143.244.168.161 - - [02/Dec/2025:05:30:05 +0000] "GET /telescope/requests HTTP/1.1" 301 0 "-" "Mozilla/5.0 (l9scan/2.0.830313e2436313e20313e2037313; +https://leakix.net)"
143.244.168.161 - - [02/Dec/2025:05:29:09 +0000] "POST /graphql HTTP/1.1" 200 0 "-" "Mozilla/5.0 (l9scan/2.0.830313e2436313e20313e2037313; +https://leakix.net)"
170.10.164.108 - - [02/Dec/2025:05:29:11 +0000] "POST /wp-admin/admin-ajax.php?action=async_litespeed&nonce=Li5HFOwctojHNLXlUnBwi65HYPyjBA7c&litespeed_type=imgoptm HTTP/1.1" 200 0 "-" "nl3VRfnPzKYR"
170.10.164.108 - - [02/Dec/2025:05:29:27 +0000] "POST /wp-cron.php?doing_wp_cron=1764653367.0587189197540283203125 HTTP/1.1" 200 0 "-" "2U8kSYvAaOpn"
143.244.168.161 - - [02/Dec/2025:05:29:34 +0000] "GET /v2/api-docs HTTP/1.1" 301 0 "-" "Mozilla/5.0 (l9scan/2.0.830313e2436313e20313e2037313; +https://leakix.net)"
143.244.168.161 - - [02/Dec/2025:05:29:38 +0000] "GET /@vite/env HTTP/1.1" 301 0 "-" "Mozilla/5.0 (l9scan/2.0.830313e2436313e20313e2037313; +https://leakix.net)"
143.244.168.161 - - [02/Dec/2025:05:29:39 +0000] "GET /actuator/env HTTP/1.1" 301 0 "-" "Mozilla/5.0 (l9scan/2.0.830313e2436313e20313e2037313; +https://leakix.net)"
143.244.168.161 - - [02/Dec/2025:05:29:50 +0000] "GET /v2/_catalog HTTP/1.1" 301 0 "-" "Mozilla/5.0 (l9scan/2.0.830313e2436313e20313e2037313; +https://leakix.net)"
143.244.168.161 - - [02/Dec/2025:05:29:56 +0000] "GET /_all_dbs HTTP/1.1" 301 0 "-" "Mozilla/5.0 (l9scan/2.0.830313e2436313e20313e2037313; +https://leakix.net)"
143.244.168.161 - - [02/Dec/2025:05:29:59 +0000] "GET /.env HTTP/1.1" 301 0 "-" "Mozilla/5.0 (l9scan/2.0.830313e2436313e20313e2037313; +https://leakix.net)"
143.244.168.161 - - [02/Dec/2025:05:30:07 +0000] "GET /info.php HTTP/1.1" 301 0 "-" "Mozilla/5.0 (l9scan/2.0.830313e2436313e20313e2037313; +https://leakix.net)"
170.10.164.108 - - [02/Dec/2025:05:29:09 +0000] "POST /wp-cron.php?doing_wp_cron=1764653349.3611640930175781250000 HTTP/1.1" 200 0 "-" "J9QJq7rzq3mF"
143.244.168.161 - - [02/Dec/2025:05:29:12 +0000] "POST /api HTTP/1.1" 200 0 "-" "Mozilla/5.0 (l9scan/2.0.830313e2436313e20313e2037313; +https://leakix.net)"
143.244.168.161 - - [02/Dec/2025:05:29:15 +0000] "POST /api/graphql HTTP/1.1" 200 0 "-" "Mozilla/5.0 (l9scan/2.0.830313e2436313e20313e2037313; +https://leakix.net)"
143.244.168.161 - - [02/Dec/2025:05:29:18 +0000] "POST /graphql/api HTTP/1.1" 200 0 "-" "Mozilla/5.0 (l9scan/2.0.830313e2436313e20313e2037313; +https://leakix.net)"
143.244.168.161 - - [02/Dec/2025:05:29:25 +0000] "GET /swagger-ui.html HTTP/1.1" 301 0 "-" "Mozilla/5.0 (l9scan/2.0.830313e2436313e20313e2037313; +https://leakix.net)"
143.244.168.161 - - [02/Dec/2025:05:29:31 +0000] "GET /webjars/swagger-ui/index.html HTTP/1.1" 301 0 "-" "Mozilla/5.0 (l9scan/2.0.830313e2436313e20313e2037313; +https://leakix.net)"
143.244.168.161 - - [02/Dec/2025:05:29:47 +0000] "GET /about HTTP/1.1" 301 0 "-" "Mozilla/5.0 (l9scan/2.0.830313e2436313e20313e2037313; +https://leakix.net)"
143.244.168.161 - - [02/Dec/2025:05:29:49 +0000] "GET /debug/default/view?panel=config HTTP/1.1" 301 0 "-" "Mozilla/5.0 (l9scan/2.0.830313e2436313e20313e2037313; +https://leakix.net)"
143.244.168.161 - - [02/Dec/2025:05:29:54 +0000] "GET /login.action HTTP/1.1" 301 0 "-" "Mozilla/5.0 (l9scan/2.0.830313e2436313e20313e2037313; +https://leakix.net)"
143.244.168.161 - - [02/Dec/2025:05:30:02 +0000] "GET /s/830313e2436313e20313e2037313/_/;/META-INF/maven/com.atlassian.jira/jira-webapp-dist/pom.properties HTTP/1.1" 301 0 "-" "Mozilla/5.0 (l9scan/2.0.830313e2436313e20313e2037313; +https://leakix.net)"
143.244.168.161 - - [02/Dec/2025:05:30:04 +0000] "GET /config.json HTTP/1.1" 301 0 "-" "Mozilla/5.0 (l9scan/2.0.830313e2436313e20313e2037313; +https://leakix.net)"
143.244.168.161 - - [02/Dec/2025:05:30:08 +0000] "GET /?rest_route=/wp/v2/users/ HTTP/1.1" 200 583 "-" "Mozilla/5.0 (l9scan/2.0.830313e2436313e20313e2037313; +https://leakix.net)"
74.7.227.36 - - [02/Dec/2025:11:50:30 +0000] "GET / HTTP/2" 200 47679 "-" "Mozilla/5.0 AppleWebKit/537.36 (KHTML, like Gecko; compatible; GPTBot/1.3; +https://openai.com/gptbot)"
170.10.164.108 - - [02/Dec/2025:22:32:22 +0000] "POST /wp-cron.php?doing_wp_cron=1764714742.0575790405273437500000 HTTP/1.1" 200 0 "-" "oQ0Mn53kgRsG"
35.238.157.147 - - [02/Dec/2025:22:32:14 +0000] "GET /.env HTTP/1.1" 404 122167 "-" "Python/3.14 aiohttp/3.13.2"
170.10.164.108 - - [02/Dec/2025:22:32:25 +0000] "POST /wp-admin/admin-ajax.php?action=async_litespeed&nonce=ExcDGAXjd2cEbALuGf0RP5TFox3UZkXC&litespeed_type=imgoptm HTTP/1.1" 200 0 "-" "yuqlpGE7YEVS"
92.112.162.69 - - [03/Dec/2025:02:11:34 +0000] "GET / HTTP/1.1" 200 590880 "-" "Mozilla/5.0+(compatible;+Googlebot/2.1;++http://www.google.com/bot.html)"
92.112.162.69 - - [03/Dec/2025:02:11:37 +0000] "GET / HTTP/1.1" 200 590880 "-" "Mozilla/5.0 (Windows NT 10.0; Win64; x64) AppleWebKit/537.36 (KHTML, like Gecko) Chrome/132.0.0.0 Safari/537.36"
31.57.90.88 - - [03/Dec/2025:02:23:38 +0000] "GET / HTTP/1.1" 200 590880 "-" "Mozilla/5.0+(compatible;+Googlebot/2.1;++http://www.google.com/bot.html)"
31.57.90.88 - - [03/Dec/2025:02:23:42 +0000] "GET / HTTP/1.1" 200 590880 "-" "Mozilla/5.0 (Windows NT 10.0; Win64; x64) AppleWebKit/537.36 (KHTML, like Gecko) Chrome/132.0.0.0 Safari/537.36"
195.178.110.11 - - [03/Dec/2025:07:07:53 +0000] "GET /.git/config HTTP/1.1" 403 1242 "-" "Mozilla/5.0 (Windows NT 10.0; Win64; x64) AppleWebKit/537.36"
195.178.110.11 - - [03/Dec/2025:07:07:53 +0000] "GET /.git/config HTTP/1.1" 403 1242 "-" "Mozilla/5.0 (Windows NT 10.0; Win64; x64) AppleWebKit/537.36"
159.65.144.72 - - [03/Dec/2025:07:08:09 +0000] "POST /api/graphql HTTP/1.1" 200 0 "-" "Mozilla/5.0 (l9scan/2.0.830313e2436313e20313e2037313; +https://leakix.net)"
128.199.182.55 - - [03/Dec/2025:07:08:10 +0000] "POST /graphql HTTP/1.1" 200 0 "-" "Mozilla/5.0 (l9scan/2.0.830313e2436313e20313e2037313; +https://leakix.net)"
128.199.182.55 - - [03/Dec/2025:07:08:13 +0000] "POST /api HTTP/1.1" 200 0 "-" "Mozilla/5.0 (l9scan/2.0.830313e2436313e20313e2037313; +https://leakix.net)"
159.65.144.72 - - [03/Dec/2025:07:08:15 +0000] "POST /api/gql HTTP/1.1" 200 0 "-" "Mozilla/5.0 (l9scan/2.0.830313e2436313e20313e2037313; +https://leakix.net)"
128.199.182.55 - - [03/Dec/2025:07:08:22 +0000] "POST /api/gql HTTP/1.1" 200 0 "-" "Mozilla/5.0 (l9scan/2.0.830313e2436313e20313e2037313; +https://leakix.net)"
128.199.182.55 - - [03/Dec/2025:07:08:26 +0000] "GET /swagger-ui.html HTTP/1.1" 503 140 "-" "Mozilla/5.0 (l9scan/2.0.830313e2436313e20313e2037313; +https://leakix.net)"
128.199.182.55 - - [03/Dec/2025:07:08:28 +0000] "GET /swagger/swagger-ui.html HTTP/1.1" 503 140 "-" "Mozilla/5.0 (l9scan/2.0.830313e2436313e20313e2037313; +https://leakix.net)"
128.199.182.55 - - [03/Dec/2025:07:08:29 +0000] "GET /webjars/swagger-ui/index.html HTTP/1.1" 503 140 "-" "Mozilla/5.0 (l9scan/2.0.830313e2436313e20313e2037313; +https://leakix.net)"
128.199.182.55 - - [03/Dec/2025:07:08:30 +0000] "GET /swagger.json HTTP/1.1" 503 140 "-" "Mozilla/5.0 (l9scan/2.0.830313e2436313e20313e2037313; +https://leakix.net)"
128.199.182.55 - - [03/Dec/2025:07:08:31 +0000] "GET /swagger/v1/swagger.json HTTP/1.1" 503 140 "-" "Mozilla/5.0 (l9scan/2.0.830313e2436313e20313e2037313; +https://leakix.net)"
128.199.182.55 - - [03/Dec/2025:07:08:35 +0000] "GET /api/swagger.json HTTP/1.1" 503 140 "-" "Mozilla/5.0 (l9scan/2.0.830313e2436313e20313e2037313; +https://leakix.net)"
159.65.144.72 - - [03/Dec/2025:07:08:36 +0000] "GET /server HTTP/1.1" 503 1085 "-" "Mozilla/5.0 (l9scan/2.0.830313e2436313e20313e2037313; +https://leakix.net)"
128.199.182.55 - - [03/Dec/2025:07:08:38 +0000] "POST /php-cgi/php-cgi.exe?%ADd+cgi.force_redirect%3D0+%ADd+disable_functions%3D\"\"+%ADd+allow_url_include%3D1+%ADd+auto_prepend_file%3Dphp://input HTTP/1.1" 503 1085 "-" "Mozilla/5.0 (l9scan/2.0.830313e2436313e20313e2037313; +https://leakix.net)"
159.65.144.72 - - [03/Dec/2025:07:08:39 +0000] "GET /about HTTP/1.1" 503 1085 "-" "Mozilla/5.0 (l9scan/2.0.830313e2436313e20313e2037313; +https://leakix.net)"
128.199.182.55 - - [03/Dec/2025:07:08:40 +0000] "GET /.vscode/sftp.json HTTP/1.1" 503 1085 "-" "Mozilla/5.0 (l9scan/2.0.830313e2436313e20313e2037313; +https://leakix.net)"
159.65.144.72 - - [03/Dec/2025:07:08:43 +0000] "GET /server-status HTTP/1.1" 503 1085 "-" "Mozilla/5.0 (l9scan/2.0.830313e2436313e20313e2037313; +https://leakix.net)"
159.65.144.72 - - [03/Dec/2025:07:08:45 +0000] "GET /_all_dbs HTTP/1.1" 503 140 "-" "Mozilla/5.0 (l9scan/2.0.830313e2436313e20313e2037313; +https://leakix.net)"
128.199.182.55 - - [03/Dec/2025:07:08:45 +0000] "GET /ecp/Current/exporttool/microsoft.exchange.ediscovery.exporttool.application HTTP/1.1" 503 1085 "-" "Mozilla/5.0 (l9scan/2.0.830313e2436313e20313e2037313; +https://leakix.net)"
128.199.182.55 - - [03/Dec/2025:07:08:46 +0000] "GET /server-status HTTP/1.1" 503 1085 "-" "Mozilla/5.0 (l9scan/2.0.830313e2436313e20313e2037313; +https://leakix.net)"
159.65.144.72 - - [03/Dec/2025:07:08:47 +0000] "GET /.env HTTP/1.1" 503 1085 "-" "Mozilla/5.0 (l9scan/2.0.830313e2436313e20313e2037313; +https://leakix.net)"
128.199.182.55 - - [03/Dec/2025:07:08:47 +0000] "GET /login.action HTTP/1.1" 503 1085 "-" "Mozilla/5.0 (l9scan/2.0.830313e2436313e20313e2037313; +https://leakix.net)"
195.178.110.11 - - [03/Dec/2025:07:07:53 +0000] "GET /.git/config HTTP/1.1" 403 1242 "-" "Mozilla/5.0 (Windows NT 10.0; Win64; x64) AppleWebKit/537.36"
159.65.144.72 - - [03/Dec/2025:07:08:02 +0000] "GET / HTTP/1.1" 200 262144 "-" "Mozilla/5.0 (l9scan/2.0.830313e2436313e20313e2037313; +https://leakix.net)"
159.65.144.72 - - [03/Dec/2025:07:08:03 +0000] "POST /graphql HTTP/1.1" 200 0 "-" "Mozilla/5.0 (l9scan/2.0.830313e2436313e20313e2037313; +https://leakix.net)"
159.65.144.72 - - [03/Dec/2025:07:08:06 +0000] "POST /api HTTP/1.1" 200 0 "-" "Mozilla/5.0 (l9scan/2.0.830313e2436313e20313e2037313; +https://leakix.net)"
128.199.182.55 - - [03/Dec/2025:07:08:16 +0000] "POST /api/graphql HTTP/1.1" 200 0 "-" "Mozilla/5.0 (l9scan/2.0.830313e2436313e20313e2037313; +https://leakix.net)"
159.65.144.72 - - [03/Dec/2025:07:08:22 +0000] "GET /swagger/index.html HTTP/1.1" 200 0 "-" "Mozilla/5.0 (l9scan/2.0.830313e2436313e20313e2037313; +https://leakix.net)"
159.65.144.72 - - [03/Dec/2025:07:08:25 +0000] "GET /swagger/swagger-ui.html HTTP/1.1" 503 140 "-" "Mozilla/5.0 (l9scan/2.0.830313e2436313e20313e2037313; +https://leakix.net)"
159.65.144.72 - - [03/Dec/2025:07:08:26 +0000] "GET /webjars/swagger-ui/index.html HTTP/1.1" 503 140 "-" "Mozilla/5.0 (l9scan/2.0.830313e2436313e20313e2037313; +https://leakix.net)"
159.65.144.72 - - [03/Dec/2025:07:08:27 +0000] "GET /swagger.json HTTP/1.1" 503 140 "-" "Mozilla/5.0 (l9scan/2.0.830313e2436313e20313e2037313; +https://leakix.net)"
159.65.144.72 - - [03/Dec/2025:07:08:29 +0000] "GET /v2/api-docs HTTP/1.1" 503 140 "-" "Mozilla/5.0 (l9scan/2.0.830313e2436313e20313e2037313; +https://leakix.net)"
159.65.144.72 - - [03/Dec/2025:07:08:30 +0000] "GET /v3/api-docs HTTP/1.1" 503 140 "-" "Mozilla/5.0 (l9scan/2.0.830313e2436313e20313e2037313; +https://leakix.net)"
159.65.144.72 - - [03/Dec/2025:07:08:31 +0000] "GET /api-docs/swagger.json HTTP/1.1" 503 140 "-" "Mozilla/5.0 (l9scan/2.0.830313e2436313e20313e2037313; +https://leakix.net)"
159.65.144.72 - - [03/Dec/2025:07:08:32 +0000] "GET /api/swagger.json HTTP/1.1" 503 140 "-" "Mozilla/5.0 (l9scan/2.0.830313e2436313e20313e2037313; +https://leakix.net)"
128.199.182.55 - - [03/Dec/2025:07:08:32 +0000] "GET /v2/api-docs HTTP/1.1" 503 140 "-" "Mozilla/5.0 (l9scan/2.0.830313e2436313e20313e2037313; +https://leakix.net)"
159.65.144.72 - - [03/Dec/2025:07:08:33 +0000] "GET /@vite/env HTTP/1.1" 503 1085 "-" "Mozilla/5.0 (l9scan/2.0.830313e2436313e20313e2037313; +https://leakix.net)"
128.199.182.55 - - [03/Dec/2025:07:08:33 +0000] "GET /v3/api-docs HTTP/1.1" 503 140 "-" "Mozilla/5.0 (l9scan/2.0.830313e2436313e20313e2037313; +https://leakix.net)"
159.65.144.72 - - [03/Dec/2025:07:08:40 +0000] "GET /debug/default/view?panel=config HTTP/1.1" 503 1085 "-" "Mozilla/5.0 (l9scan/2.0.830313e2436313e20313e2037313; +https://leakix.net)"
128.199.182.55 - - [03/Dec/2025:07:08:42 +0000] "GET /about HTTP/1.1" 503 1085 "-" "Mozilla/5.0 (l9scan/2.0.830313e2436313e20313e2037313; +https://leakix.net)"
159.65.144.72 - - [03/Dec/2025:07:08:44 +0000] "GET /login.action HTTP/1.1" 503 1085 "-" "Mozilla/5.0 (l9scan/2.0.830313e2436313e20313e2037313; +https://leakix.net)"
159.65.144.72 - - [03/Dec/2025:07:08:46 +0000] "GET /.DS_Store HTTP/1.1" 503 1085 "-" "Mozilla/5.0 (l9scan/2.0.830313e2436313e20313e2037313; +https://leakix.net)"
159.65.144.72 - - [03/Dec/2025:07:08:49 +0000] "GET /.git/config HTTP/1.1" 403 1242 "-" "Mozilla/5.0 (l9scan/2.0.830313e2436313e20313e2037313; +https://leakix.net)"
159.65.144.72 - - [03/Dec/2025:07:08:52 +0000] "GET /telescope/requests HTTP/1.1" 503 1085 "-" "Mozilla/5.0 (l9scan/2.0.830313e2436313e20313e2037313; +https://leakix.net)"
128.199.182.55 - - [03/Dec/2025:07:08:53 +0000] "GET /s/830313e2436313e20313e2037313/_/;/META-INF/maven/com.atlassian.jira/jira-webapp-dist/pom.properties HTTP/1.1" 503 1085 "-" "Mozilla/5.0 (l9scan/2.0.830313e2436313e20313e2037313; +https://leakix.net)"
159.65.144.72 - - [03/Dec/2025:07:08:54 +0000] "GET /?rest_route=/wp/v2/users/ HTTP/1.1" 503 1085 "-" "Mozilla/5.0 (l9scan/2.0.830313e2436313e20313e2037313; +https://leakix.net)"
128.199.182.55 - - [03/Dec/2025:07:08:01 +0000] "GET / HTTP/1.1" 403 1242 "-" "-"
159.65.144.72 - - [03/Dec/2025:07:08:01 +0000] "GET / HTTP/1.1" 200 65536 "-" "-"
170.10.164.108 - - [03/Dec/2025:07:08:09 +0000] "POST /wp-cron.php?doing_wp_cron=1764745689.6574819087982177734375 HTTP/1.1" 200 0 "-" "2cq9JQjHvlPr"
128.199.182.55 - - [03/Dec/2025:07:08:01 +0000] "GET / HTTP/1.1" 301 0 "-" "Mozilla/5.0 (l9scan/2.0.830313e2436313e20313e2037313; +https://leakix.net)"
159.65.144.72 - - [03/Dec/2025:07:08:12 +0000] "POST /graphql/api HTTP/1.1" 200 0 "-" "Mozilla/5.0 (l9scan/2.0.830313e2436313e20313e2037313; +https://leakix.net)"
159.65.144.72 - - [03/Dec/2025:07:08:19 +0000] "GET /swagger-ui.html HTTP/1.1" 200 0 "-" "Mozilla/5.0 (l9scan/2.0.830313e2436313e20313e2037313; +https://leakix.net)"
128.199.182.55 - - [03/Dec/2025:07:08:19 +0000] "POST /graphql/api HTTP/1.1" 200 0 "-" "Mozilla/5.0 (l9scan/2.0.830313e2436313e20313e2037313; +https://leakix.net)"
170.10.164.108 - - [03/Dec/2025:07:08:18 +0000] "POST /wp-admin/admin-ajax.php?action=async_litespeed&nonce=MwKb13jT3mFGkrx6ECRB4fZT2gYTba23&litespeed_type=imgoptm HTTP/1.1" 200 21 "-" "EY1hDLUnuJjI"
128.199.182.55 - - [03/Dec/2025:07:08:27 +0000] "GET /swagger/index.html HTTP/1.1" 503 140 "-" "Mozilla/5.0 (l9scan/2.0.830313e2436313e20313e2037313; +https://leakix.net)"
159.65.144.72 - - [03/Dec/2025:07:08:28 +0000] "GET /swagger/v1/swagger.json HTTP/1.1" 503 140 "-" "Mozilla/5.0 (l9scan/2.0.830313e2436313e20313e2037313; +https://leakix.net)"
159.65.144.72 - - [03/Dec/2025:07:08:34 +0000] "GET /actuator/env HTTP/1.1" 503 1085 "-" "Mozilla/5.0 (l9scan/2.0.830313e2436313e20313e2037313; +https://leakix.net)"
128.199.182.55 - - [03/Dec/2025:07:08:34 +0000] "GET /api-docs/swagger.json HTTP/1.1" 503 140 "-" "Mozilla/5.0 (l9scan/2.0.830313e2436313e20313e2037313; +https://leakix.net)"
159.65.144.72 - - [03/Dec/2025:07:08:35 +0000] "POST /php-cgi/php-cgi.exe?%ADd+cgi.force_redirect%3D0+%ADd+disable_functions%3D\"\"+%ADd+allow_url_include%3D1+%ADd+auto_prepend_file%3Dphp://input HTTP/1.1" 503 1085 "-" "Mozilla/5.0 (l9scan/2.0.830313e2436313e20313e2037313; +https://leakix.net)"
128.199.182.55 - - [03/Dec/2025:07:08:36 +0000] "GET /@vite/env HTTP/1.1" 503 1085 "-" "Mozilla/5.0 (l9scan/2.0.830313e2436313e20313e2037313; +https://leakix.net)"
159.65.144.72 - - [03/Dec/2025:07:08:37 +0000] "GET /.vscode/sftp.json HTTP/1.1" 503 1085 "-" "Mozilla/5.0 (l9scan/2.0.830313e2436313e20313e2037313; +https://leakix.net)"
128.199.182.55 - - [03/Dec/2025:07:08:37 +0000] "GET /actuator/env HTTP/1.1" 503 1085 "-" "Mozilla/5.0 (l9scan/2.0.830313e2436313e20313e2037313; +https://leakix.net)"
128.199.182.55 - - [03/Dec/2025:07:08:39 +0000] "GET /server HTTP/1.1" 503 1085 "-" "Mozilla/5.0 (l9scan/2.0.830313e2436313e20313e2037313; +https://leakix.net)"
159.65.144.72 - - [03/Dec/2025:07:08:41 +0000] "GET /v2/_catalog HTTP/1.1" 503 140 "-" "Mozilla/5.0 (l9scan/2.0.830313e2436313e20313e2037313; +https://leakix.net)"
159.65.144.72 - - [03/Dec/2025:07:08:42 +0000] "GET /ecp/Current/exporttool/microsoft.exchange.ediscovery.exporttool.application HTTP/1.1" 503 1085 "-" "Mozilla/5.0 (l9scan/2.0.830313e2436313e20313e2037313; +https://leakix.net)"
128.199.182.55 - - [03/Dec/2025:07:08:43 +0000] "GET /debug/default/view?panel=config HTTP/1.1" 503 1085 "-" "Mozilla/5.0 (l9scan/2.0.830313e2436313e20313e2037313; +https://leakix.net)"
128.199.182.55 - - [03/Dec/2025:07:08:44 +0000] "GET /v2/_catalog HTTP/1.1" 503 140 "-" "Mozilla/5.0 (l9scan/2.0.830313e2436313e20313e2037313; +https://leakix.net)"
128.199.182.55 - - [03/Dec/2025:07:08:49 +0000] "GET /.DS_Store HTTP/1.1" 503 1085 "-" "Mozilla/5.0 (l9scan/2.0.830313e2436313e20313e2037313; +https://leakix.net)"
159.65.144.72 - - [03/Dec/2025:07:08:51 +0000] "GET /config.json HTTP/1.1" 503 1085 "-" "Mozilla/5.0 (l9scan/2.0.830313e2436313e20313e2037313; +https://leakix.net)"
128.199.182.55 - - [03/Dec/2025:07:08:54 +0000] "GET /config.json HTTP/1.1" 503 1085 "-" "Mozilla/5.0 (l9scan/2.0.830313e2436313e20313e2037313; +https://leakix.net)"
128.199.182.55 - - [03/Dec/2025:07:08:57 +0000] "GET /?rest_route=/wp/v2/users/ HTTP/1.1" 500 0 "-" "Mozilla/5.0 (l9scan/2.0.830313e2436313e20313e2037313; +https://leakix.net)"
128.199.182.55 - - [03/Dec/2025:07:08:48 +0000] "GET /_all_dbs HTTP/1.1" 503 140 "-" "Mozilla/5.0 (l9scan/2.0.830313e2436313e20313e2037313; +https://leakix.net)"
159.65.144.72 - - [03/Dec/2025:07:08:50 +0000] "GET /s/830313e2436313e20313e2037313/_/;/META-INF/maven/com.atlassian.jira/jira-webapp-dist/pom.properties HTTP/1.1" 503 1085 "-" "Mozilla/5.0 (l9scan/2.0.830313e2436313e20313e2037313; +https://leakix.net)"
128.199.182.55 - - [03/Dec/2025:07:08:50 +0000] "GET /.env HTTP/1.1" 503 1085 "-" "Mozilla/5.0 (l9scan/2.0.830313e2436313e20313e2037313; +https://leakix.net)"
128.199.182.55 - - [03/Dec/2025:07:08:52 +0000] "GET /.git/config HTTP/1.1" 403 1242 "-" "Mozilla/5.0 (l9scan/2.0.830313e2436313e20313e2037313; +https://leakix.net)"
159.65.144.72 - - [03/Dec/2025:07:08:53 +0000] "GET /info.php HTTP/1.1" 503 1085 "-" "Mozilla/5.0 (l9scan/2.0.830313e2436313e20313e2037313; +https://leakix.net)"
128.199.182.55 - - [03/Dec/2025:07:08:55 +0000] "GET /telescope/requests HTTP/1.1" 503 1085 "-" "Mozilla/5.0 (l9scan/2.0.830313e2436313e20313e2037313; +https://leakix.net)"
128.199.182.55 - - [03/Dec/2025:07:08:56 +0000] "GET /info.php HTTP/1.1" 500 0 "-" "Mozilla/5.0 (l9scan/2.0.830313e2436313e20313e2037313; +https://leakix.net)"
51.81.245.138 - - [03/Dec/2025:07:09:04 +0000] "GET / HTTP/1.1" 503 1085 "-" "Mozilla/5.0 (Windows NT 10.0; Win64; x64) AppleWebKit/537.36 (KHTML, like Gecko) Chrome/108.0.0.0 Safari/537.36"
195.123.244.84 - - [03/Dec/2025:07:10:03 +0000] "HEAD / HTTP/2" 200 0 "http://joms.brainware.com.co" "Mozilla/5.0 (Windows NT 11.0; Win64; x64) AppleWebKit/537.36 (KHTML, like Gecko) Chrome/119.0.0.0 Safari/537.36"
195.178.110.10 - - [03/Dec/2025:07:12:43 +0000] "GET /.git/config HTTP/1.1" 403 1242 "-" "Mozilla/5.0 (Windows NT 10.0; Win64; x64) AppleWebKit/537.36"
195.178.110.10 - - [03/Dec/2025:07:12:52 +0000] "GET /.git/config HTTP/1.1" 403 1242 "-" "Mozilla/5.0 (Windows NT 10.0; Win64; x64) AppleWebKit/537.36"
51.81.245.138 - - [03/Dec/2025:07:09:04 +0000] "GET /favicon.ico HTTP/1.1" 404 1251 "-" "python-requests/2.25.1"
170.10.164.108 - - [03/Dec/2025:07:09:10 +0000] "POST /wp-cron.php?doing_wp_cron=1764745750.2722930908203125000000 HTTP/1.1" 200 0 "-" "WordPress/6.9; https://joms.brainware.com.co"
170.10.164.108 - - [03/Dec/2025:07:09:09 +0000] "POST /wp-admin/upgrade.php?step=upgrade_db HTTP/1.1" 200 21 "-" "WordPress/6.8.3; https://joms.brainware.com.co"
170.10.164.108 - - [03/Dec/2025:07:10:05 +0000] "POST /wp-admin/admin-ajax.php?action=async_litespeed&nonce=8BsoS3rYeeHhlNEcycHEmzJDL6VzyHBc&litespeed_type=imgoptm HTTP/1.1" 200 21 "-" "s3N26lJVrjqI"
195.123.244.84 - - [03/Dec/2025:07:10:07 +0000] "GET / HTTP/2" 200 67217 "http://joms.brainware.com.co" "Mozilla/5.0 (Macintosh; Intel Mac OS X 10_15_7) AppleWebKit/537.36 (KHTML, like Gecko) Chrome/122.0.0.0 Safari/537.36"
31.97.153.61 - - [03/Dec/2025:07:12:53 +0000] "GET / HTTP/1.1" 200 67217 "-" "Mozilla/5.0 (Windows NT 10.0; Win64; x64) AppleWebKit/537.36 (KHTML, like Gecko) Edge/126.0.0.0"
170.10.164.108 - - [03/Dec/2025:07:36:33 +0000] "POST /wp-cron.php?doing_wp_cron=1764747393.8189930915832519531250 HTTP/1.1" 200 0 "-" "eV5LSx2G3OHn"
74.7.228.3 - - [03/Dec/2025:07:36:32 +0000] "GET /robots.txt HTTP/2" 301 0 "-" "Mozilla/5.0 (Macintosh; Intel Mac OS X 10_15_7) AppleWebKit/537.36 (KHTML, like Gecko) Chrome/131.0.0.0 Safari/537.36; compatible; OAI-SearchBot/1.3; robots.txt; +https://openai.com/searchbot"
170.10.164.108 - - [03/Dec/2025:07:34:14 +0000] "POST /wp-admin/admin-ajax.php?action=async_litespeed&nonce=rjCfze4dfcMpdvrtwxWcmJSuhKXmUk1t&litespeed_type=imgoptm HTTP/1.1" 200 21 "-" "JzgZD7EMnsc0"
170.10.164.108 - - [03/Dec/2025:07:35:12 +0000] "POST /wp-admin/admin-ajax.php?action=async_litespeed&nonce=KIvh3Zw95yojXq1N4UolkZR65b61GkMR&litespeed_type=imgoptm HTTP/1.1" 200 21 "-" "prcqQXj33jN6"
170.10.164.108 - - [03/Dec/2025:07:36:36 +0000] "POST /wp-admin/admin-ajax.php?action=async_litespeed&nonce=dJSJWZhxDQESuq3lCbDdHRN7q181DjbI&litespeed_type=imgoptm HTTP/1.1" 200 21 "-" "NeNXWFDZx6aZ"
74.7.228.3 - - [03/Dec/2025:07:36:34 +0000] "GET /robots.txt HTTP/2" 200 61 "https://www.joms.brainware.com.co/robots.txt" "Mozilla/5.0 (Macintosh; Intel Mac OS X 10_15_7) AppleWebKit/537.36 (KHTML, like Gecko) Chrome/131.0.0.0 Safari/537.36; compatible; OAI-SearchBot/1.3; robots.txt; +https://openai.com/searchbot"
74.7.230.59 - - [03/Dec/2025:08:44:14 +0000] "GET /robots.txt HTTP/2" 200 61 "-" "Mozilla/5.0 (Macintosh; Intel Mac OS X 10_15_7) AppleWebKit/537.36 (KHTML, like Gecko) Chrome/131.0.0.0 Safari/537.36; compatible; OAI-SearchBot/1.3; robots.txt; +https://openai.com/searchbot"
45.84.107.174 - - [03/Dec/2025:10:24:16 +0000] "GET / HTTP/1.1" 200 67217 "-" "Mozilla/5.0 (compatible; MSIE 10.0; Windows NT 6.1; Trident/6.0)"
167.235.250.30 - - [03/Dec/2025:12:06:45 +0000] "GET / HTTP/1.1" 200 47248 "-" "Mozilla/5.0 (Windows NT 10.0; Win64; x64) AppleWebKit/537.36 (KHTML, like Gecko) Chrome/137.0.0.0 Safari/537.36"
167.235.250.30 - - [03/Dec/2025:12:06:46 +0000] "GET /favicon.ico HTTP/1.1" 404 1251 "-" "Mozilla/5.0 (Windows NT 10.0; Win64; x64) AppleWebKit/537.36 (KHTML, like Gecko) Chrome/137.0.0.0 Safari/537.36"
138.197.171.188 - - [03/Dec/2025:14:57:17 +0000] "GET / HTTP/1.1" 301 0 "-" "Mozilla/5.0 (X11; Linux x86_64) AppleWebKit/537.36 (KHTML, like Gecko) Chrome/139.0.0.0 Safari/537.36"
170.10.164.108 - - [03/Dec/2025:14:57:23 +0000] "POST /wp-admin/admin-ajax.php?action=async_litespeed&nonce=EdNEC6V3Umw0e7bzlADd6xIyZU5Gx50b&litespeed_type=imgoptm HTTP/1.1" 200 0 "-" "WevJ6gaNktOD"
170.10.164.108 - - [03/Dec/2025:17:49:05 +0000] "POST /wp-admin/admin-ajax.php?action=async_litespeed&nonce=G0D2YYIAwamKw60xpXl7C21qrL4tWYlM&litespeed_type=imgoptm HTTP/1.1" 200 21 "-" "r8IgUNlWXNuh"
170.10.164.108 - - [03/Dec/2025:17:50:11 +0000] "POST /wp-cron.php?doing_wp_cron=1764784211.1825110912322998046875 HTTP/1.1" 200 0 "-" "CunmeL5CaLNS"
35.230.12.98 - - [03/Dec/2025:17:42:28 +0000] "GET / HTTP/2" 200 0 "http://joms.brainware.com.co" "Mozilla/5.0 (compatible; CMS-Checker/1.0; +https://example.com)"
170.10.164.108 - - [03/Dec/2025:17:42:29 +0000] "POST /wp-admin/admin-ajax.php?action=async_litespeed&nonce=kTkhTHoP8DErtRZHUP1MCE7DZQiyZO0e&litespeed_type=imgoptm HTTP/1.1" 200 21 "-" "tstTJ9M0zzvh"
136.107.115.234 - - [03/Dec/2025:17:49:05 +0000] "GET / HTTP/2" 200 0 "http://www.joms.brainware.com.co" "Mozilla/5.0 (compatible; CMS-Checker/1.0; +https://example.com)"
195.178.110.8 - - [03/Dec/2025:19:12:57 +0000] "GET /.git/config HTTP/1.1" 403 1242 "-" "Mozilla/5.0 (Windows NT 10.0; Win64; x64) AppleWebKit/537.36"
170.10.164.108 - - [03/Dec/2025:20:32:57 +0000] "POST /wp-admin/admin-ajax.php?action=async_litespeed&nonce=NZLYe6DrI68Gt9ErGI9MhYr7WXZCnOGb&litespeed_type=imgoptm HTTP/1.1" 200 21 "-" "qhhmc8JYCmEU"
35.187.246.197 - - [03/Dec/2025:20:32:56 +0000] "GET / HTTP/1.1" 200 66735 "-" "Mozilla/5.0 (compatible; Googlebot/2.1; +http://www.google.com/bot.html)"
195.178.110.8 - - [03/Dec/2025:19:12:57 +0000] "GET /.git/config HTTP/1.1" 403 1242 "-" "Mozilla/5.0 (Windows NT 10.0; Win64; x64) AppleWebKit/537.36"
204.76.203.25 - - [04/Dec/2025:02:09:22 +0000] "GET /wp-content/plugins/elementor/assets/js/webpack.runtime.min.js HTTP/1.1" 200 5407 "-" "Mozilla/5.0 (Windows NT 10.0; Win64; x64) AppleWebKit/537.36 (KHTML, like Gecko) Chrome/134.0.0.0 Safari/537.3"
166.88.149.157 - - [04/Dec/2025:02:13:21 +0000] "GET / HTTP/1.1" 200 589093 "-" "Mozilla/5.0+(compatible;+Googlebot/2.1;++http://www.google.com/bot.html)"
170.10.164.108 - - [04/Dec/2025:02:13:34 +0000] "POST /wp-admin/admin-ajax.php?action=async_litespeed&nonce=U4Hb38m8YspfDhho0CFp9gHxrOh4gYBK&litespeed_type=imgoptm HTTP/1.1" 200 21 "-" "Fvgq9QLnXJCd"
166.88.149.157 - - [04/Dec/2025:02:13:34 +0000] "GET / HTTP/1.1" 200 589093 "-" "Mozilla/5.0 (Windows NT 10.0; Win64; x64) AppleWebKit/537.36 (KHTML, like Gecko) Chrome/132.0.0.0 Safari/537.36"
204.76.203.25 - - [04/Dec/2025:02:09:22 +0000] "GET /wp-content/plugins/pro-elements/assets/js/webpack-pro.runtime.min.js HTTP/1.1" 200 6247 "-" "Mozilla/5.0 (Windows NT 10.0; Win64; x64) AppleWebKit/537.36 (KHTML, like Gecko) Chrome/134.0.0.0 Safari/537.3"
170.10.164.108 - - [04/Dec/2025:02:13:32 +0000] "POST /wp-cron.php?doing_wp_cron=1764814412.5111279487609863281250 HTTP/1.1" 200 0 "-" "qWueOybnSMZN"
82.21.218.215 - - [04/Dec/2025:02:19:27 +0000] "GET / HTTP/1.1" 200 589093 "-" "Mozilla/5.0+(compatible;+Googlebot/2.1;++http://www.google.com/bot.html)"
82.21.218.215 - - [04/Dec/2025:02:19:29 +0000] "GET / HTTP/1.1" 200 589093 "-" "Mozilla/5.0 (Windows NT 10.0; Win64; x64) AppleWebKit/537.36 (KHTML, like Gecko) Chrome/132.0.0.0 Safari/537.36"
147.135.252.177 - - [04/Dec/2025:04:18:07 +0000] "GET /robots.txt HTTP/1.1" 200 67 "-" "Mozilla/5.0 (compatible; MJ12bot/v1.4.8; http://mj12bot.com/)"
147.135.252.177 - - [04/Dec/2025:04:18:11 +0000] "GET / HTTP/1.1" 200 47294 "-" "Mozilla/5.0 (compatible; MJ12bot/v1.4.8; http://mj12bot.com/)"
147.135.252.177 - - [04/Dec/2025:04:18:13 +0000] "GET / HTTP/1.1" 200 47294 "-" "Mozilla/5.0 (compatible; MJ12bot/v1.4.8; http://mj12bot.com/)"
170.10.164.108 - - [04/Dec/2025:04:18:04 +0000] "POST /wp-admin/admin-ajax.php?action=async_litespeed&nonce=Ot9dyUhO93f3REHxYMOmHTt0KPsX5hnz&litespeed_type=imgoptm HTTP/1.1" 200 0 "-" "WOGUUIzwCsjl"
68.183.90.252 - - [04/Dec/2025:04:33:03 +0000] "GET /wp-login.php HTTP/1.1" 200 3254 "-" "Mozilla/5.0"
68.183.90.252 - - [04/Dec/2025:04:33:06 +0000] "GET /?author=1 HTTP/1.1" 301 0 "-" "Mozilla/5.0"
68.183.90.252 - - [04/Dec/2025:04:33:11 +0000] "GET /?author=2 HTTP/1.1" 404 25633 "-" "Mozilla/5.0"
170.10.164.108 - - [04/Dec/2025:04:19:19 +0000] "POST /wp-cron.php?doing_wp_cron=1764821959.2763619422912597656250 HTTP/1.1" 200 0 "-" "URfRlC34vWgW"
170.10.164.108 - - [04/Dec/2025:04:20:52 +0000] "POST /wp-cron.php?doing_wp_cron=1764822052.2107980251312255859375 HTTP/1.1" 200 0 "-" "vXxzRcABHXDf"
74.7.241.49 - - [04/Dec/2025:04:20:50 +0000] "GET / HTTP/2" 301 0 "-" "Mozilla/5.0 AppleWebKit/537.36 (KHTML, like Gecko; compatible; GPTBot/1.3; +https://openai.com/gptbot)"
170.10.164.108 - - [04/Dec/2025:04:20:54 +0000] "POST /wp-admin/admin-ajax.php?action=async_litespeed&nonce=Dad33FZBHhovTspf3gKiPcUnpQ6yTo1B&litespeed_type=imgoptm HTTP/1.1" 200 21 "-" "3XGDbtpiafaH"
170.10.164.108 - - [04/Dec/2025:04:33:05 +0000] "POST /wp-admin/admin-ajax.php?action=async_litespeed&nonce=IbP2Nr4bxNayWlCHZ7i76k1hc6OYmjdO&litespeed_type=imgoptm HTTP/1.1" 200 21 "-" "EHCuvuRrikUe"
170.10.164.108 - - [04/Dec/2025:05:36:21 +0000] "POST /wp-admin/admin-ajax.php?action=async_litespeed&nonce=pKN9BaVHIRyr3x2mFOMj7IvLV4wxJHq9&litespeed_type=imgoptm HTTP/1.1" 200 21 "-" "FKkhYQZK3wYv"
170.10.164.108 - - [04/Dec/2025:05:43:15 +0000] "POST /wp-admin/admin-ajax.php?action=async_litespeed&nonce=rJFayuKdCvgAUZua249LcAJVPHFIJCbq&litespeed_type=imgoptm HTTP/1.1" 200 21 "-" "5IEBOGeGANye"
68.183.90.252 - - [04/Dec/2025:05:36:12 +0000] "POST /wp-login.php HTTP/1.1" 200 10154 "-" "Mozilla/5.0"
170.10.164.108 - - [04/Dec/2025:05:43:14 +0000] "POST /wp-cron.php?doing_wp_cron=1764826994.3500549793243408203125 HTTP/1.1" 200 0 "-" "8YeMQc5B2xzt"
170.10.164.108 - - [04/Dec/2025:05:36:20 +0000] "POST /wp-cron.php?doing_wp_cron=1764826580.0497128963470458984375 HTTP/1.1" 200 0 "-" "BCKNGkLOEfOv"
68.183.90.252 - - [04/Dec/2025:05:43:12 +0000] "POST /wp-login.php HTTP/1.1" 200 10154 "-" "Mozilla/5.0"
170.10.164.108 - - [04/Dec/2025:05:49:45 +0000] "POST /wp-cron.php?doing_wp_cron=1764827385.2833681106567382812500 HTTP/1.1" 200 0 "-" "0vErFMWqn1iZ"
68.183.90.252 - - [04/Dec/2025:05:49:43 +0000] "POST /wp-login.php HTTP/1.1" 200 10154 "-" "Mozilla/5.0"
170.10.164.108 - - [04/Dec/2025:05:56:43 +0000] "POST /wp-cron.php?doing_wp_cron=1764827803.8667500019073486328125 HTTP/1.1" 200 0 "-" "1HzDKlmNoKZi"
170.10.164.108 - - [04/Dec/2025:06:05:26 +0000] "POST /wp-cron.php?doing_wp_cron=1764828326.3388268947601318359375 HTTP/1.1" 200 0 "-" "jdvz7AacVR84"
170.10.164.108 - - [04/Dec/2025:06:15:49 +0000] "POST /wp-cron.php?doing_wp_cron=1764828949.5227448940277099609375 HTTP/1.1" 200 0 "-" "ejVyKCWVcSgf"
170.10.164.108 - - [04/Dec/2025:06:28:22 +0000] "POST /wp-admin/admin-ajax.php?action=async_litespeed&nonce=ZjNdbfU42pLe5bFpswyrp2ANTD1Y8h2t&litespeed_type=imgoptm HTTP/1.1" 200 21 "-" "1engDE5HT0vg"
170.10.164.108 - - [04/Dec/2025:06:42:25 +0000] "POST /wp-cron.php?doing_wp_cron=1764830545.6303849220275878906250 HTTP/1.1" 200 0 "-" "XHI1ifGyQsuI"
170.10.164.108 - - [04/Dec/2025:06:56:25 +0000] "POST /wp-admin/admin-ajax.php?action=async_litespeed&nonce=XJDVk7PwAjJEkx7GoBYmF0CRkq4ulkdQ&litespeed_type=imgoptm HTTP/1.1" 200 21 "-" "oAeSaldInpqG"
68.183.90.252 - - [04/Dec/2025:06:05:18 +0000] "POST /wp-login.php HTTP/1.1" 200 10154 "-" "Mozilla/5.0"
170.10.164.108 - - [04/Dec/2025:06:15:50 +0000] "POST /wp-admin/admin-ajax.php?action=async_litespeed&nonce=aElplZ1GtVM2rcH3V54hDQg2vtaAfCeE&litespeed_type=imgoptm HTTP/1.1" 200 21 "-" "3XTkRm3bCQRh"
170.10.164.108 - - [04/Dec/2025:06:28:20 +0000] "POST /wp-cron.php?doing_wp_cron=1764829700.9730539321899414062500 HTTP/1.1" 200 0 "-" "d5HVNltfaeJC"
68.183.90.252 - - [04/Dec/2025:06:42:17 +0000] "POST /wp-login.php HTTP/1.1" 200 10119 "-" "Mozilla/5.0"
170.10.164.108 - - [04/Dec/2025:06:42:27 +0000] "POST /wp-admin/admin-ajax.php?action=async_litespeed&nonce=JAzrGBJO4lTFikk7kv6BJtAVvI1fsfhF&litespeed_type=imgoptm HTTP/1.1" 200 21 "-" "XbCJA69CpU4U"
170.10.164.108 - - [04/Dec/2025:06:56:24 +0000] "POST /wp-cron.php?doing_wp_cron=1764831383.9404881000518798828125 HTTP/1.1" 200 0 "-" "Hqyi9rEcE8ug"
170.10.164.108 - - [04/Dec/2025:05:49:46 +0000] "POST /wp-admin/admin-ajax.php?action=async_litespeed&nonce=P0S9fLF0MMhHnWTL4k4E6hHIn4WNhM5k&litespeed_type=imgoptm HTTP/1.1" 200 21 "-" "47UEcKUfOrlR"
68.183.90.252 - - [04/Dec/2025:05:56:42 +0000] "POST /wp-login.php HTTP/1.1" 200 10119 "-" "Mozilla/5.0"
170.10.164.108 - - [04/Dec/2025:05:56:45 +0000] "POST /wp-admin/admin-ajax.php?action=async_litespeed&nonce=DyAZZZcLiHHQt0xlUJNb5raR1YWsahBa&litespeed_type=imgoptm HTTP/1.1" 200 21 "-" "1zGm1QpwajB1"
170.10.164.108 - - [04/Dec/2025:06:05:28 +0000] "POST /wp-admin/admin-ajax.php?action=async_litespeed&nonce=tN7yGt7BuAf1WqjnRf1ItjW4EmZA0ImI&litespeed_type=imgoptm HTTP/1.1" 200 21 "-" "0T5RgDeDvHlM"
68.183.90.252 - - [04/Dec/2025:06:15:41 +0000] "POST /wp-login.php HTTP/1.1" 200 10154 "-" "Mozilla/5.0"
68.183.90.252 - - [04/Dec/2025:06:28:13 +0000] "POST /wp-login.php HTTP/1.1" 200 10154 "-" "Mozilla/5.0"
68.183.90.252 - - [04/Dec/2025:06:56:16 +0000] "POST /wp-login.php HTTP/1.1" 200 10154 "-" "Mozilla/5.0"
170.10.164.108 - - [04/Dec/2025:07:21:19 +0000] "POST /wp-cron.php?doing_wp_cron=1764832879.1542758941650390625000 HTTP/1.1" 200 0 "-" "6JI5vJjjZPrU"
138.199.236.196 - - [04/Dec/2025:07:21:11 +0000] "GET / HTTP/1.1" 301 0 "-" "Mozilla/5.0 (Windows NT 10.0; Win64; x64) AppleWebKit/537.36 (KHTML, like Gecko) Chrome/137.0.0.0 Safari/537.36"
138.199.236.196 - - [04/Dec/2025:07:21:24 +0000] "GET /favicon.ico HTTP/1.1" 404 1251 "-" "Mozilla/5.0 (Windows NT 10.0; Win64; x64) AppleWebKit/537.36 (KHTML, like Gecko) Chrome/137.0.0.0 Safari/537.36"
68.183.90.252 - - [04/Dec/2025:07:25:01 +0000] "POST /wp-login.php HTTP/1.1" 200 10154 "-" "Mozilla/5.0"
170.10.164.108 - - [04/Dec/2025:07:25:04 +0000] "POST /wp-admin/admin-ajax.php?action=async_litespeed&nonce=WLxYX9YCW4WzjTusRdvYFbADD4X3QCXu&litespeed_type=imgoptm HTTP/1.1" 200 21 "-" "EQtCdcmU14qA"
