152.203.125.120 - - [30/Nov/2025:22:00:48 +0000] "GET /wp-admin/load-scripts.php?c=1&load%5Bchunk_0%5D=hoverIntent&ver=6.8.3 HTTP/2" 200 712 "https://estheticline.brainware.com.co/wp-admin/site-editor.php" "Mozilla/5.0 (X11; Linux x86_64) AppleWebKit/537.36 (KHTML, like Gecko) Chrome/136.0.0.0 Safari/537.36"
152.203.125.120 - - [30/Nov/2025:22:00:48 +0000] "GET /wp-includes/js/dist/wordcount.min.js?ver=55d8c2bf3dc99e7ea5ec HTTP/2" 200 939 "https://estheticline.brainware.com.co/wp-admin/site-editor.php" "Mozilla/5.0 (X11; Linux x86_64) AppleWebKit/537.36 (KHTML, like Gecko) Chrome/136.0.0.0 Safari/537.36"
152.203.125.120 - - [30/Nov/2025:22:00:48 +0000] "GET /wp-includes/js/dist/media-utils.min.js?ver=c3dd622ad8417c2d4474 HTTP/2" 200 3484 "https://estheticline.brainware.com.co/wp-admin/site-editor.php" "Mozilla/5.0 (X11; Linux x86_64) AppleWebKit/537.36 (KHTML, like Gecko) Chrome/136.0.0.0 Safari/537.36"
152.203.125.120 - - [30/Nov/2025:22:00:48 +0000] "GET /wp-includes/js/dist/plugins.min.js?ver=20303a2de19246c83e5a HTTP/2" 200 1758 "https://estheticline.brainware.com.co/wp-admin/site-editor.php" "Mozilla/5.0 (X11; Linux x86_64) AppleWebKit/537.36 (KHTML, like Gecko) Chrome/136.0.0.0 Safari/537.36"
152.203.125.120 - - [30/Nov/2025:22:00:48 +0000] "GET /wp-includes/js/dist/viewport.min.js?ver=829c9a30d366e1e5054c HTTP/2" 200 901 "https://estheticline.brainware.com.co/wp-admin/site-editor.php" "Mozilla/5.0 (X11; Linux x86_64) AppleWebKit/537.36 (KHTML, like Gecko) Chrome/136.0.0.0 Safari/537.36"
152.203.125.120 - - [30/Nov/2025:22:00:48 +0000] "GET /wp-includes/js/dist/editor.min.js?ver=e143f7bc0f4773342f31 HTTP/2" 200 106860 "https://estheticline.brainware.com.co/wp-admin/site-editor.php" "Mozilla/5.0 (X11; Linux x86_64) AppleWebKit/537.36 (KHTML, like Gecko) Chrome/136.0.0.0 Safari/537.36"
152.203.125.120 - - [30/Nov/2025:22:00:48 +0000] "GET /wp-includes/js/plupload/moxie.min.js?ver=1.3.5.1 HTTP/2" 200 26466 "https://estheticline.brainware.com.co/wp-admin/site-editor.php" "Mozilla/5.0 (X11; Linux x86_64) AppleWebKit/537.36 (KHTML, like Gecko) Chrome/136.0.0.0 Safari/537.36"
152.203.125.120 - - [30/Nov/2025:22:00:48 +0000] "GET /wp-includes/js/plupload/plupload.min.js?ver=2.1.9 HTTP/2" 200 5376 "https://estheticline.brainware.com.co/wp-admin/site-editor.php" "Mozilla/5.0 (X11; Linux x86_64) AppleWebKit/537.36 (KHTML, like Gecko) Chrome/136.0.0.0 Safari/537.36"
152.203.125.120 - - [30/Nov/2025:22:00:48 +0000] "GET /wp-content/plugins/create-block-theme/build/plugin-sidebar.js?ver=5e591585ae62a5a8f9a1 HTTP/2" 200 212131 "https://estheticline.brainware.com.co/wp-admin/site-editor.php" "Mozilla/5.0 (X11; Linux x86_64) AppleWebKit/537.36 (KHTML, like Gecko) Chrome/136.0.0.0 Safari/537.36"
152.203.125.120 - - [30/Nov/2025:22:00:49 +0000] "GET /wp-includes/js/dist/router.min.js?ver=e41607ae499191e0cb49 HTTP/2" 200 5263 "https://estheticline.brainware.com.co/wp-admin/site-editor.php" "Mozilla/5.0 (X11; Linux x86_64) AppleWebKit/537.36 (KHTML, like Gecko) Chrome/136.0.0.0 Safari/537.36"
152.203.125.120 - - [30/Nov/2025:22:00:49 +0000] "GET /wp-includes/js/dist/block-library.min.js?ver=345e81712b7dbb2f48dc HTTP/2" 200 206213 "https://estheticline.brainware.com.co/wp-admin/site-editor.php" "Mozilla/5.0 (X11; Linux x86_64) AppleWebKit/537.36 (KHTML, like Gecko) Chrome/136.0.0.0 Safari/537.36"
152.203.125.120 - - [30/Nov/2025:22:00:49 +0000] "GET /wp-includes/js/dist/core-commands.min.js?ver=afcb83dba96ea45361e9 HTTP/2" 200 2934 "https://estheticline.brainware.com.co/wp-admin/site-editor.php" "Mozilla/5.0 (X11; Linux x86_64) AppleWebKit/537.36 (KHTML, like Gecko) Chrome/136.0.0.0 Safari/537.36"
152.203.125.120 - - [30/Nov/2025:22:00:49 +0000] "GET /wp-includes/js/dist/widgets.min.js?ver=0b561f75d41627a9d110 HTTP/2" 200 6794 "https://estheticline.brainware.com.co/wp-admin/site-editor.php" "Mozilla/5.0 (X11; Linux x86_64) AppleWebKit/537.36 (KHTML, like Gecko) Chrome/136.0.0.0 Safari/537.36"
152.203.125.120 - - [30/Nov/2025:22:00:49 +0000] "GET /wp-includes/js/dist/format-library.min.js?ver=f813b03986e369dad65e HTTP/2" 200 7632 "https://estheticline.brainware.com.co/wp-admin/site-editor.php" "Mozilla/5.0 (X11; Linux x86_64) AppleWebKit/537.36 (KHTML, like Gecko) Chrome/136.0.0.0 Safari/537.36"
152.203.125.120 - - [30/Nov/2025:22:00:49 +0000] "GET /wp-includes/js/backbone.min.js?ver=1.6.0 HTTP/2" 200 7832 "https://estheticline.brainware.com.co/wp-admin/site-editor.php" "Mozilla/5.0 (X11; Linux x86_64) AppleWebKit/537.36 (KHTML, like Gecko) Chrome/136.0.0.0 Safari/537.36"
152.203.125.120 - - [30/Nov/2025:22:00:49 +0000] "GET /wp-includes/js/wp-backbone.min.js?ver=6.8.3 HTTP/2" 200 1086 "https://estheticline.brainware.com.co/wp-admin/site-editor.php" "Mozilla/5.0 (X11; Linux x86_64) AppleWebKit/537.36 (KHTML, like Gecko) Chrome/136.0.0.0 Safari/537.36"
152.203.125.120 - - [30/Nov/2025:22:00:49 +0000] "GET /wp-includes/js/media-models.min.js?ver=6.8.3 HTTP/2" 200 3988 "https://estheticline.brainware.com.co/wp-admin/site-editor.php" "Mozilla/5.0 (X11; Linux x86_64) AppleWebKit/537.36 (KHTML, like Gecko) Chrome/136.0.0.0 Safari/537.36"
152.203.125.120 - - [30/Nov/2025:22:00:49 +0000] "GET /wp-includes/js/plupload/wp-plupload.min.js?ver=6.8.3 HTTP/2" 200 2184 "https://estheticline.brainware.com.co/wp-admin/site-editor.php" "Mozilla/5.0 (X11; Linux x86_64) AppleWebKit/537.36 (KHTML, like Gecko) Chrome/136.0.0.0 Safari/537.36"
152.203.125.120 - - [30/Nov/2025:22:00:49 +0000] "GET /wp-includes/js/dist/edit-site.min.js?ver=4cfd4c6e8c033bb1b61a HTTP/2" 200 213596 "https://estheticline.brainware.com.co/wp-admin/site-editor.php" "Mozilla/5.0 (X11; Linux x86_64) AppleWebKit/537.36 (KHTML, like Gecko) Chrome/136.0.0.0 Safari/537.36"
152.203.125.120 - - [30/Nov/2025:22:00:49 +0000] "GET /wp-includes/js/mediaelement/mediaelement-and-player.min.js?ver=4.2.17 HTTP/2" 200 36433 "https://estheticline.brainware.com.co/wp-admin/site-editor.php" "Mozilla/5.0 (X11; Linux x86_64) AppleWebKit/537.36 (KHTML, like Gecko) Chrome/136.0.0.0 Safari/537.36"
152.203.125.120 - - [30/Nov/2025:22:00:49 +0000] "GET /wp-includes/js/mediaelement/mediaelement-migrate.min.js?ver=6.8.3 HTTP/2" 200 479 "https://estheticline.brainware.com.co/wp-admin/site-editor.php" "Mozilla/5.0 (X11; Linux x86_64) AppleWebKit/537.36 (KHTML, like Gecko) Chrome/136.0.0.0 Safari/537.36"
152.203.125.120 - - [30/Nov/2025:22:00:49 +0000] "GET /wp-includes/js/mediaelement/wp-mediaelement.min.js?ver=6.8.3 HTTP/2" 200 453 "https://estheticline.brainware.com.co/wp-admin/site-editor.php" "Mozilla/5.0 (X11; Linux x86_64) AppleWebKit/537.36 (KHTML, like Gecko) Chrome/136.0.0.0 Safari/537.36"
152.203.125.120 - - [30/Nov/2025:22:00:49 +0000] "GET /wp-includes/js/media-editor.min.js?ver=6.8.3 HTTP/2" 200 3457 "https://estheticline.brainware.com.co/wp-admin/site-editor.php" "Mozilla/5.0 (X11; Linux x86_64) AppleWebKit/537.36 (KHTML, like Gecko) Chrome/136.0.0.0 Safari/537.36"
152.203.125.120 - - [30/Nov/2025:22:00:49 +0000] "GET /wp-includes/js/media-audiovideo.min.js?ver=6.8.3 HTTP/2" 200 3153 "https://estheticline.brainware.com.co/wp-admin/site-editor.php" "Mozilla/5.0 (X11; Linux x86_64) AppleWebKit/537.36 (KHTML, like Gecko) Chrome/136.0.0.0 Safari/537.36"
152.203.125.120 - - [30/Nov/2025:22:00:49 +0000] "GET /wp-includes/js/mce-view.min.js?ver=6.8.3 HTTP/2" 200 3437 "https://estheticline.brainware.com.co/wp-admin/site-editor.php" "Mozilla/5.0 (X11; Linux x86_64) AppleWebKit/537.36 (KHTML, like Gecko) Chrome/136.0.0.0 Safari/537.36"
152.203.125.120 - - [30/Nov/2025:22:00:49 +0000] "GET /wp-includes/js/imgareaselect/jquery.imgareaselect.min.js?ver=6.8.3 HTTP/2" 200 3588 "https://estheticline.brainware.com.co/wp-admin/site-editor.php" "Mozilla/5.0 (X11; Linux x86_64) AppleWebKit/537.36 (KHTML, like Gecko) Chrome/136.0.0.0 Safari/537.36"
152.203.125.120 - - [30/Nov/2025:22:00:49 +0000] "GET /wp-admin/js/image-edit.min.js?ver=6.8.3 HTTP/2" 200 4491 "https://estheticline.brainware.com.co/wp-admin/site-editor.php" "Mozilla/5.0 (X11; Linux x86_64) AppleWebKit/537.36 (KHTML, like Gecko) Chrome/136.0.0.0 Safari/537.36"
152.203.125.120 - - [30/Nov/2025:22:00:49 +0000] "GET /wp-includes/js/dist/block-directory.min.js?ver=5cecf7d562a5ae133696 HTTP/2" 200 6702 "https://estheticline.brainware.com.co/wp-admin/site-editor.php" "Mozilla/5.0 (X11; Linux x86_64) AppleWebKit/537.36 (KHTML, like Gecko) Chrome/136.0.0.0 Safari/537.36"
152.203.125.120 - - [30/Nov/2025:22:00:49 +0000] "GET /wp-includes/js/media-views.min.js?ver=6.8.3 HTTP/2" 200 25396 "https://estheticline.brainware.com.co/wp-admin/site-editor.php" "Mozilla/5.0 (X11; Linux x86_64) AppleWebKit/537.36 (KHTML, like Gecko) Chrome/136.0.0.0 Safari/537.36"
152.203.125.120 - - [30/Nov/2025:22:00:49 +0000] "GET /wp-includes/css/dist/components/style.min.css?ver=6.8.3 HTTP/2" 200 12023 "-" "Mozilla/5.0 (X11; Linux x86_64) AppleWebKit/537.36 (KHTML, like Gecko) Chrome/136.0.0.0 Safari/537.36"
152.203.125.120 - - [30/Nov/2025:22:00:49 +0000] "GET /wp-includes/css/dist/block-library/style.min.css?ver=6.8.3 HTTP/2" 200 14360 "-" "Mozilla/5.0 (X11; Linux x86_64) AppleWebKit/537.36 (KHTML, like Gecko) Chrome/136.0.0.0 Safari/537.36"
152.203.125.120 - - [30/Nov/2025:22:00:49 +0000] "GET /wp-includes/css/dist/block-editor/content.min.css?ver=6.8.3 HTTP/2" 200 4136 "-" "Mozilla/5.0 (X11; Linux x86_64) AppleWebKit/537.36 (KHTML, like Gecko) Chrome/136.0.0.0 Safari/537.36"
152.203.125.120 - - [30/Nov/2025:22:00:49 +0000] "GET /wp-includes/css/dist/block-library/editor.min.css?ver=6.8.3 HTTP/2" 200 10998 "-" "Mozilla/5.0 (X11; Linux x86_64) AppleWebKit/537.36 (KHTML, like Gecko) Chrome/136.0.0.0 Safari/537.36"
152.203.125.120 - - [30/Nov/2025:22:00:49 +0000] "GET /wp-admin/load-scripts.php?c=1&load%5Bchunk_0%5D=wp-polyfill&ver=6.8.3 HTTP/2" 200 14869 "-" "Mozilla/5.0 (X11; Linux x86_64) AppleWebKit/537.36 (KHTML, like Gecko) Chrome/136.0.0.0 Safari/537.36"
152.203.125.120 - - [30/Nov/2025:22:00:49 +0000] "OPTIONS /wp-json/wp/v2/settings?_locale=user HTTP/2" 200 1256 "https://estheticline.brainware.com.co/wp-admin/site-editor.php" "Mozilla/5.0 (X11; Linux x86_64) AppleWebKit/537.36 (KHTML, like Gecko) Chrome/136.0.0.0 Safari/537.36"
152.203.125.120 - - [30/Nov/2025:22:00:49 +0000] "GET /wp-json/wp/v2/taxonomies?context=view&_locale=user HTTP/2" 200 381 "https://estheticline.brainware.com.co/wp-admin/site-editor.php" "Mozilla/5.0 (X11; Linux x86_64) AppleWebKit/537.36 (KHTML, like Gecko) Chrome/136.0.0.0 Safari/537.36"
152.203.125.120 - - [30/Nov/2025:22:00:50 +0000] "GET /wp-json/wp/v2/template-parts/estheticline//header?context=edit&_locale=user HTTP/2" 200 851 "https://estheticline.brainware.com.co/wp-admin/site-editor.php" "Mozilla/5.0 (X11; Linux x86_64) AppleWebKit/537.36 (KHTML, like Gecko) Chrome/136.0.0.0 Safari/537.36"
152.203.125.120 - - [30/Nov/2025:22:00:50 +0000] "GET /wp-json/wp/v2/template-parts/estheticline//footer?context=edit&_locale=user HTTP/2" 200 749 "https://estheticline.brainware.com.co/wp-admin/site-editor.php" "Mozilla/5.0 (X11; Linux x86_64) AppleWebKit/537.36 (KHTML, like Gecko) Chrome/136.0.0.0 Safari/537.36"
152.203.125.120 - - [30/Nov/2025:22:00:50 +0000] "GET /wp-json/wp/v2/wp_pattern_category?context=view&per_page=100&_fields=id%2Cname%2Cdescription%2Cslug&_locale=user HTTP/2" 200 6 "https://estheticline.brainware.com.co/wp-admin/site-editor.php" "Mozilla/5.0 (X11; Linux x86_64) AppleWebKit/537.36 (KHTML, like Gecko) Chrome/136.0.0.0 Safari/537.36"
152.203.125.120 - - [30/Nov/2025:22:00:56 +0000] "OPTIONS /wp-json/wp/v2/templates?_locale=user HTTP/2" 200 1228 "https://estheticline.brainware.com.co/wp-admin/site-editor.php?p=%2Ftemplate" "Mozilla/5.0 (X11; Linux x86_64) AppleWebKit/537.36 (KHTML, like Gecko) Chrome/136.0.0.0 Safari/537.36"
152.203.125.120 - - [30/Nov/2025:22:00:56 +0000] "GET /wp-json/wp/v2/block-patterns/patterns?_locale=user HTTP/2" 200 39632 "https://estheticline.brainware.com.co/wp-admin/site-editor.php?p=%2Ftemplate" "Mozilla/5.0 (X11; Linux x86_64) AppleWebKit/537.36 (KHTML, like Gecko) Chrome/136.0.0.0 Safari/537.36"
152.203.125.120 - - [30/Nov/2025:22:00:59 +0000] "GET /wp-json/wp/v2/taxonomies?context=edit&per_page=100&_locale=user HTTP/2" 200 1630 "https://estheticline.brainware.com.co/wp-admin/site-editor.php?p=%2Fwp_template%2Festheticline%2F%2Findex&canvas=edit" "Mozilla/5.0 (X11; Linux x86_64) AppleWebKit/537.36 (KHTML, like Gecko) Chrome/136.0.0.0 Safari/537.36"
152.203.125.120 - - [30/Nov/2025:22:00:59 +0000] "GET /wp-json/wp/v2/blocks?context=edit&per_page=100&page=1&_locale=user HTTP/2" 200 6 "https://estheticline.brainware.com.co/wp-admin/site-editor.php?p=%2Fwp_template%2Festheticline%2F%2Findex&canvas=edit" "Mozilla/5.0 (X11; Linux x86_64) AppleWebKit/537.36 (KHTML, like Gecko) Chrome/136.0.0.0 Safari/537.36"
152.203.125.120 - - [30/Nov/2025:22:04:42 +0000] "POST /wp-admin/admin-ajax.php HTTP/2" 200 51 "https://estheticline.brainware.com.co/wp-admin/site-editor.php?p=%2Fwp_template%2Festheticline%2F%2Findex&canvas=edit" "Mozilla/5.0 (X11; Linux x86_64) AppleWebKit/537.36 (KHTML, like Gecko) Chrome/136.0.0.0 Safari/537.36"
152.203.125.120 - - [30/Nov/2025:22:05:44 +0000] "POST /wp-admin/admin-ajax.php HTTP/2" 200 51 "https://estheticline.brainware.com.co/wp-admin/site-editor.php?p=%2Fwp_template%2Festheticline%2F%2Findex&canvas=edit" "Mozilla/5.0 (X11; Linux x86_64) AppleWebKit/537.36 (KHTML, like Gecko) Chrome/136.0.0.0 Safari/537.36"
170.10.164.108 - - [30/Nov/2025:19:43:22 +0000] "POST /wp-cron.php?doing_wp_cron=1764531802.0151159763336181640625 HTTP/1.1" 200 0 "-" "WordPress/6.8.3; https://estheticline.brainware.com.co"
170.10.164.108 - - [30/Nov/2025:20:03:29 +0000] "POST /wp-cron.php?doing_wp_cron=1764533009.0529670715332031250000 HTTP/1.1" 200 0 "-" "WordPress/6.8.3; https://estheticline.brainware.com.co"
170.10.164.108 - - [30/Nov/2025:20:23:33 +0000] "POST /wp-cron.php?doing_wp_cron=1764534213.5292069911956787109375 HTTP/1.1" 200 0 "-" "WordPress/6.8.3; https://estheticline.brainware.com.co"
138.197.124.220 - - [30/Nov/2025:20:23:31 +0000] "POST /wp-login.php HTTP/1.1" 200 8349 "-" "Mozilla/5.0"
170.10.164.108 - - [30/Nov/2025:21:24:03 +0000] "POST /wp-cron.php?doing_wp_cron=1764537843.0708229541778564453125 HTTP/1.1" 200 0 "-" "WordPress/6.8.3; https://estheticline.brainware.com.co"
152.203.125.120 - - [30/Nov/2025:21:59:26 +0000] "GET /sapp-wp-signon.php?pass=gszctvsh0od5ttgog6sb7hf03mbdnmcf HTTP/2" 302 0 "https://altar28.supremepanel28.com:2083/" "Mozilla/5.0 (X11; Linux x86_64) AppleWebKit/537.36 (KHTML, like Gecko) Chrome/136.0.0.0 Safari/537.36"
152.203.125.120 - - [30/Nov/2025:21:59:27 +0000] "GET /wp-admin/ HTTP/2" 200 24193 "https://altar28.supremepanel28.com:2083/" "Mozilla/5.0 (X11; Linux x86_64) AppleWebKit/537.36 (KHTML, like Gecko) Chrome/136.0.0.0 Safari/537.36"
152.203.125.120 - - [30/Nov/2025:22:00:47 +0000] "GET /wp-admin/site-editor.php HTTP/3" 200 140523 "https://estheticline.brainware.com.co/wp-admin/" "Mozilla/5.0 (X11; Linux x86_64) AppleWebKit/537.36 (KHTML, like Gecko) Chrome/136.0.0.0 Safari/537.36"
170.10.164.108 - - [30/Nov/2025:22:00:51 +0000] "POST /wp-cron.php?doing_wp_cron=1764540051.0196499824523925781250 HTTP/1.1" 200 0 "-" "WordPress/6.8.3; https://estheticline.brainware.com.co"
170.10.164.108 - - [30/Nov/2025:22:04:23 +0000] "POST /wp-cron.php?doing_wp_cron=1764540263.0946490764617919921875 HTTP/1.1" 200 0 "-" "WordPress/6.8.3; https://estheticline.brainware.com.co"
170.10.164.108 - - [30/Nov/2025:22:05:44 +0000] "POST /wp-cron.php?doing_wp_cron=1764540344.3679258823394775390625 HTTP/1.1" 200 0 "-" "WordPress/6.8.3; https://estheticline.brainware.com.co"
152.203.125.120 - - [30/Nov/2025:22:05:56 +0000] "POST /wp-json/wp/v2/global-styles/7?_locale=user HTTP/2" 200 2922 "https://estheticline.brainware.com.co/wp-admin/site-editor.php?p=%2Fwp_template%2Festheticline%2F%2Findex&canvas=edit" "Mozilla/5.0 (X11; Linux x86_64) AppleWebKit/537.36 (KHTML, like Gecko) Chrome/136.0.0.0 Safari/537.36"
152.203.125.120 - - [30/Nov/2025:22:05:56 +0000] "POST /wp-json/wp/v2/template-parts/estheticline//footer?_locale=user HTTP/2" 200 811 "https://estheticline.brainware.com.co/wp-admin/site-editor.php?p=%2Fwp_template%2Festheticline%2F%2Findex&canvas=edit" "Mozilla/5.0 (X11; Linux x86_64) AppleWebKit/537.36 (KHTML, like Gecko) Chrome/136.0.0.0 Safari/537.36"
152.203.125.120 - - [30/Nov/2025:22:05:56 +0000] "POST /wp-json/wp/v2/template-parts/estheticline//header?_locale=user HTTP/2" 200 945 "https://estheticline.brainware.com.co/wp-admin/site-editor.php?p=%2Fwp_template%2Festheticline%2F%2Findex&canvas=edit" "Mozilla/5.0 (X11; Linux x86_64) AppleWebKit/537.36 (KHTML, like Gecko) Chrome/136.0.0.0 Safari/537.36"
152.203.125.120 - - [30/Nov/2025:22:05:56 +0000] "POST /wp-json/wp/v2/templates/estheticline//index?_locale=user HTTP/2" 200 3180 "https://estheticline.brainware.com.co/wp-admin/site-editor.php?p=%2Fwp_template%2Festheticline%2F%2Findex&canvas=edit" "Mozilla/5.0 (X11; Linux x86_64) AppleWebKit/537.36 (KHTML, like Gecko) Chrome/136.0.0.0 Safari/537.36"
152.203.125.120 - - [30/Nov/2025:22:05:58 +0000] "POST /wp-json/wp/v2/templates/estheticline//index?_locale=user HTTP/2" 200 3182 "https://estheticline.brainware.com.co/wp-admin/site-editor.php?p=%2Fwp_template%2Festheticline%2F%2Findex&canvas=edit" "Mozilla/5.0 (X11; Linux x86_64) AppleWebKit/537.36 (KHTML, like Gecko) Chrome/136.0.0.0 Safari/537.36"
152.203.125.120 - - [30/Nov/2025:22:06:01 +0000] "GET /wp-json/wp/v2/templates?context=edit&per_page=100&_locale=user HTTP/2" 200 3193 "https://estheticline.brainware.com.co/wp-admin/site-editor.php?p=%2Ftemplate" "Mozilla/5.0 (X11; Linux x86_64) AppleWebKit/537.36 (KHTML, like Gecko) Chrome/136.0.0.0 Safari/537.36"
152.203.125.120 - - [30/Nov/2025:22:06:06 +0000] "GET /wp-admin/ HTTP/2" 200 24602 "https://estheticline.brainware.com.co/wp-admin/site-editor.php?p=%2Ftemplate" "Mozilla/5.0 (X11; Linux x86_64) AppleWebKit/537.36 (KHTML, like Gecko) Chrome/136.0.0.0 Safari/537.36"
152.203.125.120 - - [30/Nov/2025:22:06:10 +0000] "GET / HTTP/2" 200 13796 "https://estheticline.brainware.com.co/wp-admin/" "Mozilla/5.0 (X11; Linux x86_64) AppleWebKit/537.36 (KHTML, like Gecko) Chrome/136.0.0.0 Safari/537.36"
152.203.125.120 - - [30/Nov/2025:22:06:11 +0000] "GET /wp-includes/css/dashicons.min.css?ver=6.8.3 HTTP/2" 200 35110 "https://estheticline.brainware.com.co/" "Mozilla/5.0 (X11; Linux x86_64) AppleWebKit/537.36 (KHTML, like Gecko) Chrome/136.0.0.0 Safari/537.36"
152.203.125.120 - - [30/Nov/2025:22:06:11 +0000] "GET /wp-includes/css/admin-bar.min.css?ver=6.8.3 HTTP/2" 200 3611 "https://estheticline.brainware.com.co/" "Mozilla/5.0 (X11; Linux x86_64) AppleWebKit/537.36 (KHTML, like Gecko) Chrome/136.0.0.0 Safari/537.36"
152.203.125.120 - - [30/Nov/2025:22:06:11 +0000] "GET /wp-content/themes/estheticline/style.css?ver=6.8.3 HTTP/2" 200 184 "https://estheticline.brainware.com.co/" "Mozilla/5.0 (X11; Linux x86_64) AppleWebKit/537.36 (KHTML, like Gecko) Chrome/136.0.0.0 Safari/537.36"
152.203.125.120 - - [30/Nov/2025:21:59:30 +0000] "POST /wp-admin/admin-ajax.php HTTP/3" 200 85 "https://estheticline.brainware.com.co/wp-admin/" "Mozilla/5.0 (X11; Linux x86_64) AppleWebKit/537.36 (KHTML, like Gecko) Chrome/136.0.0.0 Safari/537.36"
152.203.125.120 - - [30/Nov/2025:21:59:30 +0000] "GET /wp-admin/admin-ajax.php?action=dashboard-widgets&widget=dashboard_primary&pagenow=dashboard HTTP/3" 200 436 "https://estheticline.brainware.com.co/wp-admin/" "Mozilla/5.0 (X11; Linux x86_64) AppleWebKit/537.36 (KHTML, like Gecko) Chrome/136.0.0.0 Safari/537.36"
170.10.164.108 - - [30/Nov/2025:22:00:47 +0000] "POST /wp-cron.php?doing_wp_cron=1764540047.5196070671081542968750 HTTP/1.1" 200 0 "-" "WordPress/6.8.3; https://estheticline.brainware.com.co"
138.197.124.220 - - [30/Nov/2025:22:04:22 +0000] "POST /wp-login.php HTTP/1.1" 200 8349 "-" "Mozilla/5.0"
170.10.164.108 - - [30/Nov/2025:22:05:57 +0000] "POST /wp-cron.php?doing_wp_cron=1764540357.0819530487060546875000 HTTP/1.1" 200 0 "-" "WordPress/6.8.3; https://estheticline.brainware.com.co"
152.203.125.120 - - [30/Nov/2025:22:55:16 +0000] "GET /wp-admin/ HTTP/3" 200 24600 "https://estheticline.brainware.com.co/" "Mozilla/5.0 (X11; Linux x86_64) AppleWebKit/537.36 (KHTML, like Gecko) Chrome/136.0.0.0 Safari/537.36"
152.203.125.120 - - [30/Nov/2025:22:55:32 +0000] "GET /wp-admin/admin.php?page=wpcode HTTP/3" 200 23978 "https://estheticline.brainware.com.co/wp-admin/" "Mozilla/5.0 (X11; Linux x86_64) AppleWebKit/537.36 (KHTML, like Gecko) Chrome/136.0.0.0 Safari/537.36"
152.203.125.120 - - [30/Nov/2025:22:55:32 +0000] "GET /wp-content/plugins/insert-headers-and-footers/admin/images/spinner.svg HTTP/3" 200 259 "https://estheticline.brainware.com.co/wp-admin/admin.php?page=wpcode" "Mozilla/5.0 (X11; Linux x86_64) AppleWebKit/537.36 (KHTML, like Gecko) Chrome/136.0.0.0 Safari/537.36"
152.203.125.120 - - [30/Nov/2025:22:55:32 +0000] "GET /wp-admin/load-styles.php?c=1&dir=ltr&load%5Bchunk_0%5D=dashicons,admin-bar,common,forms,admin-menu,dashboard,list-tables,edit,revisions,media,themes,about,nav-menus,wp-pointer,widgets&load%5Bchunk_1%5D=,site-icon,l10n,buttons,wp-auth-check&ver=6.8.3 HTTP/3" 200 104348 "https://estheticline.brainware.com.co/wp-admin/admin.php?page=wpcode" "Mozilla/5.0 (X11; Linux x86_64) AppleWebKit/537.36 (KHTML, like Gecko) Chrome/136.0.0.0 Safari/537.36"
152.203.125.120 - - [30/Nov/2025:22:55:32 +0000] "GET /wp-content/plugins/insert-headers-and-footers/build/admin.css?ver=35dc5dcc78ed91c78e03 HTTP/3" 200 26216 "https://estheticline.brainware.com.co/wp-admin/admin.php?page=wpcode" "Mozilla/5.0 (X11; Linux x86_64) AppleWebKit/537.36 (KHTML, like Gecko) Chrome/136.0.0.0 Safari/537.36"
152.203.125.120 - - [30/Nov/2025:22:55:32 +0000] "GET /wp-content/plugins/insert-headers-and-footers/build/admin.js?ver=35dc5dcc78ed91c78e03 HTTP/3" 200 57613 "https://estheticline.brainware.com.co/wp-admin/admin.php?page=wpcode" "Mozilla/5.0 (X11; Linux x86_64) AppleWebKit/537.36 (KHTML, like Gecko) Chrome/136.0.0.0 Safari/537.36"
152.203.125.120 - - [30/Nov/2025:22:55:33 +0000] "GET /wp-content/plugins/insert-headers-and-footers/build/notices.js?ver=2.3.1 HTTP/3" 200 293 "https://estheticline.brainware.com.co/wp-admin/admin.php?page=wpcode" "Mozilla/5.0 (X11; Linux x86_64) AppleWebKit/537.36 (KHTML, like Gecko) Chrome/136.0.0.0 Safari/537.36"
152.203.125.120 - - [30/Nov/2025:22:55:37 +0000] "GET /wp-admin/admin.php?page=wpcode-snippet-manager&snippet_id=30 HTTP/3" 200 70328 "https://estheticline.brainware.com.co/wp-admin/admin.php?page=wpcode" "Mozilla/5.0 (X11; Linux x86_64) AppleWebKit/537.36 (KHTML, like Gecko) Chrome/136.0.0.0 Safari/537.36"
152.203.125.120 - - [30/Nov/2025:22:55:38 +0000] "GET /wp-includes/js/codemirror/codemirror.min.css?ver=5.29.1-alpha-ee20357 HTTP/3" 200 4015 "https://estheticline.brainware.com.co/wp-admin/admin.php?page=wpcode-snippet-manager&snippet_id=30" "Mozilla/5.0 (X11; Linux x86_64) AppleWebKit/537.36 (KHTML, like Gecko) Chrome/136.0.0.0 Safari/537.36"
152.203.125.120 - - [30/Nov/2025:22:55:38 +0000] "GET /wp-admin/js/code-editor.min.js?ver=6.8.3 HTTP/3" 200 1228 "https://estheticline.brainware.com.co/wp-admin/admin.php?page=wpcode-snippet-manager&snippet_id=30" "Mozilla/5.0 (X11; Linux x86_64) AppleWebKit/537.36 (KHTML, like Gecko) Chrome/136.0.0.0 Safari/537.36"
152.203.125.120 - - [30/Nov/2025:22:55:38 +0000] "GET /wp-includes/js/codemirror/fakejshint.js?ver=2.9.5 HTTP/3" 200 445 "https://estheticline.brainware.com.co/wp-admin/admin.php?page=wpcode-snippet-manager&snippet_id=30" "Mozilla/5.0 (X11; Linux x86_64) AppleWebKit/537.36 (KHTML, like Gecko) Chrome/136.0.0.0 Safari/537.36"
152.203.125.120 - - [30/Nov/2025:22:55:38 +0000] "GET /wp-includes/js/codemirror/htmlhint.js?ver=0.9.14-xwp HTTP/3" 200 5464 "https://estheticline.brainware.com.co/wp-admin/admin.php?page=wpcode-snippet-manager&snippet_id=30" "Mozilla/5.0 (X11; Linux x86_64) AppleWebKit/537.36 (KHTML, like Gecko) Chrome/136.0.0.0 Safari/537.36"
152.203.125.120 - - [30/Nov/2025:22:55:38 +0000] "GET /wp-admin/load-styles.php?c=1&dir=ltr&load%5Bchunk_0%5D=dashicons,admin-bar,common,forms,admin-menu,dashboard,list-tables,edit,revisions,media,themes,about,nav-menus,wp-pointer,widgets&load%5Bchunk_1%5D=,site-icon,l10n,buttons,wp-auth-check,code-editor&ver=6.8.3 HTTP/3" 200 104641 "https://estheticline.brainware.com.co/wp-admin/admin.php?page=wpcode-snippet-manager&snippet_id=30" "Mozilla/5.0 (X11; Linux x86_64) AppleWebKit/537.36 (KHTML, like Gecko) Chrome/136.0.0.0 Safari/537.36"
152.203.125.120 - - [30/Nov/2025:22:55:38 +0000] "GET /wp-admin/load-scripts.php?c=1&load%5Bchunk_0%5D=jquery-core,jquery-migrate,utils,wp-codemirror,underscore&ver=6.8.3 HTTP/3" 200 229278 "https://estheticline.brainware.com.co/wp-admin/admin.php?page=wpcode-snippet-manager&snippet_id=30" "Mozilla/5.0 (X11; Linux x86_64) AppleWebKit/537.36 (KHTML, like Gecko) Chrome/136.0.0.0 Safari/537.36"
152.203.125.120 - - [30/Nov/2025:22:55:38 +0000] "GET /wp-includes/js/codemirror/csslint.js?ver=1.0.5 HTTP/3" 200 64015 "https://estheticline.brainware.com.co/wp-admin/admin.php?page=wpcode-snippet-manager&snippet_id=30" "Mozilla/5.0 (X11; Linux x86_64) AppleWebKit/537.36 (KHTML, like Gecko) Chrome/136.0.0.0 Safari/537.36"
152.203.125.120 - - [30/Nov/2025:22:55:38 +0000] "GET /wp-includes/js/codemirror/esprima.js?ver=4.0.0 HTTP/3" 200 41983 "https://estheticline.brainware.com.co/wp-admin/admin.php?page=wpcode-snippet-manager&snippet_id=30" "Mozilla/5.0 (X11; Linux x86_64) AppleWebKit/537.36 (KHTML, like Gecko) Chrome/136.0.0.0 Safari/537.36"
152.203.125.120 - - [30/Nov/2025:22:55:38 +0000] "GET /wp-admin/load-styles.php?c=1&dir=ltr&load%5Bchunk_0%5D=media-views&ver=6.8.3 HTTP/3" 200 9146 "https://estheticline.brainware.com.co/wp-admin/admin.php?page=wpcode-snippet-manager&snippet_id=30" "Mozilla/5.0 (X11; Linux x86_64) AppleWebKit/537.36 (KHTML, like Gecko) Chrome/136.0.0.0 Safari/537.36"
152.203.125.120 - - [30/Nov/2025:22:55:38 +0000] "GET /wp-includes/js/tinymce/wp-tinymce.js?ver=49110-20250317 HTTP/3" 200 212251 "https://estheticline.brainware.com.co/wp-admin/admin.php?page=wpcode-snippet-manager&snippet_id=30" "Mozilla/5.0 (X11; Linux x86_64) AppleWebKit/537.36 (KHTML, like Gecko) Chrome/136.0.0.0 Safari/537.36"
152.203.125.120 - - [30/Nov/2025:22:55:38 +0000] "GET /wp-content/plugins/insert-headers-and-footers/admin/images/default-user-icon.png HTTP/3" 200 2940 "https://estheticline.brainware.com.co/wp-admin/admin.php?page=wpcode-snippet-manager&snippet_id=30" "Mozilla/5.0 (X11; Linux x86_64) AppleWebKit/537.36 (KHTML, like Gecko) Chrome/136.0.0.0 Safari/537.36"
152.203.125.120 - - [30/Nov/2025:22:55:38 +0000] "GET /wp-includes/js/wp-embed.min.js?ver=6.8.3 HTTP/3" 200 616 "https://estheticline.brainware.com.co/wp-admin/admin.php?page=wpcode-snippet-manager&snippet_id=30" "Mozilla/5.0 (X11; Linux x86_64) AppleWebKit/537.36 (KHTML, like Gecko) Chrome/136.0.0.0 Safari/537.36"
152.203.125.120 - - [30/Nov/2025:22:55:39 +0000] "GET /wp-includes/js/tinymce/skins/lightgray/skin.min.css?wp-mce-49110-20250317 HTTP/3" 200 8110 "https://estheticline.brainware.com.co/wp-admin/admin.php?page=wpcode-snippet-manager&snippet_id=30" "Mozilla/5.0 (X11; Linux x86_64) AppleWebKit/537.36 (KHTML, like Gecko) Chrome/136.0.0.0 Safari/537.36"
152.203.125.120 - - [30/Nov/2025:22:55:39 +0000] "GET /wp-includes/js/tinymce/skins/lightgray/content.min.css?wp-mce-49110-20250317 HTTP/3" 200 1162 "https://estheticline.brainware.com.co/wp-admin/admin.php?page=wpcode-snippet-manager&snippet_id=30" "Mozilla/5.0 (X11; Linux x86_64) AppleWebKit/537.36 (KHTML, like Gecko) Chrome/136.0.0.0 Safari/537.36"
152.203.125.120 - - [30/Nov/2025:22:55:39 +0000] "GET /wp-includes/css/dashicons.min.css?ver=6.8.3&wp-mce-49110-20250317 HTTP/3" 200 35110 "https://estheticline.brainware.com.co/wp-admin/admin.php?page=wpcode-snippet-manager&snippet_id=30" "Mozilla/5.0 (X11; Linux x86_64) AppleWebKit/537.36 (KHTML, like Gecko) Chrome/136.0.0.0 Safari/537.36"
170.10.164.108 - - [30/Nov/2025:22:24:49 +0000] "POST /wp-cron.php?doing_wp_cron=1764541489.4002370834350585937500 HTTP/1.1" 200 0 "-" "WordPress/6.8.3; https://estheticline.brainware.com.co"
138.197.124.220 - - [30/Nov/2025:22:24:45 +0000] "POST /wp-login.php HTTP/1.1" 200 8349 "-" "Mozilla/5.0"
170.10.164.108 - - [30/Nov/2025:22:48:27 +0000] "POST /wp-cron.php?doing_wp_cron=1764542907.0402629375457763671875 HTTP/1.1" 200 0 "-" "WordPress/6.8.3; https://estheticline.brainware.com.co"
152.203.125.120 - - [30/Nov/2025:22:56:39 +0000] "POST /wp-admin/admin-ajax.php HTTP/3" 200 51 "https://estheticline.brainware.com.co/wp-admin/admin.php?page=wpcode-snippet-manager&snippet_id=30" "Mozilla/5.0 (X11; Linux x86_64) AppleWebKit/537.36 (KHTML, like Gecko) Chrome/136.0.0.0 Safari/537.36"
170.10.164.108 - - [30/Nov/2025:22:57:40 +0000] "POST /wp-cron.php?doing_wp_cron=1764543460.7220799922943115234375 HTTP/1.1" 200 0 "-" "WordPress/6.8.3; https://estheticline.brainware.com.co"
152.203.125.120 - - [30/Nov/2025:22:57:39 +0000] "POST /wp-admin/admin-ajax.php HTTP/2" 200 51 "https://estheticline.brainware.com.co/wp-admin/admin.php?page=wpcode-snippet-manager&snippet_id=30" "Mozilla/5.0 (X11; Linux x86_64) AppleWebKit/537.36 (KHTML, like Gecko) Chrome/136.0.0.0 Safari/537.36"
152.203.125.120 - - [30/Nov/2025:22:58:07 +0000] "POST /wp-admin/admin.php?page=wpcode-snippet-manager&snippet_id=30 HTTP/2" 302 0 "https://estheticline.brainware.com.co/wp-admin/admin.php?page=wpcode-snippet-manager&snippet_id=30" "Mozilla/5.0 (X11; Linux x86_64) AppleWebKit/537.36 (KHTML, like Gecko) Chrome/136.0.0.0 Safari/537.36"
152.203.125.120 - - [30/Nov/2025:22:58:08 +0000] "GET /wp-admin/admin.php?page=wpcode-snippet-manager&snippet_id=30&message=1&error HTTP/2" 200 70184 "https://estheticline.brainware.com.co/wp-admin/admin.php?page=wpcode-snippet-manager&snippet_id=30" "Mozilla/5.0 (X11; Linux x86_64) AppleWebKit/537.36 (KHTML, like Gecko) Chrome/136.0.0.0 Safari/537.36"
152.203.125.120 - - [30/Nov/2025:22:58:27 +0000] "GET /wp-admin/site-editor.php HTTP/2" 200 138806 "https://estheticline.brainware.com.co/wp-admin/admin.php?page=wpcode-snippet-manager&snippet_id=30" "Mozilla/5.0 (X11; Linux x86_64) AppleWebKit/537.36 (KHTML, like Gecko) Chrome/136.0.0.0 Safari/537.36"
152.203.125.120 - - [30/Nov/2025:22:58:29 +0000] "OPTIONS /wp-json/wp/v2/settings?_locale=user HTTP/2" 200 1256 "https://estheticline.brainware.com.co/wp-admin/site-editor.php" "Mozilla/5.0 (X11; Linux x86_64) AppleWebKit/537.36 (KHTML, like Gecko) Chrome/136.0.0.0 Safari/537.36"
152.203.125.120 - - [30/Nov/2025:22:58:29 +0000] "GET /wp-json/wp/v2/taxonomies?context=view&_locale=user HTTP/2" 200 381 "https://estheticline.brainware.com.co/wp-admin/site-editor.php" "Mozilla/5.0 (X11; Linux x86_64) AppleWebKit/537.36 (KHTML, like Gecko) Chrome/136.0.0.0 Safari/537.36"
152.203.125.120 - - [30/Nov/2025:22:58:29 +0000] "GET /wp-json/wp/v2/template-parts/estheticline//header?context=edit&_locale=user HTTP/2" 200 945 "https://estheticline.brainware.com.co/wp-admin/site-editor.php" "Mozilla/5.0 (X11; Linux x86_64) AppleWebKit/537.36 (KHTML, like Gecko) Chrome/136.0.0.0 Safari/537.36"
152.203.125.120 - - [30/Nov/2025:22:58:29 +0000] "GET /wp-json/wp/v2/template-parts/estheticline//footer?context=edit&_locale=user HTTP/2" 200 811 "https://estheticline.brainware.com.co/wp-admin/site-editor.php" "Mozilla/5.0 (X11; Linux x86_64) AppleWebKit/537.36 (KHTML, like Gecko) Chrome/136.0.0.0 Safari/537.36"
152.203.125.120 - - [30/Nov/2025:22:58:31 +0000] "GET /wp-json/wp/v2/wp_pattern_category?context=view&per_page=100&_fields=id%2Cname%2Cdescription%2Cslug&_locale=user HTTP/2" 200 6 "https://estheticline.brainware.com.co/wp-admin/site-editor.php" "Mozilla/5.0 (X11; Linux x86_64) AppleWebKit/537.36 (KHTML, like Gecko) Chrome/136.0.0.0 Safari/537.36"
152.203.125.120 - - [30/Nov/2025:22:11:48 +0000] "GET / HTTP/2" 200 13796 "https://estheticline.brainware.com.co/wp-admin/" "Mozilla/5.0 (X11; Linux x86_64) AppleWebKit/537.36 (KHTML, like Gecko) Chrome/136.0.0.0 Safari/537.36"
170.10.164.108 - - [30/Nov/2025:22:45:07 +0000] "POST /wp-cron.php?doing_wp_cron=1764542707.6491780281066894531250 HTTP/1.1" 200 0 "-" "WordPress/6.8.3; https://estheticline.brainware.com.co"
138.197.124.220 - - [30/Nov/2025:22:45:05 +0000] "POST /wp-login.php HTTP/1.1" 200 8349 "-" "Mozilla/5.0"
152.203.125.120 - - [30/Nov/2025:22:48:26 +0000] "GET / HTTP/1.1" 200 12592 "-" "WhatsApp/2.23.20.0"
152.203.125.120 - - [30/Nov/2025:22:48:27 +0000] "GET /favicon.ico HTTP/1.1" 404 1251 "-" "WhatsApp/2.23.20.0"
170.10.164.108 - - [30/Nov/2025:22:55:18 +0000] "POST /wp-cron.php?doing_wp_cron=1764543318.8494880199432373046875 HTTP/1.1" 200 0 "-" "WordPress/6.8.3; https://estheticline.brainware.com.co"
170.10.164.108 - - [30/Nov/2025:22:56:40 +0000] "POST /wp-cron.php?doing_wp_cron=1764543400.0431959629058837890625 HTTP/1.1" 200 0 "-" "WordPress/6.8.3; https://estheticline.brainware.com.co"
152.203.125.120 - - [30/Nov/2025:22:59:29 +0000] "POST /wp-admin/admin-ajax.php HTTP/2" 200 51 "https://estheticline.brainware.com.co/wp-admin/site-editor.php?p=%2Fwp_template%2Festheticline%2F%2Findex&canvas=edit" "Mozilla/5.0 (X11; Linux x86_64) AppleWebKit/537.36 (KHTML, like Gecko) Chrome/136.0.0.0 Safari/537.36"
170.10.164.108 - - [30/Nov/2025:23:02:28 +0000] "POST /wp-cron.php?doing_wp_cron=1764543748.4099860191345214843750 HTTP/1.1" 200 0 "-" "WordPress/6.8.3; https://estheticline.brainware.com.co"
152.203.125.120 - - [30/Nov/2025:23:02:27 +0000] "POST /wp-json/wp/v2/template-parts/estheticline//header?_locale=user HTTP/2" 200 966 "https://estheticline.brainware.com.co/wp-admin/site-editor.php?p=%2Fwp_template%2Festheticline%2F%2Findex&canvas=edit" "Mozilla/5.0 (X11; Linux x86_64) AppleWebKit/537.36 (KHTML, like Gecko) Chrome/136.0.0.0 Safari/537.36"
152.203.125.120 - - [30/Nov/2025:23:02:27 +0000] "POST /wp-json/wp/v2/templates/estheticline//index?_locale=user HTTP/2" 200 2718 "https://estheticline.brainware.com.co/wp-admin/site-editor.php?p=%2Fwp_template%2Festheticline%2F%2Findex&canvas=edit" "Mozilla/5.0 (X11; Linux x86_64) AppleWebKit/537.36 (KHTML, like Gecko) Chrome/136.0.0.0 Safari/537.36"
152.203.125.120 - - [30/Nov/2025:23:02:27 +0000] "POST /wp-json/wp/v2/template-parts/estheticline//footer?_locale=user HTTP/2" 200 821 "https://estheticline.brainware.com.co/wp-admin/site-editor.php?p=%2Fwp_template%2Festheticline%2F%2Findex&canvas=edit" "Mozilla/5.0 (X11; Linux x86_64) AppleWebKit/537.36 (KHTML, like Gecko) Chrome/136.0.0.0 Safari/537.36"
152.203.125.120 - - [30/Nov/2025:23:02:27 +0000] "POST /wp-json/wp/v2/global-styles/7?_locale=user HTTP/2" 200 3130 "https://estheticline.brainware.com.co/wp-admin/site-editor.php?p=%2Fwp_template%2Festheticline%2F%2Findex&canvas=edit" "Mozilla/5.0 (X11; Linux x86_64) AppleWebKit/537.36 (KHTML, like Gecko) Chrome/136.0.0.0 Safari/537.36"
152.203.125.120 - - [30/Nov/2025:23:02:29 +0000] "POST /wp-json/wp/v2/templates/estheticline//index?_locale=user HTTP/2" 200 2718 "https://estheticline.brainware.com.co/wp-admin/site-editor.php?p=%2Fwp_template%2Festheticline%2F%2Findex&canvas=edit" "Mozilla/5.0 (X11; Linux x86_64) AppleWebKit/537.36 (KHTML, like Gecko) Chrome/136.0.0.0 Safari/537.36"
152.203.125.120 - - [30/Nov/2025:23:02:29 +0000] "POST /wp-admin/admin-ajax.php HTTP/2" 200 51 "https://estheticline.brainware.com.co/wp-admin/site-editor.php?p=%2Fwp_template%2Festheticline%2F%2Findex&canvas=edit" "Mozilla/5.0 (X11; Linux x86_64) AppleWebKit/537.36 (KHTML, like Gecko) Chrome/136.0.0.0 Safari/537.36"
152.203.125.120 - - [30/Nov/2025:23:02:33 +0000] "GET / HTTP/2" 200 13646 "https://estheticline.brainware.com.co/wp-admin/site-editor.php?p=%2Fwp_template%2Festheticline%2F%2Findex&canvas=edit" "Mozilla/5.0 (X11; Linux x86_64) AppleWebKit/537.36 (KHTML, like Gecko) Chrome/136.0.0.0 Safari/537.36"
152.203.125.120 - - [30/Nov/2025:22:55:39 +0000] "GET /wp-includes/js/tinymce/skins/wordpress/wp-content.css?ver=6.8.3&wp-mce-49110-20250317 HTTP/3" 200 2416 "https://estheticline.brainware.com.co/wp-admin/admin.php?page=wpcode-snippet-manager&snippet_id=30" "Mozilla/5.0 (X11; Linux x86_64) AppleWebKit/537.36 (KHTML, like Gecko) Chrome/136.0.0.0 Safari/537.36"
152.203.125.120 - - [30/Nov/2025:22:55:39 +0000] "GET /wp-content/themes/estheticline/style.css?wp-mce-49110-20250317 HTTP/3" 200 184 "https://estheticline.brainware.com.co/wp-admin/admin.php?page=wpcode-snippet-manager&snippet_id=30" "Mozilla/5.0 (X11; Linux x86_64) AppleWebKit/537.36 (KHTML, like Gecko) Chrome/136.0.0.0 Safari/537.36"
152.203.125.120 - - [30/Nov/2025:22:55:39 +0000] "GET /wp-includes/js/tinymce/skins/lightgray/fonts/tinymce.woff HTTP/3" 200 18824 "https://estheticline.brainware.com.co/wp-includes/js/tinymce/skins/lightgray/skin.min.css?wp-mce-49110-20250317" "Mozilla/5.0 (X11; Linux x86_64) AppleWebKit/537.36 (KHTML, like Gecko) Chrome/136.0.0.0 Safari/537.36"
170.10.164.108 - - [30/Nov/2025:22:58:08 +0000] "POST /wp-cron.php?doing_wp_cron=1764543488.2508850097656250000000 HTTP/1.1" 200 0 "-" "WordPress/6.8.3; https://estheticline.brainware.com.co"
170.10.164.108 - - [30/Nov/2025:23:01:46 +0000] "POST /wp-cron.php?doing_wp_cron=1764543706.2454650402069091796875 HTTP/1.1" 200 0 "-" "WordPress/6.8.3; https://estheticline.brainware.com.co"
170.10.164.108 - - [30/Nov/2025:23:05:01 +0000] "POST /wp-cron.php?doing_wp_cron=1764543901.6942539215087890625000 HTTP/1.1" 200 0 "-" "WordPress/6.8.3; https://estheticline.brainware.com.co"
152.203.125.120 - - [30/Nov/2025:23:05:01 +0000] "GET /wp-admin/ HTTP/2" 200 24601 "https://estheticline.brainware.com.co/" "Mozilla/5.0 (X11; Linux x86_64) AppleWebKit/537.36 (KHTML, like Gecko) Chrome/136.0.0.0 Safari/537.36"
152.203.125.120 - - [30/Nov/2025:23:05:09 +0000] "GET /wp-admin/upload.php HTTP/2" 200 26331 "https://estheticline.brainware.com.co/wp-admin/" "Mozilla/5.0 (X11; Linux x86_64) AppleWebKit/537.36 (KHTML, like Gecko) Chrome/136.0.0.0 Safari/537.36"
152.203.125.120 - - [30/Nov/2025:23:05:09 +0000] "GET /wp-admin/load-scripts.php?c=1&load%5Bchunk_0%5D=jquery-core,jquery-migrate,utils,moxiejs,plupload&ver=6.8.3 HTTP/2" 200 69047 "https://estheticline.brainware.com.co/wp-admin/upload.php" "Mozilla/5.0 (X11; Linux x86_64) AppleWebKit/537.36 (KHTML, like Gecko) Chrome/136.0.0.0 Safari/537.36"
152.203.125.120 - - [30/Nov/2025:23:05:09 +0000] "GET /wp-admin/load-styles.php?c=1&dir=ltr&load%5Bchunk_0%5D=dashicons,admin-bar,buttons,media-views,common,forms,admin-menu,dashboard,list-tables,edit,revisions,media,themes,about,nav-menu&load%5Bchunk_1%5D=s,wp-pointer,widgets,site-icon,l10n,wp-auth-check&ver=6.8.3 HTTP/2" 200 112628 "https://estheticline.brainware.com.co/wp-admin/upload.php" "Mozilla/5.0 (X11; Linux x86_64) AppleWebKit/537.36 (KHTML, like Gecko) Chrome/136.0.0.0 Safari/537.36"
152.203.125.120 - - [30/Nov/2025:23:05:10 +0000] "GET /wp-includes/js/media-grid.min.js?ver=6.8.3 HTTP/2" 200 3665 "https://estheticline.brainware.com.co/wp-admin/upload.php" "Mozilla/5.0 (X11; Linux x86_64) AppleWebKit/537.36 (KHTML, like Gecko) Chrome/136.0.0.0 Safari/537.36"
152.203.125.120 - - [30/Nov/2025:23:05:10 +0000] "GET /wp-admin/js/media.min.js?ver=6.8.3 HTTP/2" 200 937 "https://estheticline.brainware.com.co/wp-admin/upload.php" "Mozilla/5.0 (X11; Linux x86_64) AppleWebKit/537.36 (KHTML, like Gecko) Chrome/136.0.0.0 Safari/537.36"
152.203.125.120 - - [30/Nov/2025:23:05:10 +0000] "GET /wp-includes/images/spinner-2x.gif HTTP/2" 200 7536 "https://estheticline.brainware.com.co/wp-admin/load-styles.php?c=1&dir=ltr&load%5Bchunk_0%5D=dashicons,admin-bar,buttons,media-views,common,forms,admin-menu,dashboard,list-tables,edit,revisions,media,themes,about,nav-menu&load%5Bchunk_1%5D=s,wp-pointer,widgets,site-icon,l10n,wp-auth-check&ver=6.8.3" "Mozilla/5.0 (X11; Linux x86_64) AppleWebKit/537.36 (KHTML, like Gecko) Chrome/136.0.0.0 Safari/537.36"
152.203.125.120 - - [30/Nov/2025:22:58:34 +0000] "OPTIONS /wp-json/wp/v2/templates?_locale=user HTTP/2" 200 1228 "https://estheticline.brainware.com.co/wp-admin/site-editor.php?p=%2Ftemplate" "Mozilla/5.0 (X11; Linux x86_64) AppleWebKit/537.36 (KHTML, like Gecko) Chrome/136.0.0.0 Safari/537.36"
152.203.125.120 - - [30/Nov/2025:22:58:34 +0000] "GET /wp-json/wp/v2/block-patterns/patterns?_locale=user HTTP/2" 200 39632 "https://estheticline.brainware.com.co/wp-admin/site-editor.php?p=%2Ftemplate" "Mozilla/5.0 (X11; Linux x86_64) AppleWebKit/537.36 (KHTML, like Gecko) Chrome/136.0.0.0 Safari/537.36"
152.203.125.120 - - [30/Nov/2025:22:58:36 +0000] "GET /wp-json/wp/v2/taxonomies?context=edit&per_page=100&_locale=user HTTP/2" 200 1630 "https://estheticline.brainware.com.co/wp-admin/site-editor.php?p=%2Fwp_template%2Festheticline%2F%2Findex&canvas=edit" "Mozilla/5.0 (X11; Linux x86_64) AppleWebKit/537.36 (KHTML, like Gecko) Chrome/136.0.0.0 Safari/537.36"
152.203.125.120 - - [30/Nov/2025:22:58:36 +0000] "GET /wp-json/wp/v2/blocks?context=edit&per_page=100&page=1&_locale=user HTTP/2" 200 6 "https://estheticline.brainware.com.co/wp-admin/site-editor.php?p=%2Fwp_template%2Festheticline%2F%2Findex&canvas=edit" "Mozilla/5.0 (X11; Linux x86_64) AppleWebKit/537.36 (KHTML, like Gecko) Chrome/136.0.0.0 Safari/537.36"
170.10.164.108 - - [30/Nov/2025:22:59:29 +0000] "POST /wp-cron.php?doing_wp_cron=1764543569.9807600975036621093750 HTTP/1.1" 200 0 "-" "WordPress/6.8.3; https://estheticline.brainware.com.co"
152.203.125.120 - - [30/Nov/2025:23:01:45 +0000] "POST /wp-admin/admin-ajax.php HTTP/2" 200 51 "https://estheticline.brainware.com.co/wp-admin/site-editor.php?p=%2Fwp_template%2Festheticline%2F%2Findex&canvas=edit" "Mozilla/5.0 (X11; Linux x86_64) AppleWebKit/537.36 (KHTML, like Gecko) Chrome/136.0.0.0 Safari/537.36"
170.10.164.108 - - [30/Nov/2025:23:21:35 +0000] "POST /wp-cron.php?doing_wp_cron=1764544895.2639350891113281250000 HTTP/1.1" 200 0 "-" "WordPress/6.8.3; https://estheticline.brainware.com.co"
152.203.125.120 - - [30/Nov/2025:23:23:37 +0000] "POST /wp-admin/admin-ajax.php HTTP/2" 200 51 "https://estheticline.brainware.com.co/wp-admin/upload.php?item=43" "Mozilla/5.0 (X11; Linux x86_64) AppleWebKit/537.36 (KHTML, like Gecko) Chrome/136.0.0.0 Safari/537.36"
152.203.125.120 - - [30/Nov/2025:23:23:37 +0000] "POST /wp-admin/admin-ajax.php HTTP/2" 200 51 "https://estheticline.brainware.com.co/wp-admin/site-editor.php?p=%2Fwp_template%2Festheticline%2F%2Findex&canvas=edit" "Mozilla/5.0 (X11; Linux x86_64) AppleWebKit/537.36 (KHTML, like Gecko) Chrome/136.0.0.0 Safari/537.36"
152.203.125.120 - - [30/Nov/2025:23:24:05 +0000] "POST /wp-admin/admin-ajax.php HTTP/2" 200 85 "https://estheticline.brainware.com.co/wp-admin/site-editor.php?p=%2Fwp_template%2Festheticline%2F%2Findex&canvas=edit" "Mozilla/5.0 (Windows NT 10.0; Win64; x64) AppleWebKit/537.36 (KHTML, like Gecko) Chrome/142.0.0.0 Safari/537.36"
152.203.125.120 - - [30/Nov/2025:23:24:13 +0000] "GET /wp-admin/site-editor.php?p=%2Fwp_template%2Festheticline%2F%2Findex&canvas=edit HTTP/2" 200 138978 "https://estheticline.brainware.com.co/wp-admin/admin.php?page=wpcode-snippet-manager&snippet_id=30" "Mozilla/5.0 (Windows NT 10.0; Win64; x64) AppleWebKit/537.36 (KHTML, like Gecko) Chrome/142.0.0.0 Safari/537.36"
152.203.125.120 - - [30/Nov/2025:23:24:15 +0000] "GET /wp-content/plugins/create-block-theme/build/plugin-sidebar.js?ver=5e591585ae62a5a8f9a1 HTTP/2" 304 0 "https://estheticline.brainware.com.co/wp-admin/site-editor.php?p=%2Fwp_template%2Festheticline%2F%2Findex&canvas=edit" "Mozilla/5.0 (Windows NT 10.0; Win64; x64) AppleWebKit/537.36 (KHTML, like Gecko) Chrome/142.0.0.0 Safari/537.36"
152.203.125.120 - - [30/Nov/2025:23:24:15 +0000] "GET /wp-content/plugins/litespeed-cache/assets/js/litespeed-cache-admin.js?ver=7.6.2 HTTP/2" 304 0 "https://estheticline.brainware.com.co/wp-admin/site-editor.php?p=%2Fwp_template%2Festheticline%2F%2Findex&canvas=edit" "Mozilla/5.0 (Windows NT 10.0; Win64; x64) AppleWebKit/537.36 (KHTML, like Gecko) Chrome/142.0.0.0 Safari/537.36"
152.203.125.120 - - [30/Nov/2025:23:02:33 +0000] "GET /wp-content/themes/estheticline/style.css?ver=4.0.0 HTTP/2" 200 184 "https://estheticline.brainware.com.co/" "Mozilla/5.0 (X11; Linux x86_64) AppleWebKit/537.36 (KHTML, like Gecko) Chrome/136.0.0.0 Safari/537.36"
152.203.125.120 - - [30/Nov/2025:23:02:33 +0000] "GET /wp-content/themes/esthetic-line/assets/logo-03.png HTTP/2" 404 13692 "https://estheticline.brainware.com.co/" "Mozilla/5.0 (X11; Linux x86_64) AppleWebKit/537.36 (KHTML, like Gecko) Chrome/136.0.0.0 Safari/537.36"
152.203.125.120 - - [30/Nov/2025:23:03:00 +0000] "GET / HTTP/2" 200 13646 "https://estheticline.brainware.com.co/wp-admin/site-editor.php?p=%2Fwp_template%2Festheticline%2F%2Findex&canvas=edit" "Mozilla/5.0 (X11; Linux x86_64) AppleWebKit/537.36 (KHTML, like Gecko) Chrome/136.0.0.0 Safari/537.36"
152.203.125.120 - - [30/Nov/2025:23:03:00 +0000] "GET /wp-content/themes/esthetic-line/assets/logo-03.png HTTP/2" 404 13692 "https://estheticline.brainware.com.co/" "Mozilla/5.0 (X11; Linux x86_64) AppleWebKit/537.36 (KHTML, like Gecko) Chrome/136.0.0.0 Safari/537.36"
152.203.125.120 - - [30/Nov/2025:23:05:37 +0000] "POST /wp-admin/async-upload.php HTTP/2" 200 628 "https://estheticline.brainware.com.co/wp-admin/upload.php" "Mozilla/5.0 (X11; Linux x86_64) AppleWebKit/537.36 (KHTML, like Gecko) Chrome/136.0.0.0 Safari/537.36"
152.203.125.120 - - [30/Nov/2025:23:05:41 +0000] "GET /wp-content/uploads/2025/11/logo-03-300x232.png HTTP/2" 200 10797 "https://estheticline.brainware.com.co/wp-admin/upload.php" "Mozilla/5.0 (X11; Linux x86_64) AppleWebKit/537.36 (KHTML, like Gecko) Chrome/136.0.0.0 Safari/537.36"
152.203.125.120 - - [30/Nov/2025:23:05:42 +0000] "GET /wp-admin/images/spinner-2x.gif HTTP/2" 200 7536 "https://estheticline.brainware.com.co/wp-admin/load-styles.php?c=1&dir=ltr&load%5Bchunk_0%5D=dashicons,admin-bar,buttons,media-views,common,forms,admin-menu,dashboard,list-tables,edit,revisions,media,themes,about,nav-menu&load%5Bchunk_1%5D=s,wp-pointer,widgets,site-icon,l10n,wp-auth-check&ver=6.8.3" "Mozilla/5.0 (X11; Linux x86_64) AppleWebKit/537.36 (KHTML, like Gecko) Chrome/136.0.0.0 Safari/537.36"
152.203.125.120 - - [30/Nov/2025:23:05:42 +0000] "GET /wp-content/uploads/2025/11/logo-03-scaled.png HTTP/2" 200 119099 "https://estheticline.brainware.com.co/wp-admin/upload.php?item=43" "Mozilla/5.0 (X11; Linux x86_64) AppleWebKit/537.36 (KHTML, like Gecko) Chrome/136.0.0.0 Safari/537.36"
152.203.125.120 - - [30/Nov/2025:23:21:33 +0000] "POST /wp-admin/admin-ajax.php HTTP/2" 200 51 "https://estheticline.brainware.com.co/wp-admin/upload.php?item=43" "Mozilla/5.0 (X11; Linux x86_64) AppleWebKit/537.36 (KHTML, like Gecko) Chrome/136.0.0.0 Safari/537.36"
152.203.125.120 - - [30/Nov/2025:23:21:35 +0000] "POST /wp-admin/admin-ajax.php HTTP/2" 200 51 "https://estheticline.brainware.com.co/wp-admin/site-editor.php?p=%2Fwp_template%2Festheticline%2F%2Findex&canvas=edit" "Mozilla/5.0 (X11; Linux x86_64) AppleWebKit/537.36 (KHTML, like Gecko) Chrome/136.0.0.0 Safari/537.36"
170.10.164.108 - - [30/Nov/2025:23:22:44 +0000] "POST /wp-cron.php?doing_wp_cron=1764544964.6631400585174560546875 HTTP/1.1" 200 0 "-" "WordPress/6.8.3; https://estheticline.brainware.com.co"
152.203.125.120 - - [30/Nov/2025:23:24:15 +0000] "GET /wp-includes/js/dist/redux-routine.min.js?ver=8bb92d45458b29590f53 HTTP/3" 200 2718 "-" "Mozilla/5.0 (Windows NT 10.0; Win64; x64) AppleWebKit/537.36 (KHTML, like Gecko) Chrome/142.0.0.0 Safari/537.36"
152.203.125.120 - - [30/Nov/2025:23:24:15 +0000] "GET /wp-includes/js/dist/vendor/react-jsx-runtime.min.js?ver=18.3.1 HTTP/3" 200 518 "-" "Mozilla/5.0 (Windows NT 10.0; Win64; x64) AppleWebKit/537.36 (KHTML, like Gecko) Chrome/142.0.0.0 Safari/537.36"
152.203.125.120 - - [30/Nov/2025:23:24:15 +0000] "GET /wp-includes/js/dist/vendor/react.min.js?ver=18.3.1.1 HTTP/3" 200 4006 "-" "Mozilla/5.0 (Windows NT 10.0; Win64; x64) AppleWebKit/537.36 (KHTML, like Gecko) Chrome/142.0.0.0 Safari/537.36"
152.203.125.120 - - [30/Nov/2025:23:24:15 +0000] "GET /wp-includes/js/dist/shortcode.min.js?ver=b7747eee0efafd2f0c3b HTTP/3" 200 1328 "-" "Mozilla/5.0 (Windows NT 10.0; Win64; x64) AppleWebKit/537.36 (KHTML, like Gecko) Chrome/142.0.0.0 Safari/537.36"
152.203.125.120 - - [30/Nov/2025:23:24:15 +0000] "GET /wp-includes/js/dist/html-entities.min.js?ver=2cd3358363e0675638fb HTTP/3" 200 386 "-" "Mozilla/5.0 (Windows NT 10.0; Win64; x64) AppleWebKit/537.36 (KHTML, like Gecko) Chrome/142.0.0.0 Safari/537.36"
152.203.125.120 - - [30/Nov/2025:23:24:15 +0000] "GET /wp-includes/js/dist/private-apis.min.js?ver=0f8478f1ba7e0eea562b HTTP/3" 200 898 "-" "Mozilla/5.0 (Windows NT 10.0; Win64; x64) AppleWebKit/537.36 (KHTML, like Gecko) Chrome/142.0.0.0 Safari/537.36"
152.203.125.120 - - [30/Nov/2025:23:24:15 +0000] "GET /wp-includes/js/dist/priority-queue.min.js?ver=9c21c957c7e50ffdbf48 HTTP/3" 200 1450 "-" "Mozilla/5.0 (Windows NT 10.0; Win64; x64) AppleWebKit/537.36 (KHTML, like Gecko) Chrome/142.0.0.0 Safari/537.36"
152.203.125.120 - - [30/Nov/2025:23:24:15 +0000] "GET /wp-includes/js/dist/is-shallow-equal.min.js?ver=e0f9f1d78d83f5196979 HTTP/3" 200 479 "-" "Mozilla/5.0 (Windows NT 10.0; Win64; x64) AppleWebKit/537.36 (KHTML, like Gecko) Chrome/142.0.0.0 Safari/537.36"
152.203.125.120 - - [30/Nov/2025:23:24:15 +0000] "GET /wp-includes/js/dist/keycodes.min.js?ver=034ff647a54b018581d3 HTTP/3" 200 1327 "-" "Mozilla/5.0 (Windows NT 10.0; Win64; x64) AppleWebKit/537.36 (KHTML, like Gecko) Chrome/142.0.0.0 Safari/537.36"
152.203.125.120 - - [30/Nov/2025:23:24:15 +0000] "GET /wp-includes/js/dist/warning.min.js?ver=ed7c8b0940914f4fe44b HTTP/3" 200 209 "-" "Mozilla/5.0 (Windows NT 10.0; Win64; x64) AppleWebKit/537.36 (KHTML, like Gecko) Chrome/142.0.0.0 Safari/537.36"
152.203.125.120 - - [30/Nov/2025:23:24:15 +0000] "GET /wp-includes/js/dist/escape-html.min.js?ver=6561a406d2d232a6fbd2 HTTP/3" 200 476 "-" "Mozilla/5.0 (Windows NT 10.0; Win64; x64) AppleWebKit/537.36 (KHTML, like Gecko) Chrome/142.0.0.0 Safari/537.36"
