194.180.49.167 - - [01/Dec/2025:02:50:40 +0000] "GET /config/app.php HTTP/1.1" 404 10854 "-" "Mozilla/5.0 (Windows NT 10.0; Win64; x64) AppleWebKit/537.36 (KHTML, like Gecko) Chrome/120.0.0.0 Safari/537.36 Edg/120.0.0.0"
170.10.164.108 - - [01/Dec/2025:02:51:57 +0000] "POST /wp-cron.php?doing_wp_cron=1764557517.8103199005126953125000 HTTP/1.1" 200 0 "-" "WordPress/6.8.3; https://estheticline.brainware.com.co"
170.10.164.108 - - [01/Dec/2025:02:53:54 +0000] "POST /wp-cron.php?doing_wp_cron=1764557634.2817940711975097656250 HTTP/1.1" 200 0 "-" "WordPress/6.8.3; https://estheticline.brainware.com.co"
194.180.49.167 - - [01/Dec/2025:02:46:41 +0000] "GET /.vscode/sftp.json HTTP/1.1" 301 0 "-" "Mozilla/5.0 (Macintosh; Intel Mac OS X 10_15_7) AppleWebKit/537.36 (KHTML, like Gecko) Chrome/120.0.0.0 Safari/537.36"
170.10.164.108 - - [01/Dec/2025:02:46:55 +0000] "POST /wp-cron.php?doing_wp_cron=1764557215.4669330120086669921875 HTTP/1.1" 200 0 "-" "WordPress/6.8.3; https://estheticline.brainware.com.co"
194.180.49.167 - - [01/Dec/2025:02:46:55 +0000] "GET /.vscode/sftp.json HTTP/1.1" 404 10854 "-" "Mozilla/5.0 (Macintosh; Intel Mac OS X 10_15_7) AppleWebKit/537.36 (KHTML, like Gecko) Chrome/120.0.0.0 Safari/537.36"
194.180.49.167 - - [01/Dec/2025:02:47:21 +0000] "GET /.vscode/settings.json HTTP/1.1" 404 10854 "-" "Mozilla/5.0 (X11; Linux i686; rv:109.0) Gecko/20100101 Firefox/121.0"
194.180.49.167 - - [01/Dec/2025:02:48:18 +0000] "GET /sftp-config.json HTTP/1.1" 404 10855 "-" "Mozilla/5.0 (X11; Linux i686; rv:109.0) Gecko/20100101 Firefox/121.0"
194.180.49.167 - - [01/Dec/2025:02:49:02 +0000] "GET /prevlaravel/sftp-config.json HTTP/1.1" 301 0 "-" "Mozilla/5.0 (Windows NT 10.0; Win64; x64) AppleWebKit/537.36 (KHTML, like Gecko) Chrome/120.0.0.0 Safari/537.36 Edg/120.0.0.0"
194.180.49.167 - - [01/Dec/2025:02:49:32 +0000] "GET /application/config/constants.php/ HTTP/1.1" 301 0 "-" "Mozilla/5.0 (Windows NT 10.0; Win64; x64) AppleWebKit/537.36 (KHTML, like Gecko) Chrome/120.0.0.0 Safari/537.36 Edg/120.0.0.0"
170.10.164.108 - - [01/Dec/2025:02:50:00 +0000] "POST /wp-cron.php?doing_wp_cron=1764557400.1946570873260498046875 HTTP/1.1" 200 0 "-" "WordPress/6.8.3; https://estheticline.brainware.com.co"
194.180.49.167 - - [01/Dec/2025:02:49:59 +0000] "GET /config.php HTTP/1.1" 301 0 "-" "Mozilla/5.0 (Windows NT 10.0; Win64; x64) AppleWebKit/537.36 (KHTML, like Gecko) Chrome/120.0.0.0 Safari/537.36"
194.180.49.167 - - [01/Dec/2025:02:50:13 +0000] "GET /config.php HTTP/1.1" 404 10854 "-" "Mozilla/5.0 (Windows NT 10.0; Win64; x64) AppleWebKit/537.36 (KHTML, like Gecko) Chrome/120.0.0.0 Safari/537.36"
194.180.49.167 - - [01/Dec/2025:02:50:27 +0000] "GET /config/app.php HTTP/1.1" 301 0 "-" "Mozilla/5.0 (Windows NT 10.0; Win64; x64) AppleWebKit/537.36 (KHTML, like Gecko) Chrome/120.0.0.0 Safari/537.36 Edg/120.0.0.0"
170.10.164.108 - - [01/Dec/2025:02:50:54 +0000] "POST /wp-cron.php?doing_wp_cron=1764557454.8122620582580566406250 HTTP/1.1" 200 0 "-" "WordPress/6.8.3; https://estheticline.brainware.com.co"
194.180.49.167 - - [01/Dec/2025:02:51:46 +0000] "GET /config/cache.php HTTP/1.1" 301 0 "-" "Mozilla/5.0 (Windows NT 10.0; Win64; x64) AppleWebKit/537.36 (KHTML, like Gecko) Chrome/120.0.0.0 Safari/537.36"
194.180.49.167 - - [01/Dec/2025:02:51:57 +0000] "GET /config/cache.php HTTP/1.1" 404 10854 "-" "Mozilla/5.0 (Windows NT 10.0; Win64; x64) AppleWebKit/537.36 (KHTML, like Gecko) Chrome/120.0.0.0 Safari/537.36"
194.180.49.167 - - [01/Dec/2025:02:52:23 +0000] "GET /config/queue.php HTTP/1.1" 404 10854 "-" "Mozilla/5.0 (Macintosh; Intel Mac OS X 10.15; rv:109.0) Gecko/20100101 Firefox/121.0"
194.180.49.167 - - [01/Dec/2025:02:52:35 +0000] "GET /config/session.php HTTP/1.1" 301 0 "-" "Mozilla/5.0 (Windows NT 10.0; Win64; x64) AppleWebKit/537.36 (KHTML, like Gecko) Chrome/120.0.0.0 Safari/537.36"
194.180.49.167 - - [01/Dec/2025:02:52:48 +0000] "GET /config/session.php HTTP/1.1" 404 10854 "-" "Mozilla/5.0 (Windows NT 10.0; Win64; x64) AppleWebKit/537.36 (KHTML, like Gecko) Chrome/120.0.0.0 Safari/537.36"
194.180.49.167 - - [01/Dec/2025:02:53:01 +0000] "GET /config/view.php HTTP/1.1" 301 0 "-" "Mozilla/5.0 (Windows NT 10.0; Win64; x64) AppleWebKit/537.36 (KHTML, like Gecko) Chrome/120.0.0.0 Safari/537.36"
194.180.49.167 - - [01/Dec/2025:02:53:27 +0000] "GET /config/auth.php HTTP/1.1" 301 0 "-" "Mozilla/5.0 (X11; Linux x86_64) AppleWebKit/537.36 (KHTML, like Gecko) Chrome/120.0.0.0 Safari/537.36"
194.180.49.167 - - [01/Dec/2025:02:53:41 +0000] "GET /config/auth.php HTTP/1.1" 404 10854 "-" "Mozilla/5.0 (X11; Linux x86_64) AppleWebKit/537.36 (KHTML, like Gecko) Chrome/120.0.0.0 Safari/537.36"
194.180.49.167 - - [01/Dec/2025:02:54:21 +0000] "GET /config/services.php HTTP/1.1" 301 0 "-" "Mozilla/5.0 (X11; Linux i686; rv:109.0) Gecko/20100101 Firefox/121.0"
170.10.164.108 - - [01/Dec/2025:02:55:02 +0000] "POST /wp-cron.php?doing_wp_cron=1764557702.5371310710906982421875 HTTP/1.1" 200 0 "-" "WordPress/6.8.3; https://estheticline.brainware.com.co"
194.180.49.167 - - [01/Dec/2025:02:55:15 +0000] "GET /application/config/database.php HTTP/1.1" 301 0 "-" "Mozilla/5.0 (Windows NT 10.0; Win64; x64; rv:109.0) Gecko/20100101 Firefox/121.0"
194.180.49.167 - - [01/Dec/2025:02:55:26 +0000] "GET /application/config/database.php HTTP/1.1" 404 10853 "-" "Mozilla/5.0 (Windows NT 10.0; Win64; x64; rv:109.0) Gecko/20100101 Firefox/121.0"
170.10.164.108 - - [01/Dec/2025:02:55:52 +0000] "POST /wp-cron.php?doing_wp_cron=1764557752.9413959980010986328125 HTTP/1.1" 200 0 "-" "WordPress/6.8.3; https://estheticline.brainware.com.co"
194.180.49.167 - - [01/Dec/2025:02:56:33 +0000] "GET /application/config/routes.php HTTP/1.1" 301 0 "-" "Mozilla/5.0 (Windows NT 10.0; Win64; x64; rv:109.0) Gecko/20100101 Firefox/121.0"
194.180.49.167 - - [01/Dec/2025:02:56:47 +0000] "GET /application/config/routes.php HTTP/1.1" 404 10854 "-" "Mozilla/5.0 (Windows NT 10.0; Win64; x64; rv:109.0) Gecko/20100101 Firefox/121.0"
194.180.49.167 - - [01/Dec/2025:02:57:00 +0000] "GET /application/config/constants.php HTTP/1.1" 301 0 "-" "Mozilla/5.0 (X11; Linux x86_64) AppleWebKit/537.36 (KHTML, like Gecko) Chrome/120.0.0.0 Safari/537.36"
194.180.49.167 - - [01/Dec/2025:02:57:40 +0000] "GET /application/config/mimes.php HTTP/1.1" 404 10855 "-" "Mozilla/5.0 (Windows NT 10.0; Win64; x64) AppleWebKit/537.36 (KHTML, like Gecko) Chrome/120.0.0.0 Safari/537.36"
194.180.49.167 - - [01/Dec/2025:02:57:53 +0000] "GET /application/config/hooks.php HTTP/1.1" 301 0 "-" "Mozilla/5.0 (Windows NT 10.0; Win64; x64) AppleWebKit/537.36 (KHTML, like Gecko) Chrome/120.0.0.0 Safari/537.36"
194.180.49.167 - - [01/Dec/2025:02:58:06 +0000] "GET /application/config/hooks.php HTTP/1.1" 404 10855 "-" "Mozilla/5.0 (Windows NT 10.0; Win64; x64) AppleWebKit/537.36 (KHTML, like Gecko) Chrome/120.0.0.0 Safari/537.36"
170.10.164.108 - - [01/Dec/2025:02:58:57 +0000] "POST /wp-cron.php?doing_wp_cron=1764557937.6980431079864501953125 HTTP/1.1" 200 0 "-" "WordPress/6.8.3; https://estheticline.brainware.com.co"
194.180.49.167 - - [01/Dec/2025:02:59:23 +0000] "GET /config/broadcasting.php HTTP/1.1" 404 10854 "-" "Mozilla/5.0 (Macintosh; Intel Mac OS X 10_15_7) AppleWebKit/537.36 (KHTML, like Gecko) Chrome/120.0.0.0 Safari/537.36"
194.180.49.167 - - [01/Dec/2025:03:00:01 +0000] "GET /application/config/foreign_chars.php HTTP/1.1" 301 0 "-" "Mozilla/5.0 (Macintosh; Intel Mac OS X 10_15_7) AppleWebKit/537.36 (KHTML, like Gecko) Chrome/120.0.0.0 Safari/537.36"
194.180.49.167 - - [01/Dec/2025:03:00:13 +0000] "GET /application/config/foreign_chars.php HTTP/1.1" 404 10854 "-" "Mozilla/5.0 (Macintosh; Intel Mac OS X 10_15_7) AppleWebKit/537.36 (KHTML, like Gecko) Chrome/120.0.0.0 Safari/537.36"
194.180.49.167 - - [01/Dec/2025:03:00:49 +0000] "GET /config/app_local.php HTTP/1.1" 301 0 "-" "Mozilla/5.0 (Macintosh; Intel Mac OS X 10.15; rv:109.0) Gecko/20100101 Firefox/121.0"
170.10.164.108 - - [01/Dec/2025:03:01:01 +0000] "POST /wp-cron.php?doing_wp_cron=1764558061.7647359371185302734375 HTTP/1.1" 200 0 "-" "WordPress/6.8.3; https://estheticline.brainware.com.co"
194.180.49.167 - - [01/Dec/2025:03:01:01 +0000] "GET /config/app_local.php HTTP/1.1" 404 10853 "-" "Mozilla/5.0 (Macintosh; Intel Mac OS X 10.15; rv:109.0) Gecko/20100101 Firefox/121.0"
194.180.49.167 - - [01/Dec/2025:03:01:14 +0000] "GET /config/bootstrap.php HTTP/1.1" 301 0 "-" "Mozilla/5.0 (Windows NT 10.0; Win64; x64) AppleWebKit/537.36 (KHTML, like Gecko) Chrome/120.0.0.0 Safari/537.36 Edg/120.0.0.0"
170.10.164.108 - - [01/Dec/2025:03:01:52 +0000] "POST /wp-cron.php?doing_wp_cron=1764558112.4784820079803466796875 HTTP/1.1" 200 0 "-" "WordPress/6.8.3; https://estheticline.brainware.com.co"
194.180.49.167 - - [01/Dec/2025:02:53:15 +0000] "GET /config/view.php HTTP/1.1" 404 10854 "-" "Mozilla/5.0 (Windows NT 10.0; Win64; x64) AppleWebKit/537.36 (KHTML, like Gecko) Chrome/120.0.0.0 Safari/537.36"
194.180.49.167 - - [01/Dec/2025:02:53:53 +0000] "GET /config/filesystems.php HTTP/1.1" 301 0 "-" "Mozilla/5.0 (X11; Linux x86_64) AppleWebKit/537.36 (KHTML, like Gecko) Chrome/120.0.0.0 Safari/537.36"
194.180.49.167 - - [01/Dec/2025:02:54:08 +0000] "GET /config/filesystems.php HTTP/1.1" 404 10855 "-" "Mozilla/5.0 (X11; Linux x86_64) AppleWebKit/537.36 (KHTML, like Gecko) Chrome/120.0.0.0 Safari/537.36"
194.180.49.167 - - [01/Dec/2025:02:54:34 +0000] "GET /config/services.php HTTP/1.1" 404 10854 "-" "Mozilla/5.0 (X11; Linux i686; rv:109.0) Gecko/20100101 Firefox/121.0"
194.180.49.167 - - [01/Dec/2025:02:55:01 +0000] "GET /application/config/config.php HTTP/1.1" 404 10854 "-" "Mozilla/5.0 (Macintosh; Intel Mac OS X 10_15_7) AppleWebKit/537.36 (KHTML, like Gecko) Chrome/120.0.0.0 Safari/537.36"
194.180.49.167 - - [01/Dec/2025:02:55:52 +0000] "GET /application/config/email.php HTTP/1.1" 404 10854 "-" "Mozilla/5.0 (Windows NT 10.0; Win64; x64) AppleWebKit/537.36 (KHTML, like Gecko) Chrome/120.0.0.0 Safari/537.36"
194.180.49.167 - - [01/Dec/2025:02:56:06 +0000] "GET /application/config/autoload.php HTTP/1.1" 301 0 "-" "Mozilla/5.0 (X11; Linux x86_64) AppleWebKit/537.36 (KHTML, like Gecko) Chrome/120.0.0.0 Safari/537.36"
194.180.49.167 - - [01/Dec/2025:02:56:19 +0000] "GET /application/config/autoload.php HTTP/1.1" 404 10854 "-" "Mozilla/5.0 (X11; Linux x86_64) AppleWebKit/537.36 (KHTML, like Gecko) Chrome/120.0.0.0 Safari/537.36"
170.10.164.108 - - [01/Dec/2025:02:57:00 +0000] "POST /wp-cron.php?doing_wp_cron=1764557820.8399279117584228515625 HTTP/1.1" 200 0 "-" "WordPress/6.8.3; https://estheticline.brainware.com.co"
194.180.49.167 - - [01/Dec/2025:02:57:14 +0000] "GET /application/config/constants.php HTTP/1.1" 404 10854 "-" "Mozilla/5.0 (X11; Linux x86_64) AppleWebKit/537.36 (KHTML, like Gecko) Chrome/120.0.0.0 Safari/537.36"
194.180.49.167 - - [01/Dec/2025:02:58:19 +0000] "GET /application/config/encryption.php HTTP/1.1" 301 0 "-" "Mozilla/5.0 (Macintosh; Intel Mac OS X 10.15; rv:109.0) Gecko/20100101 Firefox/121.0"
194.180.49.167 - - [01/Dec/2025:02:58:44 +0000] "GET /application/config/profiler.php HTTP/1.1" 301 0 "-" "Mozilla/5.0 (X11; Linux x86_64) AppleWebKit/537.36 (KHTML, like Gecko) Chrome/120.0.0.0 Safari/537.36"
194.180.49.167 - - [01/Dec/2025:02:58:57 +0000] "GET /application/config/profiler.php HTTP/1.1" 404 10855 "-" "Mozilla/5.0 (X11; Linux x86_64) AppleWebKit/537.36 (KHTML, like Gecko) Chrome/120.0.0.0 Safari/537.36"
194.180.49.167 - - [01/Dec/2025:02:59:35 +0000] "GET /application/config/doctypes.php HTTP/1.1" 301 0 "-" "Mozilla/5.0 (Windows NT 10.0; Win64; x64) AppleWebKit/537.36 (KHTML, like Gecko) Chrome/120.0.0.0 Safari/537.36 Edg/120.0.0.0"
194.180.49.167 - - [01/Dec/2025:03:00:37 +0000] "GET /application/config/migration.php HTTP/1.1" 404 10855 "-" "Mozilla/5.0 (Macintosh; Intel Mac OS X 10_15_7) AppleWebKit/537.36 (KHTML, like Gecko) Chrome/120.0.0.0 Safari/537.36"
194.180.49.167 - - [01/Dec/2025:03:01:26 +0000] "GET /config/bootstrap.php HTTP/1.1" 404 10854 "-" "Mozilla/5.0 (Windows NT 10.0; Win64; x64) AppleWebKit/537.36 (KHTML, like Gecko) Chrome/120.0.0.0 Safari/537.36 Edg/120.0.0.0"
194.180.49.167 - - [01/Dec/2025:03:01:39 +0000] "GET /config/app.default.php HTTP/1.1" 301 0 "-" "Mozilla/5.0 (Windows NT 10.0; Win64; x64; rv:109.0) Gecko/20100101 Firefox/121.0"
194.180.49.167 - - [01/Dec/2025:03:01:52 +0000] "GET /config/app.default.php HTTP/1.1" 404 10854 "-" "Mozilla/5.0 (Windows NT 10.0; Win64; x64; rv:109.0) Gecko/20100101 Firefox/121.0"
170.10.164.108 - - [01/Dec/2025:03:02:57 +0000] "POST /wp-cron.php?doing_wp_cron=1764558177.1771719455718994140625 HTTP/1.1" 200 0 "-" "WordPress/6.8.3; https://estheticline.brainware.com.co"
194.180.49.167 - - [01/Dec/2025:02:54:48 +0000] "GET /application/config/config.php HTTP/1.1" 301 0 "-" "Mozilla/5.0 (Macintosh; Intel Mac OS X 10_15_7) AppleWebKit/537.36 (KHTML, like Gecko) Chrome/120.0.0.0 Safari/537.36"
194.180.49.167 - - [01/Dec/2025:02:55:39 +0000] "GET /application/config/email.php HTTP/1.1" 301 0 "-" "Mozilla/5.0 (Windows NT 10.0; Win64; x64) AppleWebKit/537.36 (KHTML, like Gecko) Chrome/120.0.0.0 Safari/537.36"
194.180.49.167 - - [01/Dec/2025:02:57:27 +0000] "GET /application/config/mimes.php HTTP/1.1" 301 0 "-" "Mozilla/5.0 (Windows NT 10.0; Win64; x64) AppleWebKit/537.36 (KHTML, like Gecko) Chrome/120.0.0.0 Safari/537.36"
170.10.164.108 - - [01/Dec/2025:02:57:53 +0000] "POST /wp-cron.php?doing_wp_cron=1764557873.5874440670013427734375 HTTP/1.1" 200 0 "-" "WordPress/6.8.3; https://estheticline.brainware.com.co"
194.180.49.167 - - [01/Dec/2025:02:58:31 +0000] "GET /application/config/encryption.php HTTP/1.1" 404 10854 "-" "Mozilla/5.0 (Macintosh; Intel Mac OS X 10.15; rv:109.0) Gecko/20100101 Firefox/121.0"
194.180.49.167 - - [01/Dec/2025:02:59:10 +0000] "GET /config/broadcasting.php HTTP/1.1" 301 0 "-" "Mozilla/5.0 (Macintosh; Intel Mac OS X 10_15_7) AppleWebKit/537.36 (KHTML, like Gecko) Chrome/120.0.0.0 Safari/537.36"
194.180.49.167 - - [01/Dec/2025:02:59:48 +0000] "GET /application/config/doctypes.php HTTP/1.1" 404 10855 "-" "Mozilla/5.0 (Windows NT 10.0; Win64; x64) AppleWebKit/537.36 (KHTML, like Gecko) Chrome/120.0.0.0 Safari/537.36 Edg/120.0.0.0"
170.10.164.108 - - [01/Dec/2025:03:00:01 +0000] "POST /wp-cron.php?doing_wp_cron=1764558001.5075449943542480468750 HTTP/1.1" 200 0 "-" "WordPress/6.8.3; https://estheticline.brainware.com.co"
194.180.49.167 - - [01/Dec/2025:03:00:26 +0000] "GET /application/config/migration.php HTTP/1.1" 301 0 "-" "Mozilla/5.0 (Macintosh; Intel Mac OS X 10_15_7) AppleWebKit/537.36 (KHTML, like Gecko) Chrome/120.0.0.0 Safari/537.36"
194.180.49.167 - - [01/Dec/2025:03:02:43 +0000] "GET /config/paths.php HTTP/1.1" 404 10855 "-" "Mozilla/5.0 (Macintosh; Intel Mac OS X 10_15_7) AppleWebKit/537.36 (KHTML, like Gecko) Chrome/120.0.0.0 Safari/537.36"
194.180.49.167 - - [01/Dec/2025:03:03:09 +0000] "GET /config/cli_bootstrap.php HTTP/1.1" 404 10854 "-" "Mozilla/5.0 (Windows NT 10.0; Win64; x64) AppleWebKit/537.36 (KHTML, like Gecko) Chrome/120.0.0.0 Safari/537.36"
170.10.164.108 - - [01/Dec/2025:03:04:00 +0000] "POST /wp-cron.php?doing_wp_cron=1764558240.1679201126098632812500 HTTP/1.1" 200 0 "-" "WordPress/6.8.3; https://estheticline.brainware.com.co"
194.180.49.167 - - [01/Dec/2025:03:04:38 +0000] "GET /config/application.config.php HTTP/1.1" 301 0 "-" "Mozilla/5.0 (Macintosh; Intel Mac OS X 10_15_7) AppleWebKit/537.36 (KHTML, like Gecko) Chrome/120.0.0.0 Safari/537.36"
194.180.49.167 - - [01/Dec/2025:03:05:03 +0000] "GET /config/module.config.php HTTP/1.1" 301 0 "-" "Mozilla/5.0 (Macintosh; Intel Mac OS X 10.15; rv:109.0) Gecko/20100101 Firefox/121.0"
194.180.49.167 - - [01/Dec/2025:03:05:28 +0000] "GET /config/database.config.php HTTP/1.1" 301 0 "-" "Mozilla/5.0 (Macintosh; Intel Mac OS X 10_15_7) AppleWebKit/537.36 (KHTML, like Gecko) Chrome/120.0.0.0 Safari/537.36"
194.180.49.167 - - [01/Dec/2025:03:06:06 +0000] "GET /config/development.config.php HTTP/1.1" 404 10855 "-" "Mozilla/5.0 (X11; Linux i686; rv:109.0) Gecko/20100101 Firefox/121.0"
194.180.49.167 - - [01/Dec/2025:03:06:16 +0000] "GET /config/production.config.php HTTP/1.1" 301 0 "-" "Mozilla/5.0 (Macintosh; Intel Mac OS X 10_15_7) AppleWebKit/537.36 (KHTML, like Gecko) Chrome/120.0.0.0 Safari/537.36"
170.10.164.108 - - [01/Dec/2025:03:06:54 +0000] "POST /wp-cron.php?doing_wp_cron=1764558414.5452380180358886718750 HTTP/1.1" 200 0 "-" "WordPress/6.8.3; https://estheticline.brainware.com.co"
194.180.49.167 - - [01/Dec/2025:03:07:07 +0000] "GET /config/security.config.php HTTP/1.1" 301 0 "-" "Mozilla/5.0 (X11; Linux x86_64) AppleWebKit/537.36 (KHTML, like Gecko) Chrome/120.0.0.0 Safari/537.36"
194.180.49.167 - - [01/Dec/2025:03:03:34 +0000] "GET /config/requirements.php HTTP/1.1" 404 10855 "-" "Mozilla/5.0 (Macintosh; Intel Mac OS X 10.15; rv:109.0) Gecko/20100101 Firefox/121.0"
194.180.49.167 - - [01/Dec/2025:03:03:47 +0000] "GET /config/autoload/global.php HTTP/1.1" 301 0 "-" "Mozilla/5.0 (Windows NT 10.0; Win64; x64; rv:109.0) Gecko/20100101 Firefox/121.0"
194.180.49.167 - - [01/Dec/2025:03:03:59 +0000] "GET /config/autoload/global.php HTTP/1.1" 404 10853 "-" "Mozilla/5.0 (Windows NT 10.0; Win64; x64; rv:109.0) Gecko/20100101 Firefox/121.0"
194.180.49.167 - - [01/Dec/2025:03:04:12 +0000] "GET /config/autoload/local.php HTTP/1.1" 301 0 "-" "Mozilla/5.0 (Macintosh; Intel Mac OS X 10_15_7) AppleWebKit/537.36 (KHTML, like Gecko) Chrome/120.0.0.0 Safari/537.36"
194.180.49.167 - - [01/Dec/2025:03:05:41 +0000] "GET /config/database.config.php HTTP/1.1" 404 10855 "-" "Mozilla/5.0 (Macintosh; Intel Mac OS X 10_15_7) AppleWebKit/537.36 (KHTML, like Gecko) Chrome/120.0.0.0 Safari/537.36"
194.180.49.167 - - [01/Dec/2025:03:06:29 +0000] "GET /config/production.config.php HTTP/1.1" 404 10855 "-" "Mozilla/5.0 (Macintosh; Intel Mac OS X 10_15_7) AppleWebKit/537.36 (KHTML, like Gecko) Chrome/120.0.0.0 Safari/537.36"
194.180.49.167 - - [01/Dec/2025:03:06:41 +0000] "GET /config/test.config.php HTTP/1.1" 301 0 "-" "Mozilla/5.0 (Macintosh; Intel Mac OS X 10_15_7) AppleWebKit/537.36 (KHTML, like Gecko) Chrome/120.0.0.0 Safari/537.36"
194.180.49.167 - - [01/Dec/2025:03:07:45 +0000] "GET /config/acl.config.php HTTP/1.1" 404 10855 "-" "Mozilla/5.0 (Macintosh; Intel Mac OS X 10_15_7) AppleWebKit/537.36 (KHTML, like Gecko) Chrome/120.0.0.0 Safari/537.36"
170.10.164.108 - - [01/Dec/2025:03:07:58 +0000] "POST /wp-cron.php?doing_wp_cron=1764558478.5145280361175537109375 HTTP/1.1" 200 0 "-" "WordPress/6.8.3; https://estheticline.brainware.com.co"
194.180.49.167 - - [01/Dec/2025:03:08:10 +0000] "GET /appsettings.json HTTP/1.1" 404 10855 "-" "Mozilla/5.0 (Macintosh; Intel Mac OS X 10_15_7) AppleWebKit/537.36 (KHTML, like Gecko) Chrome/120.0.0.0 Safari/537.36"
194.180.49.167 - - [01/Dec/2025:03:08:23 +0000] "GET /config/default.json HTTP/1.1" 301 0 "-" "Mozilla/5.0 (Macintosh; Intel Mac OS X 10_15_7) AppleWebKit/537.36 (KHTML, like Gecko) Chrome/120.0.0.0 Safari/537.36"
194.180.49.167 - - [01/Dec/2025:03:09:14 +0000] "GET /api/config/tsconfig.json HTTP/1.1" 301 0 "-" "Mozilla/5.0 (Macintosh; Intel Mac OS X 10_15_7) AppleWebKit/537.36 (KHTML, like Gecko) Chrome/120.0.0.0 Safari/537.36"
194.180.49.167 - - [01/Dec/2025:03:09:39 +0000] "GET /config/development.json HTTP/1.1" 301 0 "-" "Mozilla/5.0 (Windows NT 10.0; Win64; x64; rv:109.0) Gecko/20100101 Firefox/121.0"
194.180.49.167 - - [01/Dec/2025:03:10:49 +0000] "GET /settings.json HTTP/1.1" 404 10853 "-" "Mozilla/5.0 (Windows NT 10.0; Win64; x64) AppleWebKit/537.36 (KHTML, like Gecko) Chrome/120.0.0.0 Safari/537.36 Edg/120.0.0.0"
170.10.164.108 - - [01/Dec/2025:03:11:01 +0000] "POST /wp-cron.php?doing_wp_cron=1764558661.3006939888000488281250 HTTP/1.1" 200 0 "-" "WordPress/6.8.3; https://estheticline.brainware.com.co"
194.180.49.167 - - [01/Dec/2025:03:11:25 +0000] "GET /config/production.json HTTP/1.1" 301 0 "-" "Mozilla/5.0 (Windows NT 10.0; Win64; x64) AppleWebKit/537.36 (KHTML, like Gecko) Chrome/120.0.0.0 Safari/537.36"
194.180.49.167 - - [01/Dec/2025:03:11:37 +0000] "GET /config/production.json HTTP/1.1" 404 10855 "-" "Mozilla/5.0 (Windows NT 10.0; Win64; x64) AppleWebKit/537.36 (KHTML, like Gecko) Chrome/120.0.0.0 Safari/537.36"
170.10.164.108 - - [01/Dec/2025:03:11:51 +0000] "POST /wp-cron.php?doing_wp_cron=1764558711.2913329601287841796875 HTTP/1.1" 200 0 "-" "WordPress/6.8.3; https://estheticline.brainware.com.co"
194.180.49.167 - - [01/Dec/2025:03:12:29 +0000] "GET /appsettings.Production.json HTTP/1.1" 404 10853 "-" "Mozilla/5.0 (Macintosh; Intel Mac OS X 10.15; rv:109.0) Gecko/20100101 Firefox/121.0"
194.180.49.167 - - [01/Dec/2025:03:02:04 +0000] "GET /config/routes.php HTTP/1.1" 301 0 "-" "Mozilla/5.0 (X11; Linux i686; rv:109.0) Gecko/20100101 Firefox/121.0"
194.180.49.167 - - [01/Dec/2025:03:02:18 +0000] "GET /config/routes.php HTTP/1.1" 404 10855 "-" "Mozilla/5.0 (X11; Linux i686; rv:109.0) Gecko/20100101 Firefox/121.0"
194.180.49.167 - - [01/Dec/2025:03:02:31 +0000] "GET /config/paths.php HTTP/1.1" 301 0 "-" "Mozilla/5.0 (Macintosh; Intel Mac OS X 10_15_7) AppleWebKit/537.36 (KHTML, like Gecko) Chrome/120.0.0.0 Safari/537.36"
194.180.49.167 - - [01/Dec/2025:03:02:56 +0000] "GET /config/cli_bootstrap.php HTTP/1.1" 301 0 "-" "Mozilla/5.0 (Windows NT 10.0; Win64; x64) AppleWebKit/537.36 (KHTML, like Gecko) Chrome/120.0.0.0 Safari/537.36"
194.180.49.167 - - [01/Dec/2025:03:03:22 +0000] "GET /config/requirements.php HTTP/1.1" 301 0 "-" "Mozilla/5.0 (Macintosh; Intel Mac OS X 10.15; rv:109.0) Gecko/20100101 Firefox/121.0"
194.180.49.167 - - [01/Dec/2025:03:04:25 +0000] "GET /config/autoload/local.php HTTP/1.1" 404 10855 "-" "Mozilla/5.0 (Macintosh; Intel Mac OS X 10_15_7) AppleWebKit/537.36 (KHTML, like Gecko) Chrome/120.0.0.0 Safari/537.36"
170.10.164.108 - - [01/Dec/2025:03:04:51 +0000] "POST /wp-cron.php?doing_wp_cron=1764558291.6935560703277587890625 HTTP/1.1" 200 0 "-" "WordPress/6.8.3; https://estheticline.brainware.com.co"
194.180.49.167 - - [01/Dec/2025:03:04:51 +0000] "GET /config/application.config.php HTTP/1.1" 404 10855 "-" "Mozilla/5.0 (Macintosh; Intel Mac OS X 10_15_7) AppleWebKit/537.36 (KHTML, like Gecko) Chrome/120.0.0.0 Safari/537.36"
194.180.49.167 - - [01/Dec/2025:03:05:16 +0000] "GET /config/module.config.php HTTP/1.1" 404 10853 "-" "Mozilla/5.0 (Macintosh; Intel Mac OS X 10.15; rv:109.0) Gecko/20100101 Firefox/121.0"
170.10.164.108 - - [01/Dec/2025:03:05:54 +0000] "POST /wp-cron.php?doing_wp_cron=1764558354.2067220211029052734375 HTTP/1.1" 200 0 "-" "WordPress/6.8.3; https://estheticline.brainware.com.co"
194.180.49.167 - - [01/Dec/2025:03:05:53 +0000] "GET /config/development.config.php HTTP/1.1" 301 0 "-" "Mozilla/5.0 (X11; Linux i686; rv:109.0) Gecko/20100101 Firefox/121.0"
194.180.49.167 - - [01/Dec/2025:03:06:54 +0000] "GET /config/test.config.php HTTP/1.1" 404 10855 "-" "Mozilla/5.0 (Macintosh; Intel Mac OS X 10_15_7) AppleWebKit/537.36 (KHTML, like Gecko) Chrome/120.0.0.0 Safari/537.36"
194.180.49.167 - - [01/Dec/2025:03:07:20 +0000] "GET /config/security.config.php HTTP/1.1" 404 10854 "-" "Mozilla/5.0 (X11; Linux x86_64) AppleWebKit/537.36 (KHTML, like Gecko) Chrome/120.0.0.0 Safari/537.36"
194.180.49.167 - - [01/Dec/2025:03:07:58 +0000] "GET /appsettings.json HTTP/1.1" 301 0 "-" "Mozilla/5.0 (Macintosh; Intel Mac OS X 10_15_7) AppleWebKit/537.36 (KHTML, like Gecko) Chrome/120.0.0.0 Safari/537.36"
194.180.49.167 - - [01/Dec/2025:03:08:49 +0000] "GET /config/aws.json HTTP/1.1" 301 0 "-" "Mozilla/5.0 (Windows NT 10.0; Win64; x64; rv:109.0) Gecko/20100101 Firefox/121.0"
194.180.49.167 - - [01/Dec/2025:03:09:26 +0000] "GET /api/config/tsconfig.json HTTP/1.1" 404 10853 "-" "Mozilla/5.0 (Macintosh; Intel Mac OS X 10_15_7) AppleWebKit/537.36 (KHTML, like Gecko) Chrome/120.0.0.0 Safari/537.36"
170.10.164.108 - - [01/Dec/2025:03:10:26 +0000] "POST /wp-cron.php?doing_wp_cron=1764558626.0351378917694091796875 HTTP/1.1" 200 0 "-" "WordPress/6.8.3; https://estheticline.brainware.com.co"
194.180.49.167 - - [01/Dec/2025:03:12:03 +0000] "GET /appsettings.Development.json HTTP/1.1" 404 10854 "-" "Mozilla/5.0 (Windows NT 10.0; Win64; x64; rv:109.0) Gecko/20100101 Firefox/121.0"
194.180.49.167 - - [01/Dec/2025:03:12:54 +0000] "GET /appsettings.Test.json HTTP/1.1" 404 10854 "-" "Mozilla/5.0 (Windows NT 10.0; Win64; x64) AppleWebKit/537.36 (KHTML, like Gecko) Chrome/120.0.0.0 Safari/537.36"
194.180.49.167 - - [01/Dec/2025:03:13:44 +0000] "GET /bundleconfig.json HTTP/1.1" 404 10855 "-" "Mozilla/5.0 (Macintosh; Intel Mac OS X 10_15_7) AppleWebKit/537.36 (KHTML, like Gecko) Chrome/120.0.0.0 Safari/537.36"
194.180.49.167 - - [01/Dec/2025:03:07:32 +0000] "GET /config/acl.config.php HTTP/1.1" 301 0 "-" "Mozilla/5.0 (Macintosh; Intel Mac OS X 10_15_7) AppleWebKit/537.36 (KHTML, like Gecko) Chrome/120.0.0.0 Safari/537.36"
194.180.49.167 - - [01/Dec/2025:03:08:36 +0000] "GET /config/default.json HTTP/1.1" 404 10853 "-" "Mozilla/5.0 (Macintosh; Intel Mac OS X 10_15_7) AppleWebKit/537.36 (KHTML, like Gecko) Chrome/120.0.0.0 Safari/537.36"
170.10.164.108 - - [01/Dec/2025:03:09:02 +0000] "POST /wp-cron.php?doing_wp_cron=1764558542.0820429325103759765625 HTTP/1.1" 200 0 "-" "WordPress/6.8.3; https://estheticline.brainware.com.co"
194.180.49.167 - - [01/Dec/2025:03:09:01 +0000] "GET /config/aws.json HTTP/1.1" 404 10853 "-" "Mozilla/5.0 (Windows NT 10.0; Win64; x64; rv:109.0) Gecko/20100101 Firefox/121.0"
194.180.49.167 - - [01/Dec/2025:03:10:25 +0000] "GET /config/development.json HTTP/1.1" 404 10854 "-" "Mozilla/5.0 (Windows NT 10.0; Win64; x64; rv:109.0) Gecko/20100101 Firefox/121.0"
194.180.49.167 - - [01/Dec/2025:03:10:37 +0000] "GET /settings.json HTTP/1.1" 301 0 "-" "Mozilla/5.0 (Windows NT 10.0; Win64; x64) AppleWebKit/537.36 (KHTML, like Gecko) Chrome/120.0.0.0 Safari/537.36 Edg/120.0.0.0"
194.180.49.167 - - [01/Dec/2025:03:11:00 +0000] "GET /manifest.json HTTP/1.1" 301 0 "-" "Mozilla/5.0 (X11; Linux x86_64) AppleWebKit/537.36 (KHTML, like Gecko) Chrome/120.0.0.0 Safari/537.36"
194.180.49.167 - - [01/Dec/2025:03:11:12 +0000] "GET /manifest.json HTTP/1.1" 404 10854 "-" "Mozilla/5.0 (X11; Linux x86_64) AppleWebKit/537.36 (KHTML, like Gecko) Chrome/120.0.0.0 Safari/537.36"
194.180.49.167 - - [01/Dec/2025:03:11:50 +0000] "GET /appsettings.Development.json HTTP/1.1" 301 0 "-" "Mozilla/5.0 (Windows NT 10.0; Win64; x64; rv:109.0) Gecko/20100101 Firefox/121.0"
194.180.49.167 - - [01/Dec/2025:03:12:16 +0000] "GET /appsettings.Production.json HTTP/1.1" 301 0 "-" "Mozilla/5.0 (Macintosh; Intel Mac OS X 10.15; rv:109.0) Gecko/20100101 Firefox/121.0"
170.10.164.108 - - [01/Dec/2025:03:12:54 +0000] "POST /wp-cron.php?doing_wp_cron=1764558774.7202179431915283203125 HTTP/1.1" 200 0 "-" "WordPress/6.8.3; https://estheticline.brainware.com.co"
194.180.49.167 - - [01/Dec/2025:03:13:07 +0000] "GET /launchSettings.json HTTP/1.1" 301 0 "-" "Mozilla/5.0 (X11; Linux i686; rv:109.0) Gecko/20100101 Firefox/121.0"
170.10.164.108 - - [01/Dec/2025:03:13:58 +0000] "POST /wp-cron.php?doing_wp_cron=1764558838.0679330825805664062500 HTTP/1.1" 200 0 "-" "WordPress/6.8.3; https://estheticline.brainware.com.co"
194.180.49.167 - - [01/Dec/2025:03:14:32 +0000] "GET /tsconfig.json HTTP/1.1" 404 10855 "-" "Mozilla/5.0 (Windows NT 10.0; Win64; x64; rv:109.0) Gecko/20100101 Firefox/121.0"
194.180.49.167 - - [01/Dec/2025:03:15:36 +0000] "GET /config/test.json HTTP/1.1" 404 10853 "-" "Mozilla/5.0 (Windows NT 10.0; Win64; x64; rv:109.0) Gecko/20100101 Firefox/121.0"
194.180.49.167 - - [01/Dec/2025:03:15:48 +0000] "GET /appsettings.Staging.json HTTP/1.1" 301 0 "-" "Mozilla/5.0 (Windows NT 10.0; Win64; x64) AppleWebKit/537.36 (KHTML, like Gecko) Chrome/120.0.0.0 Safari/537.36 Edg/120.0.0.0"
194.180.49.167 - - [01/Dec/2025:03:17:52 +0000] "GET /appsettings.QA.json HTTP/1.1" 301 0 "-" "Mozilla/5.0 (Macintosh; Intel Mac OS X 10_15_7) AppleWebKit/537.36 (KHTML, like Gecko) Chrome/120.0.0.0 Safari/537.36"
194.180.49.167 - - [01/Dec/2025:03:18:36 +0000] "GET /appsettings.Local.json HTTP/1.1" 404 10855 "-" "Mozilla/5.0 (Windows NT 10.0; Win64; x64; rv:109.0) Gecko/20100101 Firefox/121.0"
194.180.49.167 - - [01/Dec/2025:03:18:49 +0000] "GET /src/config/config.json HTTP/1.1" 301 0 "-" "Mozilla/5.0 (Windows NT 10.0; Win64; x64) AppleWebKit/537.36 (KHTML, like Gecko) Chrome/120.0.0.0 Safari/537.36"
194.180.49.167 - - [01/Dec/2025:03:18:59 +0000] "GET /src/config/config.json HTTP/1.1" 404 10855 "-" "Mozilla/5.0 (Windows NT 10.0; Win64; x64) AppleWebKit/537.36 (KHTML, like Gecko) Chrome/120.0.0.0 Safari/537.36"
194.180.49.167 - - [01/Dec/2025:03:20:17 +0000] "GET /config/dev.json HTTP/1.1" 404 10854 "-" "Mozilla/5.0 (X11; Linux i686; rv:109.0) Gecko/20100101 Firefox/121.0"
194.180.49.167 - - [01/Dec/2025:03:12:41 +0000] "GET /appsettings.Test.json HTTP/1.1" 301 0 "-" "Mozilla/5.0 (Windows NT 10.0; Win64; x64) AppleWebKit/537.36 (KHTML, like Gecko) Chrome/120.0.0.0 Safari/537.36"
194.180.49.167 - - [01/Dec/2025:03:13:19 +0000] "GET /launchSettings.json HTTP/1.1" 404 10854 "-" "Mozilla/5.0 (X11; Linux i686; rv:109.0) Gecko/20100101 Firefox/121.0"
194.180.49.167 - - [01/Dec/2025:03:13:32 +0000] "GET /bundleconfig.json HTTP/1.1" 301 0 "-" "Mozilla/5.0 (Macintosh; Intel Mac OS X 10_15_7) AppleWebKit/537.36 (KHTML, like Gecko) Chrome/120.0.0.0 Safari/537.36"
194.180.49.167 - - [01/Dec/2025:03:14:08 +0000] "GET /angular.json HTTP/1.1" 404 10855 "-" "Mozilla/5.0 (Macintosh; Intel Mac OS X 10.15; rv:109.0) Gecko/20100101 Firefox/121.0"
137.184.163.253 - - [01/Dec/2025:03:14:10 +0000] "GET / HTTP/1.1" 200 12126 "-" "Mozilla/5.0 (X11; Linux x86_64) AppleWebKit/537.36 (KHTML, like Gecko) Chrome/139.0.0.0 Safari/537.36"
137.184.163.253 - - [01/Dec/2025:03:14:11 +0000] "GET /favicon.ico HTTP/1.1" 404 1251 "https://estheticline.brainware.com.co/" "Mozilla/5.0 (X11; Linux x86_64) AppleWebKit/537.36 (KHTML, like Gecko) Chrome/139.0.0.0 Safari/537.36"
194.180.49.167 - - [01/Dec/2025:03:14:20 +0000] "GET /tsconfig.json HTTP/1.1" 301 0 "-" "Mozilla/5.0 (Windows NT 10.0; Win64; x64; rv:109.0) Gecko/20100101 Firefox/121.0"
194.180.49.167 - - [01/Dec/2025:03:15:11 +0000] "GET /tsconfig.spec.json HTTP/1.1" 404 10854 "-" "Mozilla/5.0 (X11; Linux i686; rv:109.0) Gecko/20100101 Firefox/121.0"
170.10.164.108 - - [01/Dec/2025:03:16:01 +0000] "POST /wp-cron.php?doing_wp_cron=1764558961.6589179039001464843750 HTTP/1.1" 200 0 "-" "WordPress/6.8.3; https://estheticline.brainware.com.co"
194.180.49.167 - - [01/Dec/2025:03:16:14 +0000] "GET /hosting.json HTTP/1.1" 301 0 "-" "Mozilla/5.0 (X11; Linux i686; rv:109.0) Gecko/20100101 Firefox/121.0"
194.180.49.167 - - [01/Dec/2025:03:16:49 +0000] "GET /config/settings.json HTTP/1.1" 404 10855 "-" "Mozilla/5.0 (Macintosh; Intel Mac OS X 10_15_7) AppleWebKit/537.36 (KHTML, like Gecko) Chrome/120.0.0.0 Safari/537.36"
194.180.49.167 - - [01/Dec/2025:03:17:14 +0000] "GET /meteor.settings.json HTTP/1.1" 404 10854 "-" "Mozilla/5.0 (Windows NT 10.0; Win64; x64) AppleWebKit/537.36 (KHTML, like Gecko) Chrome/120.0.0.0 Safari/537.36 Edg/120.0.0.0"
170.10.164.108 - - [01/Dec/2025:03:17:52 +0000] "POST /wp-cron.php?doing_wp_cron=1764559072.5766620635986328125000 HTTP/1.1" 200 0 "-" "WordPress/6.8.3; https://estheticline.brainware.com.co"
194.180.49.167 - - [01/Dec/2025:03:18:24 +0000] "GET /appsettings.Local.json HTTP/1.1" 301 0 "-" "Mozilla/5.0 (Windows NT 10.0; Win64; x64; rv:109.0) Gecko/20100101 Firefox/121.0"
194.180.49.167 - - [01/Dec/2025:03:19:37 +0000] "GET /private/config.json HTTP/1.1" 301 0 "-" "Mozilla/5.0 (Macintosh; Intel Mac OS X 10.15; rv:109.0) Gecko/20100101 Firefox/121.0"
170.10.164.108 - - [01/Dec/2025:03:19:51 +0000] "POST /wp-cron.php?doing_wp_cron=1764559191.0475420951843261718750 HTTP/1.1" 200 0 "-" "WordPress/6.8.3; https://estheticline.brainware.com.co"
194.180.49.167 - - [01/Dec/2025:03:20:45 +0000] "GET /config/prod.json HTTP/1.1" 404 10855 "-" "Mozilla/5.0 (Macintosh; Intel Mac OS X 10.15; rv:109.0) Gecko/20100101 Firefox/121.0"
170.10.164.108 - - [01/Dec/2025:03:20:57 +0000] "POST /wp-cron.php?doing_wp_cron=1764559257.8402500152587890625000 HTTP/1.1" 200 0 "-" "WordPress/6.8.3; https://estheticline.brainware.com.co"
194.180.49.167 - - [01/Dec/2025:03:21:23 +0000] "GET /config/local.json HTTP/1.1" 301 0 "-" "Mozilla/5.0 (Macintosh; Intel Mac OS X 10.15; rv:109.0) Gecko/20100101 Firefox/121.0"
194.180.49.167 - - [01/Dec/2025:03:21:37 +0000] "GET /config/local.json HTTP/1.1" 404 10854 "-" "Mozilla/5.0 (Macintosh; Intel Mac OS X 10.15; rv:109.0) Gecko/20100101 Firefox/121.0"
194.180.49.167 - - [01/Dec/2025:03:20:57 +0000] "GET /config/staging.json HTTP/1.1" 301 0 "-" "Mozilla/5.0 (Windows NT 10.0; Win64; x64; rv:109.0) Gecko/20100101 Firefox/121.0"
194.180.49.167 - - [01/Dec/2025:03:21:10 +0000] "GET /config/staging.json HTTP/1.1" 404 10854 "-" "Mozilla/5.0 (Windows NT 10.0; Win64; x64; rv:109.0) Gecko/20100101 Firefox/121.0"
194.180.49.167 - - [01/Dec/2025:03:21:49 +0000] "GET /config/daemon.json HTTP/1.1" 301 0 "-" "Mozilla/5.0 (Macintosh; Intel Mac OS X 10_15_7) AppleWebKit/537.36 (KHTML, like Gecko) Chrome/120.0.0.0 Safari/537.36"
186.99.143.134 - - [01/Dec/2025:03:40:35 +0000] "GET / HTTP/2" 200 10862 "-" "Mozilla/5.0 (Windows NT 10.0; Win64; x64) AppleWebKit/537.36 (KHTML, like Gecko) Chrome/142.0.0.0 Safari/537.36"
186.99.143.134 - - [01/Dec/2025:03:40:36 +0000] "GET /wp-content/themes/estheticline/style.css?ver=4.0.0 HTTP/2" 200 184 "https://estheticline.brainware.com.co/" "Mozilla/5.0 (Windows NT 10.0; Win64; x64) AppleWebKit/537.36 (KHTML, like Gecko) Chrome/142.0.0.0 Safari/537.36"
186.99.143.134 - - [01/Dec/2025:03:40:36 +0000] "GET /wp-content/uploads/2025/11/logo-03-scaled.png HTTP/2" 200 119099 "https://estheticline.brainware.com.co/" "Mozilla/5.0 (Windows NT 10.0; Win64; x64) AppleWebKit/537.36 (KHTML, like Gecko) Chrome/142.0.0.0 Safari/537.36"
46.105.92.110 - - [01/Dec/2025:03:52:52 +0000] "GET /.git/config HTTP/1.1" 403 1242 "-" "cohere-python/1.0 (+https://github.com/cohere-ai/cohere-python)"
194.180.49.167 - - [01/Dec/2025:03:13:57 +0000] "GET /angular.json HTTP/1.1" 301 0 "-" "Mozilla/5.0 (Macintosh; Intel Mac OS X 10.15; rv:109.0) Gecko/20100101 Firefox/121.0"
170.10.164.108 - - [01/Dec/2025:03:15:00 +0000] "POST /wp-cron.php?doing_wp_cron=1764558900.1248989105224609375000 HTTP/1.1" 200 0 "-" "WordPress/6.8.3; https://estheticline.brainware.com.co"
194.180.49.167 - - [01/Dec/2025:03:14:59 +0000] "GET /tsconfig.spec.json HTTP/1.1" 301 0 "-" "Mozilla/5.0 (X11; Linux i686; rv:109.0) Gecko/20100101 Firefox/121.0"
194.180.49.167 - - [01/Dec/2025:03:15:24 +0000] "GET /config/test.json HTTP/1.1" 301 0 "-" "Mozilla/5.0 (Windows NT 10.0; Win64; x64; rv:109.0) Gecko/20100101 Firefox/121.0"
194.180.49.167 - - [01/Dec/2025:03:16:01 +0000] "GET /appsettings.Staging.json HTTP/1.1" 404 10854 "-" "Mozilla/5.0 (Windows NT 10.0; Win64; x64) AppleWebKit/537.36 (KHTML, like Gecko) Chrome/120.0.0.0 Safari/537.36 Edg/120.0.0.0"
194.180.49.167 - - [01/Dec/2025:03:16:26 +0000] "GET /hosting.json HTTP/1.1" 404 10854 "-" "Mozilla/5.0 (X11; Linux i686; rv:109.0) Gecko/20100101 Firefox/121.0"
194.180.49.167 - - [01/Dec/2025:03:16:36 +0000] "GET /config/settings.json HTTP/1.1" 301 0 "-" "Mozilla/5.0 (Macintosh; Intel Mac OS X 10_15_7) AppleWebKit/537.36 (KHTML, like Gecko) Chrome/120.0.0.0 Safari/537.36"
170.10.164.108 - - [01/Dec/2025:03:17:01 +0000] "POST /wp-cron.php?doing_wp_cron=1764559021.8181569576263427734375 HTTP/1.1" 200 0 "-" "WordPress/6.8.3; https://estheticline.brainware.com.co"
194.180.49.167 - - [01/Dec/2025:03:17:01 +0000] "GET /meteor.settings.json HTTP/1.1" 301 0 "-" "Mozilla/5.0 (Windows NT 10.0; Win64; x64) AppleWebKit/537.36 (KHTML, like Gecko) Chrome/120.0.0.0 Safari/537.36 Edg/120.0.0.0"
194.180.49.167 - - [01/Dec/2025:03:17:26 +0000] "GET /Properties/launchSettings.json HTTP/1.1" 301 0 "-" "Mozilla/5.0 (Macintosh; Intel Mac OS X 10.15; rv:109.0) Gecko/20100101 Firefox/121.0"
194.180.49.167 - - [01/Dec/2025:03:17:39 +0000] "GET /Properties/launchSettings.json HTTP/1.1" 404 10855 "-" "Mozilla/5.0 (Macintosh; Intel Mac OS X 10.15; rv:109.0) Gecko/20100101 Firefox/121.0"
194.180.49.167 - - [01/Dec/2025:03:18:11 +0000] "GET /appsettings.QA.json HTTP/1.1" 404 10854 "-" "Mozilla/5.0 (Macintosh; Intel Mac OS X 10_15_7) AppleWebKit/537.36 (KHTML, like Gecko) Chrome/120.0.0.0 Safari/537.36"
170.10.164.108 - - [01/Dec/2025:03:19:00 +0000] "POST /wp-cron.php?doing_wp_cron=1764559140.3963940143585205078125 HTTP/1.1" 200 0 "-" "WordPress/6.8.3; https://estheticline.brainware.com.co"
194.180.49.167 - - [01/Dec/2025:03:19:12 +0000] "GET /src/settings.json HTTP/1.1" 301 0 "-" "Mozilla/5.0 (Windows NT 10.0; Win64; x64) AppleWebKit/537.36 (KHTML, like Gecko) Chrome/120.0.0.0 Safari/537.36 Edg/120.0.0.0"
194.180.49.167 - - [01/Dec/2025:03:19:24 +0000] "GET /src/settings.json HTTP/1.1" 404 10853 "-" "Mozilla/5.0 (Windows NT 10.0; Win64; x64) AppleWebKit/537.36 (KHTML, like Gecko) Chrome/120.0.0.0 Safari/537.36 Edg/120.0.0.0"
194.180.49.167 - - [01/Dec/2025:03:19:50 +0000] "GET /private/config.json HTTP/1.1" 404 10855 "-" "Mozilla/5.0 (Macintosh; Intel Mac OS X 10.15; rv:109.0) Gecko/20100101 Firefox/121.0"
194.180.49.167 - - [01/Dec/2025:03:20:03 +0000] "GET /config/dev.json HTTP/1.1" 301 0 "-" "Mozilla/5.0 (X11; Linux i686; rv:109.0) Gecko/20100101 Firefox/121.0"
194.180.49.167 - - [01/Dec/2025:03:20:33 +0000] "GET /config/prod.json HTTP/1.1" 301 0 "-" "Mozilla/5.0 (Macintosh; Intel Mac OS X 10.15; rv:109.0) Gecko/20100101 Firefox/121.0"
186.99.143.134 - - [01/Dec/2025:03:40:36 +0000] "GET /wp-includes/js/wp-emoji-release.min.js?ver=6.8.3 HTTP/3" 200 4769 "https://estheticline.brainware.com.co/" "Mozilla/5.0 (Windows NT 10.0; Win64; x64) AppleWebKit/537.36 (KHTML, like Gecko) Chrome/142.0.0.0 Safari/537.36"
46.105.92.110 - - [01/Dec/2025:03:52:53 +0000] "GET /.git/config HTTP/1.1" 403 1242 "-" "llama.cpp/2025.1"
159.89.174.87 - - [01/Dec/2025:04:19:44 +0000] "GET / HTTP/1.1" 200 40798 "-" "-"
159.89.174.87 - - [01/Dec/2025:04:19:45 +0000] "GET / HTTP/1.1" 200 40798 "-" "Mozilla/5.0 (l9scan/2.0.830313e2436313e20313e2037313; +https://leakix.net)"
170.10.164.108 - - [01/Dec/2025:04:19:48 +0000] "POST /wp-cron.php?doing_wp_cron=1764562788.3489789962768554687500 HTTP/1.1" 200 0 "-" "WordPress/6.8.3; https://estheticline.brainware.com.co"
159.89.174.87 - - [01/Dec/2025:04:19:58 +0000] "GET /swagger.json HTTP/1.1" 404 12145 "-" "Mozilla/5.0 (l9scan/2.0.830313e2436313e20313e2037313; +https://leakix.net)"
159.89.174.87 - - [01/Dec/2025:04:20:05 +0000] "GET /actuator/env HTTP/1.1" 404 12144 "-" "Mozilla/5.0 (l9scan/2.0.830313e2436313e20313e2037313; +https://leakix.net)"
159.89.174.87 - - [01/Dec/2025:04:20:07 +0000] "GET /.vscode/sftp.json HTTP/1.1" 404 12144 "-" "Mozilla/5.0 (l9scan/2.0.830313e2436313e20313e2037313; +https://leakix.net)"
159.89.174.87 - - [01/Dec/2025:04:20:08 +0000] "GET /about HTTP/1.1" 404 12138 "-" "Mozilla/5.0 (l9scan/2.0.830313e2436313e20313e2037313; +https://leakix.net)"
159.89.174.87 - - [01/Dec/2025:04:20:12 +0000] "GET /ecp/Current/exporttool/microsoft.exchange.ediscovery.exporttool.application HTTP/1.1" 404 12137 "-" "Mozilla/5.0 (l9scan/2.0.830313e2436313e20313e2037313; +https://leakix.net)"
159.89.174.87 - - [01/Dec/2025:04:20:13 +0000] "GET /server-status HTTP/1.1" 404 12143 "-" "Mozilla/5.0 (l9scan/2.0.830313e2436313e20313e2037313; +https://leakix.net)"
159.89.174.87 - - [01/Dec/2025:04:20:15 +0000] "GET /_all_dbs HTTP/1.1" 404 12144 "-" "Mozilla/5.0 (l9scan/2.0.830313e2436313e20313e2037313; +https://leakix.net)"
159.89.174.87 - - [01/Dec/2025:04:20:17 +0000] "GET /.env HTTP/1.1" 404 12144 "-" "Mozilla/5.0 (l9scan/2.0.830313e2436313e20313e2037313; +https://leakix.net)"
159.89.174.87 - - [01/Dec/2025:04:20:18 +0000] "GET /.git/config HTTP/1.1" 403 1242 "-" "Mozilla/5.0 (l9scan/2.0.830313e2436313e20313e2037313; +https://leakix.net)"
159.89.174.87 - - [01/Dec/2025:04:20:19 +0000] "GET /s/830313e2436313e20313e2037313/_/;/META-INF/maven/com.atlassian.jira/jira-webapp-dist/pom.properties HTTP/1.1" 404 12138 "-" "Mozilla/5.0 (l9scan/2.0.830313e2436313e20313e2037313; +https://leakix.net)"
159.89.174.87 - - [01/Dec/2025:04:20:20 +0000] "GET /config.json HTTP/1.1" 404 12138 "-" "Mozilla/5.0 (l9scan/2.0.830313e2436313e20313e2037313; +https://leakix.net)"
159.89.174.87 - - [01/Dec/2025:04:20:21 +0000] "GET /telescope/requests HTTP/1.1" 404 12143 "-" "Mozilla/5.0 (l9scan/2.0.830313e2436313e20313e2037313; +https://leakix.net)"
159.89.174.87 - - [01/Dec/2025:04:20:22 +0000] "GET /info.php HTTP/1.1" 404 12143 "-" "Mozilla/5.0 (l9scan/2.0.830313e2436313e20313e2037313; +https://leakix.net)"
159.89.174.87 - - [01/Dec/2025:04:20:23 +0000] "GET /?rest_route=/wp/v2/users/ HTTP/1.1" 200 341 "-" "Mozilla/5.0 (l9scan/2.0.830313e2436313e20313e2037313; +https://leakix.net)"
170.10.164.108 - - [01/Dec/2025:05:41:18 +0000] "POST /wp-cron.php?doing_wp_cron=1764567678.2180318832397460937500 HTTP/1.1" 200 0 "-" "WordPress/6.8.3; https://estheticline.brainware.com.co"
159.89.174.87 - - [01/Dec/2025:04:19:49 +0000] "POST /api HTTP/1.1" 404 12098 "-" "Mozilla/5.0 (l9scan/2.0.830313e2436313e20313e2037313; +https://leakix.net)"
159.89.174.87 - - [01/Dec/2025:04:19:50 +0000] "POST /api/graphql HTTP/1.1" 404 12098 "-" "Mozilla/5.0 (l9scan/2.0.830313e2436313e20313e2037313; +https://leakix.net)"
170.10.164.108 - - [01/Dec/2025:04:19:51 +0000] "POST /wp-cron.php?doing_wp_cron=1764562791.6455268859863281250000 HTTP/1.1" 200 0 "-" "WordPress/6.8.3; https://estheticline.brainware.com.co"
159.89.174.87 - - [01/Dec/2025:04:19:53 +0000] "GET /swagger-ui.html HTTP/1.1" 404 12144 "-" "Mozilla/5.0 (l9scan/2.0.830313e2436313e20313e2037313; +https://leakix.net)"
159.89.174.87 - - [01/Dec/2025:04:19:56 +0000] "GET /swagger/swagger-ui.html HTTP/1.1" 404 12145 "-" "Mozilla/5.0 (l9scan/2.0.830313e2436313e20313e2037313; +https://leakix.net)"
159.89.174.87 - - [01/Dec/2025:04:19:57 +0000] "GET /webjars/swagger-ui/index.html HTTP/1.1" 404 12145 "-" "Mozilla/5.0 (l9scan/2.0.830313e2436313e20313e2037313; +https://leakix.net)"
159.89.174.87 - - [01/Dec/2025:04:19:59 +0000] "GET /swagger/v1/swagger.json HTTP/1.1" 404 12144 "-" "Mozilla/5.0 (l9scan/2.0.830313e2436313e20313e2037313; +https://leakix.net)"
159.89.174.87 - - [01/Dec/2025:04:20:02 +0000] "GET /v3/api-docs HTTP/1.1" 404 12143 "-" "Mozilla/5.0 (l9scan/2.0.830313e2436313e20313e2037313; +https://leakix.net)"
159.89.174.87 - - [01/Dec/2025:04:20:09 +0000] "GET /debug/default/view?panel=config HTTP/1.1" 404 12144 "-" "Mozilla/5.0 (l9scan/2.0.830313e2436313e20313e2037313; +https://leakix.net)"
159.89.174.87 - - [01/Dec/2025:04:20:14 +0000] "GET /login.action HTTP/1.1" 404 12143 "-" "Mozilla/5.0 (l9scan/2.0.830313e2436313e20313e2037313; +https://leakix.net)"
159.89.174.87 - - [01/Dec/2025:04:20:16 +0000] "GET /.DS_Store HTTP/1.1" 404 12144 "-" "Mozilla/5.0 (l9scan/2.0.830313e2436313e20313e2037313; +https://leakix.net)"
74.7.241.60 - - [01/Dec/2025:05:41:16 +0000] "GET /wp-sitemap.xml HTTP/2" 200 200 "-" "Mozilla/5.0 AppleWebKit/537.36 (KHTML, like Gecko; compatible; GPTBot/1.3; +https://openai.com/gptbot)"
159.89.174.87 - - [01/Dec/2025:04:19:46 +0000] "POST /graphql HTTP/1.1" 404 12098 "-" "Mozilla/5.0 (l9scan/2.0.830313e2436313e20313e2037313; +https://leakix.net)"
159.89.174.87 - - [01/Dec/2025:04:19:51 +0000] "POST /graphql/api HTTP/1.1" 404 12091 "-" "Mozilla/5.0 (l9scan/2.0.830313e2436313e20313e2037313; +https://leakix.net)"
159.89.174.87 - - [01/Dec/2025:04:19:52 +0000] "POST /api/gql HTTP/1.1" 404 12098 "-" "Mozilla/5.0 (l9scan/2.0.830313e2436313e20313e2037313; +https://leakix.net)"
159.89.174.87 - - [01/Dec/2025:04:19:55 +0000] "GET /swagger/index.html HTTP/1.1" 404 12145 "-" "Mozilla/5.0 (l9scan/2.0.830313e2436313e20313e2037313; +https://leakix.net)"
159.89.174.87 - - [01/Dec/2025:04:20:01 +0000] "GET /v2/api-docs HTTP/1.1" 404 12137 "-" "Mozilla/5.0 (l9scan/2.0.830313e2436313e20313e2037313; +https://leakix.net)"
159.89.174.87 - - [01/Dec/2025:04:20:03 +0000] "GET /@vite/env HTTP/1.1" 404 12137 "-" "Mozilla/5.0 (l9scan/2.0.830313e2436313e20313e2037313; +https://leakix.net)"
159.89.174.87 - - [01/Dec/2025:04:20:06 +0000] "GET /server HTTP/1.1" 404 12138 "-" "Mozilla/5.0 (l9scan/2.0.830313e2436313e20313e2037313; +https://leakix.net)"
159.89.174.87 - - [01/Dec/2025:04:20:10 +0000] "GET /v2/_catalog HTTP/1.1" 404 12143 "-" "Mozilla/5.0 (l9scan/2.0.830313e2436313e20313e2037313; +https://leakix.net)"
170.10.164.108 - - [01/Dec/2025:09:38:46 +0000] "POST /wp-cron.php?doing_wp_cron=1764581926.4015059471130371093750 HTTP/1.1" 200 0 "-" "WordPress/6.8.3; https://estheticline.brainware.com.co"
204.76.203.25 - - [01/Dec/2025:09:38:44 +0000] "GET /.env HTTP/1.1" 404 40801 "-" "Mozilla/5.0 (Windows NT 10.0; Win64; x64) AppleWebKit/537.36 (KHTML, like Gecko) Chrome/134.0.0.0 Safari/537.3"
209.38.248.17 - - [01/Dec/2025:10:33:32 +0000] "GET /swagger/index.html HTTP/1.1" 301 0 "-" "Mozilla/5.0 (l9scan/2.0.830313e2436313e20313e2037313; +https://leakix.net)"
209.38.248.17 - - [01/Dec/2025:10:33:35 +0000] "GET /webjars/swagger-ui/index.html HTTP/1.1" 301 0 "-" "Mozilla/5.0 (l9scan/2.0.830313e2436313e20313e2037313; +https://leakix.net)"
209.38.248.17 - - [01/Dec/2025:10:33:38 +0000] "GET /swagger/v1/swagger.json HTTP/1.1" 301 0 "-" "Mozilla/5.0 (l9scan/2.0.830313e2436313e20313e2037313; +https://leakix.net)"
209.38.248.17 - - [01/Dec/2025:10:33:40 +0000] "GET /v2/api-docs HTTP/1.1" 301 0 "-" "Mozilla/5.0 (l9scan/2.0.830313e2436313e20313e2037313; +https://leakix.net)"
209.38.248.17 - - [01/Dec/2025:10:33:53 +0000] "GET /ecp/Current/exporttool/microsoft.exchange.ediscovery.exporttool.application HTTP/1.1" 301 0 "-" "Mozilla/5.0 (l9scan/2.0.830313e2436313e20313e2037313; +https://leakix.net)"
209.38.248.17 - - [01/Dec/2025:10:33:54 +0000] "GET /server-status HTTP/1.1" 301 0 "-" "Mozilla/5.0 (l9scan/2.0.830313e2436313e20313e2037313; +https://leakix.net)"
209.38.248.17 - - [01/Dec/2025:10:33:56 +0000] "GET /login.action HTTP/1.1" 301 0 "-" "Mozilla/5.0 (l9scan/2.0.830313e2436313e20313e2037313; +https://leakix.net)"
209.38.248.17 - - [01/Dec/2025:10:34:06 +0000] "GET /info.php HTTP/1.1" 301 0 "-" "Mozilla/5.0 (l9scan/2.0.830313e2436313e20313e2037313; +https://leakix.net)"
186.171.27.27 - - [01/Dec/2025:12:37:20 +0000] "GET /favicon.ico HTTP/2" 404 1251 "https://estheticline.brainware.com.co/" "Mozilla/5.0 (Linux; Android 10; K) AppleWebKit/537.36 (KHTML, like Gecko) Chrome/142.0.0.0 Mobile Safari/537.36"
186.171.27.27 - - [01/Dec/2025:12:37:23 +0000] "GET / HTTP/3" 200 10862 "-" "Mozilla/5.0 (Linux; Android 10; K) AppleWebKit/537.36 (KHTML, like Gecko) Chrome/142.0.0.0 Mobile Safari/537.36"
209.38.248.17 - - [01/Dec/2025:10:32:52 +0000] "GET / HTTP/1.1" 403 1242 "-" "-"
209.38.248.17 - - [01/Dec/2025:10:33:23 +0000] "GET / HTTP/1.1" 301 0 "-" "Mozilla/5.0 (l9scan/2.0.830313e2436313e20313e2037313; +https://leakix.net)"
209.38.248.17 - - [01/Dec/2025:10:33:24 +0000] "POST /graphql HTTP/1.1" 404 12097 "-" "Mozilla/5.0 (l9scan/2.0.830313e2436313e20313e2037313; +https://leakix.net)"
209.38.248.17 - - [01/Dec/2025:10:33:25 +0000] "POST /api HTTP/1.1" 404 12103 "-" "Mozilla/5.0 (l9scan/2.0.830313e2436313e20313e2037313; +https://leakix.net)"
209.38.248.17 - - [01/Dec/2025:10:33:26 +0000] "POST /api/graphql HTTP/1.1" 404 12103 "-" "Mozilla/5.0 (l9scan/2.0.830313e2436313e20313e2037313; +https://leakix.net)"
209.38.248.17 - - [01/Dec/2025:10:33:28 +0000] "POST /graphql/api HTTP/1.1" 404 12097 "-" "Mozilla/5.0 (l9scan/2.0.830313e2436313e20313e2037313; +https://leakix.net)"
209.38.248.17 - - [01/Dec/2025:10:33:30 +0000] "POST /api/gql HTTP/1.1" 404 12103 "-" "Mozilla/5.0 (l9scan/2.0.830313e2436313e20313e2037313; +https://leakix.net)"
209.38.248.17 - - [01/Dec/2025:10:33:31 +0000] "GET /swagger-ui.html HTTP/1.1" 301 0 "-" "Mozilla/5.0 (l9scan/2.0.830313e2436313e20313e2037313; +https://leakix.net)"
209.38.248.17 - - [01/Dec/2025:10:33:37 +0000] "GET /swagger.json HTTP/1.1" 301 0 "-" "Mozilla/5.0 (l9scan/2.0.830313e2436313e20313e2037313; +https://leakix.net)"
209.38.248.17 - - [01/Dec/2025:10:33:47 +0000] "GET /.vscode/sftp.json HTTP/1.1" 301 0 "-" "Mozilla/5.0 (l9scan/2.0.830313e2436313e20313e2037313; +https://leakix.net)"
209.38.248.17 - - [01/Dec/2025:10:33:52 +0000] "GET /v2/_catalog HTTP/1.1" 301 0 "-" "Mozilla/5.0 (l9scan/2.0.830313e2436313e20313e2037313; +https://leakix.net)"
209.38.248.17 - - [01/Dec/2025:10:34:00 +0000] "GET /.env HTTP/1.1" 301 0 "-" "Mozilla/5.0 (l9scan/2.0.830313e2436313e20313e2037313; +https://leakix.net)"
209.38.248.17 - - [01/Dec/2025:10:34:02 +0000] "GET /s/830313e2436313e20313e2037313/_/;/META-INF/maven/com.atlassian.jira/jira-webapp-dist/pom.properties HTTP/1.1" 301 0 "-" "Mozilla/5.0 (l9scan/2.0.830313e2436313e20313e2037313; +https://leakix.net)"
209.38.248.17 - - [01/Dec/2025:10:34:03 +0000] "GET /config.json HTTP/1.1" 301 0 "-" "Mozilla/5.0 (l9scan/2.0.830313e2436313e20313e2037313; +https://leakix.net)"
209.38.248.17 - - [01/Dec/2025:10:33:33 +0000] "GET /swagger/swagger-ui.html HTTP/1.1" 301 0 "-" "Mozilla/5.0 (l9scan/2.0.830313e2436313e20313e2037313; +https://leakix.net)"
209.38.248.17 - - [01/Dec/2025:10:33:41 +0000] "GET /@vite/env HTTP/1.1" 301 0 "-" "Mozilla/5.0 (l9scan/2.0.830313e2436313e20313e2037313; +https://leakix.net)"
209.38.248.17 - - [01/Dec/2025:10:33:42 +0000] "GET /actuator/env HTTP/1.1" 301 0 "-" "Mozilla/5.0 (l9scan/2.0.830313e2436313e20313e2037313; +https://leakix.net)"
209.38.248.17 - - [01/Dec/2025:10:33:44 +0000] "POST /php-cgi/php-cgi.exe?%ADd+cgi.force_redirect%3D0+%ADd+disable_functions%3D\"\"+%ADd+allow_url_include%3D1+%ADd+auto_prepend_file%3Dphp://input HTTP/1.1" 404 12103 "-" "Mozilla/5.0 (l9scan/2.0.830313e2436313e20313e2037313; +https://leakix.net)"
209.38.248.17 - - [01/Dec/2025:10:33:45 +0000] "GET /server HTTP/1.1" 301 0 "-" "Mozilla/5.0 (l9scan/2.0.830313e2436313e20313e2037313; +https://leakix.net)"
209.38.248.17 - - [01/Dec/2025:10:33:49 +0000] "GET /about HTTP/1.1" 301 0 "-" "Mozilla/5.0 (l9scan/2.0.830313e2436313e20313e2037313; +https://leakix.net)"
