194.180.49.167 - - [01/Dec/2025:02:02:42 +0000] "GET /.env.example HTTP/1.1" 404 10853 "-" "Mozilla/5.0 (X11; Linux x86_64) AppleWebKit/537.36 (KHTML, like Gecko) Chrome/120.0.0.0 Safari/537.36"
170.10.164.108 - - [01/Dec/2025:02:04:52 +0000] "POST /wp-cron.php?doing_wp_cron=1764554692.0780870914459228515625 HTTP/1.1" 200 0 "-" "WordPress/6.8.3; https://estheticline.brainware.com.co"
194.180.49.167 - - [01/Dec/2025:02:05:18 +0000] "GET /.env.production HTTP/1.1" 404 10855 "-" "Mozilla/5.0 (Windows NT 10.0; Win64; x64) AppleWebKit/537.36 (KHTML, like Gecko) Chrome/120.0.0.0 Safari/537.36"
194.180.49.167 - - [01/Dec/2025:02:05:31 +0000] "GET /api/.env.production HTTP/1.1" 301 0 "-" "Mozilla/5.0 (Macintosh; Intel Mac OS X 10.15; rv:109.0) Gecko/20100101 Firefox/121.0"
194.180.49.167 - - [01/Dec/2025:02:05:43 +0000] "GET /api/.env.production HTTP/1.1" 404 10855 "-" "Mozilla/5.0 (Macintosh; Intel Mac OS X 10.15; rv:109.0) Gecko/20100101 Firefox/121.0"
194.180.49.167 - - [01/Dec/2025:02:05:56 +0000] "GET /backend/.env.production HTTP/1.1" 301 0 "-" "Mozilla/5.0 (X11; Linux x86_64) AppleWebKit/537.36 (KHTML, like Gecko) Chrome/120.0.0.0 Safari/537.36"
194.180.49.167 - - [01/Dec/2025:02:06:09 +0000] "GET /backend/.env.production HTTP/1.1" 404 10854 "-" "Mozilla/5.0 (X11; Linux x86_64) AppleWebKit/537.36 (KHTML, like Gecko) Chrome/120.0.0.0 Safari/537.36"
194.180.49.167 - - [01/Dec/2025:02:06:35 +0000] "GET /_profiler/phpinfo HTTP/1.1" 404 10853 "-" "Mozilla/5.0 (Windows NT 10.0; Win64; x64; rv:109.0) Gecko/20100101 Firefox/121.0"
194.180.49.167 - - [01/Dec/2025:02:06:48 +0000] "GET /admin/phpinfo.php HTTP/1.1" 301 0 "-" "Mozilla/5.0 (X11; Linux x86_64) AppleWebKit/537.36 (KHTML, like Gecko) Chrome/120.0.0.0 Safari/537.36"
170.10.164.108 - - [01/Dec/2025:02:07:01 +0000] "POST /wp-cron.php?doing_wp_cron=1764554821.4511289596557617187500 HTTP/1.1" 200 0 "-" "WordPress/6.8.3; https://estheticline.brainware.com.co"
194.180.49.167 - - [01/Dec/2025:02:07:01 +0000] "GET /admin/phpinfo.php HTTP/1.1" 404 10854 "-" "Mozilla/5.0 (X11; Linux x86_64) AppleWebKit/537.36 (KHTML, like Gecko) Chrome/120.0.0.0 Safari/537.36"
194.180.49.167 - - [01/Dec/2025:02:08:57 +0000] "GET /symfony/_profiler/phpinfo HTTP/1.1" 301 0 "-" "Mozilla/5.0 (X11; Linux i686; rv:109.0) Gecko/20100101 Firefox/121.0"
194.180.49.167 - - [01/Dec/2025:02:10:00 +0000] "GET /test.php HTTP/1.1" 404 10853 "-" "Mozilla/5.0 (Macintosh; Intel Mac OS X 10_15_7) AppleWebKit/537.36 (KHTML, like Gecko) Chrome/120.0.0.0 Safari/537.36"
194.180.49.167 - - [01/Dec/2025:02:11:17 +0000] "GET /wp-admin/phpinfo.php HTTP/1.1" 404 10853 "-" "Mozilla/5.0 (Windows NT 10.0; Win64; x64) AppleWebKit/537.36 (KHTML, like Gecko) Chrome/120.0.0.0 Safari/537.36"
170.10.164.108 - - [01/Dec/2025:01:51:25 +0000] "POST /wp-cron.php?doing_wp_cron=1764553885.4187788963317871093750 HTTP/1.1" 200 0 "-" "WordPress/6.8.3; https://estheticline.brainware.com.co"
170.10.164.108 - - [01/Dec/2025:02:00:45 +0000] "POST /wp-cron.php?doing_wp_cron=1764554445.6895670890808105468750 HTTP/1.1" 200 0 "-" "WordPress/6.8.3; https://estheticline.brainware.com.co"
194.180.49.167 - - [01/Dec/2025:02:01:39 +0000] "GET /api/.env HTTP/1.1" 301 0 "-" "Mozilla/5.0 (Windows NT 10.0; Win64; x64) AppleWebKit/537.36 (KHTML, like Gecko) Chrome/120.0.0.0 Safari/537.36 Edg/120.0.0.0"
194.180.49.167 - - [01/Dec/2025:02:01:52 +0000] "GET /api/.env HTTP/1.1" 404 10854 "-" "Mozilla/5.0 (Windows NT 10.0; Win64; x64) AppleWebKit/537.36 (KHTML, like Gecko) Chrome/120.0.0.0 Safari/537.36 Edg/120.0.0.0"
194.180.49.167 - - [01/Dec/2025:02:02:05 +0000] "GET /backend/.env HTTP/1.1" 301 0 "-" "Mozilla/5.0 (Macintosh; Intel Mac OS X 10.15; rv:109.0) Gecko/20100101 Firefox/121.0"
194.180.49.167 - - [01/Dec/2025:02:02:29 +0000] "GET /.env.example HTTP/1.1" 301 0 "-" "Mozilla/5.0 (X11; Linux x86_64) AppleWebKit/537.36 (KHTML, like Gecko) Chrome/120.0.0.0 Safari/537.36"
170.10.164.108 - - [01/Dec/2025:02:02:55 +0000] "POST /wp-cron.php?doing_wp_cron=1764554575.1962280273437500000000 HTTP/1.1" 200 0 "-" "WordPress/6.8.3; https://estheticline.brainware.com.co"
194.180.49.167 - - [01/Dec/2025:02:02:54 +0000] "GET /api/.env.example HTTP/1.1" 301 0 "-" "Mozilla/5.0 (Macintosh; Intel Mac OS X 10_15_7) AppleWebKit/537.36 (KHTML, like Gecko) Chrome/120.0.0.0 Safari/537.36"
194.180.49.167 - - [01/Dec/2025:02:03:19 +0000] "GET /backend/.env.example HTTP/1.1" 301 0 "-" "Mozilla/5.0 (X11; Linux i686; rv:109.0) Gecko/20100101 Firefox/121.0"
194.180.49.167 - - [01/Dec/2025:02:03:58 +0000] "GET /.env.development HTTP/1.1" 404 10855 "-" "Mozilla/5.0 (Windows NT 10.0; Win64; x64) AppleWebKit/537.36 (KHTML, like Gecko) Chrome/120.0.0.0 Safari/537.36 Edg/120.0.0.0"
194.180.49.167 - - [01/Dec/2025:02:04:13 +0000] "GET /api/.env.development HTTP/1.1" 301 0 "-" "Mozilla/5.0 (Macintosh; Intel Mac OS X 10_15_7) AppleWebKit/537.36 (KHTML, like Gecko) Chrome/120.0.0.0 Safari/537.36"
194.180.49.167 - - [01/Dec/2025:02:04:25 +0000] "GET /api/.env.development HTTP/1.1" 404 10854 "-" "Mozilla/5.0 (Macintosh; Intel Mac OS X 10_15_7) AppleWebKit/537.36 (KHTML, like Gecko) Chrome/120.0.0.0 Safari/537.36"
194.180.49.167 - - [01/Dec/2025:02:05:05 +0000] "GET /.env.production HTTP/1.1" 301 0 "-" "Mozilla/5.0 (Windows NT 10.0; Win64; x64) AppleWebKit/537.36 (KHTML, like Gecko) Chrome/120.0.0.0 Safari/537.36"
170.10.164.108 - - [01/Dec/2025:02:05:57 +0000] "POST /wp-cron.php?doing_wp_cron=1764554757.1646900177001953125000 HTTP/1.1" 200 0 "-" "WordPress/6.8.3; https://estheticline.brainware.com.co"
194.180.49.167 - - [01/Dec/2025:02:08:31 +0000] "GET /index.php/phpinfo HTTP/1.1" 301 0 "-" "Mozilla/5.0 (Macintosh; Intel Mac OS X 10.15; rv:109.0) Gecko/20100101 Firefox/121.0"
194.180.49.167 - - [01/Dec/2025:02:09:09 +0000] "GET /symfony/_profiler/phpinfo HTTP/1.1" 404 10855 "-" "Mozilla/5.0 (X11; Linux i686; rv:109.0) Gecko/20100101 Firefox/121.0"
194.180.49.167 - - [01/Dec/2025:02:09:34 +0000] "GET /app_dev.php/_profiler/phpinfo HTTP/1.1" 404 10853 "-" "Mozilla/5.0 (Windows NT 10.0; Win64; x64) AppleWebKit/537.36 (KHTML, like Gecko) Chrome/120.0.0.0 Safari/537.36"
194.180.49.167 - - [01/Dec/2025:02:09:47 +0000] "GET /test.php HTTP/1.1" 301 0 "-" "Mozilla/5.0 (Macintosh; Intel Mac OS X 10_15_7) AppleWebKit/537.36 (KHTML, like Gecko) Chrome/120.0.0.0 Safari/537.36"
170.10.164.108 - - [01/Dec/2025:02:10:00 +0000] "POST /wp-cron.php?doing_wp_cron=1764555000.3515510559082031250000 HTTP/1.1" 200 0 "-" "WordPress/6.8.3; https://estheticline.brainware.com.co"
194.180.49.167 - - [01/Dec/2025:02:10:39 +0000] "GET /admin/info.php HTTP/1.1" 301 0 "-" "Mozilla/5.0 (Windows NT 10.0; Win64; x64) AppleWebKit/537.36 (KHTML, like Gecko) Chrome/120.0.0.0 Safari/537.36"
170.10.164.108 - - [01/Dec/2025:02:08:57 +0000] "POST /wp-cron.php?doing_wp_cron=1764554937.3349099159240722656250 HTTP/1.1" 200 0 "-" "WordPress/6.8.3; https://estheticline.brainware.com.co"
194.180.49.167 - - [01/Dec/2025:02:09:22 +0000] "GET /app_dev.php/_profiler/phpinfo HTTP/1.1" 301 0 "-" "Mozilla/5.0 (Windows NT 10.0; Win64; x64) AppleWebKit/537.36 (KHTML, like Gecko) Chrome/120.0.0.0 Safari/537.36"
194.180.49.167 - - [01/Dec/2025:02:10:14 +0000] "GET /dashboard/info.php HTTP/1.1" 301 0 "-" "Mozilla/5.0 (Windows NT 10.0; Win64; x64) AppleWebKit/537.36 (KHTML, like Gecko) Chrome/120.0.0.0 Safari/537.36 Edg/120.0.0.0"
194.180.49.167 - - [01/Dec/2025:02:10:26 +0000] "GET /dashboard/info.php HTTP/1.1" 404 10854 "-" "Mozilla/5.0 (Windows NT 10.0; Win64; x64) AppleWebKit/537.36 (KHTML, like Gecko) Chrome/120.0.0.0 Safari/537.36 Edg/120.0.0.0"
170.10.164.108 - - [01/Dec/2025:02:10:52 +0000] "POST /wp-cron.php?doing_wp_cron=1764555052.6665270328521728515625 HTTP/1.1" 200 0 "-" "WordPress/6.8.3; https://estheticline.brainware.com.co"
194.180.49.167 - - [01/Dec/2025:02:10:52 +0000] "GET /admin/info.php HTTP/1.1" 404 10854 "-" "Mozilla/5.0 (Windows NT 10.0; Win64; x64) AppleWebKit/537.36 (KHTML, like Gecko) Chrome/120.0.0.0 Safari/537.36"
194.180.49.167 - - [01/Dec/2025:02:11:05 +0000] "GET /wp-admin/phpinfo.php HTTP/1.1" 301 0 "-" "Mozilla/5.0 (Windows NT 10.0; Win64; x64) AppleWebKit/537.36 (KHTML, like Gecko) Chrome/120.0.0.0 Safari/537.36"
194.180.49.167 - - [01/Dec/2025:02:12:33 +0000] "GET /install/phpinfo.php HTTP/1.1" 301 0 "-" "Mozilla/5.0 (Macintosh; Intel Mac OS X 10.15; rv:109.0) Gecko/20100101 Firefox/121.0"
194.180.49.167 - - [01/Dec/2025:02:13:24 +0000] "GET /server_info.php HTTP/1.1" 301 0 "-" "Mozilla/5.0 (Windows NT 10.0; Win64; x64) AppleWebKit/537.36 (KHTML, like Gecko) Chrome/120.0.0.0 Safari/537.36"
194.180.49.167 - - [01/Dec/2025:02:14:02 +0000] "GET /admin/server_info.php HTTP/1.1" 404 10853 "-" "Mozilla/5.0 (X11; Linux i686; rv:109.0) Gecko/20100101 Firefox/121.0"
170.10.164.108 - - [01/Dec/2025:02:14:53 +0000] "POST /wp-cron.php?doing_wp_cron=1764555293.3892590999603271484375 HTTP/1.1" 200 0 "-" "WordPress/6.8.3; https://estheticline.brainware.com.co"
194.180.49.167 - - [01/Dec/2025:02:15:32 +0000] "GET /tools/phpinfo.php HTTP/1.1" 301 0 "-" "Mozilla/5.0 (Macintosh; Intel Mac OS X 10.15; rv:109.0) Gecko/20100101 Firefox/121.0"
194.180.49.167 - - [01/Dec/2025:02:15:44 +0000] "GET /tools/phpinfo.php HTTP/1.1" 404 10854 "-" "Mozilla/5.0 (Macintosh; Intel Mac OS X 10.15; rv:109.0) Gecko/20100101 Firefox/121.0"
194.180.49.167 - - [01/Dec/2025:02:16:10 +0000] "GET /utils/phpinfo.php HTTP/1.1" 404 10854 "-" "Mozilla/5.0 (Windows NT 10.0; Win64; x64) AppleWebKit/537.36 (KHTML, like Gecko) Chrome/120.0.0.0 Safari/537.36 Edg/120.0.0.0"
170.10.164.108 - - [01/Dec/2025:02:17:05 +0000] "POST /wp-cron.php?doing_wp_cron=1764555425.2449278831481933593750 HTTP/1.1" 200 0 "-" "WordPress/6.8.3; https://estheticline.brainware.com.co"
194.180.49.167 - - [01/Dec/2025:02:17:45 +0000] "GET /php_info.php HTTP/1.1" 301 0 "-" "Mozilla/5.0 (Windows NT 10.0; Win64; x64) AppleWebKit/537.36 (KHTML, like Gecko) Chrome/120.0.0.0 Safari/537.36 Edg/120.0.0.0"
194.180.49.167 - - [01/Dec/2025:02:18:23 +0000] "GET /i.php HTTP/1.1" 404 10853 "-" "Mozilla/5.0 (Windows NT 10.0; Win64; x64) AppleWebKit/537.36 (KHTML, like Gecko) Chrome/120.0.0.0 Safari/537.36"
194.180.49.167 - - [01/Dec/2025:02:18:48 +0000] "GET /asdf.php HTTP/1.1" 404 10855 "-" "Mozilla/5.0 (Windows NT 10.0; Win64; x64) AppleWebKit/537.36 (KHTML, like Gecko) Chrome/120.0.0.0 Safari/537.36"
194.180.49.167 - - [01/Dec/2025:02:19:01 +0000] "GET /pinfo.php HTTP/1.1" 301 0 "-" "Mozilla/5.0 (X11; Linux x86_64) AppleWebKit/537.36 (KHTML, like Gecko) Chrome/120.0.0.0 Safari/537.36"
194.180.49.167 - - [01/Dec/2025:02:19:14 +0000] "GET /pinfo.php HTTP/1.1" 404 10853 "-" "Mozilla/5.0 (X11; Linux x86_64) AppleWebKit/537.36 (KHTML, like Gecko) Chrome/120.0.0.0 Safari/537.36"
194.180.49.167 - - [01/Dec/2025:02:11:42 +0000] "GET /wp-content/phpinfo.php HTTP/1.1" 404 10853 "-" "Mozilla/5.0 (X11; Linux x86_64) AppleWebKit/537.36 (KHTML, like Gecko) Chrome/120.0.0.0 Safari/537.36"
194.180.49.167 - - [01/Dec/2025:02:12:46 +0000] "GET /install/phpinfo.php HTTP/1.1" 404 10854 "-" "Mozilla/5.0 (Macintosh; Intel Mac OS X 10.15; rv:109.0) Gecko/20100101 Firefox/121.0"
170.10.164.108 - - [01/Dec/2025:02:12:59 +0000] "POST /wp-cron.php?doing_wp_cron=1764555179.5755059719085693359375 HTTP/1.1" 200 0 "-" "WordPress/6.8.3; https://estheticline.brainware.com.co"
194.180.49.167 - - [01/Dec/2025:02:13:49 +0000] "GET /admin/server_info.php HTTP/1.1" 301 0 "-" "Mozilla/5.0 (X11; Linux i686; rv:109.0) Gecko/20100101 Firefox/121.0"
170.10.164.108 - - [01/Dec/2025:02:14:02 +0000] "POST /wp-cron.php?doing_wp_cron=1764555242.5165929794311523437500 HTTP/1.1" 200 0 "-" "WordPress/6.8.3; https://estheticline.brainware.com.co"
194.180.49.167 - - [01/Dec/2025:02:14:14 +0000] "GET /debug/phpinfo.php HTTP/1.1" 301 0 "-" "Mozilla/5.0 (Macintosh; Intel Mac OS X 10_15_7) AppleWebKit/537.36 (KHTML, like Gecko) Chrome/120.0.0.0 Safari/537.36"
194.180.49.167 - - [01/Dec/2025:02:14:40 +0000] "GET /public/phpinfo.php HTTP/1.1" 301 0 "-" "Mozilla/5.0 (Windows NT 10.0; Win64; x64) AppleWebKit/537.36 (KHTML, like Gecko) Chrome/120.0.0.0 Safari/537.36"
194.180.49.167 - - [01/Dec/2025:02:14:53 +0000] "GET /public/phpinfo.php HTTP/1.1" 404 10854 "-" "Mozilla/5.0 (Windows NT 10.0; Win64; x64) AppleWebKit/537.36 (KHTML, like Gecko) Chrome/120.0.0.0 Safari/537.36"
194.180.49.167 - - [01/Dec/2025:02:15:19 +0000] "GET /modules/phpinfo.php HTTP/1.1" 404 10854 "-" "Mozilla/5.0 (Windows NT 10.0; Win64; x64) AppleWebKit/537.36 (KHTML, like Gecko) Chrome/120.0.0.0 Safari/537.36"
194.180.49.167 - - [01/Dec/2025:02:15:57 +0000] "GET /utils/phpinfo.php HTTP/1.1" 301 0 "-" "Mozilla/5.0 (Windows NT 10.0; Win64; x64) AppleWebKit/537.36 (KHTML, like Gecko) Chrome/120.0.0.0 Safari/537.36 Edg/120.0.0.0"
194.180.49.167 - - [01/Dec/2025:02:16:23 +0000] "GET /vendor/phpinfo.php HTTP/1.1" 301 0 "-" "Mozilla/5.0 (Macintosh; Intel Mac OS X 10_15_7) AppleWebKit/537.36 (KHTML, like Gecko) Chrome/120.0.0.0 Safari/537.36"
194.180.49.167 - - [01/Dec/2025:02:16:37 +0000] "GET /vendor/phpinfo.php HTTP/1.1" 404 10854 "-" "Mozilla/5.0 (Macintosh; Intel Mac OS X 10_15_7) AppleWebKit/537.36 (KHTML, like Gecko) Chrome/120.0.0.0 Safari/537.36"
194.180.49.167 - - [01/Dec/2025:02:17:04 +0000] "GET /web/phpinfo.php HTTP/1.1" 404 10854 "-" "Mozilla/5.0 (X11; Linux x86_64) AppleWebKit/537.36 (KHTML, like Gecko) Chrome/120.0.0.0 Safari/537.36"
194.180.49.167 - - [01/Dec/2025:02:17:31 +0000] "GET /infophp.php HTTP/1.1" 404 10852 "-" "Mozilla/5.0 (Windows NT 10.0; Win64; x64) AppleWebKit/537.36 (KHTML, like Gecko) Chrome/120.0.0.0 Safari/537.36"
170.10.164.108 - - [01/Dec/2025:02:17:58 +0000] "POST /wp-cron.php?doing_wp_cron=1764555478.2336809635162353515625 HTTP/1.1" 200 0 "-" "WordPress/6.8.3; https://estheticline.brainware.com.co"
194.180.49.167 - - [01/Dec/2025:02:17:57 +0000] "GET /php_info.php HTTP/1.1" 404 10854 "-" "Mozilla/5.0 (Windows NT 10.0; Win64; x64) AppleWebKit/537.36 (KHTML, like Gecko) Chrome/120.0.0.0 Safari/537.36 Edg/120.0.0.0"
194.180.49.167 - - [01/Dec/2025:02:18:11 +0000] "GET /i.php HTTP/1.1" 301 0 "-" "Mozilla/5.0 (Windows NT 10.0; Win64; x64) AppleWebKit/537.36 (KHTML, like Gecko) Chrome/120.0.0.0 Safari/537.36"
50.114.92.49 - - [01/Dec/2025:02:18:54 +0000] "GET / HTTP/1.1" 200 40798 "-" "Mozilla/5.0+(compatible;+Googlebot/2.1;++http://www.google.com/bot.html)"
50.114.92.49 - - [01/Dec/2025:02:18:55 +0000] "GET / HTTP/1.1" 200 40798 "-" "Mozilla/5.0 (Windows NT 10.0; Win64; x64) AppleWebKit/537.36 (KHTML, like Gecko) Chrome/132.0.0.0 Safari/537.36"
170.10.164.108 - - [01/Dec/2025:02:20:08 +0000] "POST /wp-cron.php?doing_wp_cron=1764555608.0668768882751464843750 HTTP/1.1" 200 0 "-" "WordPress/6.8.3; https://estheticline.brainware.com.co"
194.180.49.167 - - [01/Dec/2025:02:11:30 +0000] "GET /wp-content/phpinfo.php HTTP/1.1" 301 0 "-" "Mozilla/5.0 (X11; Linux x86_64) AppleWebKit/537.36 (KHTML, like Gecko) Chrome/120.0.0.0 Safari/537.36"
138.197.124.220 - - [01/Dec/2025:02:11:34 +0000] "POST /wp-login.php HTTP/1.1" 200 8349 "-" "Mozilla/5.0"
170.10.164.108 - - [01/Dec/2025:02:11:56 +0000] "POST /wp-cron.php?doing_wp_cron=1764555115.9599359035491943359375 HTTP/1.1" 200 0 "-" "WordPress/6.8.3; https://estheticline.brainware.com.co"
194.180.49.167 - - [01/Dec/2025:02:11:55 +0000] "GET /administrator/phpinfo.php HTTP/1.1" 301 0 "-" "Mozilla/5.0 (Windows NT 10.0; Win64; x64; rv:109.0) Gecko/20100101 Firefox/121.0"
194.180.49.167 - - [01/Dec/2025:02:12:20 +0000] "GET /administrator/phpinfo.php HTTP/1.1" 404 10854 "-" "Mozilla/5.0 (Windows NT 10.0; Win64; x64; rv:109.0) Gecko/20100101 Firefox/121.0"
194.180.49.167 - - [01/Dec/2025:02:12:59 +0000] "GET /admin/test.php HTTP/1.1" 301 0 "-" "Mozilla/5.0 (X11; Linux i686; rv:109.0) Gecko/20100101 Firefox/121.0"
194.180.49.167 - - [01/Dec/2025:02:13:12 +0000] "GET /admin/test.php HTTP/1.1" 404 10854 "-" "Mozilla/5.0 (X11; Linux i686; rv:109.0) Gecko/20100101 Firefox/121.0"
194.180.49.167 - - [01/Dec/2025:02:13:37 +0000] "GET /server_info.php HTTP/1.1" 404 10854 "-" "Mozilla/5.0 (Windows NT 10.0; Win64; x64) AppleWebKit/537.36 (KHTML, like Gecko) Chrome/120.0.0.0 Safari/537.36"
194.180.49.167 - - [01/Dec/2025:02:14:28 +0000] "GET /debug/phpinfo.php HTTP/1.1" 404 10853 "-" "Mozilla/5.0 (Macintosh; Intel Mac OS X 10_15_7) AppleWebKit/537.36 (KHTML, like Gecko) Chrome/120.0.0.0 Safari/537.36"
194.180.49.167 - - [01/Dec/2025:02:15:07 +0000] "GET /modules/phpinfo.php HTTP/1.1" 301 0 "-" "Mozilla/5.0 (Windows NT 10.0; Win64; x64) AppleWebKit/537.36 (KHTML, like Gecko) Chrome/120.0.0.0 Safari/537.36"
170.10.164.108 - - [01/Dec/2025:02:15:58 +0000] "POST /wp-cron.php?doing_wp_cron=1764555358.1985590457916259765625 HTTP/1.1" 200 0 "-" "WordPress/6.8.3; https://estheticline.brainware.com.co"
194.180.49.167 - - [01/Dec/2025:02:16:49 +0000] "GET /web/phpinfo.php HTTP/1.1" 301 0 "-" "Mozilla/5.0 (X11; Linux x86_64) AppleWebKit/537.36 (KHTML, like Gecko) Chrome/120.0.0.0 Safari/537.36"
194.180.49.167 - - [01/Dec/2025:02:17:18 +0000] "GET /infophp.php HTTP/1.1" 301 0 "-" "Mozilla/5.0 (Windows NT 10.0; Win64; x64) AppleWebKit/537.36 (KHTML, like Gecko) Chrome/120.0.0.0 Safari/537.36"
194.180.49.167 - - [01/Dec/2025:02:18:36 +0000] "GET /asdf.php HTTP/1.1" 301 0 "-" "Mozilla/5.0 (Windows NT 10.0; Win64; x64) AppleWebKit/537.36 (KHTML, like Gecko) Chrome/120.0.0.0 Safari/537.36"
170.10.164.108 - - [01/Dec/2025:02:19:02 +0000] "POST /wp-cron.php?doing_wp_cron=1764555542.0991299152374267578125 HTTP/1.1" 200 0 "-" "WordPress/6.8.3; https://estheticline.brainware.com.co"
194.180.49.167 - - [01/Dec/2025:02:20:32 +0000] "GET /old_phpinfo.php HTTP/1.1" 301 0 "-" "Mozilla/5.0 (Macintosh; Intel Mac OS X 10.15; rv:109.0) Gecko/20100101 Firefox/121.0"
194.180.49.167 - - [01/Dec/2025:02:21:23 +0000] "GET /linusadmin-phpinfo.php HTTP/1.1" 301 0 "-" "Mozilla/5.0 (X11; Linux i686; rv:109.0) Gecko/20100101 Firefox/121.0"
194.180.49.167 - - [01/Dec/2025:02:22:39 +0000] "GET /phpinfo.php3 HTTP/1.1" 301 0 "-" "Mozilla/5.0 (Windows NT 10.0; Win64; x64) AppleWebKit/537.36 (KHTML, like Gecko) Chrome/120.0.0.0 Safari/537.36 Edg/120.0.0.0"
194.180.49.167 - - [01/Dec/2025:02:23:41 +0000] "GET /phpinfo.php5 HTTP/1.1" 404 10854 "-" "Mozilla/5.0 (X11; Linux i686; rv:109.0) Gecko/20100101 Firefox/121.0"
194.180.49.167 - - [01/Dec/2025:02:24:56 +0000] "GET /public/client/planinfo HTTP/1.1" 404 10853 "-" "Mozilla/5.0 (X11; Linux i686; rv:109.0) Gecko/20100101 Firefox/121.0"
194.180.49.167 - - [01/Dec/2025:02:25:08 +0000] "GET /dev/phpinfo.php HTTP/1.1" 301 0 "-" "Mozilla/5.0 (Windows NT 10.0; Win64; x64; rv:109.0) Gecko/20100101 Firefox/121.0"
194.180.49.167 - - [01/Dec/2025:02:25:22 +0000] "GET /dev/phpinfo.php HTTP/1.1" 404 10854 "-" "Mozilla/5.0 (Windows NT 10.0; Win64; x64; rv:109.0) Gecko/20100101 Firefox/121.0"
194.180.49.167 - - [01/Dec/2025:02:20:07 +0000] "GET /temp.php HTTP/1.1" 301 0 "-" "Mozilla/5.0 (Macintosh; Intel Mac OS X 10.15; rv:109.0) Gecko/20100101 Firefox/121.0"
194.180.49.167 - - [01/Dec/2025:02:20:19 +0000] "GET /temp.php HTTP/1.1" 404 10853 "-" "Mozilla/5.0 (Macintosh; Intel Mac OS X 10.15; rv:109.0) Gecko/20100101 Firefox/121.0"
170.10.164.108 - - [01/Dec/2025:02:20:58 +0000] "POST /wp-cron.php?doing_wp_cron=1764555658.4016950130462646484375 HTTP/1.1" 200 0 "-" "WordPress/6.8.3; https://estheticline.brainware.com.co"
194.180.49.167 - - [01/Dec/2025:02:20:58 +0000] "GET /infos.php HTTP/1.1" 301 0 "-" "Mozilla/5.0 (Windows NT 10.0; Win64; x64) AppleWebKit/537.36 (KHTML, like Gecko) Chrome/120.0.0.0 Safari/537.36"
194.180.49.167 - - [01/Dec/2025:02:21:10 +0000] "GET /infos.php HTTP/1.1" 404 10854 "-" "Mozilla/5.0 (Windows NT 10.0; Win64; x64) AppleWebKit/537.36 (KHTML, like Gecko) Chrome/120.0.0.0 Safari/537.36"
194.180.49.167 - - [01/Dec/2025:02:21:48 +0000] "GET /php-info.php HTTP/1.1" 301 0 "-" "Mozilla/5.0 (Windows NT 10.0; Win64; x64) AppleWebKit/537.36 (KHTML, like Gecko) Chrome/120.0.0.0 Safari/537.36 Edg/120.0.0.0"
170.10.164.108 - - [01/Dec/2025:02:22:01 +0000] "POST /wp-cron.php?doing_wp_cron=1764555721.1621689796447753906250 HTTP/1.1" 200 0 "-" "WordPress/6.8.3; https://estheticline.brainware.com.co"
194.180.49.167 - - [01/Dec/2025:02:22:00 +0000] "GET /php-info.php HTTP/1.1" 404 10853 "-" "Mozilla/5.0 (Windows NT 10.0; Win64; x64) AppleWebKit/537.36 (KHTML, like Gecko) Chrome/120.0.0.0 Safari/537.36 Edg/120.0.0.0"
194.180.49.167 - - [01/Dec/2025:02:22:14 +0000] "GET /dashboard/phpinfo.php HTTP/1.1" 301 0 "-" "Mozilla/5.0 (Macintosh; Intel Mac OS X 10.15; rv:109.0) Gecko/20100101 Firefox/121.0"
194.180.49.167 - - [01/Dec/2025:02:22:26 +0000] "GET /dashboard/phpinfo.php HTTP/1.1" 404 10852 "-" "Mozilla/5.0 (Macintosh; Intel Mac OS X 10.15; rv:109.0) Gecko/20100101 Firefox/121.0"
170.10.164.108 - - [01/Dec/2025:02:22:52 +0000] "POST /wp-cron.php?doing_wp_cron=1764555772.2062819004058837890625 HTTP/1.1" 200 0 "-" "WordPress/6.8.3; https://estheticline.brainware.com.co"
194.180.49.167 - - [01/Dec/2025:02:23:05 +0000] "GET /phpinfo.php4 HTTP/1.1" 301 0 "-" "Mozilla/5.0 (Macintosh; Intel Mac OS X 10_15_7) AppleWebKit/537.36 (KHTML, like Gecko) Chrome/120.0.0.0 Safari/537.36"
194.180.49.167 - - [01/Dec/2025:02:23:18 +0000] "GET /phpinfo.php4 HTTP/1.1" 404 10853 "-" "Mozilla/5.0 (Macintosh; Intel Mac OS X 10_15_7) AppleWebKit/537.36 (KHTML, like Gecko) Chrome/120.0.0.0 Safari/537.36"
194.180.49.167 - - [01/Dec/2025:02:23:30 +0000] "GET /phpinfo.php5 HTTP/1.1" 301 0 "-" "Mozilla/5.0 (X11; Linux i686; rv:109.0) Gecko/20100101 Firefox/121.0"
170.10.164.108 - - [01/Dec/2025:02:23:54 +0000] "POST /wp-cron.php?doing_wp_cron=1764555834.7074749469757080078125 HTTP/1.1" 200 0 "-" "WordPress/6.8.3; https://estheticline.brainware.com.co"
194.180.49.167 - - [01/Dec/2025:02:24:06 +0000] "GET /phpinfos.php HTTP/1.1" 404 10854 "-" "Mozilla/5.0 (Macintosh; Intel Mac OS X 10.15; rv:109.0) Gecko/20100101 Firefox/121.0"
194.180.49.167 - - [01/Dec/2025:02:24:43 +0000] "GET /public/client/planinfo HTTP/1.1" 301 0 "-" "Mozilla/5.0 (X11; Linux i686; rv:109.0) Gecko/20100101 Firefox/121.0"
194.180.49.167 - - [01/Dec/2025:02:25:35 +0000] "GET /test2.php HTTP/1.1" 301 0 "-" "Mozilla/5.0 (X11; Linux i686; rv:109.0) Gecko/20100101 Firefox/121.0"
194.180.49.167 - - [01/Dec/2025:02:26:25 +0000] "GET /frontend_dev.php/$ HTTP/1.1" 301 0 "-" "Mozilla/5.0 (Macintosh; Intel Mac OS X 10.15; rv:109.0) Gecko/20100101 Firefox/121.0"
194.180.49.167 - - [01/Dec/2025:02:26:38 +0000] "GET /frontend_dev.php/ HTTP/1.1" 404 10854 "-" "Mozilla/5.0 (Macintosh; Intel Mac OS X 10.15; rv:109.0) Gecko/20100101 Firefox/121.0"
170.10.164.108 - - [01/Dec/2025:02:26:51 +0000] "POST /wp-cron.php?doing_wp_cron=1764556011.2231950759887695312500 HTTP/1.1" 200 0 "-" "WordPress/6.8.3; https://estheticline.brainware.com.co"
194.180.49.167 - - [01/Dec/2025:02:19:26 +0000] "GET /phpversion.php HTTP/1.1" 301 0 "-" "Mozilla/5.0 (X11; Linux x86_64) AppleWebKit/537.36 (KHTML, like Gecko) Chrome/120.0.0.0 Safari/537.36"
194.180.49.167 - - [01/Dec/2025:02:19:40 +0000] "GET /phpversion.php HTTP/1.1" 404 10855 "-" "Mozilla/5.0 (X11; Linux x86_64) AppleWebKit/537.36 (KHTML, like Gecko) Chrome/120.0.0.0 Safari/537.36"
194.180.49.167 - - [01/Dec/2025:02:20:45 +0000] "GET /old_phpinfo.php HTTP/1.1" 404 10854 "-" "Mozilla/5.0 (Macintosh; Intel Mac OS X 10.15; rv:109.0) Gecko/20100101 Firefox/121.0"
194.180.49.167 - - [01/Dec/2025:02:21:35 +0000] "GET /linusadmin-phpinfo.php HTTP/1.1" 404 10854 "-" "Mozilla/5.0 (X11; Linux i686; rv:109.0) Gecko/20100101 Firefox/121.0"
194.180.49.167 - - [01/Dec/2025:02:22:51 +0000] "GET /phpinfo.php3 HTTP/1.1" 404 10852 "-" "Mozilla/5.0 (Windows NT 10.0; Win64; x64) AppleWebKit/537.36 (KHTML, like Gecko) Chrome/120.0.0.0 Safari/537.36 Edg/120.0.0.0"
194.180.49.167 - - [01/Dec/2025:02:23:54 +0000] "GET /phpinfos.php HTTP/1.1" 301 0 "-" "Mozilla/5.0 (Macintosh; Intel Mac OS X 10.15; rv:109.0) Gecko/20100101 Firefox/121.0"
194.180.49.167 - - [01/Dec/2025:02:24:19 +0000] "GET /_profiler/phpinfo.php HTTP/1.1" 301 0 "-" "Mozilla/5.0 (Windows NT 10.0; Win64; x64) AppleWebKit/537.36 (KHTML, like Gecko) Chrome/120.0.0.0 Safari/537.36"
194.180.49.167 - - [01/Dec/2025:02:24:31 +0000] "GET /_profiler/phpinfo.php HTTP/1.1" 404 10854 "-" "Mozilla/5.0 (Windows NT 10.0; Win64; x64) AppleWebKit/537.36 (KHTML, like Gecko) Chrome/120.0.0.0 Safari/537.36"
170.10.164.108 - - [01/Dec/2025:02:24:56 +0000] "POST /wp-cron.php?doing_wp_cron=1764555896.4100329875946044921875 HTTP/1.1" 200 0 "-" "WordPress/6.8.3; https://estheticline.brainware.com.co"
194.180.49.167 - - [01/Dec/2025:02:26:12 +0000] "GET /test1.php HTTP/1.1" 404 10854 "-" "Mozilla/5.0 (Macintosh; Intel Mac OS X 10.15; rv:109.0) Gecko/20100101 Firefox/121.0"
194.180.49.167 - - [01/Dec/2025:02:27:33 +0000] "GET /install/ HTTP/1.1" 404 10852 "-" "Mozilla/5.0 (Macintosh; Intel Mac OS X 10.15; rv:109.0) Gecko/20100101 Firefox/121.0"
170.10.164.108 - - [01/Dec/2025:02:28:02 +0000] "POST /wp-cron.php?doing_wp_cron=1764556082.0326099395751953125000 HTTP/1.1" 200 0 "-" "WordPress/6.8.3; https://estheticline.brainware.com.co"
170.10.164.108 - - [01/Dec/2025:02:28:55 +0000] "POST /wp-cron.php?doing_wp_cron=1764556135.7056849002838134765625 HTTP/1.1" 200 0 "-" "WordPress/6.8.3; https://estheticline.brainware.com.co"
194.180.49.167 - - [01/Dec/2025:02:29:33 +0000] "GET /admin_phpinfo.php HTTP/1.1" 301 0 "-" "Mozilla/5.0 (Macintosh; Intel Mac OS X 10.15; rv:109.0) Gecko/20100101 Firefox/121.0"
194.180.49.167 - - [01/Dec/2025:02:29:48 +0000] "GET /admin_phpinfo.php HTTP/1.1" 404 10854 "-" "Mozilla/5.0 (Macintosh; Intel Mac OS X 10.15; rv:109.0) Gecko/20100101 Firefox/121.0"
170.10.164.108 - - [01/Dec/2025:02:30:02 +0000] "POST /wp-cron.php?doing_wp_cron=1764556202.9517030715942382812500 HTTP/1.1" 200 0 "-" "WordPress/6.8.3; https://estheticline.brainware.com.co"
194.180.49.167 - - [01/Dec/2025:02:30:02 +0000] "GET /admincontrol/sys_phpinfo.php HTTP/1.1" 301 0 "-" "Mozilla/5.0 (X11; Linux i686; rv:109.0) Gecko/20100101 Firefox/121.0"
194.180.49.167 - - [01/Dec/2025:02:30:29 +0000] "GET /api/info.php HTTP/1.1" 301 0 "-" "Mozilla/5.0 (Macintosh; Intel Mac OS X 10.15; rv:109.0) Gecko/20100101 Firefox/121.0"
170.10.164.108 - - [01/Dec/2025:02:30:54 +0000] "POST /wp-cron.php?doing_wp_cron=1764556254.7535490989685058593750 HTTP/1.1" 200 0 "-" "WordPress/6.8.3; https://estheticline.brainware.com.co"
194.180.49.167 - - [01/Dec/2025:02:31:21 +0000] "GET /backend/web/phpinfo.php HTTP/1.1" 301 0 "-" "Mozilla/5.0 (Macintosh; Intel Mac OS X 10_15_7) AppleWebKit/537.36 (KHTML, like Gecko) Chrome/120.0.0.0 Safari/537.36"
194.180.49.167 - - [01/Dec/2025:02:31:34 +0000] "GET /backend/web/phpinfo.php HTTP/1.1" 404 10854 "-" "Mozilla/5.0 (Macintosh; Intel Mac OS X 10_15_7) AppleWebKit/537.36 (KHTML, like Gecko) Chrome/120.0.0.0 Safari/537.36"
194.180.49.167 - - [01/Dec/2025:02:25:47 +0000] "GET /test2.php HTTP/1.1" 404 10853 "-" "Mozilla/5.0 (X11; Linux i686; rv:109.0) Gecko/20100101 Firefox/121.0"
170.10.164.108 - - [01/Dec/2025:02:26:00 +0000] "POST /wp-cron.php?doing_wp_cron=1764555960.9824290275573730468750 HTTP/1.1" 200 0 "-" "WordPress/6.8.3; https://estheticline.brainware.com.co"
194.180.49.167 - - [01/Dec/2025:02:26:00 +0000] "GET /test1.php HTTP/1.1" 301 0 "-" "Mozilla/5.0 (Macintosh; Intel Mac OS X 10.15; rv:109.0) Gecko/20100101 Firefox/121.0"
194.180.49.167 - - [01/Dec/2025:02:27:03 +0000] "GET /login/ HTTP/1.1" 302 0 "-" "Mozilla/5.0 (Macintosh; Intel Mac OS X 10_15_7) AppleWebKit/537.36 (KHTML, like Gecko) Chrome/120.0.0.0 Safari/537.36"
194.180.49.167 - - [01/Dec/2025:02:27:08 +0000] "GET /wp-login.php HTTP/1.1" 200 2649 "-" "Mozilla/5.0 (Macintosh; Intel Mac OS X 10_15_7) AppleWebKit/537.36 (KHTML, like Gecko) Chrome/120.0.0.0 Safari/537.36"
194.180.49.167 - - [01/Dec/2025:02:27:20 +0000] "GET /install/index.php HTTP/1.1" 301 0 "-" "Mozilla/5.0 (Macintosh; Intel Mac OS X 10.15; rv:109.0) Gecko/20100101 Firefox/121.0"
194.180.49.167 - - [01/Dec/2025:02:27:45 +0000] "GET /php.php HTTP/1.1" 301 0 "-" "Mozilla/5.0 (Macintosh; Intel Mac OS X 10.15; rv:109.0) Gecko/20100101 Firefox/121.0"
194.180.49.167 - - [01/Dec/2025:02:28:01 +0000] "GET /php.php HTTP/1.1" 404 10853 "-" "Mozilla/5.0 (Macintosh; Intel Mac OS X 10.15; rv:109.0) Gecko/20100101 Firefox/121.0"
194.180.49.167 - - [01/Dec/2025:02:28:28 +0000] "GET /secured/phpinfo.php HTTP/1.1" 404 10852 "-" "Mozilla/5.0 (Macintosh; Intel Mac OS X 10_15_7) AppleWebKit/537.36 (KHTML, like Gecko) Chrome/120.0.0.0 Safari/537.36"
194.180.49.167 - - [01/Dec/2025:02:28:41 +0000] "GET /?phpinfo=1 HTTP/1.1" 301 0 "-" "Mozilla/5.0 (Windows NT 10.0; Win64; x64) AppleWebKit/537.36 (KHTML, like Gecko) Chrome/120.0.0.0 Safari/537.36 Edg/120.0.0.0"
194.180.49.167 - - [01/Dec/2025:02:29:07 +0000] "GET /admin/sys_phpinfo.php HTTP/1.1" 301 0 "-" "Mozilla/5.0 (Windows NT 10.0; Win64; x64) AppleWebKit/537.36 (KHTML, like Gecko) Chrome/120.0.0.0 Safari/537.36 Edg/120.0.0.0"
194.180.49.167 - - [01/Dec/2025:02:30:16 +0000] "GET /admincontrol/sys_phpinfo.php HTTP/1.1" 404 10854 "-" "Mozilla/5.0 (X11; Linux i686; rv:109.0) Gecko/20100101 Firefox/121.0"
194.180.49.167 - - [01/Dec/2025:02:30:41 +0000] "GET /api/info.php HTTP/1.1" 404 10854 "-" "Mozilla/5.0 (Macintosh; Intel Mac OS X 10.15; rv:109.0) Gecko/20100101 Firefox/121.0"
194.180.49.167 - - [01/Dec/2025:02:32:00 +0000] "GET /phpinfoposmeta.php HTTP/1.1" 404 10853 "-" "Mozilla/5.0 (Macintosh; Intel Mac OS X 10_15_7) AppleWebKit/537.36 (KHTML, like Gecko) Chrome/120.0.0.0 Safari/537.36"
194.180.49.167 - - [01/Dec/2025:02:32:37 +0000] "GET /tool/phpinfo.php HTTP/1.1" 301 0 "-" "Mozilla/5.0 (X11; Linux x86_64) AppleWebKit/537.36 (KHTML, like Gecko) Chrome/120.0.0.0 Safari/537.36"
170.10.164.108 - - [01/Dec/2025:02:33:55 +0000] "POST /wp-cron.php?doing_wp_cron=1764556435.0230729579925537109375 HTTP/1.1" 200 0 "-" "WordPress/6.8.3; https://estheticline.brainware.com.co"
194.180.49.167 - - [01/Dec/2025:02:34:06 +0000] "GET /wp-content/debug.log HTTP/1.1" 404 10855 "-" "Mozilla/5.0 (X11; Linux x86_64) AppleWebKit/537.36 (KHTML, like Gecko) Chrome/120.0.0.0 Safari/537.36"
194.180.49.167 - - [01/Dec/2025:02:34:31 +0000] "GET /config/aws.yml HTTP/1.1" 404 10854 "-" "Mozilla/5.0 (Windows NT 10.0; Win64; x64) AppleWebKit/537.36 (KHTML, like Gecko) Chrome/120.0.0.0 Safari/537.36"
170.10.164.108 - - [01/Dec/2025:02:34:56 +0000] "POST /wp-cron.php?doing_wp_cron=1764556496.3174901008605957031250 HTTP/1.1" 200 0 "-" "WordPress/6.8.3; https://estheticline.brainware.com.co"
194.180.49.167 - - [01/Dec/2025:02:35:22 +0000] "GET /wp-config.php.save HTTP/1.1" 404 10854 "-" "Mozilla/5.0 (Macintosh; Intel Mac OS X 10_15_7) AppleWebKit/537.36 (KHTML, like Gecko) Chrome/120.0.0.0 Safari/537.36"
170.10.164.108 - - [01/Dec/2025:02:35:59 +0000] "POST /wp-cron.php?doing_wp_cron=1764556559.8408150672912597656250 HTTP/1.1" 200 0 "-" "WordPress/6.8.3; https://estheticline.brainware.com.co"
194.180.49.167 - - [01/Dec/2025:02:26:50 +0000] "GET /login/index.php HTTP/1.1" 301 0 "-" "Mozilla/5.0 (Macintosh; Intel Mac OS X 10_15_7) AppleWebKit/537.36 (KHTML, like Gecko) Chrome/120.0.0.0 Safari/537.36"
194.180.49.167 - - [01/Dec/2025:02:28:14 +0000] "GET /secured/phpinfo.php HTTP/1.1" 301 0 "-" "Mozilla/5.0 (Macintosh; Intel Mac OS X 10_15_7) AppleWebKit/537.36 (KHTML, like Gecko) Chrome/120.0.0.0 Safari/537.36"
194.180.49.167 - - [01/Dec/2025:02:28:55 +0000] "GET /?phpinfo=1 HTTP/1.1" 200 10862 "-" "Mozilla/5.0 (Windows NT 10.0; Win64; x64) AppleWebKit/537.36 (KHTML, like Gecko) Chrome/120.0.0.0 Safari/537.36 Edg/120.0.0.0"
194.180.49.167 - - [01/Dec/2025:02:29:20 +0000] "GET /admin/sys_phpinfo.php HTTP/1.1" 404 10853 "-" "Mozilla/5.0 (Windows NT 10.0; Win64; x64) AppleWebKit/537.36 (KHTML, like Gecko) Chrome/120.0.0.0 Safari/537.36 Edg/120.0.0.0"
194.180.49.167 - - [01/Dec/2025:02:30:54 +0000] "GET /api/phpinfo.php HTTP/1.1" 301 0 "-" "Mozilla/5.0 (X11; Linux x86_64) AppleWebKit/537.36 (KHTML, like Gecko) Chrome/120.0.0.0 Safari/537.36"
194.180.49.167 - - [01/Dec/2025:02:31:08 +0000] "GET /api/phpinfo.php HTTP/1.1" 404 10855 "-" "Mozilla/5.0 (X11; Linux x86_64) AppleWebKit/537.36 (KHTML, like Gecko) Chrome/120.0.0.0 Safari/537.36"
194.180.49.167 - - [01/Dec/2025:02:31:47 +0000] "GET /phpinfoposmeta.php HTTP/1.1" 301 0 "-" "Mozilla/5.0 (Macintosh; Intel Mac OS X 10_15_7) AppleWebKit/537.36 (KHTML, like Gecko) Chrome/120.0.0.0 Safari/537.36"
170.10.164.108 - - [01/Dec/2025:02:32:00 +0000] "POST /wp-cron.php?doing_wp_cron=1764556320.3905670642852783203125 HTTP/1.1" 200 0 "-" "WordPress/6.8.3; https://estheticline.brainware.com.co"
194.180.49.167 - - [01/Dec/2025:02:32:49 +0000] "GET /tool/phpinfo.php HTTP/1.1" 404 10854 "-" "Mozilla/5.0 (X11; Linux x86_64) AppleWebKit/537.36 (KHTML, like Gecko) Chrome/120.0.0.0 Safari/537.36"
170.10.164.108 - - [01/Dec/2025:02:33:03 +0000] "POST /wp-cron.php?doing_wp_cron=1764556383.1190168857574462890625 HTTP/1.1" 200 0 "-" "WordPress/6.8.3; https://estheticline.brainware.com.co"
194.180.49.167 - - [01/Dec/2025:02:33:02 +0000] "GET / HTTP/1.1" 301 0 "-" "Mozilla/5.0 (Windows NT 10.0; Win64; x64) AppleWebKit/537.36 (KHTML, like Gecko) Chrome/120.0.0.0 Safari/537.36 Edg/120.0.0.0"
194.180.49.167 - - [01/Dec/2025:02:33:27 +0000] "GET /.aws/config HTTP/1.1" 301 0 "-" "Mozilla/5.0 (Macintosh; Intel Mac OS X 10.15; rv:109.0) Gecko/20100101 Firefox/121.0"
194.180.49.167 - - [01/Dec/2025:02:33:54 +0000] "GET /wp-content/debug.log HTTP/1.1" 301 0 "-" "Mozilla/5.0 (X11; Linux x86_64) AppleWebKit/537.36 (KHTML, like Gecko) Chrome/120.0.0.0 Safari/537.36"
194.180.49.167 - - [01/Dec/2025:02:34:56 +0000] "GET /wp-config.php.bak HTTP/1.1" 404 10854 "-" "Mozilla/5.0 (X11; Linux i686; rv:109.0) Gecko/20100101 Firefox/121.0"
194.180.49.167 - - [01/Dec/2025:02:35:47 +0000] "GET /wordpress/wp-config.php.bak HTTP/1.1" 404 10854 "-" "Mozilla/5.0 (Windows NT 10.0; Win64; x64) AppleWebKit/537.36 (KHTML, like Gecko) Chrome/120.0.0.0 Safari/537.36 Edg/120.0.0.0"
194.180.49.167 - - [01/Dec/2025:02:37:16 +0000] "GET /var/www/.aws/credentials HTTP/1.1" 301 0 "-" "Mozilla/5.0 (Macintosh; Intel Mac OS X 10.15; rv:109.0) Gecko/20100101 Firefox/121.0"
194.180.49.167 - - [01/Dec/2025:02:38:05 +0000] "GET /src/.env.js HTTP/1.1" 301 0 "-" "Mozilla/5.0 (Macintosh; Intel Mac OS X 10.15; rv:109.0) Gecko/20100101 Firefox/121.0"
194.180.49.167 - - [01/Dec/2025:02:39:07 +0000] "GET /config/.env.js HTTP/1.1" 404 10853 "-" "Mozilla/5.0 (Macintosh; Intel Mac OS X 10_15_7) AppleWebKit/537.36 (KHTML, like Gecko) Chrome/120.0.0.0 Safari/537.36"
194.180.49.167 - - [01/Dec/2025:02:39:44 +0000] "GET /config/config.json HTTP/1.1" 301 0 "-" "Mozilla/5.0 (Windows NT 10.0; Win64; x64; rv:109.0) Gecko/20100101 Firefox/121.0"
170.10.164.108 - - [01/Dec/2025:02:39:57 +0000] "POST /wp-cron.php?doing_wp_cron=1764556797.1374549865722656250000 HTTP/1.1" 200 0 "-" "WordPress/6.8.3; https://estheticline.brainware.com.co"
194.180.49.167 - - [01/Dec/2025:02:32:12 +0000] "GET /ppinfo.php HTTP/1.1" 301 0 "-" "Mozilla/5.0 (X11; Linux x86_64) AppleWebKit/537.36 (KHTML, like Gecko) Chrome/120.0.0.0 Safari/537.36"
194.180.49.167 - - [01/Dec/2025:02:32:24 +0000] "GET /ppinfo.php HTTP/1.1" 404 10854 "-" "Mozilla/5.0 (X11; Linux x86_64) AppleWebKit/537.36 (KHTML, like Gecko) Chrome/120.0.0.0 Safari/537.36"
194.180.49.167 - - [01/Dec/2025:02:33:15 +0000] "GET / HTTP/1.1" 200 10862 "-" "Mozilla/5.0 (Windows NT 10.0; Win64; x64) AppleWebKit/537.36 (KHTML, like Gecko) Chrome/120.0.0.0 Safari/537.36 Edg/120.0.0.0"
194.180.49.167 - - [01/Dec/2025:02:33:40 +0000] "GET /.aws/config HTTP/1.1" 404 10854 "-" "Mozilla/5.0 (Macintosh; Intel Mac OS X 10.15; rv:109.0) Gecko/20100101 Firefox/121.0"
194.180.49.167 - - [01/Dec/2025:02:34:19 +0000] "GET /config/aws.yml HTTP/1.1" 301 0 "-" "Mozilla/5.0 (Windows NT 10.0; Win64; x64) AppleWebKit/537.36 (KHTML, like Gecko) Chrome/120.0.0.0 Safari/537.36"
194.180.49.167 - - [01/Dec/2025:02:34:43 +0000] "GET /wp-config.php.bak HTTP/1.1" 301 0 "-" "Mozilla/5.0 (X11; Linux i686; rv:109.0) Gecko/20100101 Firefox/121.0"
194.180.49.167 - - [01/Dec/2025:02:35:10 +0000] "GET /wp-config.php.save HTTP/1.1" 301 0 "-" "Mozilla/5.0 (Macintosh; Intel Mac OS X 10_15_7) AppleWebKit/537.36 (KHTML, like Gecko) Chrome/120.0.0.0 Safari/537.36"
194.180.49.167 - - [01/Dec/2025:02:35:34 +0000] "GET /wordpress/wp-config.php.bak HTTP/1.1" 301 0 "-" "Mozilla/5.0 (Windows NT 10.0; Win64; x64) AppleWebKit/537.36 (KHTML, like Gecko) Chrome/120.0.0.0 Safari/537.36 Edg/120.0.0.0"
194.180.49.167 - - [01/Dec/2025:02:35:59 +0000] "GET /public/wp-config.php.bak HTTP/1.1" 301 0 "-" "Mozilla/5.0 (Macintosh; Intel Mac OS X 10_15_7) AppleWebKit/537.36 (KHTML, like Gecko) Chrome/120.0.0.0 Safari/537.36"
194.180.49.167 - - [01/Dec/2025:02:36:25 +0000] "GET /.aws/credentials HTTP/1.1" 301 0 "-" "Mozilla/5.0 (Windows NT 10.0; Win64; x64; rv:109.0) Gecko/20100101 Firefox/121.0"
194.180.49.167 - - [01/Dec/2025:02:36:38 +0000] "GET /.aws/credentials HTTP/1.1" 404 10855 "-" "Mozilla/5.0 (Windows NT 10.0; Win64; x64; rv:109.0) Gecko/20100101 Firefox/121.0"
170.10.164.108 - - [01/Dec/2025:02:36:51 +0000] "POST /wp-cron.php?doing_wp_cron=1764556611.0166959762573242187500 HTTP/1.1" 200 0 "-" "WordPress/6.8.3; https://estheticline.brainware.com.co"
194.180.49.167 - - [01/Dec/2025:02:36:50 +0000] "GET /home/user/.aws/credentials HTTP/1.1" 301 0 "-" "Mozilla/5.0 (X11; Linux x86_64) AppleWebKit/537.36 (KHTML, like Gecko) Chrome/120.0.0.0 Safari/537.36"
194.180.49.167 - - [01/Dec/2025:02:37:03 +0000] "GET /home/user/.aws/credentials HTTP/1.1" 404 10855 "-" "Mozilla/5.0 (X11; Linux x86_64) AppleWebKit/537.36 (KHTML, like Gecko) Chrome/120.0.0.0 Safari/537.36"
170.10.164.108 - - [01/Dec/2025:02:37:53 +0000] "POST /wp-cron.php?doing_wp_cron=1764556673.8725159168243408203125 HTTP/1.1" 200 0 "-" "WordPress/6.8.3; https://estheticline.brainware.com.co"
170.10.164.108 - - [01/Dec/2025:02:38:55 +0000] "POST /wp-cron.php?doing_wp_cron=1764556735.6151490211486816406250 HTTP/1.1" 200 0 "-" "WordPress/6.8.3; https://estheticline.brainware.com.co"
194.180.49.167 - - [01/Dec/2025:02:38:55 +0000] "GET /config/.env.js HTTP/1.1" 301 0 "-" "Mozilla/5.0 (Macintosh; Intel Mac OS X 10_15_7) AppleWebKit/537.36 (KHTML, like Gecko) Chrome/120.0.0.0 Safari/537.36"
194.180.49.167 - - [01/Dec/2025:02:39:19 +0000] "GET /config.json HTTP/1.1" 301 0 "-" "Mozilla/5.0 (Windows NT 10.0; Win64; x64) AppleWebKit/537.36 (KHTML, like Gecko) Chrome/120.0.0.0 Safari/537.36"
194.180.49.167 - - [01/Dec/2025:02:39:32 +0000] "GET /config.json HTTP/1.1" 404 10854 "-" "Mozilla/5.0 (Windows NT 10.0; Win64; x64) AppleWebKit/537.36 (KHTML, like Gecko) Chrome/120.0.0.0 Safari/537.36"
194.180.49.167 - - [01/Dec/2025:02:40:21 +0000] "GET /src/config.json HTTP/1.1" 404 10853 "-" "Mozilla/5.0 (Windows NT 10.0; Win64; x64) AppleWebKit/537.36 (KHTML, like Gecko) Chrome/120.0.0.0 Safari/537.36"
170.10.164.108 - - [01/Dec/2025:02:36:12 +0000] "POST /wp-cron.php?doing_wp_cron=1764556572.9328169822692871093750 HTTP/1.1" 200 0 "-" "WordPress/6.8.3; https://estheticline.brainware.com.co"
194.180.49.167 - - [01/Dec/2025:02:36:12 +0000] "GET /public/wp-config.php.bak HTTP/1.1" 404 10854 "-" "Mozilla/5.0 (Macintosh; Intel Mac OS X 10_15_7) AppleWebKit/537.36 (KHTML, like Gecko) Chrome/120.0.0.0 Safari/537.36"
194.180.49.167 - - [01/Dec/2025:02:37:28 +0000] "GET /var/www/.aws/credentials HTTP/1.1" 404 10854 "-" "Mozilla/5.0 (Macintosh; Intel Mac OS X 10.15; rv:109.0) Gecko/20100101 Firefox/121.0"
194.180.49.167 - - [01/Dec/2025:02:37:40 +0000] "GET /.env.js HTTP/1.1" 301 0 "-" "Mozilla/5.0 (Windows NT 10.0; Win64; x64; rv:109.0) Gecko/20100101 Firefox/121.0"
194.180.49.167 - - [01/Dec/2025:02:37:53 +0000] "GET /.env.js HTTP/1.1" 404 10854 "-" "Mozilla/5.0 (Windows NT 10.0; Win64; x64; rv:109.0) Gecko/20100101 Firefox/121.0"
194.180.49.167 - - [01/Dec/2025:02:38:18 +0000] "GET /src/.env.js HTTP/1.1" 404 10854 "-" "Mozilla/5.0 (Macintosh; Intel Mac OS X 10.15; rv:109.0) Gecko/20100101 Firefox/121.0"
194.180.49.167 - - [01/Dec/2025:02:38:30 +0000] "GET /public/.env.js HTTP/1.1" 301 0 "-" "Mozilla/5.0 (X11; Linux x86_64) AppleWebKit/537.36 (KHTML, like Gecko) Chrome/120.0.0.0 Safari/537.36"
194.180.49.167 - - [01/Dec/2025:02:38:43 +0000] "GET /public/.env.js HTTP/1.1" 404 10855 "-" "Mozilla/5.0 (X11; Linux x86_64) AppleWebKit/537.36 (KHTML, like Gecko) Chrome/120.0.0.0 Safari/537.36"
194.180.49.167 - - [01/Dec/2025:02:39:56 +0000] "GET /config/config.json HTTP/1.1" 404 10855 "-" "Mozilla/5.0 (Windows NT 10.0; Win64; x64; rv:109.0) Gecko/20100101 Firefox/121.0"
194.180.49.167 - - [01/Dec/2025:02:40:09 +0000] "GET /src/config.json HTTP/1.1" 301 0 "-" "Mozilla/5.0 (Windows NT 10.0; Win64; x64) AppleWebKit/537.36 (KHTML, like Gecko) Chrome/120.0.0.0 Safari/537.36"
194.180.49.167 - - [01/Dec/2025:02:40:47 +0000] "GET /assets/config.json HTTP/1.1" 404 10855 "-" "Mozilla/5.0 (X11; Linux x86_64) AppleWebKit/537.36 (KHTML, like Gecko) Chrome/120.0.0.0 Safari/537.36"
194.180.49.167 - - [01/Dec/2025:02:41:00 +0000] "GET /config.js HTTP/1.1" 301 0 "-" "Mozilla/5.0 (X11; Linux i686; rv:109.0) Gecko/20100101 Firefox/121.0"
194.180.49.167 - - [01/Dec/2025:02:41:25 +0000] "GET /config/config.js HTTP/1.1" 301 0 "-" "Mozilla/5.0 (Macintosh; Intel Mac OS X 10.15; rv:109.0) Gecko/20100101 Firefox/121.0"
170.10.164.108 - - [01/Dec/2025:02:42:02 +0000] "POST /wp-cron.php?doing_wp_cron=1764556922.3265960216522216796875 HTTP/1.1" 200 0 "-" "WordPress/6.8.3; https://estheticline.brainware.com.co"
194.180.49.167 - - [01/Dec/2025:02:42:01 +0000] "GET /src/config.js HTTP/1.1" 404 10853 "-" "Mozilla/5.0 (Macintosh; Intel Mac OS X 10_15_7) AppleWebKit/537.36 (KHTML, like Gecko) Chrome/120.0.0.0 Safari/537.36"
194.180.49.167 - - [01/Dec/2025:02:42:49 +0000] "GET /storage/logs/laravel.log HTTP/1.1" 404 10853 "-" "Mozilla/5.0 (X11; Linux i686; rv:109.0) Gecko/20100101 Firefox/121.0"
170.10.164.108 - - [01/Dec/2025:02:43:01 +0000] "POST /wp-cron.php?doing_wp_cron=1764556981.6341240406036376953125 HTTP/1.1" 200 0 "-" "WordPress/6.8.3; https://estheticline.brainware.com.co"
194.180.49.167 - - [01/Dec/2025:02:43:42 +0000] "GET /logs/error_log HTTP/1.1" 404 10853 "-" "Mozilla/5.0 (Macintosh; Intel Mac OS X 10_15_7) AppleWebKit/537.36 (KHTML, like Gecko) Chrome/120.0.0.0 Safari/537.36"
194.180.49.167 - - [01/Dec/2025:02:43:54 +0000] "GET /tmp/error_log HTTP/1.1" 301 0 "-" "Mozilla/5.0 (X11; Linux x86_64) AppleWebKit/537.36 (KHTML, like Gecko) Chrome/120.0.0.0 Safari/537.36"
194.180.49.167 - - [01/Dec/2025:02:45:23 +0000] "GET /helpers/utility.js HTTP/1.1" 301 0 "-" "Mozilla/5.0 (Windows NT 10.0; Win64; x64; rv:109.0) Gecko/20100101 Firefox/121.0"
170.10.164.108 - - [01/Dec/2025:02:46:02 +0000] "POST /wp-cron.php?doing_wp_cron=1764557162.2386240959167480468750 HTTP/1.1" 200 0 "-" "WordPress/6.8.3; https://estheticline.brainware.com.co"
194.180.49.167 - - [01/Dec/2025:02:40:34 +0000] "GET /assets/config.json HTTP/1.1" 301 0 "-" "Mozilla/5.0 (X11; Linux x86_64) AppleWebKit/537.36 (KHTML, like Gecko) Chrome/120.0.0.0 Safari/537.36"
194.180.49.167 - - [01/Dec/2025:02:41:37 +0000] "GET /config/config.js HTTP/1.1" 404 10854 "-" "Mozilla/5.0 (Macintosh; Intel Mac OS X 10.15; rv:109.0) Gecko/20100101 Firefox/121.0"
194.180.49.167 - - [01/Dec/2025:02:42:14 +0000] "GET /assets/js/config.js HTTP/1.1" 301 0 "-" "Mozilla/5.0 (Windows NT 10.0; Win64; x64; rv:109.0) Gecko/20100101 Firefox/121.0"
194.180.49.167 - - [01/Dec/2025:02:42:26 +0000] "GET /assets/js/config.js HTTP/1.1" 404 10852 "-" "Mozilla/5.0 (Windows NT 10.0; Win64; x64; rv:109.0) Gecko/20100101 Firefox/121.0"
194.180.49.167 - - [01/Dec/2025:02:42:37 +0000] "GET /storage/logs/laravel.log HTTP/1.1" 301 0 "-" "Mozilla/5.0 (X11; Linux i686; rv:109.0) Gecko/20100101 Firefox/121.0"
194.180.49.167 - - [01/Dec/2025:02:43:13 +0000] "GET /laravel/storage/logs/laravel.log HTTP/1.1" 404 10854 "-" "Mozilla/5.0 (Macintosh; Intel Mac OS X 10_15_7) AppleWebKit/537.36 (KHTML, like Gecko) Chrome/120.0.0.0 Safari/537.36"
170.10.164.108 - - [01/Dec/2025:02:43:54 +0000] "POST /wp-cron.php?doing_wp_cron=1764557034.7453269958496093750000 HTTP/1.1" 200 0 "-" "WordPress/6.8.3; https://estheticline.brainware.com.co"
194.180.49.167 - - [01/Dec/2025:02:45:35 +0000] "GET /helpers/utility.js HTTP/1.1" 404 10854 "-" "Mozilla/5.0 (Windows NT 10.0; Win64; x64; rv:109.0) Gecko/20100101 Firefox/121.0"
194.180.49.167 - - [01/Dec/2025:02:45:48 +0000] "GET /.wp-config.php.swp HTTP/1.1" 301 0 "-" "Mozilla/5.0 (Macintosh; Intel Mac OS X 10_15_7) AppleWebKit/537.36 (KHTML, like Gecko) Chrome/120.0.0.0 Safari/537.36"
194.180.49.167 - - [01/Dec/2025:02:46:15 +0000] "GET /wp-config.php.old HTTP/1.1" 301 0 "-" "Mozilla/5.0 (Windows NT 10.0; Win64; x64; rv:109.0) Gecko/20100101 Firefox/121.0"
194.180.49.167 - - [01/Dec/2025:02:47:08 +0000] "GET /.vscode/settings.json HTTP/1.1" 301 0 "-" "Mozilla/5.0 (X11; Linux i686; rv:109.0) Gecko/20100101 Firefox/121.0"
194.180.49.167 - - [01/Dec/2025:02:47:33 +0000] "GET /.ssh/sftp-config.json HTTP/1.1" 301 0 "-" "Mozilla/5.0 (X11; Linux i686; rv:109.0) Gecko/20100101 Firefox/121.0"
194.180.49.167 - - [01/Dec/2025:02:47:46 +0000] "GET /.ssh/sftp-config.json HTTP/1.1" 404 10854 "-" "Mozilla/5.0 (X11; Linux i686; rv:109.0) Gecko/20100101 Firefox/121.0"
194.180.49.167 - - [01/Dec/2025:02:47:59 +0000] "GET /sftp-config.json HTTP/1.1" 301 0 "-" "Mozilla/5.0 (X11; Linux i686; rv:109.0) Gecko/20100101 Firefox/121.0"
194.180.49.167 - - [01/Dec/2025:02:48:33 +0000] "GET /sftp.json HTTP/1.1" 301 0 "-" "Mozilla/5.0 (Macintosh; Intel Mac OS X 10_15_7) AppleWebKit/537.36 (KHTML, like Gecko) Chrome/120.0.0.0 Safari/537.36"
194.180.49.167 - - [01/Dec/2025:02:50:54 +0000] "GET /config/database.php HTTP/1.1" 301 0 "-" "Mozilla/5.0 (X11; Linux x86_64) AppleWebKit/537.36 (KHTML, like Gecko) Chrome/120.0.0.0 Safari/537.36"
194.180.49.167 - - [01/Dec/2025:02:51:07 +0000] "GET /config/database.php HTTP/1.1" 404 10853 "-" "Mozilla/5.0 (X11; Linux x86_64) AppleWebKit/537.36 (KHTML, like Gecko) Chrome/120.0.0.0 Safari/537.36"
194.180.49.167 - - [01/Dec/2025:02:51:20 +0000] "GET /config/mail.php HTTP/1.1" 301 0 "-" "Mozilla/5.0 (Macintosh; Intel Mac OS X 10.15; rv:109.0) Gecko/20100101 Firefox/121.0"
194.180.49.167 - - [01/Dec/2025:02:51:33 +0000] "GET /config/mail.php HTTP/1.1" 404 10854 "-" "Mozilla/5.0 (Macintosh; Intel Mac OS X 10.15; rv:109.0) Gecko/20100101 Firefox/121.0"
194.180.49.167 - - [01/Dec/2025:02:52:10 +0000] "GET /config/queue.php HTTP/1.1" 301 0 "-" "Mozilla/5.0 (Macintosh; Intel Mac OS X 10.15; rv:109.0) Gecko/20100101 Firefox/121.0"
170.10.164.108 - - [01/Dec/2025:02:53:02 +0000] "POST /wp-cron.php?doing_wp_cron=1764557582.1435940265655517578125 HTTP/1.1" 200 0 "-" "WordPress/6.8.3; https://estheticline.brainware.com.co"
170.10.164.108 - - [01/Dec/2025:02:41:01 +0000] "POST /wp-cron.php?doing_wp_cron=1764556861.1461219787597656250000 HTTP/1.1" 200 0 "-" "WordPress/6.8.3; https://estheticline.brainware.com.co"
194.180.49.167 - - [01/Dec/2025:02:41:13 +0000] "GET /config.js HTTP/1.1" 404 10853 "-" "Mozilla/5.0 (X11; Linux i686; rv:109.0) Gecko/20100101 Firefox/121.0"
194.180.49.167 - - [01/Dec/2025:02:41:49 +0000] "GET /src/config.js HTTP/1.1" 301 0 "-" "Mozilla/5.0 (Macintosh; Intel Mac OS X 10_15_7) AppleWebKit/537.36 (KHTML, like Gecko) Chrome/120.0.0.0 Safari/537.36"
194.180.49.167 - - [01/Dec/2025:02:43:01 +0000] "GET /laravel/storage/logs/laravel.log HTTP/1.1" 301 0 "-" "Mozilla/5.0 (Macintosh; Intel Mac OS X 10_15_7) AppleWebKit/537.36 (KHTML, like Gecko) Chrome/120.0.0.0 Safari/537.36"
194.180.49.167 - - [01/Dec/2025:02:43:25 +0000] "GET /error_log HTTP/1.1" 403 1242 "-" "Mozilla/5.0 (Windows NT 10.0; Win64; x64; rv:109.0) Gecko/20100101 Firefox/121.0"
194.180.49.167 - - [01/Dec/2025:02:43:30 +0000] "GET /logs/error_log HTTP/1.1" 301 0 "-" "Mozilla/5.0 (Macintosh; Intel Mac OS X 10_15_7) AppleWebKit/537.36 (KHTML, like Gecko) Chrome/120.0.0.0 Safari/537.36"
194.180.49.167 - - [01/Dec/2025:02:44:06 +0000] "GET /tmp/error_log HTTP/1.1" 404 10855 "-" "Mozilla/5.0 (X11; Linux x86_64) AppleWebKit/537.36 (KHTML, like Gecko) Chrome/120.0.0.0 Safari/537.36"
170.10.164.108 - - [01/Dec/2025:02:44:59 +0000] "POST /wp-cron.php?doing_wp_cron=1764557099.8597829341888427734375 HTTP/1.1" 200 0 "-" "WordPress/6.8.3; https://estheticline.brainware.com.co"
194.180.49.167 - - [01/Dec/2025:02:44:59 +0000] "GET /config/smtp.rb HTTP/1.1" 301 0 "-" "Mozilla/5.0 (Macintosh; Intel Mac OS X 10_15_7) AppleWebKit/537.36 (KHTML, like Gecko) Chrome/120.0.0.0 Safari/537.36"
194.180.49.167 - - [01/Dec/2025:02:45:11 +0000] "GET /config/smtp.rb HTTP/1.1" 404 10853 "-" "Mozilla/5.0 (Macintosh; Intel Mac OS X 10_15_7) AppleWebKit/537.36 (KHTML, like Gecko) Chrome/120.0.0.0 Safari/537.36"
194.180.49.167 - - [01/Dec/2025:02:46:01 +0000] "GET /.wp-config.php.swp HTTP/1.1" 404 10853 "-" "Mozilla/5.0 (Macintosh; Intel Mac OS X 10_15_7) AppleWebKit/537.36 (KHTML, like Gecko) Chrome/120.0.0.0 Safari/537.36"
194.180.49.167 - - [01/Dec/2025:02:46:28 +0000] "GET /wp-config.php.old HTTP/1.1" 404 10854 "-" "Mozilla/5.0 (Windows NT 10.0; Win64; x64; rv:109.0) Gecko/20100101 Firefox/121.0"
170.10.164.108 - - [01/Dec/2025:02:48:00 +0000] "POST /wp-cron.php?doing_wp_cron=1764557280.3740899562835693359375 HTTP/1.1" 200 0 "-" "WordPress/6.8.3; https://estheticline.brainware.com.co"
194.180.49.167 - - [01/Dec/2025:02:48:48 +0000] "GET /sftp.json HTTP/1.1" 404 10854 "-" "Mozilla/5.0 (Macintosh; Intel Mac OS X 10_15_7) AppleWebKit/537.36 (KHTML, like Gecko) Chrome/120.0.0.0 Safari/537.36"
170.10.164.108 - - [01/Dec/2025:02:49:03 +0000] "POST /wp-cron.php?doing_wp_cron=1764557343.3353750705718994140625 HTTP/1.1" 200 0 "-" "WordPress/6.8.3; https://estheticline.brainware.com.co"
194.180.49.167 - - [01/Dec/2025:02:49:16 +0000] "GET /prevlaravel/sftp-config.json HTTP/1.1" 404 10854 "-" "Mozilla/5.0 (Windows NT 10.0; Win64; x64) AppleWebKit/537.36 (KHTML, like Gecko) Chrome/120.0.0.0 Safari/537.36 Edg/120.0.0.0"
194.180.49.167 - - [01/Dec/2025:02:49:46 +0000] "GET /application/config/constants.php/ HTTP/1.1" 404 10855 "-" "Mozilla/5.0 (Windows NT 10.0; Win64; x64) AppleWebKit/537.36 (KHTML, like Gecko) Chrome/120.0.0.0 Safari/537.36 Edg/120.0.0.0"
