170.10.164.108 - - [02/Dec/2025:21:30:57 +0000] "POST /wp-cron.php?doing_wp_cron=1764711057.8733301162719726562500 HTTP/1.1" 200 0 "-" "WordPress/6.8.3; https://estheticline.brainware.com.co"
139.59.83.203 - - [02/Dec/2025:21:30:55 +0000] "POST /wp-login.php HTTP/1.1" 200 8349 "-" "Mozilla/5.0"
74.7.241.60 - - [02/Dec/2025:21:30:18 +0000] "GET / HTTP/2" 200 10862 "-" "Mozilla/5.0 AppleWebKit/537.36 (KHTML, like Gecko; compatible; GPTBot/1.3; +https://openai.com/gptbot)"
74.7.241.60 - - [02/Dec/2025:21:30:21 +0000] "GET /wp-content/uploads/2025/11/logo-03-scaled.png HTTP/2" 200 119099 "-" "Mozilla/5.0 AppleWebKit/537.36 (KHTML, like Gecko; compatible; GPTBot/1.3; +https://openai.com/gptbot)"
74.7.241.60 - - [02/Dec/2025:21:30:24 +0000] "GET /wp-content/themes/estheticline/style.css?ver=4.0.0 HTTP/2" 200 184 "-" "Mozilla/5.0 AppleWebKit/537.36 (KHTML, like Gecko; compatible; GPTBot/1.3; +https://openai.com/gptbot)"
170.10.164.108 - - [02/Dec/2025:21:56:06 +0000] "POST /wp-cron.php?doing_wp_cron=1764712566.5567948818206787109375 HTTP/1.1" 200 0 "-" "WordPress/6.8.3; https://estheticline.brainware.com.co"
170.10.164.108 - - [02/Dec/2025:22:08:42 +0000] "POST /wp-cron.php?doing_wp_cron=1764713321.9414639472961425781250 HTTP/1.1" 200 0 "-" "WordPress/6.8.3; https://estheticline.brainware.com.co"
139.59.83.203 - - [02/Dec/2025:22:08:39 +0000] "POST /wp-login.php HTTP/1.1" 200 8349 "-" "Mozilla/5.0"
139.59.83.203 - - [02/Dec/2025:21:43:30 +0000] "POST /wp-login.php HTTP/1.1" 200 8349 "-" "Mozilla/5.0"
139.59.83.203 - - [02/Dec/2025:21:56:04 +0000] "POST /wp-login.php HTTP/1.1" 200 8349 "-" "Mozilla/5.0"
170.10.164.108 - - [02/Dec/2025:21:43:33 +0000] "POST /wp-cron.php?doing_wp_cron=1764711813.0862989425659179687500 HTTP/1.1" 200 0 "-" "WordPress/6.8.3; https://estheticline.brainware.com.co"
170.10.164.108 - - [02/Dec/2025:22:33:26 +0000] "POST /wp-cron.php?doing_wp_cron=1764714806.2810881137847900390625 HTTP/1.1" 200 0 "-" "WordPress/6.8.3; https://estheticline.brainware.com.co"
139.59.83.203 - - [02/Dec/2025:22:21:15 +0000] "POST /wp-login.php HTTP/1.1" 200 8349 "-" "Mozilla/5.0"
170.10.164.108 - - [02/Dec/2025:22:21:17 +0000] "POST /wp-cron.php?doing_wp_cron=1764714077.5277140140533447265625 HTTP/1.1" 200 0 "-" "WordPress/6.8.3; https://estheticline.brainware.com.co"
139.59.83.203 - - [02/Dec/2025:22:33:24 +0000] "POST /wp-login.php HTTP/1.1" 200 8349 "-" "Mozilla/5.0"
170.10.164.108 - - [02/Dec/2025:22:45:18 +0000] "POST /wp-cron.php?doing_wp_cron=1764715518.1304330825805664062500 HTTP/1.1" 200 0 "-" "WordPress/6.8.3; https://estheticline.brainware.com.co"
139.59.83.203 - - [02/Dec/2025:22:45:16 +0000] "POST /wp-login.php HTTP/1.1" 200 8349 "-" "Mozilla/5.0"
170.10.164.108 - - [02/Dec/2025:22:57:59 +0000] "POST /wp-cron.php?doing_wp_cron=1764716279.5046389102935791015625 HTTP/1.1" 200 0 "-" "WordPress/6.8.3; https://estheticline.brainware.com.co"
139.59.83.203 - - [02/Dec/2025:22:57:57 +0000] "POST /wp-login.php HTTP/1.1" 200 8349 "-" "Mozilla/5.0"
139.59.83.203 - - [02/Dec/2025:23:23:28 +0000] "POST /wp-login.php HTTP/1.1" 200 8349 "-" "Mozilla/5.0"
170.10.164.108 - - [03/Dec/2025:00:01:45 +0000] "POST /wp-cron.php?doing_wp_cron=1764720105.9109768867492675781250 HTTP/1.1" 200 0 "-" "WordPress/6.8.3; https://estheticline.brainware.com.co"
170.10.164.108 - - [02/Dec/2025:23:10:43 +0000] "POST /wp-cron.php?doing_wp_cron=1764717043.1294031143188476562500 HTTP/1.1" 200 0 "-" "WordPress/6.8.3; https://estheticline.brainware.com.co"
170.10.164.108 - - [02/Dec/2025:23:23:30 +0000] "POST /wp-cron.php?doing_wp_cron=1764717810.1712629795074462890625 HTTP/1.1" 200 0 "-" "WordPress/6.8.3; https://estheticline.brainware.com.co"
139.59.83.203 - - [02/Dec/2025:23:49:00 +0000] "POST /wp-login.php HTTP/1.1" 200 8349 "-" "Mozilla/5.0"
139.59.83.203 - - [02/Dec/2025:23:10:41 +0000] "POST /wp-login.php HTTP/1.1" 200 8349 "-" "Mozilla/5.0"
170.10.164.108 - - [02/Dec/2025:23:36:19 +0000] "POST /wp-cron.php?doing_wp_cron=1764718579.8249011039733886718750 HTTP/1.1" 200 0 "-" "WordPress/6.8.3; https://estheticline.brainware.com.co"
139.59.83.203 - - [02/Dec/2025:23:36:17 +0000] "POST /wp-login.php HTTP/1.1" 200 8349 "-" "Mozilla/5.0"
170.10.164.108 - - [02/Dec/2025:23:49:02 +0000] "POST /wp-cron.php?doing_wp_cron=1764719342.1651320457458496093750 HTTP/1.1" 200 0 "-" "WordPress/6.8.3; https://estheticline.brainware.com.co"
139.59.83.203 - - [03/Dec/2025:00:01:43 +0000] "POST /wp-login.php HTTP/1.1" 200 8349 "-" "Mozilla/5.0"
165.22.46.224 - - [03/Dec/2025:00:14:23 +0000] "GET /favicon.ico HTTP/1.1" 404 1251 "https://estheticline.brainware.com.co/" "Mozilla/5.0 (X11; Linux x86_64; rv:139.0) Gecko/20100101 Firefox/139.0"
139.59.83.203 - - [03/Dec/2025:00:53:42 +0000] "POST /wp-login.php HTTP/1.1" 200 8349 "-" "Mozilla/5.0"
139.59.83.203 - - [03/Dec/2025:00:14:28 +0000] "POST /wp-login.php HTTP/1.1" 200 8349 "-" "Mozilla/5.0"
170.10.164.108 - - [03/Dec/2025:00:27:38 +0000] "POST /wp-cron.php?doing_wp_cron=1764721658.0142879486083984375000 HTTP/1.1" 200 0 "-" "WordPress/6.8.3; https://estheticline.brainware.com.co"
170.10.164.108 - - [03/Dec/2025:00:40:49 +0000] "POST /wp-cron.php?doing_wp_cron=1764722448.9704830646514892578125 HTTP/1.1" 200 0 "-" "WordPress/6.8.3; https://estheticline.brainware.com.co"
139.59.83.203 - - [03/Dec/2025:00:40:46 +0000] "POST /wp-login.php HTTP/1.1" 200 8349 "-" "Mozilla/5.0"
170.10.164.108 - - [03/Dec/2025:00:53:45 +0000] "POST /wp-cron.php?doing_wp_cron=1764723224.9327890872955322265625 HTTP/1.1" 200 0 "-" "WordPress/6.8.3; https://estheticline.brainware.com.co"
165.22.46.224 - - [03/Dec/2025:00:14:22 +0000] "GET / HTTP/1.1" 200 12126 "-" "Mozilla/5.0 (X11; Linux x86_64; rv:139.0) Gecko/20100101 Firefox/139.0"
170.10.164.108 - - [03/Dec/2025:00:14:30 +0000] "POST /wp-cron.php?doing_wp_cron=1764720870.5543971061706542968750 HTTP/1.1" 200 0 "-" "WordPress/6.8.3; https://estheticline.brainware.com.co"
139.59.83.203 - - [03/Dec/2025:00:27:35 +0000] "POST /wp-login.php HTTP/1.1" 200 8349 "-" "Mozilla/5.0"
170.10.164.108 - - [03/Dec/2025:01:06:31 +0000] "POST /wp-cron.php?doing_wp_cron=1764723991.5139110088348388671875 HTTP/1.1" 200 0 "-" "WordPress/6.8.3; https://estheticline.brainware.com.co"
139.59.83.203 - - [03/Dec/2025:01:06:29 +0000] "POST /wp-login.php HTTP/1.1" 200 8349 "-" "Mozilla/5.0"
139.59.83.203 - - [03/Dec/2025:01:19:37 +0000] "POST /wp-login.php HTTP/1.1" 200 8349 "-" "Mozilla/5.0"
170.10.164.108 - - [03/Dec/2025:01:32:46 +0000] "POST /wp-cron.php?doing_wp_cron=1764725566.6368949413299560546875 HTTP/1.1" 200 0 "-" "WordPress/6.8.3; https://estheticline.brainware.com.co"
108.165.181.137 - - [03/Dec/2025:02:11:33 +0000] "GET / HTTP/1.1" 200 40798 "-" "Mozilla/5.0+(compatible;+Googlebot/2.1;++http://www.google.com/bot.html)"
108.165.181.137 - - [03/Dec/2025:02:11:34 +0000] "GET / HTTP/1.1" 200 40798 "-" "Mozilla/5.0 (Windows NT 10.0; Win64; x64) AppleWebKit/537.36 (KHTML, like Gecko) Chrome/132.0.0.0 Safari/537.36"
167.100.105.127 - - [03/Dec/2025:02:19:01 +0000] "GET / HTTP/1.1" 200 40798 "-" "Mozilla/5.0+(compatible;+Googlebot/2.1;++http://www.google.com/bot.html)"
167.100.105.127 - - [03/Dec/2025:02:19:02 +0000] "GET / HTTP/1.1" 200 40798 "-" "Mozilla/5.0 (Windows NT 10.0; Win64; x64) AppleWebKit/537.36 (KHTML, like Gecko) Chrome/132.0.0.0 Safari/537.36"
170.10.164.108 - - [03/Dec/2025:01:19:39 +0000] "POST /wp-cron.php?doing_wp_cron=1764724779.2869050502777099609375 HTTP/1.1" 200 0 "-" "WordPress/6.8.3; https://estheticline.brainware.com.co"
139.59.83.203 - - [03/Dec/2025:01:32:44 +0000] "POST /wp-login.php HTTP/1.1" 200 8349 "-" "Mozilla/5.0"
170.10.164.108 - - [03/Dec/2025:03:46:44 +0000] "GET / HTTP/1.1" 200 12126 "-" "WordPress/6.8.3; https://estheticline.brainware.com.co"
170.10.164.108 - - [03/Dec/2025:03:46:44 +0000] "GET / HTTP/1.1" 200 12126 "-" "WordPress/6.8.3; https://estheticline.brainware.com.co"
170.10.164.108 - - [03/Dec/2025:03:46:44 +0000] "GET / HTTP/1.1" 200 12126 "-" "WordPress/6.8.3; https://estheticline.brainware.com.co"
170.10.164.108 - - [03/Dec/2025:03:47:33 +0000] "POST /wp-cron.php?doing_wp_cron=1764733653.5047008991241455078125 HTTP/1.1" 200 0 "-" "WordPress/6.9; https://estheticline.brainware.com.co"
74.7.244.35 - - [03/Dec/2025:03:46:43 +0000] "GET /robots.txt HTTP/2" 200 104 "https://www.estheticline.brainware.com.co/robots.txt" "Mozilla/5.0 (Macintosh; Intel Mac OS X 10_15_7) AppleWebKit/537.36 (KHTML, like Gecko) Chrome/131.0.0.0 Safari/537.36; compatible; OAI-SearchBot/1.3; robots.txt; +https://openai.com/searchbot"
170.10.164.108 - - [03/Dec/2025:03:46:44 +0000] "POST /wp-cron.php HTTP/1.1" 200 0 "-" "WordPress/6.8.3; https://estheticline.brainware.com.co"
74.7.227.55 - - [03/Dec/2025:03:46:44 +0000] "GET / HTTP/2" 301 0 "-" "Mozilla/5.0 AppleWebKit/537.36 (KHTML, like Gecko; compatible; GPTBot/1.3; +https://openai.com/gptbot)"
170.10.164.108 - - [03/Dec/2025:03:47:32 +0000] "POST /wp-admin/upgrade.php?step=upgrade_db HTTP/1.1" 200 21 "-" "WordPress/6.8.3; https://estheticline.brainware.com.co"
170.10.164.108 - - [03/Dec/2025:03:46:43 +0000] "POST /wp-cron.php?doing_wp_cron=1764733603.2671530246734619140625 HTTP/1.1" 200 0 "-" "WordPress/6.8.3; https://estheticline.brainware.com.co"
74.7.244.35 - - [03/Dec/2025:03:46:41 +0000] "GET /robots.txt HTTP/2" 301 0 "-" "Mozilla/5.0 (Macintosh; Intel Mac OS X 10_15_7) AppleWebKit/537.36 (KHTML, like Gecko) Chrome/131.0.0.0 Safari/537.36; compatible; OAI-SearchBot/1.3; robots.txt; +https://openai.com/searchbot"
170.10.164.108 - - [03/Dec/2025:03:46:44 +0000] "GET / HTTP/1.1" 200 12126 "-" "WordPress/6.8.3; https://estheticline.brainware.com.co"
170.10.164.108 - - [03/Dec/2025:04:22:08 +0000] "POST /wp-cron.php?doing_wp_cron=1764735728.2061910629272460937500 HTTP/1.1" 200 0 "-" "WordPress/6.9; https://estheticline.brainware.com.co"
2.57.122.173 - - [03/Dec/2025:04:22:05 +0000] "GET /.env HTTP/1.1" 404 12218 "-" "Mozilla/5.0 (X11; Linux i686) AppleWebKit/537.36 (KHTML, like Gecko) Chrome/123.0.0.0 Safari/537.36"
74.7.227.159 - - [03/Dec/2025:05:45:28 +0000] "GET /wp-sitemap.xml HTTP/2" 200 200 "-" "Mozilla/5.0 AppleWebKit/537.36 (KHTML, like Gecko; compatible; GPTBot/1.3; +https://openai.com/gptbot)"
13.219.121.241 - - [03/Dec/2025:08:40:40 +0000] "GET / HTTP/1.1" 301 0 "-" "RecordedFuture Global Inventory Crawler"
170.10.164.108 - - [03/Dec/2025:08:40:42 +0000] "POST /wp-cron.php?doing_wp_cron=1764751242.7044119834899902343750 HTTP/1.1" 200 0 "-" "WordPress/6.9; https://estheticline.brainware.com.co"
54.86.115.253 - - [03/Dec/2025:08:40:55 +0000] "GET / HTTP/1.1" 200 12126 "https://170.10.164.108:443" "RecordedFuture Global Inventory Crawler"
2.57.122.173 - - [03/Dec/2025:16:40:54 +0000] "GET /.env HTTP/1.1" 301 0 "-" "Mozilla/5.0 (Macintosh; Intel Mac OS X 10_15_2) AppleWebKit/605.1.15 (KHTML, like Gecko) Version/13.0.4 Safari/605.1.15"
170.10.164.108 - - [03/Dec/2025:16:40:57 +0000] "POST /wp-cron.php?doing_wp_cron=1764780057.1970570087432861328125 HTTP/1.1" 200 0 "-" "WordPress/6.9; https://estheticline.brainware.com.co"
167.71.77.159 - - [03/Dec/2025:19:20:46 +0000] "GET / HTTP/1.1" 301 0 "-" "Mozilla/5.0 (X11; Linux x86_64) AppleWebKit/537.36 (KHTML, like Gecko) Chrome/139.0.0.0 Safari/537.36"
167.71.77.159 - - [03/Dec/2025:19:20:49 +0000] "GET /favicon.ico HTTP/1.1" 404 1251 "https://www.estheticline.brainware.com.co/" "Mozilla/5.0 (X11; Linux x86_64) AppleWebKit/537.36 (KHTML, like Gecko) Chrome/139.0.0.0 Safari/537.36"
204.76.203.25 - - [03/Dec/2025:23:07:42 +0000] "GET / HTTP/1.1" 200 40798 "-" "Mozilla/5.0 (Windows NT 10.0; Win64; x64) AppleWebKit/537.36 (KHTML, like Gecko) Chrome/134.0.0.0 Safari/537.3"
45.144.212.58 - - [03/Dec/2025:23:09:08 +0000] "GET /.git/config HTTP/1.1" 403 1242 "-" "Mozilla/5.0 (Windows NT 10.0; Win64; x64) AppleWebKit/537.36 (KHTML, like Gecko) Chrome/71.0.3578.98 Safari/537.36"
23.27.127.140 - - [04/Dec/2025:02:22:45 +0000] "GET / HTTP/1.1" 200 40798 "-" "Mozilla/5.0+(compatible;+Googlebot/2.1;++http://www.google.com/bot.html)"
23.27.127.140 - - [04/Dec/2025:02:22:46 +0000] "GET / HTTP/1.1" 200 40798 "-" "Mozilla/5.0 (Windows NT 10.0; Win64; x64) AppleWebKit/537.36 (KHTML, like Gecko) Chrome/132.0.0.0 Safari/537.36"
104.253.36.199 - - [04/Dec/2025:02:16:51 +0000] "GET / HTTP/1.1" 200 40798 "-" "Mozilla/5.0+(compatible;+Googlebot/2.1;++http://www.google.com/bot.html)"
104.253.36.199 - - [04/Dec/2025:02:16:52 +0000] "GET / HTTP/1.1" 200 40798 "-" "Mozilla/5.0 (Windows NT 10.0; Win64; x64) AppleWebKit/537.36 (KHTML, like Gecko) Chrome/132.0.0.0 Safari/537.36"
152.203.125.120 - - [04/Dec/2025:03:21:56 +0000] "GET / HTTP/3" 200 10862 "https://estheticline.brainware.com.co/wp-admin/site-editor.php?p=%2Fwp_template%2Festheticline%2F%2Findex&canvas=edit" "Mozilla/5.0 (Windows NT 10.0; Win64; x64) AppleWebKit/537.36 (KHTML, like Gecko) Chrome/142.0.0.0 Safari/537.36"
152.203.125.120 - - [04/Dec/2025:03:21:56 +0000] "GET /wp-content/themes/estheticline/style.css?ver=4.0.0 HTTP/3" 200 184 "https://estheticline.brainware.com.co/" "Mozilla/5.0 (Windows NT 10.0; Win64; x64) AppleWebKit/537.36 (KHTML, like Gecko) Chrome/142.0.0.0 Safari/537.36"
152.203.125.120 - - [04/Dec/2025:03:21:56 +0000] "GET /wp-content/uploads/2025/11/logo-03-scaled.png HTTP/3" 200 119099 "https://estheticline.brainware.com.co/" "Mozilla/5.0 (Windows NT 10.0; Win64; x64) AppleWebKit/537.36 (KHTML, like Gecko) Chrome/142.0.0.0 Safari/537.36"
152.203.125.120 - - [04/Dec/2025:03:21:57 +0000] "GET /wp-includes/js/wp-emoji-release.min.js?ver=6.8.3 HTTP/3" 200 4949 "https://estheticline.brainware.com.co/" "Mozilla/5.0 (Windows NT 10.0; Win64; x64) AppleWebKit/537.36 (KHTML, like Gecko) Chrome/142.0.0.0 Safari/537.36"
152.203.125.120 - - [04/Dec/2025:03:21:59 +0000] "POST /wp-admin/admin-ajax.php HTTP/3" 200 0 "https://estheticline.brainware.com.co/wp-admin/site-editor.php?p=%2Fwp_template%2Festheticline%2F%2Findex&canvas=edit" "Mozilla/5.0 (Windows NT 10.0; Win64; x64) AppleWebKit/537.36 (KHTML, like Gecko) Chrome/142.0.0.0 Safari/537.36"
152.203.125.120 - - [04/Dec/2025:03:21:57 +0000] "GET /wp-includes/js/wp-emoji-release.min.js?ver=6.8.3 HTTP/2" 200 4949 "-" "Mozilla/5.0 (Windows NT 10.0; Win64; x64) AppleWebKit/537.36 (KHTML, like Gecko) Chrome/142.0.0.0 Safari/537.36"
170.10.164.108 - - [04/Dec/2025:03:22:02 +0000] "POST /wp-cron.php?doing_wp_cron=1764818522.4007890224456787109375 HTTP/1.1" 200 0 "-" "WordPress/6.9; https://estheticline.brainware.com.co"
74.7.243.130 - - [04/Dec/2025:05:47:29 +0000] "GET /wp-sitemap.xml HTTP/2" 200 200 "-" "Mozilla/5.0 AppleWebKit/537.36 (KHTML, like Gecko; compatible; GPTBot/1.3; +https://openai.com/gptbot)"
45.139.104.171 - - [04/Dec/2025:15:22:57 +0000] "GET /.env HTTP/1.1" 301 0 "-" "Mozilla/5.0 (Macintosh; Intel Mac OS X 10_13_0) AppleWebKit/537.36 (KHTML, like Gecko) Chrome/76.0.3809.87 Safari/537.36"
170.10.164.108 - - [04/Dec/2025:15:23:00 +0000] "POST /wp-cron.php?doing_wp_cron=1764861780.0593290328979492187500 HTTP/1.1" 200 0 "-" "WordPress/6.9; https://estheticline.brainware.com.co"
170.10.164.108 - - [04/Dec/2025:18:15:34 +0000] "POST /wp-cron.php?doing_wp_cron=1764872133.9917140007019042968750 HTTP/1.1" 200 0 "-" "WordPress/6.9; https://estheticline.brainware.com.co"
45.139.104.171 - - [04/Dec/2025:18:15:31 +0000] "GET /.env HTTP/1.1" 404 12218 "-" "Mozilla/5.0 (Macintosh; Intel Mac OS X 10_13_6) AppleWebKit/537.36 (KHTML, like Gecko) Chrome/75.0.3770.100 Safari/537.36"