/home/crealab/access-logs/nitro.brainware.com.co-ssl_log
170.10.164.108 - - [04/Dec/2025:20:36:03 +0000] "POST /wp-cron.php?doing_wp_cron=1764880563.9347629547119140625000 HTTP/1.1" 200 0 "-" "WordPress/6.9; https://nitro.brainware.com.co"
205.210.31.40 - - [04/Dec/2025:20:36:01 +0000] "GET / HTTP/1.1" 200 131778 "-" "Hello from Palo Alto Networks, find out more about our scans in https://docs-cortex.paloaltonetworks.com/r/1/Cortex-Xpanse/Scanning-activity"
74.7.242.28 - - [04/Dec/2025:21:07:26 +0000] "GET /wp-sitemap.xml HTTP/2" 301 0 "-" "Mozilla/5.0 AppleWebKit/537.36 (KHTML, like Gecko; compatible; GPTBot/1.3; +https://openai.com/gptbot)"
74.7.242.28 - - [04/Dec/2025:21:07:28 +0000] "GET /sitemaps.xml HTTP/2" 200 236 "-" "Mozilla/5.0 AppleWebKit/537.36 (KHTML, like Gecko; compatible; GPTBot/1.3; +https://openai.com/gptbot)"
170.10.164.108 - - [04/Dec/2025:22:12:13 +0000] "POST /wp-cron.php?doing_wp_cron=1764886333.4340689182281494140625 HTTP/1.1" 200 0 "-" "WordPress/6.9; https://nitro.brainware.com.co"
74.7.242.28 - - [04/Dec/2025:22:12:10 +0000] "GET / HTTP/2" 200 35311 "-" "Mozilla/5.0 AppleWebKit/537.36 (KHTML, like Gecko; compatible; GPTBot/1.3; +https://openai.com/gptbot)"
74.7.242.28 - - [04/Dec/2025:22:12:13 +0000] "GET /proyecto/abogados-en-roswell/ HTTP/2" 200 35493 "-" "Mozilla/5.0 AppleWebKit/537.36 (KHTML, like Gecko; compatible; GPTBot/1.3; +https://openai.com/gptbot)"
74.7.242.28 - - [04/Dec/2025:22:12:16 +0000] "GET /2025/11/27/hello-world/ HTTP/2" 200 35659 "-" "Mozilla/5.0 AppleWebKit/537.36 (KHTML, like Gecko; compatible; GPTBot/1.3; +https://openai.com/gptbot)"
74.7.242.28 - - [04/Dec/2025:22:12:19 +0000] "GET /wp-includes/js/wp-emoji-release.min.js?ver=6.9 HTTP/2" 200 4949 "-" "Mozilla/5.0 AppleWebKit/537.36 (KHTML, like Gecko; compatible; GPTBot/1.3; +https://openai.com/gptbot)"
74.7.242.28 - - [04/Dec/2025:22:12:21 +0000] "GET /wp-content/uploads/2025/12/Gemini_Generated_Image_ce71s0ce71s0ce71-1024x559.png HTTP/2" 200 692148 "-" "Mozilla/5.0 AppleWebKit/537.36 (KHTML, like Gecko; compatible; GPTBot/1.3; +https://openai.com/gptbot)"
74.7.242.28 - - [04/Dec/2025:22:12:23 +0000] "GET /?p=25 HTTP/2" 301 0 "-" "Mozilla/5.0 AppleWebKit/537.36 (KHTML, like Gecko; compatible; GPTBot/1.3; +https://openai.com/gptbot)"
74.7.242.28 - - [04/Dec/2025:22:12:24 +0000] "GET /proyecto/abogados-en-roswell/ HTTP/2" 200 35492 "-" "Mozilla/5.0 AppleWebKit/537.36 (KHTML, like Gecko; compatible; GPTBot/1.3; +https://openai.com/gptbot)"
74.7.242.28 - - [04/Dec/2025:22:12:25 +0000] "GET /wp-json/wp/v2/proyecto/25 HTTP/2" 200 595 "-" "Mozilla/5.0 AppleWebKit/537.36 (KHTML, like Gecko; compatible; GPTBot/1.3; +https://openai.com/gptbot)"
74.7.242.28 - - [04/Dec/2025:22:12:27 +0000] "GET /wp-json/oembed/1.0/embed?format=xml&url=https%3A%2F%2Fnitro.brainware.com.co%2Fproyecto%2Fabogados-en-roswell%2F HTTP/2" 200 1151 "-" "Mozilla/5.0 AppleWebKit/537.36 (KHTML, like Gecko; compatible; GPTBot/1.3; +https://openai.com/gptbot)"
74.7.242.28 - - [04/Dec/2025:22:12:28 +0000] "GET /wp-json/oembed/1.0/embed?url=https%3A%2F%2Fnitro.brainware.com.co%2Fproyecto%2Fabogados-en-roswell%2F HTTP/2" 200 1112 "-" "Mozilla/5.0 AppleWebKit/537.36 (KHTML, like Gecko; compatible; GPTBot/1.3; +https://openai.com/gptbot)"
74.7.242.28 - - [04/Dec/2025:22:12:30 +0000] "GET /wp-json/oembed/1.0/embed?format=xml&url=https%3A%2F%2Fnitro.brainware.com.co%2F2025%2F11%2F27%2Fhello-world%2F HTTP/2" 200 1073 "-" "Mozilla/5.0 AppleWebKit/537.36 (KHTML, like Gecko; compatible; GPTBot/1.3; +https://openai.com/gptbot)"
74.7.242.28 - - [04/Dec/2025:22:12:31 +0000] "GET /wp-json/oembed/1.0/embed?url=https%3A%2F%2Fnitro.brainware.com.co%2F2025%2F11%2F27%2Fhello-world%2F HTTP/2" 200 1038 "-" "Mozilla/5.0 AppleWebKit/537.36 (KHTML, like Gecko; compatible; GPTBot/1.3; +https://openai.com/gptbot)"
74.7.242.28 - - [04/Dec/2025:22:12:32 +0000] "GET /2025/11/27/hello-world/feed/ HTTP/2" 200 720 "-" "Mozilla/5.0 AppleWebKit/537.36 (KHTML, like Gecko; compatible; GPTBot/1.3; +https://openai.com/gptbot)"
74.7.242.28 - - [04/Dec/2025:22:12:33 +0000] "GET /?p=1 HTTP/2" 301 0 "-" "Mozilla/5.0 AppleWebKit/537.36 (KHTML, like Gecko; compatible; GPTBot/1.3; +https://openai.com/gptbot)"
74.7.242.28 - - [04/Dec/2025:22:12:33 +0000] "GET /2025/11/27/hello-world/ HTTP/2" 200 35659 "-" "Mozilla/5.0 AppleWebKit/537.36 (KHTML, like Gecko; compatible; GPTBot/1.3; +https://openai.com/gptbot)"
74.7.242.28 - - [04/Dec/2025:22:12:34 +0000] "GET /author/braincodes/ HTTP/2" 200 35216 "-" "Mozilla/5.0 AppleWebKit/537.36 (KHTML, like Gecko; compatible; GPTBot/1.3; +https://openai.com/gptbot)"
74.7.242.28 - - [04/Dec/2025:22:12:35 +0000] "GET /wp-content/uploads/2025/12/Gemini_Generated_Image_ce71s0ce71s0ce71-768x419.png HTTP/2" 200 396782 "-" "Mozilla/5.0 AppleWebKit/537.36 (KHTML, like Gecko; compatible; GPTBot/1.3; +https://openai.com/gptbot)"
74.7.227.1 - - [04/Dec/2025:22:39:39 +0000] "GET / HTTP/2" 301 0 "-" "Mozilla/5.0 AppleWebKit/537.36 (KHTML, like Gecko; compatible; GPTBot/1.3; +https://openai.com/gptbot)"
149.57.180.108 - - [04/Dec/2025:23:50:54 +0000] "GET / HTTP/1.1" 200 38563 "-" "Mozilla/5.0 (X11; Linux i686; rv:109.0) Gecko/20100101 Firefox/120.0"
147.185.132.67 - - [05/Dec/2025:00:11:17 +0000] "GET /webshell HTTP/1.1" 404 131560 "-" "Hello from Palo Alto Networks, find out more about our scans in https://docs-cortex.paloaltonetworks.com/r/1/Cortex-Xpanse/Scanning-activity"
205.210.31.21 - - [05/Dec/2025:00:12:06 +0000] "GET /wp-login.php HTTP/1.1" 200 14670 "-" "Hello from Palo Alto Networks, find out more about our scans in https://docs-cortex.paloaltonetworks.com/r/1/Cortex-Xpanse/Scanning-activity"
149.57.180.25 - - [05/Dec/2025:00:22:49 +0000] "GET / HTTP/1.1" 301 0 "-" "Mozilla/5.0 (X11; Linux i686; rv:109.0) Gecko/20100101 Firefox/120.0"
74.7.242.28 - - [04/Dec/2025:22:12:35 +0000] "GET /author/braincodes/feed/ HTTP/2" 200 713 "-" "Mozilla/5.0 AppleWebKit/537.36 (KHTML, like Gecko; compatible; GPTBot/1.3; +https://openai.com/gptbot)"
170.10.164.108 - - [04/Dec/2025:23:50:56 +0000] "POST /wp-cron.php?doing_wp_cron=1764892256.6837859153747558593750 HTTP/1.1" 200 0 "-" "WordPress/6.9; https://nitro.brainware.com.co"
147.185.132.84 - - [05/Dec/2025:00:11:12 +0000] "GET /shell.php HTTP/1.1" 404 131560 "-" "Hello from Palo Alto Networks, find out more about our scans in https://docs-cortex.paloaltonetworks.com/r/1/Cortex-Xpanse/Scanning-activity"
149.57.180.25 - - [05/Dec/2025:00:22:52 +0000] "GET / HTTP/1.1" 200 38562 "-" "Mozilla/5.0 (X11; Linux i686; rv:109.0) Gecko/20100101 Firefox/120.0"
149.57.180.147 - - [05/Dec/2025:00:36:53 +0000] "GET / HTTP/1.1" 200 38562 "-" "Mozilla/5.0 (X11; Linux i686; rv:109.0) Gecko/20100101 Firefox/120.0"
170.10.164.108 - - [04/Dec/2025:22:12:14 +0000] "GET /wp-content/uploads/2025/12/Gemini_Generated_Image_ce71s0ce71s0ce71-scaled.png HTTP/1.1" 200 3962891 "-" "-"
170.10.164.108 - - [04/Dec/2025:22:12:24 +0000] "GET /wp-content/uploads/2025/12/Gemini_Generated_Image_ce71s0ce71s0ce71-scaled.png HTTP/1.1" 200 3962891 "-" "-"
170.10.164.108 - - [04/Dec/2025:22:39:41 +0000] "POST /wp-cron.php?doing_wp_cron=1764887981.6832849979400634765625 HTTP/1.1" 200 0 "-" "WordPress/6.9; https://nitro.brainware.com.co"
147.185.132.67 - - [05/Dec/2025:00:11:18 +0000] "GET /webshell.php HTTP/1.1" 404 131560 "-" "Hello from Palo Alto Networks, find out more about our scans in https://docs-cortex.paloaltonetworks.com/r/1/Cortex-Xpanse/Scanning-activity"
198.235.24.75 - - [05/Dec/2025:00:12:32 +0000] "GET /wp-login.php HTTP/1.1" 200 14670 "http://170.10.164.108:80/wp-login.php" "Hello from Palo Alto Networks, find out more about our scans in https://docs-cortex.paloaltonetworks.com/r/1/Cortex-Xpanse/Scanning-activity"
170.10.164.108 - - [05/Dec/2025:00:27:59 +0000] "POST /wp-cron.php?doing_wp_cron=1764894479.1472969055175781250000 HTTP/1.1" 200 0 "-" "WordPress/6.9; https://nitro.brainware.com.co"
205.210.31.197 - - [05/Dec/2025:00:27:58 +0000] "GET /shell HTTP/1.1" 404 131560 "-" "Hello from Palo Alto Networks, find out more about our scans in https://docs-cortex.paloaltonetworks.com/r/1/Cortex-Xpanse/Scanning-activity"
170.10.164.108 - - [05/Dec/2025:01:43:38 +0000] "POST /wp-cron.php?doing_wp_cron=1764899018.0224070549011230468750 HTTP/1.1" 200 0 "-" "WordPress/6.9; https://nitro.brainware.com.co"
82.23.229.136 - - [05/Dec/2025:01:43:35 +0000] "GET /wp-login.php HTTP/2" 200 4365 "https://nitro.brainware.com.co/wp-login.php" "Mozilla/5.0 (Windows NT 10.0; Win64; x64) AppleWebKit/537.36 (KHTML, like Gecko) Chrome/127.0.6533.100 Safari/537.36"
82.23.229.136 - - [05/Dec/2025:01:43:38 +0000] "POST /wp-login.php HTTP/2" 200 4468 "https://nitro.brainware.com.co/wp-login.php" "Mozilla/5.0 (Windows NT 10.0; Win64; x64) AppleWebKit/537.36 (KHTML, like Gecko) Chrome/127.0.6533.100 Safari/537.36"
195.172.211.242 - - [05/Dec/2025:02:18:50 +0000] "GET /wp-login.php HTTP/2" 200 4365 "https://nitro.brainware.com.co/wp-login.php" "Mozilla/5.0 (Windows NT 10.0; Win64; x64) AppleWebKit/537.36 (KHTML, like Gecko) Chrome/107.0.5304.88 Safari/537.36"
195.172.211.242 - - [05/Dec/2025:02:18:53 +0000] "POST /wp-login.php HTTP/2" 200 4468 "https://nitro.brainware.com.co/wp-login.php" "Mozilla/5.0 (Windows NT 10.0; Win64; x64) AppleWebKit/537.36 (KHTML, like Gecko) Chrome/107.0.5304.88 Safari/537.36"
23.27.145.51 - - [05/Dec/2025:01:21:30 +0000] "GET / HTTP/1.1" 301 0 "-" "Mozilla/5.0 (X11; Linux i686; rv:109.0) Gecko/20100101 Firefox/120.0"
23.27.145.51 - - [05/Dec/2025:01:21:33 +0000] "GET / HTTP/1.1" 200 38562 "-" "Mozilla/5.0 (X11; Linux i686; rv:109.0) Gecko/20100101 Firefox/120.0"
170.10.164.108 - - [05/Dec/2025:07:05:29 +0000] "POST /wp-cron.php?doing_wp_cron=1764918329.7531909942626953125000 HTTP/1.1" 200 0 "-" "WordPress/6.9; https://nitro.brainware.com.co"
98.88.137.2 - - [05/Dec/2025:07:05:27 +0000] "GET / HTTP/1.1" 200 38562 "-" "RecordedFuture Global Inventory Crawler"
170.10.164.108 - - [05/Dec/2025:18:33:10 +0000] "GET / HTTP/1.1" 200 38567 "-" "WordPress/6.9; https://nitro.brainware.com.co"
170.10.164.108 - - [05/Dec/2025:18:33:10 +0000] "GET / HTTP/1.1" 200 38567 "-" "WordPress/6.9; https://nitro.brainware.com.co"
170.10.164.108 - - [05/Dec/2025:18:33:09 +0000] "GET / HTTP/1.1" 200 38567 "-" "WordPress/6.9; https://nitro.brainware.com.co"
170.10.164.108 - - [05/Dec/2025:18:33:09 +0000] "GET / HTTP/1.1" 200 38567 "-" "WordPress/6.9; https://nitro.brainware.com.co"
186.169.228.15 - - [05/Dec/2025:19:59:29 +0000] "GET / HTTP/3" 200 35313 "https://nitro.brainware.com.co/wp-admin/admin.php?page=wpcode-snippet-manager&snippet_id=21" "Mozilla/5.0 (X11; Linux x86_64) AppleWebKit/537.36 (KHTML, like Gecko) Chrome/136.0.0.0 Safari/537.36"
186.169.228.15 - - [05/Dec/2025:19:59:37 +0000] "GET /wp-content/uploads/2025/12/Gemini_Generated_Image_ce71s0ce71s0ce71-1024x559.png HTTP/3" 200 98233 "https://nitro.brainware.com.co/" "Mozilla/5.0 (X11; Linux x86_64) AppleWebKit/537.36 (KHTML, like Gecko) Chrome/136.0.0.0 Safari/537.36"
170.10.164.108 - - [05/Dec/2025:21:11:34 +0000] "POST /wp-cron.php?doing_wp_cron=1764969094.9070670604705810546875 HTTP/1.1" 200 0 "-" "WordPress/6.9; https://nitro.brainware.com.co"
170.10.164.108 - - [05/Dec/2025:19:59:31 +0000] "POST /wp-cron.php?doing_wp_cron=1764964771.8528399467468261718750 HTTP/1.1" 200 0 "-" "WordPress/6.9; https://nitro.brainware.com.co"
74.7.242.28 - - [05/Dec/2025:21:11:32 +0000] "GET /wp-sitemap.xml HTTP/2" 301 0 "-" "Mozilla/5.0 AppleWebKit/537.36 (KHTML, like Gecko; compatible; GPTBot/1.3; +https://openai.com/gptbot)"
74.7.242.28 - - [05/Dec/2025:21:11:34 +0000] "GET /sitemaps.xml HTTP/2" 200 236 "-" "Mozilla/5.0 AppleWebKit/537.36 (KHTML, like Gecko; compatible; GPTBot/1.3; +https://openai.com/gptbot)"
167.172.250.210 - - [06/Dec/2025:03:25:35 +0000] "GET / HTTP/1.1" 200 35310 "-" "Mozilla/5.0 (Windows NT 10.0; Win64; x64) AppleWebKit/537.36 (KHTML, like Gecko) Chrome/119.0.0.0 Safari/537.36"
216.73.216.122 - - [06/Dec/2025:03:39:36 +0000] "GET /wp-content/plugins/cookieadmin/assets/css/consent.css HTTP/2" 200 2439 "-" "Mozilla/5.0 AppleWebKit/537.36 (KHTML, like Gecko; compatible; ClaudeBot/1.0; +claudebot@anthropic.com)"
216.73.216.122 - - [06/Dec/2025:03:41:12 +0000] "GET /proyecto/abogados-en-roswell HTTP/2" 301 0 "-" "Mozilla/5.0 AppleWebKit/537.36 (KHTML, like Gecko; compatible; ClaudeBot/1.0; +claudebot@anthropic.com)"
216.73.216.122 - - [06/Dec/2025:03:41:13 +0000] "GET /proyecto/abogados-en-roswell/ HTTP/2" 200 35494 "https://nitro.brainware.com.co/proyecto/abogados-en-roswell" "Mozilla/5.0 AppleWebKit/537.36 (KHTML, like Gecko; compatible; ClaudeBot/1.0; +claudebot@anthropic.com)"
216.73.216.122 - - [06/Dec/2025:02:53:19 +0000] "GET /robots.txt HTTP/2" 200 98 "-" "Mozilla/5.0 AppleWebKit/537.36 (KHTML, like Gecko; compatible; ClaudeBot/1.0; +claudebot@anthropic.com)"
216.73.216.122 - - [06/Dec/2025:02:53:21 +0000] "GET / HTTP/2" 200 35311 "-" "Mozilla/5.0 AppleWebKit/537.36 (KHTML, like Gecko; compatible; ClaudeBot/1.0; +claudebot@anthropic.com)"
216.73.216.122 - - [06/Dec/2025:02:56:31 +0000] "GET /robots.txt HTTP/2" 200 98 "https://www.nitro.brainware.com.co/robots.txt" "Mozilla/5.0 AppleWebKit/537.36 (KHTML, like Gecko; compatible; ClaudeBot/1.0; +claudebot@anthropic.com)"
216.73.216.122 - - [06/Dec/2025:02:56:31 +0000] "GET / HTTP/2" 200 35309 "https://www.nitro.brainware.com.co/" "Mozilla/5.0 AppleWebKit/537.36 (KHTML, like Gecko; compatible; ClaudeBot/1.0; +claudebot@anthropic.com)"
216.73.216.122 - - [06/Dec/2025:03:37:49 +0000] "GET /wp-content/plugins/cookieadmin/assets/js/consent.js HTTP/2" 200 4282 "-" "Mozilla/5.0 AppleWebKit/537.36 (KHTML, like Gecko; compatible; ClaudeBot/1.0; +claudebot@anthropic.com)"
216.73.216.122 - - [06/Dec/2025:03:37:49 +0000] "GET /xmlrpc.php HTTP/2" 405 46 "-" "Mozilla/5.0 AppleWebKit/537.36 (KHTML, like Gecko; compatible; ClaudeBot/1.0; +claudebot@anthropic.com)"
216.73.216.122 - - [06/Dec/2025:03:37:59 +0000] "GET /feed HTTP/2" 301 0 "-" "Mozilla/5.0 AppleWebKit/537.36 (KHTML, like Gecko; compatible; ClaudeBot/1.0; +claudebot@anthropic.com)"
216.73.216.122 - - [06/Dec/2025:03:37:59 +0000] "GET /feed/ HTTP/2" 200 701 "https://nitro.brainware.com.co/feed" "Mozilla/5.0 AppleWebKit/537.36 (KHTML, like Gecko; compatible; ClaudeBot/1.0; +claudebot@anthropic.com)"
216.73.216.122 - - [06/Dec/2025:03:39:49 +0000] "GET /wp-content/themes/nitro-codes/style.css HTTP/2" 200 199 "-" "Mozilla/5.0 AppleWebKit/537.36 (KHTML, like Gecko; compatible; ClaudeBot/1.0; +claudebot@anthropic.com)"
216.73.216.122 - - [06/Dec/2025:03:40:12 +0000] "GET /2025/11/27/hello-world HTTP/2" 301 0 "-" "Mozilla/5.0 AppleWebKit/537.36 (KHTML, like Gecko; compatible; ClaudeBot/1.0; +claudebot@anthropic.com)"
216.73.216.122 - - [06/Dec/2025:03:40:13 +0000] "GET /2025/11/27/hello-world/ HTTP/2" 200 35659 "https://nitro.brainware.com.co/2025/11/27/hello-world" "Mozilla/5.0 AppleWebKit/537.36 (KHTML, like Gecko; compatible; ClaudeBot/1.0; +claudebot@anthropic.com)"
170.10.164.108 - - [06/Dec/2025:03:41:13 +0000] "GET /wp-content/uploads/2025/12/Gemini_Generated_Image_ce71s0ce71s0ce71-scaled.png HTTP/1.1" 200 3962891 "-" "-"
170.10.164.108 - - [06/Dec/2025:02:53:21 +0000] "POST /wp-cron.php?doing_wp_cron=1764989601.6694760322570800781250 HTTP/1.1" 200 0 "-" "WordPress/6.9; https://nitro.brainware.com.co"
216.73.216.122 - - [06/Dec/2025:02:56:30 +0000] "GET /robots.txt HTTP/2" 301 0 "-" "Mozilla/5.0 AppleWebKit/537.36 (KHTML, like Gecko; compatible; ClaudeBot/1.0; +claudebot@anthropic.com)"
216.73.216.122 - - [06/Dec/2025:02:56:31 +0000] "GET / HTTP/2" 301 0 "-" "Mozilla/5.0 AppleWebKit/537.36 (KHTML, like Gecko; compatible; ClaudeBot/1.0; +claudebot@anthropic.com)"
170.10.164.108 - - [06/Dec/2025:03:25:37 +0000] "POST /wp-cron.php?doing_wp_cron=1764991537.3978650569915771484375 HTTP/1.1" 200 0 "-" "WordPress/6.9; https://nitro.brainware.com.co"
216.73.216.122 - - [06/Dec/2025:03:39:41 +0000] "GET /wp-content/plugins/cookieadmin/assets/images/cookieadmin_icon.svg HTTP/2" 200 293 "-" "Mozilla/5.0 AppleWebKit/537.36 (KHTML, like Gecko; compatible; ClaudeBot/1.0; +claudebot@anthropic.com)"
216.73.216.122 - - [06/Dec/2025:03:41:27 +0000] "GET /wp-content/plugins/cookieadmin-pro/assets/js/consent.js HTTP/2" 200 528 "-" "Mozilla/5.0 AppleWebKit/537.36 (KHTML, like Gecko; compatible; ClaudeBot/1.0; +claudebot@anthropic.com)"
216.73.216.122 - - [06/Dec/2025:03:41:26 +0000] "GET /comments/feed HTTP/2" 301 0 "-" "Mozilla/5.0 AppleWebKit/537.36 (KHTML, like Gecko; compatible; ClaudeBot/1.0; +claudebot@anthropic.com)"
216.73.216.122 - - [06/Dec/2025:03:41:27 +0000] "GET /comments/feed/ HTTP/2" 200 722 "https://nitro.brainware.com.co/comments/feed" "Mozilla/5.0 AppleWebKit/537.36 (KHTML, like Gecko; compatible; ClaudeBot/1.0; +claudebot@anthropic.com)"
170.10.164.108 - - [06/Dec/2025:04:35:50 +0000] "GET /wp-content/uploads/2025/12/Gemini_Generated_Image_ce71s0ce71s0ce71-scaled.png HTTP/1.1" 200 3962891 "-" "-"
170.10.164.108 - - [06/Dec/2025:04:34:40 +0000] "POST /wp-cron.php?doing_wp_cron=1764995680.7481648921966552734375 HTTP/1.1" 200 0 "-" "WordPress/6.9; https://nitro.brainware.com.co"
216.73.216.122 - - [06/Dec/2025:04:34:38 +0000] "GET /robots.txt HTTP/2" 200 98 "-" "Mozilla/5.0 AppleWebKit/537.36 (KHTML, like Gecko; compatible; ClaudeBot/1.0; +claudebot@anthropic.com)"
216.73.216.122 - - [06/Dec/2025:04:34:40 +0000] "GET /?p=1 HTTP/2" 301 0 "-" "Mozilla/5.0 AppleWebKit/537.36 (KHTML, like Gecko; compatible; ClaudeBot/1.0; +claudebot@anthropic.com)"
216.73.216.122 - - [06/Dec/2025:04:34:41 +0000] "GET /2025/11/27/hello-world/ HTTP/2" 200 35659 "https://nitro.brainware.com.co/?p=1" "Mozilla/5.0 AppleWebKit/537.36 (KHTML, like Gecko; compatible; ClaudeBot/1.0; +claudebot@anthropic.com)"
216.73.216.122 - - [06/Dec/2025:04:35:49 +0000] "GET /?p=25 HTTP/2" 301 0 "-" "Mozilla/5.0 AppleWebKit/537.36 (KHTML, like Gecko; compatible; ClaudeBot/1.0; +claudebot@anthropic.com)"
216.73.216.122 - - [06/Dec/2025:04:35:49 +0000] "GET /2025/11/27/hello-world/feed HTTP/2" 301 0 "-" "Mozilla/5.0 AppleWebKit/537.36 (KHTML, like Gecko; compatible; ClaudeBot/1.0; +claudebot@anthropic.com)"
216.73.216.122 - - [06/Dec/2025:04:35:49 +0000] "GET /proyecto/abogados-en-roswell/ HTTP/2" 200 35494 "https://nitro.brainware.com.co/?p=25" "Mozilla/5.0 AppleWebKit/537.36 (KHTML, like Gecko; compatible; ClaudeBot/1.0; +claudebot@anthropic.com)"
216.73.216.122 - - [06/Dec/2025:04:35:49 +0000] "GET /2025/11/27/hello-world/feed/ HTTP/2" 200 720 "https://nitro.brainware.com.co/2025/11/27/hello-world/feed" "Mozilla/5.0 AppleWebKit/537.36 (KHTML, like Gecko; compatible; ClaudeBot/1.0; +claudebot@anthropic.com)"
152.203.125.120 - - [06/Dec/2025:13:36:58 +0000] "GET / HTTP/2" 200 131778 "-" "WhatsApp/2.2546.3 W"
170.10.164.108 - - [06/Dec/2025:13:36:52 +0000] "POST /wp-cron.php?doing_wp_cron=1765028212.5563640594482421875000 HTTP/1.1" 200 0 "-" "WordPress/6.9; https://nitro.brainware.com.co"
152.203.125.120 - - [06/Dec/2025:13:36:50 +0000] "GET / HTTP/2" 200 35309 "-" "Mozilla/5.0 (Windows NT 10.0; Win64; x64) AppleWebKit/537.36 (KHTML, like Gecko) Chrome/142.0.0.0 Safari/537.36"