/home/crealab/access-logs/joms.brainware.com.co-ssl_log
170.10.164.108 - - [04/Dec/2025:19:41:19 +0000] "POST /wp-cron.php?doing_wp_cron=1764877279.3670299053192138671875 HTTP/1.1" 200 0 "-" "xf3VxtqiZ9m7"
170.10.164.108 - - [04/Dec/2025:19:57:34 +0000] "POST /wp-admin/admin-ajax.php?action=async_litespeed&nonce=SYuPrwT3JJs1Cgawac3Th9g7bMjQeouE&litespeed_type=imgoptm HTTP/1.1" 200 21 "-" "4hGKF2BFxals"
68.183.90.252 - - [04/Dec/2025:19:41:11 +0000] "POST /wp-login.php HTTP/1.1" 200 10118 "-" "Mozilla/5.0"
170.10.164.108 - - [04/Dec/2025:19:41:20 +0000] "POST /wp-admin/admin-ajax.php?action=async_litespeed&nonce=IApPxN9NHJLyHXsmYADc71UKlGGNCpuU&litespeed_type=imgoptm HTTP/1.1" 200 21 "-" "vrfrofctbnCm"
170.10.164.108 - - [04/Dec/2025:19:57:32 +0000] "POST /wp-cron.php?doing_wp_cron=1764878252.8220739364624023437500 HTTP/1.1" 200 0 "-" "pw8OPilguXpf"
68.183.90.252 - - [04/Dec/2025:19:57:25 +0000] "POST /wp-login.php HTTP/1.1" 200 10118 "-" "Mozilla/5.0"
170.10.164.108 - - [04/Dec/2025:20:46:28 +0000] "POST /wp-cron.php?doing_wp_cron=1764881188.2476639747619628906250 HTTP/1.1" 200 0 "-" "wla7gI2gKGtg"
68.183.90.252 - - [04/Dec/2025:20:13:42 +0000] "POST /wp-login.php HTTP/1.1" 200 10118 "-" "Mozilla/5.0"
170.10.164.108 - - [04/Dec/2025:20:30:10 +0000] "POST /wp-cron.php?doing_wp_cron=1764880210.8856720924377441406250 HTTP/1.1" 200 0 "-" "rkQt6DAPR2LF"
68.183.90.252 - - [04/Dec/2025:20:30:03 +0000] "POST /wp-login.php HTTP/1.1" 200 10118 "-" "Mozilla/5.0"
170.10.164.108 - - [04/Dec/2025:20:46:30 +0000] "POST /wp-admin/admin-ajax.php?action=async_litespeed&nonce=AlebP6ZyIULjouKwqRgNfQqzdqVXHBcl&litespeed_type=imgoptm HTTP/1.1" 200 21 "-" "Kj3qeo8NeYOF"
170.10.164.108 - - [04/Dec/2025:20:13:50 +0000] "POST /wp-cron.php?doing_wp_cron=1764879230.3312270641326904296875 HTTP/1.1" 200 0 "-" "EcttraiFLiFf"
170.10.164.108 - - [04/Dec/2025:20:13:52 +0000] "POST /wp-admin/admin-ajax.php?action=async_litespeed&nonce=VA3VMxdTfmqe7A7ZiTH0OcoznU8hfV72&litespeed_type=imgoptm HTTP/1.1" 200 21 "-" "Q0z3czbX25Qm"
170.10.164.108 - - [04/Dec/2025:20:30:12 +0000] "POST /wp-admin/admin-ajax.php?action=async_litespeed&nonce=fzERIc1KRtibPRersn7ntsoueqxXgdj7&litespeed_type=imgoptm HTTP/1.1" 200 21 "-" "UVWG0AHPuhT2"
68.183.90.252 - - [04/Dec/2025:20:46:20 +0000] "POST /wp-login.php HTTP/1.1" 200 10118 "-" "Mozilla/5.0"
170.10.164.108 - - [04/Dec/2025:21:19:08 +0000] "POST /wp-admin/admin-ajax.php?action=async_litespeed&nonce=pjoOqLJv8B8ErkFl6WFOMl1LBdevz7hL&litespeed_type=imgoptm HTTP/1.1" 200 21 "-" "OS8aYnb1XBcH"
170.10.164.108 - - [04/Dec/2025:21:02:42 +0000] "POST /wp-cron.php?doing_wp_cron=1764882162.3935499191284179687500 HTTP/1.1" 200 0 "-" "bk34jQEKYCU9"
170.10.164.108 - - [04/Dec/2025:21:02:43 +0000] "POST /wp-admin/admin-ajax.php?action=async_litespeed&nonce=HsdNb4Clhj0ACp5Y0mHt5FouoNarjMxb&litespeed_type=imgoptm HTTP/1.1" 200 21 "-" "aq5jj0VJtFki"
68.183.90.252 - - [04/Dec/2025:21:02:34 +0000] "POST /wp-login.php HTTP/1.1" 200 10118 "-" "Mozilla/5.0"
170.10.164.108 - - [04/Dec/2025:21:19:06 +0000] "POST /wp-cron.php?doing_wp_cron=1764883146.2252299785614013671875 HTTP/1.1" 200 0 "-" "JmNaG57HTQ38"
68.183.90.252 - - [04/Dec/2025:21:18:58 +0000] "POST /wp-login.php HTTP/1.1" 200 10118 "-" "Mozilla/5.0"
170.10.164.108 - - [04/Dec/2025:21:35:32 +0000] "POST /wp-cron.php?doing_wp_cron=1764884132.6650319099426269531250 HTTP/1.1" 200 0 "-" "GLtwL3NzoY1O"
68.183.90.252 - - [04/Dec/2025:21:51:53 +0000] "POST /wp-login.php HTTP/1.1" 200 10118 "-" "Mozilla/5.0"
35.93.211.77 - - [04/Dec/2025:21:56:45 +0000] "GET /.git/HEAD HTTP/1.1" 403 1242 "-" "Mozilla/5.0 (X11; Linux x86_64)"
170.10.164.108 - - [04/Dec/2025:22:08:21 +0000] "POST /wp-admin/admin-ajax.php?action=async_litespeed&nonce=cuHVUXN9LRWjqQdy07bVXPG5NMHxUUWA&litespeed_type=imgoptm HTTP/1.1" 200 21 "-" "5XG4X7RvbIdY"
35.93.211.77 - - [04/Dec/2025:21:56:45 +0000] "GET /.git/ HTTP/1.1" 403 1242 "-" "Mozilla/5.0 (X11; Linux x86_64)"
68.183.90.252 - - [04/Dec/2025:22:08:13 +0000] "POST /wp-login.php HTTP/1.1" 200 10118 "-" "Mozilla/5.0"
68.183.90.252 - - [04/Dec/2025:21:35:25 +0000] "POST /wp-login.php HTTP/1.1" 200 10118 "-" "Mozilla/5.0"
170.10.164.108 - - [04/Dec/2025:21:35:34 +0000] "POST /wp-admin/admin-ajax.php?action=async_litespeed&nonce=rnlA713xPGWF1fCpmgoB50qSLbsbrUAQ&litespeed_type=imgoptm HTTP/1.1" 200 21 "-" "OxhjhnjQsdwr"
170.10.164.108 - - [04/Dec/2025:21:52:01 +0000] "POST /wp-cron.php?doing_wp_cron=1764885121.7279829978942871093750 HTTP/1.1" 200 0 "-" "EKjrrNtZOwaV"
170.10.164.108 - - [04/Dec/2025:21:52:04 +0000] "POST /wp-admin/admin-ajax.php?action=async_litespeed&nonce=BfK2ERx5g7qNCpjHUvUPw6oBEP7hAMmL&litespeed_type=imgoptm HTTP/1.1" 200 21 "-" "7BF1rs9hLz67"
170.10.164.108 - - [04/Dec/2025:22:08:20 +0000] "POST /wp-cron.php?doing_wp_cron=1764886100.6067380905151367187500 HTTP/1.1" 200 0 "-" "5KiKpV8NGy9h"
170.10.164.108 - - [04/Dec/2025:22:41:15 +0000] "POST /wp-cron.php?doing_wp_cron=1764888075.6222341060638427734375 HTTP/1.1" 200 0 "-" "8FlmD4L84BjB"
68.183.90.252 - - [04/Dec/2025:22:41:08 +0000] "POST /wp-login.php HTTP/1.1" 200 10118 "-" "Mozilla/5.0"
170.10.164.108 - - [04/Dec/2025:22:57:37 +0000] "POST /wp-cron.php?doing_wp_cron=1764889057.0356540679931640625000 HTTP/1.1" 200 0 "-" "7h2yp6MLSbJI"
170.10.164.108 - - [04/Dec/2025:22:57:38 +0000] "POST /wp-admin/admin-ajax.php?action=async_litespeed&nonce=g4mxtTnfhct04LxxXcym7i8ViO5zNYJ4&litespeed_type=imgoptm HTTP/1.1" 200 21 "-" "hNW4Ws9xBxSi"
45.144.212.58 - - [04/Dec/2025:23:10:16 +0000] "GET /.env HTTP/1.1" 301 0 "-" "Mozilla/5.0 (Windows; U; Windows NT 5.2; en-US) AppleWebKit/532.9 (KHTML, like Gecko) Chrome/5.0.310.0 Safari/532.9"
170.10.164.108 - - [04/Dec/2025:23:10:25 +0000] "POST /wp-admin/admin-ajax.php?action=async_litespeed&nonce=cCIk5lhPWnPcRucdlOUWzWcnS2KGYu9F&litespeed_type=imgoptm HTTP/1.1" 200 21 "-" "LdvnJSsNkLd6"
170.10.164.108 - - [04/Dec/2025:23:13:50 +0000] "POST /wp-cron.php?doing_wp_cron=1764890030.6822190284729003906250 HTTP/1.1" 200 0 "-" "8yu1qTTZ0AO9"
170.10.164.108 - - [04/Dec/2025:23:13:51 +0000] "POST /wp-admin/admin-ajax.php?action=async_litespeed&nonce=AS5edCV6ItPEixQVsCaTUSMF9tPW8C9D&litespeed_type=imgoptm HTTP/1.1" 200 21 "-" "VgSJzeh6BS4n"
170.10.164.108 - - [04/Dec/2025:23:30:20 +0000] "POST /wp-admin/admin-ajax.php?action=async_litespeed&nonce=IK3oneukMeuYtiIZl7PlmckLawoRWtZ3&litespeed_type=imgoptm HTTP/1.1" 200 21 "-" "74LN4FcsxdXT"
68.183.90.252 - - [04/Dec/2025:23:46:31 +0000] "POST /wp-login.php HTTP/1.1" 200 10118 "-" "Mozilla/5.0"
68.183.90.252 - - [05/Dec/2025:00:19:11 +0000] "POST /wp-login.php HTTP/1.1" 200 10118 "-" "Mozilla/5.0"
170.10.164.108 - - [05/Dec/2025:00:19:20 +0000] "POST /wp-admin/admin-ajax.php?action=async_litespeed&nonce=mJBzyXeIu85X0jBD1bJGpbQKTMTN2f6V&litespeed_type=imgoptm HTTP/1.1" 200 21 "-" "R99LxiypJjPN"
68.183.90.252 - - [05/Dec/2025:00:35:32 +0000] "POST /wp-login.php HTTP/1.1" 200 10117 "-" "Mozilla/5.0"
170.10.164.108 - - [05/Dec/2025:00:35:35 +0000] "POST /wp-admin/admin-ajax.php?action=async_litespeed&nonce=OgI7wHnVDwQRvNVoPk8afVbPPeX6kAKc&litespeed_type=imgoptm HTTP/1.1" 200 21 "-" "5IUeSyz9ZYVi"
170.10.164.108 - - [05/Dec/2025:00:51:57 +0000] "POST /wp-cron.php?doing_wp_cron=1764895917.0555949211120605468750 HTTP/1.1" 200 0 "-" "8P5AMlkkNEvo"
170.10.164.108 - - [05/Dec/2025:01:08:21 +0000] "POST /wp-cron.php?doing_wp_cron=1764896901.0837440490722656250000 HTTP/1.1" 200 0 "-" "lM1qtgSweIdy"
170.10.164.108 - - [04/Dec/2025:22:24:50 +0000] "POST /wp-cron.php?doing_wp_cron=1764887090.2898969650268554687500 HTTP/1.1" 200 0 "-" "7MEaK8vgO4Cq"
170.10.164.108 - - [04/Dec/2025:22:24:51 +0000] "POST /wp-admin/admin-ajax.php?action=async_litespeed&nonce=OSA5OiuNsKfsb0fcPqGeyckDl62RCKId&litespeed_type=imgoptm HTTP/1.1" 200 21 "-" "4qM0Btfj3RLU"
170.10.164.108 - - [04/Dec/2025:22:41:16 +0000] "POST /wp-admin/admin-ajax.php?action=async_litespeed&nonce=jTYf9IuxKLZEcTWsjxtqkD5tyC1pCeMu&litespeed_type=imgoptm HTTP/1.1" 200 21 "-" "D7wyUAPu2TxF"
68.183.90.252 - - [04/Dec/2025:22:57:29 +0000] "POST /wp-login.php HTTP/1.1" 200 10118 "-" "Mozilla/5.0"
68.183.90.252 - - [04/Dec/2025:23:30:11 +0000] "POST /wp-login.php HTTP/1.1" 200 10118 "-" "Mozilla/5.0"
170.10.164.108 - - [04/Dec/2025:23:46:40 +0000] "POST /wp-admin/admin-ajax.php?action=async_litespeed&nonce=kC0kZg0wG0Frazm0vQf9BtaZ5DiYHdyp&litespeed_type=imgoptm HTTP/1.1" 200 21 "-" "Lau4VvsrDFgi"
170.10.164.108 - - [05/Dec/2025:00:03:00 +0000] "POST /wp-cron.php?doing_wp_cron=1764892980.4842789173126220703125 HTTP/1.1" 200 0 "-" "A5BqBZUqjvEs"
68.183.90.252 - - [05/Dec/2025:00:02:52 +0000] "POST /wp-login.php HTTP/1.1" 200 10118 "-" "Mozilla/5.0"
170.10.164.108 - - [05/Dec/2025:00:19:19 +0000] "POST /wp-cron.php?doing_wp_cron=1764893959.1217069625854492187500 HTTP/1.1" 200 0 "-" "Tql9ErIh79ZU"
170.10.164.108 - - [05/Dec/2025:00:29:41 +0000] "POST /wp-admin/admin-ajax.php?action=async_litespeed&nonce=fy7hKZFrSLToeT2OQ8wnbSRvr3FqhgpJ&litespeed_type=imgoptm HTTP/1.1" 200 21 "-" "ik9azN72nilQ"
170.10.164.108 - - [05/Dec/2025:00:51:58 +0000] "POST /wp-admin/admin-ajax.php?action=async_litespeed&nonce=ImtdIaM3x09RexZ3Hp4LVi7p8zTasWmE&litespeed_type=imgoptm HTTP/1.1" 200 21 "-" "pWvjnmHJH92k"
68.183.90.252 - - [05/Dec/2025:01:08:13 +0000] "POST /wp-login.php HTTP/1.1" 200 10117 "-" "Mozilla/5.0"
68.183.90.252 - - [04/Dec/2025:22:24:42 +0000] "POST /wp-login.php HTTP/1.1" 200 10118 "-" "Mozilla/5.0"
68.183.90.252 - - [04/Dec/2025:23:13:48 +0000] "POST /wp-login.php HTTP/1.1" 200 10118 "-" "Mozilla/5.0"
170.10.164.108 - - [04/Dec/2025:23:30:19 +0000] "POST /wp-cron.php?doing_wp_cron=1764891019.0736610889434814453125 HTTP/1.1" 200 0 "-" "h1adYyYfVyE1"
170.10.164.108 - - [04/Dec/2025:23:46:39 +0000] "POST /wp-cron.php?doing_wp_cron=1764891999.6539850234985351562500 HTTP/1.1" 200 0 "-" "R53puBKifb4I"
170.10.164.108 - - [05/Dec/2025:00:03:01 +0000] "POST /wp-admin/admin-ajax.php?action=async_litespeed&nonce=4HOkWBB7eT8Ho15o956M1txcHc3mSOpy&litespeed_type=imgoptm HTTP/1.1" 200 21 "-" "iAlXcWZb5QiI"
68.183.30.88 - - [05/Dec/2025:00:29:31 +0000] "GET / HTTP/1.1" 200 66942 "-" "Mozilla/5.0 (X11; Linux x86_64) AppleWebKit/537.36 (KHTML, like Gecko) Chrome/139.0.0.0 Safari/537.36"
170.10.164.108 - - [05/Dec/2025:00:35:34 +0000] "POST /wp-cron.php?doing_wp_cron=1764894934.0474600791931152343750 HTTP/1.1" 200 0 "-" "61RGoBvMsCst"
68.183.90.252 - - [05/Dec/2025:00:51:49 +0000] "POST /wp-login.php HTTP/1.1" 200 10117 "-" "Mozilla/5.0"
170.10.164.108 - - [05/Dec/2025:01:08:22 +0000] "POST /wp-admin/admin-ajax.php?action=async_litespeed&nonce=VBMLNW3M66lWojhla3G3KzEQx2fbaLCE&litespeed_type=imgoptm HTTP/1.1" 200 21 "-" "CBnLivkwcFIT"
16.146.9.51 - - [05/Dec/2025:01:15:23 +0000] "GET /.git/HEAD HTTP/1.1" 403 1242 "-" "Mozilla/5.0 (X11; Linux x86_64)"
170.10.164.108 - - [05/Dec/2025:01:24:39 +0000] "POST /wp-cron.php?doing_wp_cron=1764897879.9525630474090576171875 HTTP/1.1" 200 0 "-" "KRUL0391vX61"
170.10.164.108 - - [05/Dec/2025:01:41:01 +0000] "POST /wp-cron.php?doing_wp_cron=1764898861.7477340698242187500000 HTTP/1.1" 200 0 "-" "v7MHj9epAlsU"
68.183.90.252 - - [05/Dec/2025:02:13:36 +0000] "POST /wp-login.php HTTP/1.1" 200 10117 "-" "Mozilla/5.0"
82.27.247.60 - - [05/Dec/2025:02:15:12 +0000] "GET / HTTP/1.1" 200 0 "-" "Mozilla/5.0+(compatible;+Googlebot/2.1;++http://www.google.com/bot.html)"
23.26.61.149 - - [05/Dec/2025:02:19:15 +0000] "GET / HTTP/1.1" 200 0 "-" "Mozilla/5.0+(compatible;+Googlebot/2.1;++http://www.google.com/bot.html)"
142.111.208.137 - - [05/Dec/2025:02:19:50 +0000] "GET / HTTP/1.1" 200 589093 "-" "Mozilla/5.0 (Windows NT 10.0; Win64; x64) AppleWebKit/537.36 (KHTML, like Gecko) Chrome/132.0.0.0 Safari/537.36"
170.10.164.108 - - [05/Dec/2025:02:20:00 +0000] "POST /wp-cron.php?doing_wp_cron=1764901200.0600430965423583984375 HTTP/1.1" 200 0 "-" "Q1bIjsd5fMzO"
170.10.164.108 - - [05/Dec/2025:02:20:18 +0000] "POST /wp-cron.php?doing_wp_cron=1764901218.5486779212951660156250 HTTP/1.1" 200 0 "-" "MzZ0dKw5LDSk"
16.146.9.51 - - [05/Dec/2025:01:15:23 +0000] "GET /.git/ HTTP/1.1" 403 1242 "-" "Mozilla/5.0 (X11; Linux x86_64)"
170.10.164.108 - - [05/Dec/2025:01:24:41 +0000] "POST /wp-admin/admin-ajax.php?action=async_litespeed&nonce=BbZYxDHNjDcQLcyHBg0lrkJgYh47rsYF&litespeed_type=imgoptm HTTP/1.1" 200 21 "-" "VF9HBzYNFVbb"
170.10.164.108 - - [05/Dec/2025:01:57:21 +0000] "POST /wp-admin/admin-ajax.php?action=async_litespeed&nonce=ivfnKu5rdXzZH6mrARGINAvZXmUsl4qR&litespeed_type=imgoptm HTTP/1.1" 200 21 "-" "GuIVlmPv5wUv"
170.10.164.108 - - [05/Dec/2025:02:13:44 +0000] "POST /wp-cron.php?doing_wp_cron=1764900824.5938069820404052734375 HTTP/1.1" 200 0 "-" "aKJhyYaoq8zs"
170.10.164.108 - - [05/Dec/2025:02:13:45 +0000] "POST /wp-admin/admin-ajax.php?action=async_litespeed&nonce=LfRcpT2F4AbEw0FXjeOJgp4Eja6PoTht&litespeed_type=imgoptm HTTP/1.1" 200 21 "-" "3B1NzFSV7uYp"
104.252.109.116 - - [05/Dec/2025:02:14:54 +0000] "GET / HTTP/1.1" 200 0 "-" "Mozilla/5.0+(compatible;+Googlebot/2.1;++http://www.google.com/bot.html)"
92.112.94.47 - - [05/Dec/2025:02:15:30 +0000] "GET / HTTP/1.1" 200 589093 "-" "Mozilla/5.0+(compatible;+Googlebot/2.1;++http://www.google.com/bot.html)"
92.112.94.47 - - [05/Dec/2025:02:15:32 +0000] "GET / HTTP/1.1" 200 589093 "-" "Mozilla/5.0 (Windows NT 10.0; Win64; x64) AppleWebKit/537.36 (KHTML, like Gecko) Chrome/132.0.0.0 Safari/537.36"
23.27.127.100 - - [05/Dec/2025:02:18:57 +0000] "GET / HTTP/1.1" 200 0 "-" "Mozilla/5.0+(compatible;+Googlebot/2.1;++http://www.google.com/bot.html)"
170.10.164.108 - - [05/Dec/2025:02:20:01 +0000] "POST /wp-admin/admin-ajax.php?action=async_litespeed&nonce=getPG2oIJnj5TBKC7zaq8G9blGNk3h7L&litespeed_type=imgoptm HTTP/1.1" 200 21 "-" "5F92q5LIskzo"
170.10.164.108 - - [05/Dec/2025:02:46:41 +0000] "POST /wp-admin/admin-ajax.php?action=async_litespeed&nonce=zYiFl8DtMC2mQnOJ02hD0X8xdvcz81TA&litespeed_type=imgoptm HTTP/1.1" 200 21 "-" "0KGJwB7TKWuG"
68.183.90.252 - - [05/Dec/2025:01:24:32 +0000] "POST /wp-login.php HTTP/1.1" 200 10117 "-" "Mozilla/5.0"
68.183.90.252 - - [05/Dec/2025:01:40:54 +0000] "POST /wp-login.php HTTP/1.1" 200 10117 "-" "Mozilla/5.0"
170.10.164.108 - - [05/Dec/2025:01:41:03 +0000] "POST /wp-admin/admin-ajax.php?action=async_litespeed&nonce=aGBzLUuQrI7ODomKgA3eInU63FlWpAYn&litespeed_type=imgoptm HTTP/1.1" 200 21 "-" "vo46p9GbsKm2"
170.10.164.108 - - [05/Dec/2025:01:57:20 +0000] "POST /wp-cron.php?doing_wp_cron=1764899840.2968850135803222656250 HTTP/1.1" 200 0 "-" "NMfPmad81NDI"
68.183.90.252 - - [05/Dec/2025:01:57:12 +0000] "POST /wp-login.php HTTP/1.1" 200 10117 "-" "Mozilla/5.0"
170.10.164.108 - - [05/Dec/2025:02:15:09 +0000] "POST /wp-cron.php?doing_wp_cron=1764900909.6519529819488525390625 HTTP/1.1" 200 0 "-" "b6aLTxKUAAIr"
170.10.164.108 - - [05/Dec/2025:02:15:12 +0000] "POST /wp-admin/admin-ajax.php?action=async_litespeed&nonce=WvGGwvoqAefBlosuJOncL1rJTbSUjXC4&litespeed_type=imgoptm HTTP/1.1" 200 21 "-" "SC32lRcCD16G"
142.111.208.145 - - [05/Dec/2025:02:19:33 +0000] "GET / HTTP/1.1" 200 0 "-" "Mozilla/5.0+(compatible;+Googlebot/2.1;++http://www.google.com/bot.html)"
170.10.164.108 - - [05/Dec/2025:02:30:10 +0000] "POST /wp-cron.php?doing_wp_cron=1764901810.1674571037292480468750 HTTP/1.1" 200 0 "-" "KkCMQXpt3bic"
68.183.90.252 - - [05/Dec/2025:02:30:01 +0000] "POST /wp-login.php HTTP/1.1" 200 10117 "-" "Mozilla/5.0"
170.10.164.108 - - [05/Dec/2025:02:30:11 +0000] "POST /wp-admin/admin-ajax.php?action=async_litespeed&nonce=ByNq4rpZnzImXzeiyac1VyPPhjzQS5ho&litespeed_type=imgoptm HTTP/1.1" 200 21 "-" "UwrFCq3B9mHO"
170.10.164.108 - - [05/Dec/2025:02:46:40 +0000] "POST /wp-cron.php?doing_wp_cron=1764902800.7042589187622070312500 HTTP/1.1" 200 0 "-" "Pr0D4hWj9Joh"
68.183.90.252 - - [05/Dec/2025:02:46:32 +0000] "POST /wp-login.php HTTP/1.1" 200 10117 "-" "Mozilla/5.0"
170.10.164.108 - - [05/Dec/2025:05:37:39 +0000] "POST /wp-cron.php?doing_wp_cron=1764913059.3650360107421875000000 HTTP/1.1" 200 0 "-" "4Y2aqhkRVILP"
15.237.188.214 - - [05/Dec/2025:05:37:53 +0000] "GET /index.php HTTP/1.1" 301 0 "-" "Mozilla/5.0 (Macintosh; Intel Mac OS X 10_13_1) AppleWebKit/604.3.5 (KHTML, like Gecko) Version/11.0.1 Safari/604.3.5"
170.10.164.108 - - [05/Dec/2025:05:37:42 +0000] "POST /wp-admin/admin-ajax.php HTTP/1.1" 200 0 "-" "EGYZz0EjcXWz"
15.237.188.214 - - [05/Dec/2025:05:38:15 +0000] "GET /index.php HTTP/1.1" 301 0 "-" "Mozilla/5.0 (Windows NT 10.0; Win64; x64) AppleWebKit/537.36 (KHTML, like Gecko) Chrome/70.0.3538.102 Safari/537.36 Edge/18.18362"
15.237.188.214 - - [05/Dec/2025:05:38:15 +0000] "GET /test.php HTTP/1.1" 404 25633 "-" "Mozilla/5.0 (X11; Linux x86_64) AppleWebKit/537.36 (KHTML, like Gecko) Chrome/135.0.0.0 Safari/537.36"
15.237.188.214 - - [05/Dec/2025:05:38:37 +0000] "GET /test.php HTTP/1.1" 404 25633 "-" "Mozilla/5.0 (X11; Ubuntu; Linux x86_64; rv:127.0) Gecko/20100101 Firefox/127.0"
15.237.188.214 - - [05/Dec/2025:05:39:00 +0000] "GET /resources/config.json HTTP/1.1" 404 25646 "-" "Mozilla/5.0 (Macintosh; U; Intel Mac OS X 10_6_2; en-us) AppleWebKit/531.21.8 (KHTML, like Gecko) Version/4.0.4 Safari/531.21.10"
170.10.164.108 - - [05/Dec/2025:05:37:41 +0000] "POST /wp-admin/admin-ajax.php?action=async_litespeed&nonce=s8U6bWmdpyLpIjUxerbzHBoEzGemiXAw&litespeed_type=imgoptm HTTP/1.1" 200 0 "-" "EGYZz0EjcXWz"
15.237.188.214 - - [05/Dec/2025:05:37:53 +0000] "GET /test.php HTTP/1.1" 404 25633 "-" "Mozilla/5.0 (Windows NT 10.0; Win64; x64; rv:128.0) Gecko/20100101 Firefox/128.0"
15.237.188.214 - - [05/Dec/2025:05:37:53 +0000] "GET /resources/config.json HTTP/1.1" 404 25646 "-" "Mozilla/5.0 (Macintosh; Intel Mac OS X 10.11; rv:78.0) Gecko/20100101 Firefox/78.0"
15.237.188.214 - - [05/Dec/2025:05:38:37 +0000] "GET /index.php HTTP/1.1" 301 0 "-" "Mozilla/5.0 (X11; Linux x86_64; rv:126.0) Gecko/20100101 Firefox/126.0"
15.237.188.214 - - [05/Dec/2025:05:39:00 +0000] "GET /test.php HTTP/1.1" 404 25633 "-" "Mozilla/5.0 (Macintosh; Intel Mac OS X 10_14_6) AppleWebKit/605.1.15 (KHTML, like Gecko) Version/13.0.2 Safari/605.1.15"
15.237.188.214 - - [05/Dec/2025:05:37:31 +0000] "GET /index.php HTTP/1.1" 301 0 "-" "Mozilla/5.0 (Windows NT 10.0; Win64; x64; rv:142.0) Gecko/20100101 Firefox/142.0"
15.237.188.214 - - [05/Dec/2025:05:37:31 +0000] "GET /test.php HTTP/1.1" 404 25633 "-" "Mozilla/5.0 (Kubuntu; Linux i686) AppleWebKit/537.36 (KHTML, like Gecko) Chrome/129.0.0.0 Safari/537.36"
15.237.188.214 - - [05/Dec/2025:05:37:31 +0000] "GET /resources/config.json HTTP/1.1" 404 25646 "-" "Mozilla/5.0 (X11; Linux x86_64) AppleWebKit/537.36 (KHTML, like Gecko) Chrome/139.0.0.0 Safari/537.36"
15.237.188.214 - - [05/Dec/2025:05:38:15 +0000] "GET /resources/config.json HTTP/1.1" 404 25646 "-" "Mozilla/5.0 (Kubuntu; Linux x86_64) AppleWebKit/537.36 (KHTML, like Gecko) Chrome/132.0.0.0 Safari/537.36"
15.237.188.214 - - [05/Dec/2025:05:38:37 +0000] "GET /resources/config.json HTTP/1.1" 404 25646 "-" "Mozilla/5.0 (SS; Linux i686) AppleWebKit/537.36 (KHTML, like Gecko) Chrome/130.0.0.0 Safari/537.36"
15.237.188.214 - - [05/Dec/2025:05:39:00 +0000] "GET /index.php HTTP/1.1" 301 0 "-" "Mozilla/5.0 (Macintosh; Intel Mac OS X 13.2) AppleWebKit/619.14.1 (KHTML, like Gecko) Version/17.7.52 Safari/619.14.1"
170.10.164.108 - - [05/Dec/2025:07:13:24 +0000] "POST /wp-admin/admin-ajax.php?action=async_litespeed&nonce=gH2Hciq0Coe40PFjxOAGEODYEi9Nw36V&litespeed_type=imgoptm HTTP/1.1" 200 21 "-" "MqQFd3YwUSwk"
134.122.54.237 - - [05/Dec/2025:07:13:18 +0000] "GET / HTTP/1.1" 301 0 "-" "Mozilla/5.0 (X11; Linux x86_64) AppleWebKit/537.36 (KHTML, like Gecko) Chrome/142.0.0.0 Safari/537.36"
44.203.146.96 - - [05/Dec/2025:13:36:39 +0000] "GET / HTTP/1.1" 200 66942 "-" "Mozilla/5.0 (Windows NT 10.0; Win64; x64) Chrome/91.0.4472.124"
170.10.164.108 - - [05/Dec/2025:13:51:28 +0000] "POST /wp-admin/admin-ajax.php?action=async_litespeed&nonce=r6bGp7nUBHYmyNzTM85tfhzOsGAnydIL&litespeed_type=imgoptm HTTP/1.1" 200 21 "-" "VSsyWS4VSQv1"
15.168.69.162 - - [05/Dec/2025:13:51:19 +0000] "GET / HTTP/1.1" 301 0 "-" "Mozilla/5.0 (Windows NT 10.0; Win64; x64) Chrome/91.0.4472.124"
44.203.146.96 - - [05/Dec/2025:13:36:39 +0000] "GET /.git/config HTTP/1.1" 403 1242 "-" "python-httpx/0.28.1"
15.168.69.162 - - [05/Dec/2025:13:51:19 +0000] "GET /.git/config HTTP/1.1" 403 1242 "-" "python-httpx/0.28.1"
170.10.164.108 - - [05/Dec/2025:13:51:27 +0000] "POST /wp-cron.php?doing_wp_cron=1764942687.4193658828735351562500 HTTP/1.1" 200 0 "-" "floL0YnFectM"
170.10.164.108 - - [05/Dec/2025:19:25:33 +0000] "POST /wp-admin/admin-ajax.php?action=async_litespeed&nonce=wKmpDEzPuq2TiOpXz4U64WpKVIS4ON7g&litespeed_type=imgoptm HTTP/1.1" 200 0 "-" "xedG54jVib5p"
170.10.164.108 - - [05/Dec/2025:19:26:35 +0000] "POST /wp-cron.php?doing_wp_cron=1764962795.9742069244384765625000 HTTP/1.1" 200 0 "-" "ImEIwv3fJEmS"
3.255.202.81 - - [05/Dec/2025:19:25:35 +0000] "GET / HTTP/1.0" 200 589093 "-" "Mozilla/5.0 (compatible; NetcraftSurveyAgent/1.0; +info@netcraft.com)"
51.81.245.138 - - [05/Dec/2025:21:57:21 +0000] "GET / HTTP/1.1" 200 66942 "-" "Mozilla/5.0 (Windows NT 10.0; Win64; x64) AppleWebKit/537.36 (KHTML, like Gecko) Chrome/108.0.0.0 Safari/537.36"
51.81.245.138 - - [05/Dec/2025:21:57:21 +0000] "GET /favicon.ico HTTP/1.1" 404 1251 "-" "python-requests/2.25.1"
170.10.164.108 - - [06/Dec/2025:00:11:20 +0000] "POST /wp-cron.php?doing_wp_cron=1764979880.0612630844116210937500 HTTP/1.1" 200 0 "-" "3VCNDkg1Wg1z"
74.7.243.207 - - [06/Dec/2025:00:10:50 +0000] "GET /wp-json/ HTTP/2" 200 24144 "-" "Mozilla/5.0 AppleWebKit/537.36 (KHTML, like Gecko; compatible; GPTBot/1.3; +https://openai.com/gptbot)"
170.10.164.108 - - [06/Dec/2025:00:11:21 +0000] "POST /wp-admin/admin-ajax.php?action=async_litespeed&nonce=nRl4TpLi6q7Vff0fbnxvVXFz1UqifV5R&litespeed_type=imgoptm HTTP/1.1" 200 21 "-" "mkgfLxzUXj31"
170.10.164.108 - - [06/Dec/2025:00:17:18 +0000] "POST /wp-cron.php?doing_wp_cron=1764980238.8361620903015136718750 HTTP/1.1" 200 0 "-" "o1SZBfT33Kms"
74.7.243.207 - - [06/Dec/2025:00:17:16 +0000] "GET /wp-content/plugins/jet-engine/includes/modules/maps-listings/assets/lib/markerclustererplus/).concat(this.url_ HTTP/2" 404 22830 "-" "Mozilla/5.0 AppleWebKit/537.36 (KHTML, like Gecko; compatible; GPTBot/1.3; +https://openai.com/gptbot)"
170.10.164.108 - - [06/Dec/2025:00:17:19 +0000] "POST /wp-admin/admin-ajax.php?action=async_litespeed&nonce=g1f6VqvPZgdc0rXt70Ix6kMJxMl1n4nX&litespeed_type=imgoptm HTTP/1.1" 200 21 "-" "ovzL77XALIlU"
98.84.1.175 - - [06/Dec/2025:02:41:10 +0000] "GET / HTTP/1.1" 301 0 "-" "RecordedFuture Global Inventory Crawler"
170.10.164.108 - - [06/Dec/2025:02:41:22 +0000] "POST /wp-admin/admin-ajax.php?action=async_litespeed&nonce=8J3qKwXjly6kxjLQqdWvsU8NZ2CocFge&litespeed_type=imgoptm HTTP/1.1" 200 21 "-" "bN12PDtAoBaP"
98.88.137.2 - - [06/Dec/2025:02:41:48 +0000] "GET / HTTP/1.1" 200 66942 "https://170.10.164.108:443" "RecordedFuture Global Inventory Crawler"
143.198.225.61 - - [06/Dec/2025:03:01:13 +0000] "GET / HTTP/1.1" 200 66942 "-" "Mozilla/5.0 (X11; Linux x86_64; rv:139.0) Gecko/20100101 Firefox/139.0"
170.10.164.108 - - [06/Dec/2025:02:41:21 +0000] "POST /wp-cron.php?doing_wp_cron=1764988881.6553831100463867187500 HTTP/1.1" 200 0 "-" "ixSH9knbPiJr"
170.10.164.108 - - [06/Dec/2025:03:01:19 +0000] "POST /wp-admin/admin-ajax.php?action=async_litespeed&nonce=lSG4H3v9hm2K9bzElchkfdE4VSFrFCyU&litespeed_type=imgoptm HTTP/1.1" 200 21 "-" "NF47YILEkRlu"
44.220.48.213 - - [06/Dec/2025:05:20:44 +0000] "GET / HTTP/1.1" 200 66942 "-" "Mozilla/5.0 (Windows NT 10.0; Win64; x64) AppleWebKit/537.36 (KHTML, like Gecko) Chrome/120.0.0.0 Safari/537.36"
170.10.164.108 - - [06/Dec/2025:05:56:25 +0000] "POST /wp-admin/admin-ajax.php?action=async_litespeed&nonce=MdDtRKkIuQluO2Wd0penu09w3slmq8ak&litespeed_type=imgoptm HTTP/1.1" 200 21 "-" "Cvf6Zznl6dRS"
170.10.164.108 - - [06/Dec/2025:05:56:24 +0000] "POST /wp-cron.php?doing_wp_cron=1765000584.2725930213928222656250 HTTP/1.1" 200 0 "-" "CsaJJudpEnZM"
44.220.48.213 - - [06/Dec/2025:05:56:16 +0000] "GET / HTTP/1.1" 301 0 "-" "Mozilla/5.0 (Windows NT 10.0; Win64; x64) AppleWebKit/537.36 (KHTML, like Gecko) Chrome/120.0.0.0 Safari/537.36"
170.10.164.108 - - [06/Dec/2025:08:32:37 +0000] "POST /wp-cron.php?doing_wp_cron=1765009957.9489750862121582031250 HTTP/1.1" 200 0 "-" "0DOF3wOByL2O"
181.56.233.63 - - [06/Dec/2025:10:06:11 +0000] "GET /favicon.ico HTTP/2" 404 1251 "-" "Mozilla/5.0 (iPhone SE (2nd generation); CPU iPhone OS 18_0_1 like Mac OS X) AppleWebKit/605.1.15 (KHTML, like Gecko) Version/26.66 Mobile/18G1393 Safari/604.1.38"
170.10.164.108 - - [06/Dec/2025:08:31:14 +0000] "POST /wp-cron.php?doing_wp_cron=1765009874.7304530143737792968750 HTTP/1.1" 200 0 "-" "jUfzC4W9joge"
74.7.242.39 - - [06/Dec/2025:08:31:07 +0000] "GET / HTTP/2" 301 0 "-" "Mozilla/5.0 AppleWebKit/537.36 (KHTML, like Gecko; compatible; GPTBot/1.3; +https://openai.com/gptbot)"
209.50.228.92 - - [06/Dec/2025:09:57:09 +0000] "GET / HTTP/2" 200 66942 "-" "Mozilla/5.0 (Linux; Android 10; K) AppleWebKit/537.36 (KHTML, like Gecko) Chrome/141.0.0.0 Mobile Safari/537.36"
181.56.233.63 - - [06/Dec/2025:09:57:10 +0000] "GET / HTTP/2" 200 66942 "-" "Mozilla/5.0 (iPhone SE (2nd generation); CPU iPhone OS 18_0_1 like Mac OS X) AppleWebKit/605.1.15 (KHTML, like Gecko) Version/26.66 Mobile/18G1393 Safari/604.1.38"
170.10.164.108 - - [06/Dec/2025:08:31:16 +0000] "POST /wp-admin/admin-ajax.php?action=async_litespeed&nonce=JZOMqIzyADlnAm8Y7Uy6yzytxaPOCHmE&litespeed_type=imgoptm HTTP/1.1" 200 0 "-" "PS8nFTZnodDA"