74.7.227.169 - - [05/Dec/2025:23:37:47 +0000] "GET /wp-includes/theme-templates.php HTTP/2" 200 0 "-" "Mozilla/5.0 AppleWebKit/537.36 (KHTML, like Gecko; compatible; GPTBot/1.3; +https://openai.com/gptbot)"
66.249.70.71 - - [05/Dec/2025:23:37:49 +0000] "GET /products/9359546 HTTP/1.1" 404 7949 "-" "Mozilla/5.0 (Linux; Android 6.0.1; Nexus 5X Build/MMB29P) AppleWebKit/537.36 (KHTML, like Gecko) Chrome/141.0.7390.122 Mobile Safari/537.36 (compatible; Googlebot/2.1; +http://www.google.com/bot.html)"
66.249.70.64 - - [05/Dec/2025:23:38:24 +0000] "GET /products/7733557 HTTP/1.1" 404 7949 "-" "Mozilla/5.0 (Linux; Android 6.0.1; Nexus 5X Build/MMB29P) AppleWebKit/537.36 (KHTML, like Gecko) Chrome/141.0.7390.122 Mobile Safari/537.36 (compatible; Googlebot/2.1; +http://www.google.com/bot.html)"
74.7.227.169 - - [05/Dec/2025:23:38:48 +0000] "GET /wp-includes/class-wp-theme-json-schema.php HTTP/2" 200 0 "-" "Mozilla/5.0 AppleWebKit/537.36 (KHTML, like Gecko; compatible; GPTBot/1.3; +https://openai.com/gptbot)"
66.249.70.70 - - [05/Dec/2025:23:39:20 +0000] "GET /products/7473313 HTTP/1.1" 404 7949 "-" "Mozilla/5.0 (Linux; Android 6.0.1; Nexus 5X Build/MMB29P) AppleWebKit/537.36 (KHTML, like Gecko) Chrome/141.0.7390.122 Mobile Safari/537.36 (compatible; Googlebot/2.1; +http://www.google.com/bot.html)"
74.7.227.169 - - [05/Dec/2025:23:39:45 +0000] "GET /wp-includes/js/customize-preview-nav-menus.js HTTP/2" 200 3933 "-" "Mozilla/5.0 AppleWebKit/537.36 (KHTML, like Gecko; compatible; GPTBot/1.3; +https://openai.com/gptbot)"
170.10.164.108 - - [05/Dec/2025:23:39:59 +0000] "POST /wp-cron.php?doing_wp_cron=1764977999.6483850479125976562500 HTTP/1.1" 200 0 "-" "WordPress/6.9; https://cntxt.brainware.com.co"
66.249.70.70 - - [05/Dec/2025:23:40:19 +0000] "GET /products/7613002 HTTP/1.1" 404 7949 "-" "Mozilla/5.0 (Linux; Android 6.0.1; Nexus 5X Build/MMB29P) AppleWebKit/537.36 (KHTML, like Gecko) Chrome/141.0.7390.122 Mobile Safari/537.36 (compatible; Googlebot/2.1; +http://www.google.com/bot.html)"
74.7.227.169 - - [05/Dec/2025:23:40:36 +0000] "GET /wp-includes/admin-bar.php HTTP/2" 200 0 "-" "Mozilla/5.0 AppleWebKit/537.36 (KHTML, like Gecko; compatible; GPTBot/1.3; +https://openai.com/gptbot)"
170.10.164.108 - - [05/Dec/2025:23:41:17 +0000] "POST /wp-cron.php?doing_wp_cron=1764978077.2361059188842773437500 HTTP/1.1" 200 0 "-" "WordPress/6.9; https://cntxt.brainware.com.co"
74.7.227.169 - - [05/Dec/2025:23:41:20 +0000] "GET /_autoindex/assets/js/tablesort.number.js HTTP/2" 200 322 "-" "Mozilla/5.0 AppleWebKit/537.36 (KHTML, like Gecko; compatible; GPTBot/1.3; +https://openai.com/gptbot)"
66.249.70.70 - - [05/Dec/2025:23:41:37 +0000] "GET /products/8382802 HTTP/1.1" 404 7949 "-" "Mozilla/5.0 (Linux; Android 6.0.1; Nexus 5X Build/MMB29P) AppleWebKit/537.36 (KHTML, like Gecko) Chrome/141.0.7390.122 Mobile Safari/537.36 (compatible; Googlebot/2.1; +http://www.google.com/bot.html)"
170.10.164.108 - - [05/Dec/2025:23:37:57 +0000] "POST /wp-cron.php?doing_wp_cron=1764977877.5078139305114746093750 HTTP/1.1" 200 0 "-" "WordPress/6.9; https://cntxt.brainware.com.co"
66.249.70.70 - - [05/Dec/2025:23:37:56 +0000] "GET /products/14772646 HTTP/1.1" 404 7948 "-" "Mozilla/5.0 (Linux; Android 6.0.1; Nexus 5X Build/MMB29P) AppleWebKit/537.36 (KHTML, like Gecko) Chrome/141.0.7390.122 Mobile Safari/537.36 (compatible; Googlebot/2.1; +http://www.google.com/bot.html)"
170.10.164.108 - - [05/Dec/2025:23:38:25 +0000] "POST /wp-cron.php?doing_wp_cron=1764977905.3454790115356445312500 HTTP/1.1" 200 0 "-" "WordPress/6.9; https://cntxt.brainware.com.co"
66.249.70.70 - - [05/Dec/2025:23:38:43 +0000] "GET /products/1411791 HTTP/1.1" 404 7949 "-" "Mozilla/5.0 (Linux; Android 6.0.1; Nexus 5X Build/MMB29P) AppleWebKit/537.36 (KHTML, like Gecko) Chrome/141.0.7390.122 Mobile Safari/537.36 (compatible; Googlebot/2.1; +http://www.google.com/bot.html)"
66.249.70.70 - - [05/Dec/2025:23:38:44 +0000] "GET /products/9290757 HTTP/1.1" 404 7949 "-" "Mozilla/5.0 (Linux; Android 6.0.1; Nexus 5X Build/MMB29P) AppleWebKit/537.36 (KHTML, like Gecko) Chrome/141.0.7390.122 Mobile Safari/537.36 (compatible; Googlebot/2.1; +http://www.google.com/bot.html)"
66.249.70.70 - - [05/Dec/2025:23:39:39 +0000] "GET /products/7289891 HTTP/1.1" 404 7949 "-" "Mozilla/5.0 (Linux; Android 6.0.1; Nexus 5X Build/MMB29P) AppleWebKit/537.36 (KHTML, like Gecko) Chrome/141.0.7390.122 Mobile Safari/537.36 (compatible; Googlebot/2.1; +http://www.google.com/bot.html)"
66.249.70.70 - - [05/Dec/2025:23:39:58 +0000] "GET /products/3728280 HTTP/1.1" 404 7948 "-" "Mozilla/5.0 (Linux; Android 6.0.1; Nexus 5X Build/MMB29P) AppleWebKit/537.36 (KHTML, like Gecko) Chrome/141.0.7390.122 Mobile Safari/537.36 (compatible; Googlebot/2.1; +http://www.google.com/bot.html)"
66.249.70.70 - - [05/Dec/2025:23:39:59 +0000] "GET /products/5110635 HTTP/1.1" 404 7949 "-" "Mozilla/5.0 (Linux; Android 6.0.1; Nexus 5X Build/MMB29P) AppleWebKit/537.36 (KHTML, like Gecko) Chrome/141.0.7390.122 Mobile Safari/537.36 (compatible; Googlebot/2.1; +http://www.google.com/bot.html)"
66.249.70.64 - - [05/Dec/2025:23:41:16 +0000] "GET /products/7497202 HTTP/1.1" 404 7949 "-" "Mozilla/5.0 (Linux; Android 6.0.1; Nexus 5X Build/MMB29P) AppleWebKit/537.36 (KHTML, like Gecko) Chrome/141.0.7390.122 Mobile Safari/537.36 (compatible; Googlebot/2.1; +http://www.google.com/bot.html)"
66.249.70.64 - - [05/Dec/2025:23:41:17 +0000] "GET /products/8438824 HTTP/1.1" 404 7949 "-" "Mozilla/5.0 (Linux; Android 6.0.1; Nexus 5X Build/MMB29P) AppleWebKit/537.36 (KHTML, like Gecko) Chrome/141.0.7390.122 Mobile Safari/537.36 (compatible; Googlebot/2.1; +http://www.google.com/bot.html)"
66.249.70.71 - - [05/Dec/2025:23:41:19 +0000] "GET /products/8953691 HTTP/1.1" 404 7949 "-" "Mozilla/5.0 (Linux; Android 6.0.1; Nexus 5X Build/MMB29P) AppleWebKit/537.36 (KHTML, like Gecko) Chrome/141.0.7390.122 Mobile Safari/537.36 (compatible; Googlebot/2.1; +http://www.google.com/bot.html)"
66.249.70.70 - - [05/Dec/2025:23:41:55 +0000] "GET /products/7661446 HTTP/1.1" 404 7949 "-" "Mozilla/5.0 (Linux; Android 6.0.1; Nexus 5X Build/MMB29P) AppleWebKit/537.36 (KHTML, like Gecko) Chrome/141.0.7390.122 Mobile Safari/537.36 (compatible; Googlebot/2.1; +http://www.google.com/bot.html)"
170.10.164.108 - - [05/Dec/2025:23:42:13 +0000] "POST /wp-cron.php?doing_wp_cron=1764978133.8749749660491943359375 HTTP/1.1" 200 0 "-" "WordPress/6.9; https://cntxt.brainware.com.co"
66.249.70.70 - - [05/Dec/2025:23:42:12 +0000] "GET /products/1922279 HTTP/1.1" 404 7949 "-" "Mozilla/5.0 (Linux; Android 6.0.1; Nexus 5X Build/MMB29P) AppleWebKit/537.36 (KHTML, like Gecko) Chrome/141.0.7390.122 Mobile Safari/537.36 (compatible; Googlebot/2.1; +http://www.google.com/bot.html)"
170.10.164.108 - - [05/Dec/2025:23:44:01 +0000] "POST /wp-cron.php?doing_wp_cron=1764978241.2999339103698730468750 HTTP/1.1" 200 0 "-" "WordPress/6.9; https://cntxt.brainware.com.co"
74.7.227.169 - - [05/Dec/2025:23:42:02 +0000] "GET /wp-includes/js/wp-sanitize.js HTTP/2" 200 515 "-" "Mozilla/5.0 AppleWebKit/537.36 (KHTML, like Gecko; compatible; GPTBot/1.3; +https://openai.com/gptbot)"
66.249.70.71 - - [05/Dec/2025:23:42:22 +0000] "GET /products/8655146 HTTP/1.1" 404 7949 "-" "Mozilla/5.0 (Linux; Android 6.0.1; Nexus 5X Build/MMB29P) AppleWebKit/537.36 (KHTML, like Gecko) Chrome/141.0.7390.122 Mobile Safari/537.36 (compatible; Googlebot/2.1; +http://www.google.com/bot.html)"
74.7.227.169 - - [05/Dec/2025:23:42:40 +0000] "GET /wp-includes/class-wp-recovery-mode-key-service.php HTTP/2" 200 0 "-" "Mozilla/5.0 AppleWebKit/537.36 (KHTML, like Gecko; compatible; GPTBot/1.3; +https://openai.com/gptbot)"
74.7.227.169 - - [05/Dec/2025:23:43:14 +0000] "GET /wp-includes/class-wp-dependency.php HTTP/2" 200 0 "-" "Mozilla/5.0 AppleWebKit/537.36 (KHTML, like Gecko; compatible; GPTBot/1.3; +https://openai.com/gptbot)"
170.10.164.108 - - [05/Dec/2025:23:43:24 +0000] "POST /wp-cron.php?doing_wp_cron=1764978204.6389551162719726562500 HTTP/1.1" 200 0 "-" "WordPress/6.9; https://cntxt.brainware.com.co"
66.249.70.70 - - [05/Dec/2025:23:43:23 +0000] "GET /products/7263835 HTTP/1.1" 404 7949 "-" "Mozilla/5.0 (Linux; Android 6.0.1; Nexus 5X Build/MMB29P) AppleWebKit/537.36 (KHTML, like Gecko) Chrome/141.0.7390.122 Mobile Safari/537.36 (compatible; Googlebot/2.1; +http://www.google.com/bot.html)"
74.7.227.169 - - [05/Dec/2025:23:43:44 +0000] "GET /wp-includes/js/?ND HTTP/2" 200 3938 "-" "Mozilla/5.0 AppleWebKit/537.36 (KHTML, like Gecko; compatible; GPTBot/1.3; +https://openai.com/gptbot)"
74.7.227.169 - - [05/Dec/2025:23:44:11 +0000] "GET /wp-includes/js/?MA HTTP/2" 200 3961 "-" "Mozilla/5.0 AppleWebKit/537.36 (KHTML, like Gecko; compatible; GPTBot/1.3; +https://openai.com/gptbot)"
74.7.227.169 - - [05/Dec/2025:23:44:34 +0000] "GET /wp-includes/js/?SA HTTP/2" 200 4107 "-" "Mozilla/5.0 AppleWebKit/537.36 (KHTML, like Gecko; compatible; GPTBot/1.3; +https://openai.com/gptbot)"
66.249.70.70 - - [05/Dec/2025:23:44:40 +0000] "GET /products/9020591 HTTP/1.1" 404 7949 "-" "Mozilla/5.0 (Linux; Android 6.0.1; Nexus 5X Build/MMB29P) AppleWebKit/537.36 (KHTML, like Gecko) Chrome/141.0.7390.122 Mobile Safari/537.36 (compatible; Googlebot/2.1; +http://www.google.com/bot.html)"
66.249.70.70 - - [05/Dec/2025:23:44:41 +0000] "GET /products/17382991 HTTP/1.1" 404 7949 "-" "Mozilla/5.0 (Linux; Android 6.0.1; Nexus 5X Build/MMB29P) AppleWebKit/537.36 (KHTML, like Gecko) Chrome/141.0.7390.122 Mobile Safari/537.36 (compatible; Googlebot/2.1; +http://www.google.com/bot.html)"
74.7.227.169 - - [05/Dec/2025:23:44:57 +0000] "GET /wp-includes/class-wp-http-streams.php HTTP/2" 200 0 "-" "Mozilla/5.0 AppleWebKit/537.36 (KHTML, like Gecko; compatible; GPTBot/1.3; +https://openai.com/gptbot)"
170.10.164.108 - - [05/Dec/2025:23:45:13 +0000] "POST /wp-cron.php?doing_wp_cron=1764978313.2650439739227294921875 HTTP/1.1" 200 0 "-" "WordPress/6.9; https://cntxt.brainware.com.co"
66.249.70.71 - - [05/Dec/2025:23:45:12 +0000] "GET /products/7188479 HTTP/1.1" 404 7949 "-" "Mozilla/5.0 (Linux; Android 6.0.1; Nexus 5X Build/MMB29P) AppleWebKit/537.36 (KHTML, like Gecko) Chrome/141.0.7390.122 Mobile Safari/537.36 (compatible; Googlebot/2.1; +http://www.google.com/bot.html)"
74.7.227.169 - - [05/Dec/2025:23:45:17 +0000] "GET /wp-includes/class-wp-block.php HTTP/2" 200 0 "-" "Mozilla/5.0 AppleWebKit/537.36 (KHTML, like Gecko; compatible; GPTBot/1.3; +https://openai.com/gptbot)"
66.249.70.71 - - [05/Dec/2025:23:45:31 +0000] "GET /products/21221724 HTTP/1.1" 404 7949 "-" "Mozilla/5.0 (Linux; Android 6.0.1; Nexus 5X Build/MMB29P) AppleWebKit/537.36 (KHTML, like Gecko) Chrome/141.0.7390.122 Mobile Safari/537.36 (compatible; Googlebot/2.1; +http://www.google.com/bot.html)"
66.249.70.71 - - [05/Dec/2025:23:45:32 +0000] "GET /products/10947513 HTTP/1.1" 404 7949 "-" "Mozilla/5.0 (Linux; Android 6.0.1; Nexus 5X Build/MMB29P) AppleWebKit/537.36 (KHTML, like Gecko) Chrome/141.0.7390.122 Mobile Safari/537.36 (compatible; Googlebot/2.1; +http://www.google.com/bot.html)"
66.249.70.71 - - [05/Dec/2025:23:36:29 +0000] "GET /products/16985980 HTTP/1.1" 404 7949 "-" "Mozilla/5.0 (Linux; Android 6.0.1; Nexus 5X Build/MMB29P) AppleWebKit/537.36 (KHTML, like Gecko) Chrome/141.0.7390.122 Mobile Safari/537.36 (compatible; Googlebot/2.1; +http://www.google.com/bot.html)"
66.249.70.71 - - [05/Dec/2025:23:37:22 +0000] "GET /products/16966713 HTTP/1.1" 404 7949 "-" "Mozilla/5.0 (Linux; Android 6.0.1; Nexus 5X Build/MMB29P) AppleWebKit/537.36 (KHTML, like Gecko) Chrome/141.0.7390.122 Mobile Safari/537.36 (compatible; Googlebot/2.1; +http://www.google.com/bot.html)"
170.10.164.108 - - [05/Dec/2025:23:37:50 +0000] "POST /wp-cron.php?doing_wp_cron=1764977870.8089749813079833984375 HTTP/1.1" 200 0 "-" "WordPress/6.9; https://cntxt.brainware.com.co"
170.10.164.108 - - [05/Dec/2025:23:39:21 +0000] "POST /wp-cron.php?doing_wp_cron=1764977961.9107980728149414062500 HTTP/1.1" 200 0 "-" "WordPress/6.9; https://cntxt.brainware.com.co"
170.10.164.108 - - [05/Dec/2025:23:40:20 +0000] "POST /wp-cron.php?doing_wp_cron=1764978020.6973400115966796875000 HTTP/1.1" 200 0 "-" "WordPress/6.9; https://cntxt.brainware.com.co"
66.249.70.70 - - [05/Dec/2025:23:40:38 +0000] "GET /products/23788880 HTTP/1.1" 404 7949 "-" "Mozilla/5.0 (Linux; Android 6.0.1; Nexus 5X Build/MMB29P) AppleWebKit/537.36 (KHTML, like Gecko) Chrome/141.0.7390.122 Mobile Safari/537.36 (compatible; Googlebot/2.1; +http://www.google.com/bot.html)"
66.249.70.70 - - [05/Dec/2025:23:40:39 +0000] "GET /products/16904402 HTTP/1.1" 404 7949 "-" "Mozilla/5.0 (Linux; Android 6.0.1; Nexus 5X Build/MMB29P) AppleWebKit/537.36 (KHTML, like Gecko) Chrome/141.0.7390.122 Mobile Safari/537.36 (compatible; Googlebot/2.1; +http://www.google.com/bot.html)"
66.249.70.71 - - [05/Dec/2025:23:41:39 +0000] "GET /products/7986957 HTTP/1.1" 404 7949 "-" "Mozilla/5.0 (Linux; Android 6.0.1; Nexus 5X Build/MMB29P) AppleWebKit/537.36 (KHTML, like Gecko) Chrome/141.0.7390.122 Mobile Safari/537.36 (compatible; Googlebot/2.1; +http://www.google.com/bot.html)"
66.249.70.71 - - [05/Dec/2025:23:41:40 +0000] "GET /products/2519513 HTTP/1.1" 404 7949 "-" "Mozilla/5.0 (Linux; Android 6.0.1; Nexus 5X Build/MMB29P) AppleWebKit/537.36 (KHTML, like Gecko) Chrome/141.0.7390.122 Mobile Safari/537.36 (compatible; Googlebot/2.1; +http://www.google.com/bot.html)"
170.10.164.108 - - [05/Dec/2025:23:41:56 +0000] "POST /wp-cron.php?doing_wp_cron=1764978116.2927401065826416015625 HTTP/1.1" 200 0 "-" "WordPress/6.9; https://cntxt.brainware.com.co"
170.10.164.108 - - [05/Dec/2025:23:42:50 +0000] "POST /wp-cron.php?doing_wp_cron=1764978170.9114739894866943359375 HTTP/1.1" 200 0 "-" "WordPress/6.9; https://cntxt.brainware.com.co"
66.249.70.70 - - [05/Dec/2025:23:42:49 +0000] "GET /products/7705380 HTTP/1.1" 404 7949 "-" "Mozilla/5.0 (Linux; Android 6.0.1; Nexus 5X Build/MMB29P) AppleWebKit/537.36 (KHTML, like Gecko) Chrome/141.0.7390.122 Mobile Safari/537.36 (compatible; Googlebot/2.1; +http://www.google.com/bot.html)"
66.249.70.71 - - [05/Dec/2025:23:44:00 +0000] "GET /products/2733624 HTTP/1.1" 404 7949 "-" "Mozilla/5.0 (Linux; Android 6.0.1; Nexus 5X Build/MMB29P) AppleWebKit/537.36 (KHTML, like Gecko) Chrome/141.0.7390.122 Mobile Safari/537.36 (compatible; Googlebot/2.1; +http://www.google.com/bot.html)"
66.249.70.64 - - [05/Dec/2025:23:44:01 +0000] "GET /products/6628702 HTTP/1.1" 404 7949 "-" "Mozilla/5.0 (Linux; Android 6.0.1; Nexus 5X Build/MMB29P) AppleWebKit/537.36 (KHTML, like Gecko) Chrome/141.0.7390.122 Mobile Safari/537.36 (compatible; Googlebot/2.1; +http://www.google.com/bot.html)"
66.249.70.71 - - [05/Dec/2025:23:44:21 +0000] "GET /products/16980102 HTTP/1.1" 404 7949 "-" "Mozilla/5.0 (Linux; Android 6.0.1; Nexus 5X Build/MMB29P) AppleWebKit/537.36 (KHTML, like Gecko) Chrome/141.0.7390.122 Mobile Safari/537.36 (compatible; Googlebot/2.1; +http://www.google.com/bot.html)"
170.10.164.108 - - [05/Dec/2025:23:46:07 +0000] "POST /wp-cron.php?doing_wp_cron=1764978367.6416180133819580078125 HTTP/1.1" 200 0 "-" "WordPress/6.9; https://cntxt.brainware.com.co"
74.7.227.169 - - [05/Dec/2025:23:45:35 +0000] "GET /wp-includes/class-wp-roles.php HTTP/2" 200 0 "-" "Mozilla/5.0 AppleWebKit/537.36 (KHTML, like Gecko; compatible; GPTBot/1.3; +https://openai.com/gptbot)"
74.7.227.169 - - [05/Dec/2025:23:45:52 +0000] "GET /wp-includes/class-wp-theme.php HTTP/2" 200 0 "-" "Mozilla/5.0 AppleWebKit/537.36 (KHTML, like Gecko; compatible; GPTBot/1.3; +https://openai.com/gptbot)"
74.7.227.169 - - [05/Dec/2025:23:46:06 +0000] "GET /wp-includes/class-wp-query.php HTTP/2" 200 0 "-" "Mozilla/5.0 AppleWebKit/537.36 (KHTML, like Gecko; compatible; GPTBot/1.3; +https://openai.com/gptbot)"
74.7.227.169 - - [05/Dec/2025:23:46:19 +0000] "GET /wp-includes/class-wp-block-metadata-registry.php HTTP/2" 200 0 "-" "Mozilla/5.0 AppleWebKit/537.36 (KHTML, like Gecko; compatible; GPTBot/1.3; +https://openai.com/gptbot)"
74.7.227.169 - - [05/Dec/2025:23:46:31 +0000] "GET /wp-includes/class-wp-http-cookie.php HTTP/2" 200 0 "-" "Mozilla/5.0 AppleWebKit/537.36 (KHTML, like Gecko; compatible; GPTBot/1.3; +https://openai.com/gptbot)"
74.7.227.169 - - [05/Dec/2025:23:46:41 +0000] "GET /wp-includes/functions.wp-scripts.php HTTP/2" 200 0 "-" "Mozilla/5.0 AppleWebKit/537.36 (KHTML, like Gecko; compatible; GPTBot/1.3; +https://openai.com/gptbot)"
74.7.227.169 - - [05/Dec/2025:23:46:50 +0000] "GET /wp-includes/js/?NA HTTP/2" 200 3973 "-" "Mozilla/5.0 AppleWebKit/537.36 (KHTML, like Gecko; compatible; GPTBot/1.3; +https://openai.com/gptbot)"
170.10.164.108 - - [05/Dec/2025:23:46:56 +0000] "POST /wp-cron.php?doing_wp_cron=1764978416.2637779712677001953125 HTTP/1.1" 200 0 "-" "WordPress/6.9; https://cntxt.brainware.com.co"
74.7.227.169 - - [05/Dec/2025:23:46:58 +0000] "GET /wp-includes/js/?MD HTTP/2" 200 4011 "-" "Mozilla/5.0 AppleWebKit/537.36 (KHTML, like Gecko; compatible; GPTBot/1.3; +https://openai.com/gptbot)"
74.7.227.169 - - [05/Dec/2025:23:47:06 +0000] "GET /wp-includes/js/?SD HTTP/2" 200 4065 "-" "Mozilla/5.0 AppleWebKit/537.36 (KHTML, like Gecko; compatible; GPTBot/1.3; +https://openai.com/gptbot)"
74.7.227.169 - - [05/Dec/2025:23:47:13 +0000] "GET /wp-includes/default-filters.php HTTP/2" 200 6 "-" "Mozilla/5.0 AppleWebKit/537.36 (KHTML, like Gecko; compatible; GPTBot/1.3; +https://openai.com/gptbot)"
74.7.227.169 - - [05/Dec/2025:23:47:19 +0000] "GET /wp-includes/default-widgets.php HTTP/2" 200 6 "-" "Mozilla/5.0 AppleWebKit/537.36 (KHTML, like Gecko; compatible; GPTBot/1.3; +https://openai.com/gptbot)"
74.7.227.169 - - [05/Dec/2025:23:47:25 +0000] "GET /wp-includes/class-wp-styles.php HTTP/2" 500 0 "-" "Mozilla/5.0 AppleWebKit/537.36 (KHTML, like Gecko; compatible; GPTBot/1.3; +https://openai.com/gptbot)"
74.7.227.169 - - [05/Dec/2025:23:47:30 +0000] "GET /wp-includes/class-wp-locale.php HTTP/2" 200 0 "-" "Mozilla/5.0 AppleWebKit/537.36 (KHTML, like Gecko; compatible; GPTBot/1.3; +https://openai.com/gptbot)"
74.7.227.169 - - [05/Dec/2025:23:47:45 +0000] "GET /wp-includes/class-wp-theme-json-resolver.php HTTP/2" 200 0 "-" "Mozilla/5.0 AppleWebKit/537.36 (KHTML, like Gecko; compatible; GPTBot/1.3; +https://openai.com/gptbot)"
74.7.227.169 - - [05/Dec/2025:23:47:59 +0000] "GET /wp-includes/js/customize-preview-widgets.js HTTP/2" 200 5574 "-" "Mozilla/5.0 AppleWebKit/537.36 (KHTML, like Gecko; compatible; GPTBot/1.3; +https://openai.com/gptbot)"
74.7.227.169 - - [05/Dec/2025:23:48:11 +0000] "GET /wp-includes/js/wp-util.min.js HTTP/2" 200 690 "-" "Mozilla/5.0 AppleWebKit/537.36 (KHTML, like Gecko; compatible; GPTBot/1.3; +https://openai.com/gptbot)"
74.7.227.169 - - [05/Dec/2025:23:48:22 +0000] "GET /wp-includes/class-wp-http-curl.php HTTP/2" 200 0 "-" "Mozilla/5.0 AppleWebKit/537.36 (KHTML, like Gecko; compatible; GPTBot/1.3; +https://openai.com/gptbot)"
66.249.70.70 - - [05/Dec/2025:23:48:26 +0000] "GET /products/8386213 HTTP/1.1" 404 7949 "-" "Mozilla/5.0 (Linux; Android 6.0.1; Nexus 5X Build/MMB29P) AppleWebKit/537.36 (KHTML, like Gecko) Chrome/141.0.7390.122 Mobile Safari/537.36 (compatible; Googlebot/2.1; +http://www.google.com/bot.html)"
170.10.164.108 - - [05/Dec/2025:23:44:22 +0000] "POST /wp-cron.php?doing_wp_cron=1764978262.1046180725097656250000 HTTP/1.1" 200 0 "-" "WordPress/6.9; https://cntxt.brainware.com.co"
66.249.70.70 - - [05/Dec/2025:23:45:33 +0000] "GET /products/7740846 HTTP/1.1" 404 7949 "-" "Mozilla/5.0 (Linux; Android 6.0.1; Nexus 5X Build/MMB29P) AppleWebKit/537.36 (KHTML, like Gecko) Chrome/141.0.7390.122 Mobile Safari/537.36 (compatible; Googlebot/2.1; +http://www.google.com/bot.html)"
66.249.70.70 - - [05/Dec/2025:23:45:36 +0000] "GET /products/24494613 HTTP/1.1" 404 7949 "-" "Mozilla/5.0 (Linux; Android 6.0.1; Nexus 5X Build/MMB29P) AppleWebKit/537.36 (KHTML, like Gecko) Chrome/141.0.7390.122 Mobile Safari/537.36 (compatible; Googlebot/2.1; +http://www.google.com/bot.html)"
66.249.70.70 - - [05/Dec/2025:23:46:06 +0000] "GET /products/23202068 HTTP/1.1" 404 7949 "-" "Mozilla/5.0 (Linux; Android 6.0.1; Nexus 5X Build/MMB29P) AppleWebKit/537.36 (KHTML, like Gecko) Chrome/141.0.7390.122 Mobile Safari/537.36 (compatible; Googlebot/2.1; +http://www.google.com/bot.html)"
66.249.70.70 - - [05/Dec/2025:23:46:07 +0000] "GET /products/2548424 HTTP/1.1" 404 7949 "-" "Mozilla/5.0 (Linux; Android 6.0.1; Nexus 5X Build/MMB29P) AppleWebKit/537.36 (KHTML, like Gecko) Chrome/141.0.7390.122 Mobile Safari/537.36 (compatible; Googlebot/2.1; +http://www.google.com/bot.html)"
66.249.70.70 - - [05/Dec/2025:23:46:55 +0000] "GET /products/16853257 HTTP/1.1" 404 7949 "-" "Mozilla/5.0 (Linux; Android 6.0.1; Nexus 5X Build/MMB29P) AppleWebKit/537.36 (KHTML, like Gecko) Chrome/141.0.7390.122 Mobile Safari/537.36 (compatible; Googlebot/2.1; +http://www.google.com/bot.html)"
170.10.164.108 - - [05/Dec/2025:23:47:23 +0000] "POST /wp-cron.php?doing_wp_cron=1764978443.5871279239654541015625 HTTP/1.1" 200 0 "-" "WordPress/6.9; https://cntxt.brainware.com.co"
170.10.164.108 - - [05/Dec/2025:23:47:50 +0000] "POST /wp-cron.php?doing_wp_cron=1764978470.9752569198608398437500 HTTP/1.1" 200 0 "-" "WordPress/6.9; https://cntxt.brainware.com.co"
66.249.70.70 - - [05/Dec/2025:23:48:44 +0000] "GET /products/7857279 HTTP/1.1" 404 7949 "-" "Mozilla/5.0 (Linux; Android 6.0.1; Nexus 5X Build/MMB29P) AppleWebKit/537.36 (KHTML, like Gecko) Chrome/141.0.7390.122 Mobile Safari/537.36 (compatible; Googlebot/2.1; +http://www.google.com/bot.html)"
66.249.70.70 - - [05/Dec/2025:23:49:36 +0000] "GET /products/8994168 HTTP/1.1" 404 7949 "-" "Mozilla/5.0 (Linux; Android 6.0.1; Nexus 5X Build/MMB29P) AppleWebKit/537.36 (KHTML, like Gecko) Chrome/141.0.7390.122 Mobile Safari/537.36 (compatible; Googlebot/2.1; +http://www.google.com/bot.html)"
66.249.70.70 - - [05/Dec/2025:23:49:37 +0000] "GET /products/2299146 HTTP/1.1" 404 7949 "-" "Mozilla/5.0 (Linux; Android 6.0.1; Nexus 5X Build/MMB29P) AppleWebKit/537.36 (KHTML, like Gecko) Chrome/141.0.7390.122 Mobile Safari/537.36 (compatible; Googlebot/2.1; +http://www.google.com/bot.html)"
66.249.70.70 - - [05/Dec/2025:23:49:38 +0000] "GET /products/6562413 HTTP/1.1" 404 7949 "-" "Mozilla/5.0 (Linux; Android 6.0.1; Nexus 5X Build/MMB29P) AppleWebKit/537.36 (KHTML, like Gecko) Chrome/141.0.7390.122 Mobile Safari/537.36 (compatible; Googlebot/2.1; +http://www.google.com/bot.html)"
170.10.164.108 - - [05/Dec/2025:23:50:07 +0000] "POST /wp-cron.php?doing_wp_cron=1764978607.1791639328002929687500 HTTP/1.1" 200 0 "-" "WordPress/6.9; https://cntxt.brainware.com.co"
66.249.70.70 - - [05/Dec/2025:23:50:06 +0000] "GET /products/9207646 HTTP/1.1" 404 7949 "-" "Mozilla/5.0 (Linux; Android 6.0.1; Nexus 5X Build/MMB29P) AppleWebKit/537.36 (KHTML, like Gecko) Chrome/141.0.7390.122 Mobile Safari/537.36 (compatible; Googlebot/2.1; +http://www.google.com/bot.html)"
74.7.227.169 - - [05/Dec/2025:23:50:19 +0000] "GET /wp-includes/class-wp-walker.php HTTP/2" 200 0 "-" "Mozilla/5.0 AppleWebKit/537.36 (KHTML, like Gecko; compatible; GPTBot/1.3; +https://openai.com/gptbot)"
66.249.70.71 - - [05/Dec/2025:23:46:27 +0000] "GET /products/7002735 HTTP/1.1" 404 7949 "-" "Mozilla/5.0 (Linux; Android 6.0.1; Nexus 5X Build/MMB29P) AppleWebKit/537.36 (KHTML, like Gecko) Chrome/141.0.7390.122 Mobile Safari/537.36 (compatible; Googlebot/2.1; +http://www.google.com/bot.html)"
66.249.70.71 - - [05/Dec/2025:23:47:22 +0000] "GET /products/7360246 HTTP/1.1" 404 7949 "-" "Mozilla/5.0 (Linux; Android 6.0.1; Nexus 5X Build/MMB29P) AppleWebKit/537.36 (KHTML, like Gecko) Chrome/141.0.7390.122 Mobile Safari/537.36 (compatible; Googlebot/2.1; +http://www.google.com/bot.html)"
66.249.70.71 - - [05/Dec/2025:23:47:49 +0000] "GET /products/6510102 HTTP/1.1" 404 7949 "-" "Mozilla/5.0 (Linux; Android 6.0.1; Nexus 5X Build/MMB29P) AppleWebKit/537.36 (KHTML, like Gecko) Chrome/141.0.7390.122 Mobile Safari/537.36 (compatible; Googlebot/2.1; +http://www.google.com/bot.html)"
170.10.164.108 - - [05/Dec/2025:23:48:18 +0000] "POST /wp-cron.php?doing_wp_cron=1764978498.0470740795135498046875 HTTP/1.1" 200 0 "-" "WordPress/6.9; https://cntxt.brainware.com.co"
66.249.70.64 - - [05/Dec/2025:23:48:17 +0000] "GET /products/7344635 HTTP/1.1" 404 7949 "-" "Mozilla/5.0 (Linux; Android 6.0.1; Nexus 5X Build/MMB29P) AppleWebKit/537.36 (KHTML, like Gecko) Chrome/141.0.7390.122 Mobile Safari/537.36 (compatible; Googlebot/2.1; +http://www.google.com/bot.html)"
170.10.164.108 - - [05/Dec/2025:23:49:12 +0000] "POST /wp-cron.php?doing_wp_cron=1764978552.5792429447174072265625 HTTP/1.1" 200 0 "-" "WordPress/6.9; https://cntxt.brainware.com.co"
66.249.70.70 - - [05/Dec/2025:23:51:00 +0000] "GET /products/5246402 HTTP/1.1" 404 7949 "-" "Mozilla/5.0 (Linux; Android 6.0.1; Nexus 5X Build/MMB29P) AppleWebKit/537.36 (KHTML, like Gecko) Chrome/141.0.7390.122 Mobile Safari/537.36 (compatible; Googlebot/2.1; +http://www.google.com/bot.html)"
66.249.70.70 - - [05/Dec/2025:23:51:27 +0000] "GET /products/7415046 HTTP/1.1" 404 7949 "-" "Mozilla/5.0 (Linux; Android 6.0.1; Nexus 5X Build/MMB29P) AppleWebKit/537.36 (KHTML, like Gecko) Chrome/141.0.7390.122 Mobile Safari/537.36 (compatible; Googlebot/2.1; +http://www.google.com/bot.html)"
66.249.70.70 - - [05/Dec/2025:23:51:55 +0000] "GET /products/7485657 HTTP/1.1" 404 7949 "-" "Mozilla/5.0 (Linux; Android 6.0.1; Nexus 5X Build/MMB29P) AppleWebKit/537.36 (KHTML, like Gecko) Chrome/141.0.7390.122 Mobile Safari/537.36 (compatible; Googlebot/2.1; +http://www.google.com/bot.html)"
170.10.164.108 - - [05/Dec/2025:23:54:00 +0000] "POST /wp-cron.php?doing_wp_cron=1764978839.9640290737152099609375 HTTP/1.1" 200 0 "-" "WordPress/6.9; https://cntxt.brainware.com.co"
66.249.70.70 - - [05/Dec/2025:23:54:36 +0000] "GET /products/7092757 HTTP/1.1" 404 7949 "-" "Mozilla/5.0 (Linux; Android 6.0.1; Nexus 5X Build/MMB29P) AppleWebKit/537.36 (KHTML, like Gecko) Chrome/141.0.7390.122 Mobile Safari/537.36 (compatible; Googlebot/2.1; +http://www.google.com/bot.html)"
66.249.70.70 - - [05/Dec/2025:23:54:55 +0000] "GET /products/9388313 HTTP/1.1" 404 7949 "-" "Mozilla/5.0 (Linux; Android 6.0.1; Nexus 5X Build/MMB29P) AppleWebKit/537.36 (KHTML, like Gecko) Chrome/141.0.7390.122 Mobile Safari/537.36 (compatible; Googlebot/2.1; +http://www.google.com/bot.html)"
66.249.70.70 - - [05/Dec/2025:23:54:56 +0000] "GET /products/2988291 HTTP/1.1" 404 7948 "-" "Mozilla/5.0 (Linux; Android 6.0.1; Nexus 5X Build/MMB29P) AppleWebKit/537.36 (KHTML, like Gecko) Chrome/141.0.7390.122 Mobile Safari/537.36 (compatible; Googlebot/2.1; +http://www.google.com/bot.html)"
66.249.70.70 - - [05/Dec/2025:23:54:58 +0000] "GET /products/5608224 HTTP/1.1" 404 7948 "-" "Mozilla/5.0 (Linux; Android 6.0.1; Nexus 5X Build/MMB29P) AppleWebKit/537.36 (KHTML, like Gecko) Chrome/141.0.7390.122 Mobile Safari/537.36 (compatible; Googlebot/2.1; +http://www.google.com/bot.html)"
66.249.70.70 - - [05/Dec/2025:23:55:36 +0000] "GET /products/8085168 HTTP/1.1" 404 7948 "-" "Mozilla/5.0 (Linux; Android 6.0.1; Nexus 5X Build/MMB29P) AppleWebKit/537.36 (KHTML, like Gecko) Chrome/141.0.7390.122 Mobile Safari/537.36 (compatible; Googlebot/2.1; +http://www.google.com/bot.html)"
66.249.70.71 - - [05/Dec/2025:23:50:33 +0000] "GET /products/5212980 HTTP/1.1" 404 7949 "-" "Mozilla/5.0 (Linux; Android 6.0.1; Nexus 5X Build/MMB29P) AppleWebKit/537.36 (KHTML, like Gecko) Chrome/141.0.7390.122 Mobile Safari/537.36 (compatible; Googlebot/2.1; +http://www.google.com/bot.html)"
170.10.164.108 - - [05/Dec/2025:23:51:01 +0000] "POST /wp-cron.php?doing_wp_cron=1764978661.8215880393981933593750 HTTP/1.1" 200 0 "-" "WordPress/6.9; https://cntxt.brainware.com.co"
74.7.227.169 - - [05/Dec/2025:23:51:14 +0000] "GET /wp-includes/class-wp-widget.php HTTP/2" 200 0 "-" "Mozilla/5.0 AppleWebKit/537.36 (KHTML, like Gecko; compatible; GPTBot/1.3; +https://openai.com/gptbot)"
170.10.164.108 - - [05/Dec/2025:23:51:28 +0000] "POST /wp-cron.php?doing_wp_cron=1764978688.9710121154785156250000 HTTP/1.1" 200 0 "-" "WordPress/6.9; https://cntxt.brainware.com.co"
170.10.164.108 - - [05/Dec/2025:23:51:56 +0000] "POST /wp-cron.php?doing_wp_cron=1764978716.3567299842834472656250 HTTP/1.1" 200 0 "-" "WordPress/6.9; https://cntxt.brainware.com.co"
74.7.227.169 - - [05/Dec/2025:23:52:05 +0000] "GET /wp-includes/js/wp-backbone.js HTTP/2" 200 3462 "-" "Mozilla/5.0 AppleWebKit/537.36 (KHTML, like Gecko; compatible; GPTBot/1.3; +https://openai.com/gptbot)"
66.249.70.70 - - [05/Dec/2025:23:52:26 +0000] "GET /products/7008257 HTTP/1.1" 404 7949 "-" "Mozilla/5.0 (Linux; Android 6.0.1; Nexus 5X Build/MMB29P) AppleWebKit/537.36 (KHTML, like Gecko) Chrome/141.0.7390.122 Mobile Safari/537.36 (compatible; Googlebot/2.1; +http://www.google.com/bot.html)"
74.7.227.169 - - [05/Dec/2025:23:52:51 +0000] "GET /wp-includes/functions.wp-styles.php HTTP/2" 200 0 "-" "Mozilla/5.0 AppleWebKit/537.36 (KHTML, like Gecko; compatible; GPTBot/1.3; +https://openai.com/gptbot)"
74.7.227.169 - - [05/Dec/2025:23:53:34 +0000] "GET /wp-includes/class-wp-image-editor.php HTTP/2" 200 0 "-" "Mozilla/5.0 AppleWebKit/537.36 (KHTML, like Gecko; compatible; GPTBot/1.3; +https://openai.com/gptbot)"
66.249.70.70 - - [05/Dec/2025:23:53:58 +0000] "GET /products/8775991 HTTP/1.1" 404 7948 "-" "Mozilla/5.0 (Linux; Android 6.0.1; Nexus 5X Build/MMB29P) AppleWebKit/537.36 (KHTML, like Gecko) Chrome/141.0.7390.122 Mobile Safari/537.36 (compatible; Googlebot/2.1; +http://www.google.com/bot.html)"
74.7.227.169 - - [05/Dec/2025:23:54:11 +0000] "GET /wp-includes/class-walker-category-dropdown.php HTTP/2" 500 0 "-" "Mozilla/5.0 AppleWebKit/537.36 (KHTML, like Gecko; compatible; GPTBot/1.3; +https://openai.com/gptbot)"
66.249.70.70 - - [05/Dec/2025:23:54:17 +0000] "GET /products/9361280 HTTP/1.1" 404 7949 "-" "Mozilla/5.0 (Linux; Android 6.0.1; Nexus 5X Build/MMB29P) AppleWebKit/537.36 (KHTML, like Gecko) Chrome/141.0.7390.122 Mobile Safari/537.36 (compatible; Googlebot/2.1; +http://www.google.com/bot.html)"
74.7.227.169 - - [05/Dec/2025:23:54:45 +0000] "GET /wp-includes/images/ HTTP/2" 200 1668 "-" "Mozilla/5.0 AppleWebKit/537.36 (KHTML, like Gecko; compatible; GPTBot/1.3; +https://openai.com/gptbot)"
170.10.164.108 - - [05/Dec/2025:23:54:56 +0000] "POST /wp-cron.php?doing_wp_cron=1764978896.8556649684906005859375 HTTP/1.1" 200 0 "-" "WordPress/6.9; https://cntxt.brainware.com.co"
66.249.70.70 - - [05/Dec/2025:23:55:17 +0000] "GET /products/10738657 HTTP/1.1" 404 7948 "-" "Mozilla/5.0 (Linux; Android 6.0.1; Nexus 5X Build/MMB29P) AppleWebKit/537.36 (KHTML, like Gecko) Chrome/141.0.7390.122 Mobile Safari/537.36 (compatible; Googlebot/2.1; +http://www.google.com/bot.html)"
66.249.70.71 - - [05/Dec/2025:23:56:51 +0000] "GET /products/1690602 HTTP/1.1" 404 7949 "-" "Mozilla/5.0 (Linux; Android 6.0.1; Nexus 5X Build/MMB29P) AppleWebKit/537.36 (KHTML, like Gecko) Chrome/141.0.7390.122 Mobile Safari/537.36 (compatible; Googlebot/2.1; +http://www.google.com/bot.html)"
66.249.70.71 - - [05/Dec/2025:23:56:52 +0000] "GET /products/10081457 HTTP/1.1" 404 7949 "-" "Mozilla/5.0 (Linux; Android 6.0.1; Nexus 5X Build/MMB29P) AppleWebKit/537.36 (KHTML, like Gecko) Chrome/141.0.7390.122 Mobile Safari/537.36 (compatible; Googlebot/2.1; +http://www.google.com/bot.html)"
74.7.227.169 - - [05/Dec/2025:23:48:32 +0000] "GET /wp-includes/html-api/class-wp-html-span.php HTTP/2" 200 0 "-" "Mozilla/5.0 AppleWebKit/537.36 (KHTML, like Gecko; compatible; GPTBot/1.3; +https://openai.com/gptbot)"
74.7.227.169 - - [05/Dec/2025:23:48:41 +0000] "GET /wp-includes/class-walker-comment.php HTTP/2" 500 0 "-" "Mozilla/5.0 AppleWebKit/537.36 (KHTML, like Gecko; compatible; GPTBot/1.3; +https://openai.com/gptbot)"
74.7.227.169 - - [05/Dec/2025:23:48:49 +0000] "GET /wp-includes/class.wp-styles.php HTTP/2" 500 0 "-" "Mozilla/5.0 AppleWebKit/537.36 (KHTML, like Gecko; compatible; GPTBot/1.3; +https://openai.com/gptbot)"
66.249.70.70 - - [05/Dec/2025:23:49:11 +0000] "GET /products/6926479 HTTP/1.1" 404 7949 "-" "Mozilla/5.0 (Linux; Android 6.0.1; Nexus 5X Build/MMB29P) AppleWebKit/537.36 (KHTML, like Gecko) Chrome/141.0.7390.122 Mobile Safari/537.36 (compatible; Googlebot/2.1; +http://www.google.com/bot.html)"
74.7.227.169 - - [05/Dec/2025:23:49:14 +0000] "GET /wp-includes/class-wp-oembed.php HTTP/2" 200 0 "-" "Mozilla/5.0 AppleWebKit/537.36 (KHTML, like Gecko; compatible; GPTBot/1.3; +https://openai.com/gptbot)"
170.10.164.108 - - [05/Dec/2025:23:52:27 +0000] "POST /wp-cron.php?doing_wp_cron=1764978747.3219060897827148437500 HTTP/1.1" 200 0 "-" "WordPress/6.9; https://cntxt.brainware.com.co"
170.10.164.108 - - [05/Dec/2025:23:53:04 +0000] "POST /wp-cron.php?doing_wp_cron=1764978784.0497400760650634765625 HTTP/1.1" 200 0 "-" "WordPress/6.9; https://cntxt.brainware.com.co"
66.249.70.64 - - [05/Dec/2025:23:53:02 +0000] "GET /products/7164202 HTTP/1.1" 404 7949 "-" "Mozilla/5.0 (Linux; Android 6.0.1; Nexus 5X Build/MMB29P) AppleWebKit/537.36 (KHTML, like Gecko) Chrome/141.0.7390.122 Mobile Safari/537.36 (compatible; Googlebot/2.1; +http://www.google.com/bot.html)"
170.10.164.108 - - [05/Dec/2025:23:53:23 +0000] "POST /wp-cron.php?doing_wp_cron=1764978803.2700049877166748046875 HTTP/1.1" 200 0 "-" "WordPress/6.9; https://cntxt.brainware.com.co"
66.249.70.71 - - [05/Dec/2025:23:53:21 +0000] "GET /products/7531635 HTTP/1.1" 404 7949 "-" "Mozilla/5.0 (Linux; Android 6.0.1; Nexus 5X Build/MMB29P) AppleWebKit/537.36 (KHTML, like Gecko) Chrome/141.0.7390.122 Mobile Safari/537.36 (compatible; Googlebot/2.1; +http://www.google.com/bot.html)"
170.10.164.108 - - [05/Dec/2025:23:54:18 +0000] "POST /wp-cron.php?doing_wp_cron=1764978858.9670510292053222656250 HTTP/1.1" 200 0 "-" "WordPress/6.9; https://cntxt.brainware.com.co"
170.10.164.108 - - [05/Dec/2025:23:55:18 +0000] "POST /wp-cron.php?doing_wp_cron=1764978918.7571959495544433593750 HTTP/1.1" 200 0 "-" "WordPress/6.9; https://cntxt.brainware.com.co"
74.7.227.169 - - [05/Dec/2025:23:55:49 +0000] "GET /wp-includes/class-wp-object-cache.php HTTP/2" 200 0 "-" "Mozilla/5.0 AppleWebKit/537.36 (KHTML, like Gecko; compatible; GPTBot/1.3; +https://openai.com/gptbot)"
170.10.164.108 - - [05/Dec/2025:23:56:14 +0000] "POST /wp-cron.php?doing_wp_cron=1764978974.3983159065246582031250 HTTP/1.1" 200 0 "-" "WordPress/6.9; https://cntxt.brainware.com.co"
66.249.70.71 - - [05/Dec/2025:23:56:13 +0000] "GET /products/6531057 HTTP/1.1" 404 7949 "-" "Mozilla/5.0 (Linux; Android 6.0.1; Nexus 5X Build/MMB29P) AppleWebKit/537.36 (KHTML, like Gecko) Chrome/141.0.7390.122 Mobile Safari/537.36 (compatible; Googlebot/2.1; +http://www.google.com/bot.html)"
66.249.70.71 - - [05/Dec/2025:23:56:14 +0000] "GET /products/7434913 HTTP/1.1" 404 7949 "-" "Mozilla/5.0 (Linux; Android 6.0.1; Nexus 5X Build/MMB29P) AppleWebKit/537.36 (KHTML, like Gecko) Chrome/141.0.7390.122 Mobile Safari/537.36 (compatible; Googlebot/2.1; +http://www.google.com/bot.html)"
74.7.227.169 - - [05/Dec/2025:23:56:47 +0000] "GET /wp-includes/class-wp-block-parser.php HTTP/2" 200 0 "-" "Mozilla/5.0 AppleWebKit/537.36 (KHTML, like Gecko; compatible; GPTBot/1.3; +https://openai.com/gptbot)"
170.10.164.108 - - [05/Dec/2025:23:56:52 +0000] "POST /wp-cron.php?doing_wp_cron=1764979012.5545129776000976562500 HTTP/1.1" 200 0 "-" "WordPress/6.9; https://cntxt.brainware.com.co"
74.7.227.169 - - [05/Dec/2025:23:57:36 +0000] "GET /wp-includes/class-wp-block-type-registry.php HTTP/2" 200 0 "-" "Mozilla/5.0 AppleWebKit/537.36 (KHTML, like Gecko; compatible; GPTBot/1.3; +https://openai.com/gptbot)"
74.7.227.169 - - [05/Dec/2025:23:58:21 +0000] "GET /_autoindex/assets/icons/file-text.svg HTTP/2" 200 394 "-" "Mozilla/5.0 AppleWebKit/537.36 (KHTML, like Gecko; compatible; GPTBot/1.3; +https://openai.com/gptbot)"
74.7.227.169 - - [05/Dec/2025:23:59:02 +0000] "GET /wp-includes/class-wp-site-query.php HTTP/2" 200 0 "-" "Mozilla/5.0 AppleWebKit/537.36 (KHTML, like Gecko; compatible; GPTBot/1.3; +https://openai.com/gptbot)"
74.7.227.169 - - [05/Dec/2025:23:59:38 +0000] "GET /wp-includes/class-wp-date-query.php HTTP/2" 200 0 "-" "Mozilla/5.0 AppleWebKit/537.36 (KHTML, like Gecko; compatible; GPTBot/1.3; +https://openai.com/gptbot)"
74.7.227.169 - - [06/Dec/2025:00:00:13 +0000] "GET /wp-includes/class-wp-meta-query.php HTTP/2" 200 0 "-" "Mozilla/5.0 AppleWebKit/537.36 (KHTML, like Gecko; compatible; GPTBot/1.3; +https://openai.com/gptbot)"
170.10.164.108 - - [06/Dec/2025:00:00:32 +0000] "POST /wp-cron.php?doing_wp_cron=1764979232.1297969818115234375000 HTTP/1.1" 200 0 "-" "WordPress/6.9; https://cntxt.brainware.com.co"
74.7.227.169 - - [06/Dec/2025:00:00:43 +0000] "GET /wp-includes/class-wp-http-proxy.php HTTP/2" 200 0 "-" "Mozilla/5.0 AppleWebKit/537.36 (KHTML, like Gecko; compatible; GPTBot/1.3; +https://openai.com/gptbot)"
74.7.227.169 - - [06/Dec/2025:00:01:09 +0000] "GET /wp-includes/class-wp-term-query.php HTTP/2" 200 0 "-" "Mozilla/5.0 AppleWebKit/537.36 (KHTML, like Gecko; compatible; GPTBot/1.3; +https://openai.com/gptbot)"
74.7.227.169 - - [06/Dec/2025:00:01:34 +0000] "GET /wp-includes/js/admin-bar.js HTTP/2" 200 2571 "-" "Mozilla/5.0 AppleWebKit/537.36 (KHTML, like Gecko; compatible; GPTBot/1.3; +https://openai.com/gptbot)"
74.7.227.169 - - [06/Dec/2025:00:01:57 +0000] "GET /wp-includes/js/json2.min.js HTTP/2" 200 35 "-" "Mozilla/5.0 AppleWebKit/537.36 (KHTML, like Gecko; compatible; GPTBot/1.3; +https://openai.com/gptbot)"
74.7.227.169 - - [06/Dec/2025:00:02:16 +0000] "GET /wp-includes/bookmark-template.php HTTP/2" 200 0 "-" "Mozilla/5.0 AppleWebKit/537.36 (KHTML, like Gecko; compatible; GPTBot/1.3; +https://openai.com/gptbot)"
170.10.164.108 - - [06/Dec/2025:00:02:21 +0000] "POST /wp-cron.php?doing_wp_cron=1764979341.2938060760498046875000 HTTP/1.1" 200 0 "-" "WordPress/6.9; https://cntxt.brainware.com.co"
66.249.70.70 - - [06/Dec/2025:00:02:20 +0000] "GET /products/16121780 HTTP/1.1" 404 7947 "-" "Mozilla/5.0 (Linux; Android 6.0.1; Nexus 5X Build/MMB29P) AppleWebKit/537.36 (KHTML, like Gecko) Chrome/141.0.7390.122 Mobile Safari/537.36 (compatible; Googlebot/2.1; +http://www.google.com/bot.html)"
66.249.70.70 - - [06/Dec/2025:00:02:21 +0000] "GET /products/6834157 HTTP/1.1" 404 7947 "-" "Mozilla/5.0 (Linux; Android 6.0.1; Nexus 5X Build/MMB29P) AppleWebKit/537.36 (KHTML, like Gecko) Chrome/141.0.7390.122 Mobile Safari/537.36 (compatible; Googlebot/2.1; +http://www.google.com/bot.html)"
66.249.70.70 - - [06/Dec/2025:00:02:24 +0000] "GET /products/2086002 HTTP/1.1" 404 7948 "-" "Mozilla/5.0 (Linux; Android 6.0.1; Nexus 5X Build/MMB29P) AppleWebKit/537.36 (KHTML, like Gecko) Chrome/141.0.7390.122 Mobile Safari/537.36 (compatible; Googlebot/2.1; +http://www.google.com/bot.html)"
74.7.227.169 - - [06/Dec/2025:00:02:33 +0000] "GET /wp-includes/certificates/ HTTP/2" 200 625 "-" "Mozilla/5.0 AppleWebKit/537.36 (KHTML, like Gecko; compatible; GPTBot/1.3; +https://openai.com/gptbot)"
74.7.227.169 - - [06/Dec/2025:00:02:50 +0000] "GET /wp-includes/html-api/class-wp-html-stack-event.php HTTP/2" 200 0 "-" "Mozilla/5.0 AppleWebKit/537.36 (KHTML, like Gecko; compatible; GPTBot/1.3; +https://openai.com/gptbot)"
74.7.227.169 - - [06/Dec/2025:00:03:05 +0000] "GET /wp-includes/general-template.php HTTP/2" 200 0 "-" "Mozilla/5.0 AppleWebKit/537.36 (KHTML, like Gecko; compatible; GPTBot/1.3; +https://openai.com/gptbot)"
74.7.227.169 - - [06/Dec/2025:00:03:18 +0000] "GET /wp-includes/js/wp-embed-template.min.js HTTP/2" 200 1011 "-" "Mozilla/5.0 AppleWebKit/537.36 (KHTML, like Gecko; compatible; GPTBot/1.3; +https://openai.com/gptbot)"
74.7.227.169 - - [06/Dec/2025:00:03:30 +0000] "GET /wp-includes/class-wp-exception.php HTTP/2" 200 0 "-" "Mozilla/5.0 AppleWebKit/537.36 (KHTML, like Gecko; compatible; GPTBot/1.3; +https://openai.com/gptbot)"
74.7.227.169 - - [06/Dec/2025:00:03:40 +0000] "GET /wp-includes/js/media-editor.js HTTP/2" 200 7286 "-" "Mozilla/5.0 AppleWebKit/537.36 (KHTML, like Gecko; compatible; GPTBot/1.3; +https://openai.com/gptbot)"
74.7.227.169 - - [06/Dec/2025:00:03:49 +0000] "GET /wp-includes/html-api/class-wp-html-open-elements.php HTTP/2" 200 0 "-" "Mozilla/5.0 AppleWebKit/537.36 (KHTML, like Gecko; compatible; GPTBot/1.3; +https://openai.com/gptbot)"
74.7.227.169 - - [06/Dec/2025:00:03:57 +0000] "GET /wp-includes/js/wpdialog.min.js HTTP/2" 200 168 "-" "Mozilla/5.0 AppleWebKit/537.36 (KHTML, like Gecko; compatible; GPTBot/1.3; +https://openai.com/gptbot)"
74.7.227.169 - - [06/Dec/2025:00:04:05 +0000] "GET /wp-includes/class-wp-token-map.php HTTP/2" 200 0 "-" "Mozilla/5.0 AppleWebKit/537.36 (KHTML, like Gecko; compatible; GPTBot/1.3; +https://openai.com/gptbot)"
74.7.227.169 - - [06/Dec/2025:00:04:12 +0000] "GET /wp-includes/class-wp-tax-query.php HTTP/2" 200 0 "-" "Mozilla/5.0 AppleWebKit/537.36 (KHTML, like Gecko; compatible; GPTBot/1.3; +https://openai.com/gptbot)"
74.7.227.169 - - [06/Dec/2025:00:04:18 +0000] "GET /wp-includes/interactivity-api/error_log HTTP/2" 403 1242 "-" "Mozilla/5.0 AppleWebKit/537.36 (KHTML, like Gecko; compatible; GPTBot/1.3; +https://openai.com/gptbot)"
74.7.227.169 - - [06/Dec/2025:00:04:23 +0000] "GET /wp-includes/certificates/ca-bundle.crt HTTP/2" 200 234150 "-" "Mozilla/5.0 AppleWebKit/537.36 (KHTML, like Gecko; compatible; GPTBot/1.3; +https://openai.com/gptbot)"
74.7.227.169 - - [06/Dec/2025:00:04:29 +0000] "GET /wp-includes/js/media-editor.min.js HTTP/2" 200 3457 "-" "Mozilla/5.0 AppleWebKit/537.36 (KHTML, like Gecko; compatible; GPTBot/1.3; +https://openai.com/gptbot)"
74.7.227.169 - - [06/Dec/2025:00:04:34 +0000] "GET /wp-includes/rest-api/ HTTP/2" 200 1123 "-" "Mozilla/5.0 AppleWebKit/537.36 (KHTML, like Gecko; compatible; GPTBot/1.3; +https://openai.com/gptbot)"
74.7.227.169 - - [06/Dec/2025:00:04:38 +0000] "GET /_autoindex/assets/icons/image.svg HTTP/2" 200 388 "-" "Mozilla/5.0 AppleWebKit/537.36 (KHTML, like Gecko; compatible; GPTBot/1.3; +https://openai.com/gptbot)"
74.7.227.169 - - [06/Dec/2025:00:04:43 +0000] "GET /_autoindex/assets/icons/file.svg HTTP/2" 200 354 "-" "Mozilla/5.0 AppleWebKit/537.36 (KHTML, like Gecko; compatible; GPTBot/1.3; +https://openai.com/gptbot)"
74.7.227.169 - - [06/Dec/2025:00:04:46 +0000] "GET /wp-includes/images/?SA HTTP/2" 200 1768 "-" "Mozilla/5.0 AppleWebKit/537.36 (KHTML, like Gecko; compatible; GPTBot/1.3; +https://openai.com/gptbot)"
74.7.227.169 - - [06/Dec/2025:00:04:50 +0000] "GET /wp-includes/images/?MA HTTP/2" 200 1732 "-" "Mozilla/5.0 AppleWebKit/537.36 (KHTML, like Gecko; compatible; GPTBot/1.3; +https://openai.com/gptbot)"
74.7.227.169 - - [06/Dec/2025:00:04:52 +0000] "GET /wp-includes/images/?ND HTTP/2" 200 1744 "-" "Mozilla/5.0 AppleWebKit/537.36 (KHTML, like Gecko; compatible; GPTBot/1.3; +https://openai.com/gptbot)"
74.7.227.169 - - [06/Dec/2025:00:04:55 +0000] "GET /wp-includes/html-api/class-wp-html-decoder.php HTTP/2" 200 0 "-" "Mozilla/5.0 AppleWebKit/537.36 (KHTML, like Gecko; compatible; GPTBot/1.3; +https://openai.com/gptbot)"
74.7.227.169 - - [06/Dec/2025:00:04:58 +0000] "GET /wp-includes/shortcodes.php HTTP/2" 200 0 "-" "Mozilla/5.0 AppleWebKit/537.36 (KHTML, like Gecko; compatible; GPTBot/1.3; +https://openai.com/gptbot)"
74.7.227.169 - - [06/Dec/2025:00:05:00 +0000] "GET /wp-includes/embed.php HTTP/2" 200 0 "-" "Mozilla/5.0 AppleWebKit/537.36 (KHTML, like Gecko; compatible; GPTBot/1.3; +https://openai.com/gptbot)"
74.7.227.169 - - [06/Dec/2025:00:05:02 +0000] "GET /wp-includes/default-constants.php HTTP/2" 200 0 "-" "Mozilla/5.0 AppleWebKit/537.36 (KHTML, like Gecko; compatible; GPTBot/1.3; +https://openai.com/gptbot)"
74.7.227.169 - - [06/Dec/2025:00:05:03 +0000] "GET /wp-includes/class-wp-editor.php HTTP/2" 200 0 "-" "Mozilla/5.0 AppleWebKit/537.36 (KHTML, like Gecko; compatible; GPTBot/1.3; +https://openai.com/gptbot)"
74.7.227.169 - - [06/Dec/2025:00:05:05 +0000] "GET /wp-includes/rest-api/class-wp-rest-server.php HTTP/2" 200 0 "-" "Mozilla/5.0 AppleWebKit/537.36 (KHTML, like Gecko; compatible; GPTBot/1.3; +https://openai.com/gptbot)"
74.7.227.169 - - [06/Dec/2025:00:05:06 +0000] "GET /wp-includes/rest-api/class-wp-rest-request.php HTTP/2" 200 0 "-" "Mozilla/5.0 AppleWebKit/537.36 (KHTML, like Gecko; compatible; GPTBot/1.3; +https://openai.com/gptbot)"
74.7.227.169 - - [06/Dec/2025:00:05:08 +0000] "GET /wp-includes/nav-menu-template.php HTTP/2" 200 6 "-" "Mozilla/5.0 AppleWebKit/537.36 (KHTML, like Gecko; compatible; GPTBot/1.3; +https://openai.com/gptbot)"
74.7.227.169 - - [06/Dec/2025:00:05:09 +0000] "GET /wp-includes/images/?NA HTTP/2" 200 1687 "-" "Mozilla/5.0 AppleWebKit/537.36 (KHTML, like Gecko; compatible; GPTBot/1.3; +https://openai.com/gptbot)"
74.7.227.169 - - [06/Dec/2025:00:05:10 +0000] "GET /wp-includes/images/?SD HTTP/2" 200 1728 "-" "Mozilla/5.0 AppleWebKit/537.36 (KHTML, like Gecko; compatible; GPTBot/1.3; +https://openai.com/gptbot)"
74.7.227.169 - - [06/Dec/2025:00:05:11 +0000] "GET /wp-includes/images/?MD HTTP/2" 200 1729 "-" "Mozilla/5.0 AppleWebKit/537.36 (KHTML, like Gecko; compatible; GPTBot/1.3; +https://openai.com/gptbot)"
74.7.227.169 - - [06/Dec/2025:00:05:12 +0000] "GET /wp-includes/html-api/error_log HTTP/2" 403 1242 "-" "Mozilla/5.0 AppleWebKit/537.36 (KHTML, like Gecko; compatible; GPTBot/1.3; +https://openai.com/gptbot)"
74.7.227.169 - - [06/Dec/2025:00:05:12 +0000] "GET /wp-includes/js/customize-models.min.js HTTP/2" 200 1067 "-" "Mozilla/5.0 AppleWebKit/537.36 (KHTML, like Gecko; compatible; GPTBot/1.3; +https://openai.com/gptbot)"
74.7.227.169 - - [06/Dec/2025:00:05:13 +0000] "GET /wp-includes/js/customize-loader.min.js HTTP/2" 200 1224 "-" "Mozilla/5.0 AppleWebKit/537.36 (KHTML, like Gecko; compatible; GPTBot/1.3; +https://openai.com/gptbot)"
74.7.227.169 - - [06/Dec/2025:00:05:14 +0000] "GET /wp-includes/images/smilies/ HTTP/2" 200 1438 "-" "Mozilla/5.0 AppleWebKit/537.36 (KHTML, like Gecko; compatible; GPTBot/1.3; +https://openai.com/gptbot)"
74.7.227.169 - - [06/Dec/2025:00:05:14 +0000] "GET /wp-includes/images/crystal/ HTTP/2" 200 1187 "-" "Mozilla/5.0 AppleWebKit/537.36 (KHTML, like Gecko; compatible; GPTBot/1.3; +https://openai.com/gptbot)"
74.7.227.169 - - [06/Dec/2025:00:05:15 +0000] "GET /wp-includes/html-api/class-wp-html-doctype-info.php HTTP/2" 200 0 "-" "Mozilla/5.0 AppleWebKit/537.36 (KHTML, like Gecko; compatible; GPTBot/1.3; +https://openai.com/gptbot)"
74.7.227.169 - - [06/Dec/2025:00:05:15 +0000] "GET /wp-includes/class-wp-list-util.php HTTP/2" 200 0 "-" "Mozilla/5.0 AppleWebKit/537.36 (KHTML, like Gecko; compatible; GPTBot/1.3; +https://openai.com/gptbot)"
74.7.227.169 - - [06/Dec/2025:00:05:16 +0000] "GET /wp-includes/script-loader.php HTTP/2" 500 0 "-" "Mozilla/5.0 AppleWebKit/537.36 (KHTML, like Gecko; compatible; GPTBot/1.3; +https://openai.com/gptbot)"
74.7.227.169 - - [06/Dec/2025:00:05:16 +0000] "GET /wp-includes/rss-functions.php HTTP/2" 200 0 "-" "Mozilla/5.0 AppleWebKit/537.36 (KHTML, like Gecko; compatible; GPTBot/1.3; +https://openai.com/gptbot)"
74.7.227.169 - - [06/Dec/2025:00:05:18 +0000] "GET /wp-includes/abilities-api.php HTTP/2" 200 0 "-" "Mozilla/5.0 AppleWebKit/537.36 (KHTML, like Gecko; compatible; GPTBot/1.3; +https://openai.com/gptbot)"
74.7.227.169 - - [06/Dec/2025:00:05:19 +0000] "GET /wp-includes/link-template.php HTTP/2" 200 0 "-" "Mozilla/5.0 AppleWebKit/537.36 (KHTML, like Gecko; compatible; GPTBot/1.3; +https://openai.com/gptbot)"
74.7.227.169 - - [06/Dec/2025:00:05:21 +0000] "GET /wp-includes/ms-deprecated.php HTTP/2" 200 0 "-" "Mozilla/5.0 AppleWebKit/537.36 (KHTML, like Gecko; compatible; GPTBot/1.3; +https://openai.com/gptbot)"
74.7.227.169 - - [06/Dec/2025:00:05:22 +0000] "GET /wp-includes/registration.php HTTP/2" 500 0 "-" "Mozilla/5.0 AppleWebKit/537.36 (KHTML, like Gecko; compatible; GPTBot/1.3; +https://openai.com/gptbot)"
74.7.227.169 - - [06/Dec/2025:00:05:23 +0000] "GET /wp-includes/html-api/class-wp-html-unsupported-exception.php HTTP/2" 200 0 "-" "Mozilla/5.0 AppleWebKit/537.36 (KHTML, like Gecko; compatible; GPTBot/1.3; +https://openai.com/gptbot)"
170.10.164.108 - - [06/Dec/2025:00:05:24 +0000] "POST /wp-cron.php?doing_wp_cron=1764979524.3392610549926757812500 HTTP/1.1" 200 0 "-" "WordPress/6.9; https://cntxt.brainware.com.co"
66.249.70.64 - - [06/Dec/2025:00:05:23 +0000] "GET /products/7245846 HTTP/1.1" 404 7948 "-" "Mozilla/5.0 (Linux; Android 6.0.1; Nexus 5X Build/MMB29P) AppleWebKit/537.36 (KHTML, like Gecko) Chrome/141.0.7390.122 Mobile Safari/537.36 (compatible; Googlebot/2.1; +http://www.google.com/bot.html)"
74.7.227.169 - - [06/Dec/2025:00:05:26 +0000] "GET /wp-includes/class-wp-theme-json.php HTTP/2" 200 0 "-" "Mozilla/5.0 AppleWebKit/537.36 (KHTML, like Gecko; compatible; GPTBot/1.3; +https://openai.com/gptbot)"
74.7.227.169 - - [06/Dec/2025:00:05:29 +0000] "GET /wp-includes/images/crystal/license.txt HTTP/2" 200 149 "-" "Mozilla/5.0 AppleWebKit/537.36 (KHTML, like Gecko; compatible; GPTBot/1.3; +https://openai.com/gptbot)"
74.7.227.169 - - [06/Dec/2025:00:05:31 +0000] "GET /wp-includes/capabilities.php HTTP/2" 200 0 "-" "Mozilla/5.0 AppleWebKit/537.36 (KHTML, like Gecko; compatible; GPTBot/1.3; +https://openai.com/gptbot)"
74.7.227.169 - - [06/Dec/2025:00:05:34 +0000] "GET /wp-includes/class-wp-comment-query.php HTTP/2" 200 0 "-" "Mozilla/5.0 AppleWebKit/537.36 (KHTML, like Gecko; compatible; GPTBot/1.3; +https://openai.com/gptbot)"
74.7.227.169 - - [06/Dec/2025:00:05:36 +0000] "GET /wp-includes/html-api/class-wp-html-processor.php HTTP/2" 500 0 "-" "Mozilla/5.0 AppleWebKit/537.36 (KHTML, like Gecko; compatible; GPTBot/1.3; +https://openai.com/gptbot)"
74.7.227.169 - - [06/Dec/2025:00:05:38 +0000] "GET /wp-includes/html-api/class-wp-html-processor-state.php HTTP/2" 200 0 "-" "Mozilla/5.0 AppleWebKit/537.36 (KHTML, like Gecko; compatible; GPTBot/1.3; +https://openai.com/gptbot)"
74.7.227.169 - - [06/Dec/2025:00:05:43 +0000] "GET /wp-includes/interactivity-api/cgi-bin/ HTTP/2" 302 0 "-" "Mozilla/5.0 AppleWebKit/537.36 (KHTML, like Gecko; compatible; GPTBot/1.3; +https://openai.com/gptbot)"
74.7.227.169 - - [06/Dec/2025:00:05:43 +0000] "GET /wp-includes/interactivity-api/cgi-bin/index.php?p= HTTP/2" 200 14876 "-" "Mozilla/5.0 AppleWebKit/537.36 (KHTML, like Gecko; compatible; GPTBot/1.3; +https://openai.com/gptbot)"
