66.249.70.70 - - [05/Dec/2025:14:40:45 +0000] "GET /products/10871813 HTTP/1.1" 404 7949 "-" "Mozilla/5.0 (Linux; Android 6.0.1; Nexus 5X Build/MMB29P) AppleWebKit/537.36 (KHTML, like Gecko) Chrome/141.0.7390.122 Mobile Safari/537.36 (compatible; Googlebot/2.1; +http://www.google.com/bot.html)"
66.249.70.70 - - [05/Dec/2025:14:43:12 +0000] "GET /products/24317213 HTTP/1.1" 404 7949 "-" "Mozilla/5.0 (Linux; Android 6.0.1; Nexus 5X Build/MMB29P) AppleWebKit/537.36 (KHTML, like Gecko) Chrome/141.0.7390.122 Mobile Safari/537.36 (compatible; Googlebot/2.1; +http://www.google.com/bot.html)"
170.10.164.108 - - [05/Dec/2025:14:28:05 +0000] "POST /wp-cron.php?doing_wp_cron=1764944885.0785479545593261718750 HTTP/1.1" 200 0 "-" "WordPress/6.9; https://cntxt.brainware.com.co"
66.249.70.71 - - [05/Dec/2025:14:28:45 +0000] "GET /wp-includes/images/smilies/icon_idea.gif HTTP/1.1" 200 174 "-" "Googlebot-Image/1.0"
66.249.70.70 - - [05/Dec/2025:14:31:09 +0000] "GET /products/26649480 HTTP/1.1" 404 7949 "-" "Mozilla/5.0 (Linux; Android 6.0.1; Nexus 5X Build/MMB29P) AppleWebKit/537.36 (KHTML, like Gecko) Chrome/141.0.7390.122 Mobile Safari/537.36 (compatible; Googlebot/2.1; +http://www.google.com/bot.html)"
66.249.70.71 - - [05/Dec/2025:14:31:11 +0000] "GET /products/9446091 HTTP/1.1" 404 7949 "-" "Mozilla/5.0 (Linux; Android 6.0.1; Nexus 5X Build/MMB29P) AppleWebKit/537.36 (KHTML, like Gecko) Chrome/141.0.7390.122 Mobile Safari/537.36 (compatible; Googlebot/2.1; +http://www.google.com/bot.html)"
66.249.70.70 - - [05/Dec/2025:14:32:12 +0000] "GET /products/11271013 HTTP/1.1" 404 7949 "-" "Mozilla/5.0 (Linux; Android 6.0.1; Nexus 5X Build/MMB29P) AppleWebKit/537.36 (KHTML, like Gecko) Chrome/141.0.7390.122 Mobile Safari/537.36 (compatible; Googlebot/2.1; +http://www.google.com/bot.html)"
66.249.70.71 - - [05/Dec/2025:14:32:50 +0000] "GET /products/24914224 HTTP/1.1" 404 7949 "-" "Mozilla/5.0 (Linux; Android 6.0.1; Nexus 5X Build/MMB29P) AppleWebKit/537.36 (KHTML, like Gecko) Chrome/141.0.7390.122 Mobile Safari/537.36 (compatible; Googlebot/2.1; +http://www.google.com/bot.html)"
170.10.164.108 - - [05/Dec/2025:14:33:52 +0000] "POST /wp-cron.php?doing_wp_cron=1764945232.8886859416961669921875 HTTP/1.1" 200 0 "-" "WordPress/6.9; https://cntxt.brainware.com.co"
170.10.164.108 - - [05/Dec/2025:14:34:37 +0000] "POST /wp-cron.php?doing_wp_cron=1764945277.7554020881652832031250 HTTP/1.1" 200 0 "-" "WordPress/6.9; https://cntxt.brainware.com.co"
170.10.164.108 - - [05/Dec/2025:14:36:58 +0000] "POST /wp-cron.php?doing_wp_cron=1764945418.2965199947357177734375 HTTP/1.1" 200 0 "-" "WordPress/6.9; https://cntxt.brainware.com.co"
66.249.70.71 - - [05/Dec/2025:14:38:33 +0000] "GET /products/9337479 HTTP/1.1" 404 7949 "-" "Mozilla/5.0 (Linux; Android 6.0.1; Nexus 5X Build/MMB29P) AppleWebKit/537.36 (KHTML, like Gecko) Chrome/141.0.7390.122 Mobile Safari/537.36 (compatible; Googlebot/2.1; +http://www.google.com/bot.html)"
66.249.70.64 - - [05/Dec/2025:14:40:47 +0000] "GET /products/1442913 HTTP/1.1" 404 7949 "-" "Mozilla/5.0 (Linux; Android 6.0.1; Nexus 5X Build/MMB29P) AppleWebKit/537.36 (KHTML, like Gecko) Chrome/141.0.7390.122 Mobile Safari/537.36 (compatible; Googlebot/2.1; +http://www.google.com/bot.html)"
66.249.70.71 - - [05/Dec/2025:14:41:16 +0000] "GET /wp-includes/images/crystal/default.png HTTP/1.1" 200 453 "-" "Googlebot-Image/1.0"
170.10.164.108 - - [05/Dec/2025:14:43:13 +0000] "POST /wp-cron.php?doing_wp_cron=1764945793.3449659347534179687500 HTTP/1.1" 200 0 "-" "WordPress/6.9; https://cntxt.brainware.com.co"
66.249.70.71 - - [05/Dec/2025:14:45:01 +0000] "GET /products/10007846 HTTP/1.1" 404 7949 "-" "Mozilla/5.0 (Linux; Android 6.0.1; Nexus 5X Build/MMB29P) AppleWebKit/537.36 (KHTML, like Gecko) Chrome/141.0.7390.122 Mobile Safari/537.36 (compatible; Googlebot/2.1; +http://www.google.com/bot.html)"
66.249.70.70 - - [05/Dec/2025:14:47:12 +0000] "GET /products/16715768 HTTP/1.1" 404 7949 "-" "Mozilla/5.0 (Linux; Android 6.0.1; Nexus 5X Build/MMB29P) AppleWebKit/537.36 (KHTML, like Gecko) Chrome/141.0.7390.122 Mobile Safari/537.36 (compatible; Googlebot/2.1; +http://www.google.com/bot.html)"
66.249.70.70 - - [05/Dec/2025:14:47:14 +0000] "GET /products/30816735 HTTP/1.1" 404 7947 "-" "Mozilla/5.0 (Linux; Android 6.0.1; Nexus 5X Build/MMB29P) AppleWebKit/537.36 (KHTML, like Gecko) Chrome/141.0.7390.122 Mobile Safari/537.36 (compatible; Googlebot/2.1; +http://www.google.com/bot.html)"
170.10.164.108 - - [05/Dec/2025:14:48:16 +0000] "POST /wp-cron.php?doing_wp_cron=1764946096.7964580059051513671875 HTTP/1.1" 200 0 "-" "WordPress/6.9; https://cntxt.brainware.com.co"
66.249.70.64 - - [05/Dec/2025:14:48:15 +0000] "GET /products/9775113 HTTP/1.1" 404 7949 "-" "Mozilla/5.0 (Linux; Android 6.0.1; Nexus 5X Build/MMB29P) AppleWebKit/537.36 (KHTML, like Gecko) Chrome/141.0.7390.122 Mobile Safari/537.36 (compatible; Googlebot/2.1; +http://www.google.com/bot.html)"
152.203.125.120 - - [05/Dec/2025:14:48:41 +0000] "GET / HTTP/2" 200 22027 "-" "Mozilla/5.0 (Windows NT 10.0; Win64; x64) AppleWebKit/537.36 (KHTML, like Gecko) Chrome/142.0.0.0 Safari/537.36"
152.203.125.120 - - [05/Dec/2025:14:48:42 +0000] "GET /wp-content/plugins/jet-engine/assets/css/frontend.css?ver=3.7.4 HTTP/2" 200 8095 "https://cntxt.brainware.com.co/" "Mozilla/5.0 (Windows NT 10.0; Win64; x64) AppleWebKit/537.36 (KHTML, like Gecko) Chrome/142.0.0.0 Safari/537.36"
152.203.125.120 - - [05/Dec/2025:14:48:42 +0000] "GET /wp-content/uploads/elementor/css/custom-frontend.min.css?ver=1764772164 HTTP/2" 200 6489 "https://cntxt.brainware.com.co/" "Mozilla/5.0 (Windows NT 10.0; Win64; x64) AppleWebKit/537.36 (KHTML, like Gecko) Chrome/142.0.0.0 Safari/537.36"
152.203.125.120 - - [05/Dec/2025:14:48:42 +0000] "GET /wp-content/uploads/elementor/css/post-98.css?ver=1764772164 HTTP/2" 200 1841 "https://cntxt.brainware.com.co/" "Mozilla/5.0 (Windows NT 10.0; Win64; x64) AppleWebKit/537.36 (KHTML, like Gecko) Chrome/142.0.0.0 Safari/537.36"
152.203.125.120 - - [05/Dec/2025:14:48:42 +0000] "GET /wp-content/plugins/elementor/assets/css/widget-image.min.css?ver=3.31.4 HTTP/2" 200 119 "https://cntxt.brainware.com.co/" "Mozilla/5.0 (Windows NT 10.0; Win64; x64) AppleWebKit/537.36 (KHTML, like Gecko) Chrome/142.0.0.0 Safari/537.36"
152.203.125.120 - - [05/Dec/2025:14:48:42 +0000] "GET /wp-content/plugins/elementor/assets/css/widget-heading.min.css?ver=3.31.4 HTTP/2" 200 154 "https://cntxt.brainware.com.co/" "Mozilla/5.0 (Windows NT 10.0; Win64; x64) AppleWebKit/537.36 (KHTML, like Gecko) Chrome/142.0.0.0 Safari/537.36"
152.203.125.120 - - [05/Dec/2025:14:48:42 +0000] "GET /wp-content/plugins/jetformbuilder/assets/build/frontend/main.css?ver=3.4.7 HTTP/2" 200 1993 "https://cntxt.brainware.com.co/" "Mozilla/5.0 (Windows NT 10.0; Win64; x64) AppleWebKit/537.36 (KHTML, like Gecko) Chrome/142.0.0.0 Safari/537.36"
152.203.125.120 - - [05/Dec/2025:14:48:42 +0000] "GET /wp-content/plugins/pro-elements/assets/css/modules/motion-fx.min.css?ver=3.31.2 HTTP/2" 200 210 "https://cntxt.brainware.com.co/" "Mozilla/5.0 (Windows NT 10.0; Win64; x64) AppleWebKit/537.36 (KHTML, like Gecko) Chrome/142.0.0.0 Safari/537.36"
152.203.125.120 - - [05/Dec/2025:14:48:42 +0000] "GET /wp-content/plugins/elementor/assets/css/widget-spacer.min.css?ver=3.31.4 HTTP/2" 200 315 "https://cntxt.brainware.com.co/" "Mozilla/5.0 (Windows NT 10.0; Win64; x64) AppleWebKit/537.36 (KHTML, like Gecko) Chrome/142.0.0.0 Safari/537.36"
152.203.125.120 - - [05/Dec/2025:14:48:42 +0000] "GET /wp-content/uploads/elementor/css/post-13.css?ver=1764813191 HTTP/2" 200 880 "https://cntxt.brainware.com.co/" "Mozilla/5.0 (Windows NT 10.0; Win64; x64) AppleWebKit/537.36 (KHTML, like Gecko) Chrome/142.0.0.0 Safari/537.36"
152.203.125.120 - - [05/Dec/2025:14:48:42 +0000] "GET /wp-content/uploads/elementor/css/post-47.css?ver=1764813191 HTTP/2" 200 602 "https://cntxt.brainware.com.co/" "Mozilla/5.0 (Windows NT 10.0; Win64; x64) AppleWebKit/537.36 (KHTML, like Gecko) Chrome/142.0.0.0 Safari/537.36"
152.203.125.120 - - [05/Dec/2025:14:48:42 +0000] "GET /wp-content/uploads/elementor/css/post-32.css?ver=1764772165 HTTP/2" 200 343 "https://cntxt.brainware.com.co/" "Mozilla/5.0 (Windows NT 10.0; Win64; x64) AppleWebKit/537.36 (KHTML, like Gecko) Chrome/142.0.0.0 Safari/537.36"
152.203.125.120 - - [05/Dec/2025:14:48:42 +0000] "GET /wp-content/plugins/fluentform/assets/css/fluent-forms-elementor-widget.css?ver=6.1.4 HTTP/2" 200 771 "https://cntxt.brainware.com.co/" "Mozilla/5.0 (Windows NT 10.0; Win64; x64) AppleWebKit/537.36 (KHTML, like Gecko) Chrome/142.0.0.0 Safari/537.36"
152.203.125.120 - - [05/Dec/2025:14:48:42 +0000] "GET /wp-content/uploads/elementor/css/post-39.css?ver=1764772165 HTTP/2" 200 309 "https://cntxt.brainware.com.co/" "Mozilla/5.0 (Windows NT 10.0; Win64; x64) AppleWebKit/537.36 (KHTML, like Gecko) Chrome/142.0.0.0 Safari/537.36"
152.203.125.120 - - [05/Dec/2025:14:48:42 +0000] "GET /wp-content/plugins/jetformbuilder/modules/wysiwyg/assets/build/wysiwyg.css?ver=5a4d16fb6d7a94700261 HTTP/2" 200 819 "https://cntxt.brainware.com.co/" "Mozilla/5.0 (Windows NT 10.0; Win64; x64) AppleWebKit/537.36 (KHTML, like Gecko) Chrome/142.0.0.0 Safari/537.36"
152.203.125.120 - - [05/Dec/2025:14:48:42 +0000] "GET /wp-content/plugins/jetformbuilder/modules/blocks-v2/text-field/assets/build/frontend/field.css?ver=16395ed38b7c1e8808d6 HTTP/2" 200 191 "https://cntxt.brainware.com.co/" "Mozilla/5.0 (Windows NT 10.0; Win64; x64) AppleWebKit/537.36 (KHTML, like Gecko) Chrome/142.0.0.0 Safari/537.36"
152.203.125.120 - - [05/Dec/2025:14:48:42 +0000] "GET /wp-includes/css/buttons.min.css?ver=6.9 HTTP/2" 200 1275 "https://cntxt.brainware.com.co/" "Mozilla/5.0 (Windows NT 10.0; Win64; x64) AppleWebKit/537.36 (KHTML, like Gecko) Chrome/142.0.0.0 Safari/537.36"
152.203.125.120 - - [05/Dec/2025:14:48:42 +0000] "GET /wp-content/plugins/elementor/assets/lib/swiper/v8/css/swiper.min.css?ver=8.4.5 HTTP/2" 200 4248 "https://cntxt.brainware.com.co/" "Mozilla/5.0 (Windows NT 10.0; Win64; x64) AppleWebKit/537.36 (KHTML, like Gecko) Chrome/142.0.0.0 Safari/537.36"
152.203.125.120 - - [05/Dec/2025:14:48:42 +0000] "GET /wp-content/plugins/elementor/assets/css/conditionals/e-swiper.min.css?ver=3.31.4 HTTP/2" 200 699 "https://cntxt.brainware.com.co/" "Mozilla/5.0 (Windows NT 10.0; Win64; x64) AppleWebKit/537.36 (KHTML, like Gecko) Chrome/142.0.0.0 Safari/537.36"
152.203.125.120 - - [05/Dec/2025:14:48:42 +0000] "GET /wp-content/plugins/fluentform/assets/css/fluent-forms-public.css?ver=6.1.4 HTTP/2" 200 5605 "https://cntxt.brainware.com.co/" "Mozilla/5.0 (Windows NT 10.0; Win64; x64) AppleWebKit/537.36 (KHTML, like Gecko) Chrome/142.0.0.0 Safari/537.36"
152.203.125.120 - - [05/Dec/2025:14:48:42 +0000] "GET /wp-content/plugins/fluentform/assets/css/fluentform-public-default.css?ver=6.1.4 HTTP/2" 200 1036 "https://cntxt.brainware.com.co/" "Mozilla/5.0 (Windows NT 10.0; Win64; x64) AppleWebKit/537.36 (KHTML, like Gecko) Chrome/142.0.0.0 Safari/537.36"
152.203.125.120 - - [05/Dec/2025:14:48:42 +0000] "GET /wp-content/plugins/elementskit-lite/modules/elementskit-icon-pack/assets/css/ekiticons.css?ver=3.7.5 HTTP/2" 200 9681 "https://cntxt.brainware.com.co/" "Mozilla/5.0 (Windows NT 10.0; Win64; x64) AppleWebKit/537.36 (KHTML, like Gecko) Chrome/142.0.0.0 Safari/537.36"
152.203.125.120 - - [05/Dec/2025:14:48:42 +0000] "GET /wp-includes/css/dist/block-library/style.min.css?ver=6.9 HTTP/2" 200 14921 "https://cntxt.brainware.com.co/" "Mozilla/5.0 (Windows NT 10.0; Win64; x64) AppleWebKit/537.36 (KHTML, like Gecko) Chrome/142.0.0.0 Safari/537.36"
152.203.125.120 - - [05/Dec/2025:14:48:42 +0000] "GET /wp-content/uploads/2025/10/01_-CNTXT_BLANCO.png HTTP/2" 200 10250 "https://cntxt.brainware.com.co/" "Mozilla/5.0 (Windows NT 10.0; Win64; x64) AppleWebKit/537.36 (KHTML, like Gecko) Chrome/142.0.0.0 Safari/537.36"
152.203.125.120 - - [05/Dec/2025:14:48:42 +0000] "GET /wp-includes/css/dashicons.min.css?ver=6.9 HTTP/2" 200 35101 "https://cntxt.brainware.com.co/" "Mozilla/5.0 (Windows NT 10.0; Win64; x64) AppleWebKit/537.36 (KHTML, like Gecko) Chrome/142.0.0.0 Safari/537.36"
152.203.125.120 - - [05/Dec/2025:14:48:42 +0000] "GET /wp-includes/css/editor.min.css?ver=6.9 HTTP/2" 200 5612 "https://cntxt.brainware.com.co/" "Mozilla/5.0 (Windows NT 10.0; Win64; x64) AppleWebKit/537.36 (KHTML, like Gecko) Chrome/142.0.0.0 Safari/537.36"
152.203.125.120 - - [05/Dec/2025:14:48:42 +0000] "GET /wp-content/themes/hello-elementor/assets/js/hello-frontend.js?ver=3.4.4 HTTP/2" 200 496 "https://cntxt.brainware.com.co/" "Mozilla/5.0 (Windows NT 10.0; Win64; x64) AppleWebKit/537.36 (KHTML, like Gecko) Chrome/142.0.0.0 Safari/537.36"
152.203.125.120 - - [05/Dec/2025:14:48:42 +0000] "GET /wp-content/plugins/elementor/assets/js/webpack.runtime.min.js?ver=3.31.4 HTTP/2" 200 2320 "https://cntxt.brainware.com.co/" "Mozilla/5.0 (Windows NT 10.0; Win64; x64) AppleWebKit/537.36 (KHTML, like Gecko) Chrome/142.0.0.0 Safari/537.36"
152.203.125.120 - - [05/Dec/2025:14:48:42 +0000] "GET /wp-content/plugins/elementor/assets/js/frontend-modules.min.js?ver=3.31.4 HTTP/2" 200 14925 "https://cntxt.brainware.com.co/" "Mozilla/5.0 (Windows NT 10.0; Win64; x64) AppleWebKit/537.36 (KHTML, like Gecko) Chrome/142.0.0.0 Safari/537.36"
152.203.125.120 - - [05/Dec/2025:14:48:42 +0000] "GET /wp-includes/js/jquery/ui/core.min.js?ver=1.13.3 HTTP/2" 200 6812 "https://cntxt.brainware.com.co/" "Mozilla/5.0 (Windows NT 10.0; Win64; x64) AppleWebKit/537.36 (KHTML, like Gecko) Chrome/142.0.0.0 Safari/537.36"
152.203.125.120 - - [05/Dec/2025:14:48:42 +0000] "GET /wp-content/plugins/elementor/assets/js/frontend.min.js?ver=3.31.4 HTTP/2" 200 10404 "https://cntxt.brainware.com.co/" "Mozilla/5.0 (Windows NT 10.0; Win64; x64) AppleWebKit/537.36 (KHTML, like Gecko) Chrome/142.0.0.0 Safari/537.36"
152.203.125.120 - - [05/Dec/2025:14:48:42 +0000] "GET /wp-content/plugins/elementskit-lite/libs/framework/assets/js/frontend-script.js?ver=3.7.5 HTTP/2" 200 40 "https://cntxt.brainware.com.co/" "Mozilla/5.0 (Windows NT 10.0; Win64; x64) AppleWebKit/537.36 (KHTML, like Gecko) Chrome/142.0.0.0 Safari/537.36"
152.203.125.120 - - [05/Dec/2025:14:48:42 +0000] "GET /wp-content/plugins/jetformbuilder/modules/deprecated/assets/build/frontend.js?ver=120e75a68931b79be3f4 HTTP/2" 200 337 "https://cntxt.brainware.com.co/" "Mozilla/5.0 (Windows NT 10.0; Win64; x64) AppleWebKit/537.36 (KHTML, like Gecko) Chrome/142.0.0.0 Safari/537.36"
152.203.125.120 - - [05/Dec/2025:14:48:42 +0000] "GET /wp-includes/js/dist/hooks.min.js?ver=dd5603f07f9220ed27f1 HTTP/2" 200 1852 "https://cntxt.brainware.com.co/" "Mozilla/5.0 (Windows NT 10.0; Win64; x64) AppleWebKit/537.36 (KHTML, like Gecko) Chrome/142.0.0.0 Safari/537.36"
152.203.125.120 - - [05/Dec/2025:14:48:42 +0000] "GET /wp-includes/js/dist/i18n.min.js?ver=c26c3dc7bed366793375 HTTP/2" 200 2119 "https://cntxt.brainware.com.co/" "Mozilla/5.0 (Windows NT 10.0; Win64; x64) AppleWebKit/537.36 (KHTML, like Gecko) Chrome/142.0.0.0 Safari/537.36"
152.203.125.120 - - [05/Dec/2025:14:48:42 +0000] "GET /wp-content/plugins/jetformbuilder/modules/jet-plugins/assets/build/index.js?ver=1.0.0 HTTP/2" 200 1626 "https://cntxt.brainware.com.co/" "Mozilla/5.0 (Windows NT 10.0; Win64; x64) AppleWebKit/537.36 (KHTML, like Gecko) Chrome/142.0.0.0 Safari/537.36"
152.203.125.120 - - [05/Dec/2025:14:48:42 +0000] "GET /wp-content/plugins/jetformbuilder/assets/build/frontend/main.js?ver=5b8e6e713113f8b46ab1 HTTP/2" 200 12090 "https://cntxt.brainware.com.co/" "Mozilla/5.0 (Windows NT 10.0; Win64; x64) AppleWebKit/537.36 (KHTML, like Gecko) Chrome/142.0.0.0 Safari/537.36"
152.203.125.120 - - [05/Dec/2025:14:48:42 +0000] "GET /wp-content/plugins/jetformbuilder/modules/blocks-v2/text-field/assets/build/frontend/field.js?ver=16395ed38b7c1e8808d6 HTTP/2" 200 529 "https://cntxt.brainware.com.co/" "Mozilla/5.0 (Windows NT 10.0; Win64; x64) AppleWebKit/537.36 (KHTML, like Gecko) Chrome/142.0.0.0 Safari/537.36"
152.203.125.120 - - [05/Dec/2025:14:48:42 +0000] "GET /wp-content/plugins/jetformbuilder/assets/build/frontend/conditional.block.js?ver=3.4.7 HTTP/2" 200 2670 "https://cntxt.brainware.com.co/" "Mozilla/5.0 (Windows NT 10.0; Win64; x64) AppleWebKit/537.36 (KHTML, like Gecko) Chrome/142.0.0.0 Safari/537.36"
152.203.125.120 - - [05/Dec/2025:14:48:42 +0000] "GET /wp-content/plugins/jetformbuilder/assets/build/frontend/multi.step.js?ver=3.4.7 HTTP/2" 200 2142 "https://cntxt.brainware.com.co/" "Mozilla/5.0 (Windows NT 10.0; Win64; x64) AppleWebKit/537.36 (KHTML, like Gecko) Chrome/142.0.0.0 Safari/537.36"
152.203.125.120 - - [05/Dec/2025:14:48:42 +0000] "GET /wp-content/plugins/elementskit-lite/widgets/init/assets/js/widget-scripts.js?ver=3.7.5 HTTP/2" 200 35012 "https://cntxt.brainware.com.co/" "Mozilla/5.0 (Windows NT 10.0; Win64; x64) AppleWebKit/537.36 (KHTML, like Gecko) Chrome/142.0.0.0 Safari/537.36"
152.203.125.120 - - [05/Dec/2025:14:48:42 +0000] "GET /wp-includes/js/tinymce/tinymce.min.js?ver=49110-20250317 HTTP/2" 200 119543 "https://cntxt.brainware.com.co/" "Mozilla/5.0 (Windows NT 10.0; Win64; x64) AppleWebKit/537.36 (KHTML, like Gecko) Chrome/142.0.0.0 Safari/537.36"
152.203.125.120 - - [05/Dec/2025:14:48:42 +0000] "GET /wp-includes/js/tinymce/plugins/compat3x/plugin.min.js?ver=49110-20250317 HTTP/2" 200 1664 "https://cntxt.brainware.com.co/" "Mozilla/5.0 (Windows NT 10.0; Win64; x64) AppleWebKit/537.36 (KHTML, like Gecko) Chrome/142.0.0.0 Safari/537.36"
152.203.125.120 - - [05/Dec/2025:14:48:42 +0000] "GET /wp-content/uploads/elementor/google-fonts/fonts/lora-1ace0d36.woff2 HTTP/2" 200 37788 "https://cntxt.brainware.com.co/wp-content/uploads/elementor/google-fonts/css/lora.css?ver=1761857790" "Mozilla/5.0 (Windows NT 10.0; Win64; x64) AppleWebKit/537.36 (KHTML, like Gecko) Chrome/142.0.0.0 Safari/537.36"
152.203.125.120 - - [05/Dec/2025:14:48:42 +0000] "GET /wp-content/uploads/elementor/google-fonts/fonts/manrope-bcbadccc.woff2 HTTP/2" 200 24836 "https://cntxt.brainware.com.co/wp-content/uploads/elementor/google-fonts/css/manrope.css?ver=1761857788" "Mozilla/5.0 (Windows NT 10.0; Win64; x64) AppleWebKit/537.36 (KHTML, like Gecko) Chrome/142.0.0.0 Safari/537.36"
152.203.125.120 - - [05/Dec/2025:14:48:42 +0000] "GET /wp-content/uploads/elementor/google-fonts/fonts/lora-7384de87.woff2 HTTP/2" 200 17248 "https://cntxt.brainware.com.co/wp-content/uploads/elementor/google-fonts/css/lora.css?ver=1761857790" "Mozilla/5.0 (Windows NT 10.0; Win64; x64) AppleWebKit/537.36 (KHTML, like Gecko) Chrome/142.0.0.0 Safari/537.36"
152.203.125.120 - - [05/Dec/2025:14:48:42 +0000] "GET /wp-content/plugins/jetformbuilder/assets/lib/jquery-sortable/sortable.js?ver=3.4.7 HTTP/2" 200 964 "https://cntxt.brainware.com.co/" "Mozilla/5.0 (Windows NT 10.0; Win64; x64) AppleWebKit/537.36 (KHTML, like Gecko) Chrome/142.0.0.0 Safari/537.36"
152.203.125.120 - - [05/Dec/2025:14:48:42 +0000] "GET /wp-content/plugins/jetformbuilder/assets/build/frontend/media.field.js?ver=2945719cb9e4ba303dae HTTP/2" 200 1437 "https://cntxt.brainware.com.co/" "Mozilla/5.0 (Windows NT 10.0; Win64; x64) AppleWebKit/537.36 (KHTML, like Gecko) Chrome/142.0.0.0 Safari/537.36"
152.203.125.120 - - [05/Dec/2025:14:48:42 +0000] "GET /wp-includes/js/utils.min.js?ver=6.9 HTTP/2" 200 756 "https://cntxt.brainware.com.co/" "Mozilla/5.0 (Windows NT 10.0; Win64; x64) AppleWebKit/537.36 (KHTML, like Gecko) Chrome/142.0.0.0 Safari/537.36"
152.203.125.120 - - [05/Dec/2025:14:48:42 +0000] "GET /wp-admin/js/editor.min.js?ver=6.9 HTTP/2" 200 4501 "https://cntxt.brainware.com.co/" "Mozilla/5.0 (Windows NT 10.0; Win64; x64) AppleWebKit/537.36 (KHTML, like Gecko) Chrome/142.0.0.0 Safari/537.36"
152.203.125.120 - - [05/Dec/2025:14:48:42 +0000] "GET /wp-includes/js/quicktags.min.js?ver=6.9 HTTP/2" 200 3331 "https://cntxt.brainware.com.co/" "Mozilla/5.0 (Windows NT 10.0; Win64; x64) AppleWebKit/537.36 (KHTML, like Gecko) Chrome/142.0.0.0 Safari/537.36"
152.203.125.120 - - [05/Dec/2025:14:48:42 +0000] "GET /wp-includes/js/hoverIntent.min.js?ver=1.10.2 HTTP/2" 200 668 "https://cntxt.brainware.com.co/" "Mozilla/5.0 (Windows NT 10.0; Win64; x64) AppleWebKit/537.36 (KHTML, like Gecko) Chrome/142.0.0.0 Safari/537.36"
152.203.125.120 - - [05/Dec/2025:14:48:42 +0000] "GET /wp-includes/js/dist/dom-ready.min.js?ver=f77871ff7694fffea381 HTTP/2" 200 275 "https://cntxt.brainware.com.co/" "Mozilla/5.0 (Windows NT 10.0; Win64; x64) AppleWebKit/537.36 (KHTML, like Gecko) Chrome/142.0.0.0 Safari/537.36"
152.203.125.120 - - [05/Dec/2025:14:48:42 +0000] "GET /wp-includes/js/dist/a11y.min.js?ver=cb460b4676c94bd228ed HTTP/2" 200 794 "https://cntxt.brainware.com.co/" "Mozilla/5.0 (Windows NT 10.0; Win64; x64) AppleWebKit/537.36 (KHTML, like Gecko) Chrome/142.0.0.0 Safari/537.36"
152.203.125.120 - - [05/Dec/2025:14:48:42 +0000] "GET /wp-admin/js/common.min.js?ver=6.9 HTTP/2" 200 7463 "https://cntxt.brainware.com.co/" "Mozilla/5.0 (Windows NT 10.0; Win64; x64) AppleWebKit/537.36 (KHTML, like Gecko) Chrome/142.0.0.0 Safari/537.36"
152.203.125.120 - - [05/Dec/2025:14:48:42 +0000] "GET /wp-includes/js/wplink.min.js?ver=6.9 HTTP/2" 200 3693 "https://cntxt.brainware.com.co/" "Mozilla/5.0 (Windows NT 10.0; Win64; x64) AppleWebKit/537.36 (KHTML, like Gecko) Chrome/142.0.0.0 Safari/537.36"
152.203.125.120 - - [05/Dec/2025:14:48:42 +0000] "GET /wp-includes/js/jquery/ui/menu.min.js?ver=1.13.3 HTTP/2" 200 2917 "https://cntxt.brainware.com.co/" "Mozilla/5.0 (Windows NT 10.0; Win64; x64) AppleWebKit/537.36 (KHTML, like Gecko) Chrome/142.0.0.0 Safari/537.36"
152.203.125.120 - - [05/Dec/2025:14:48:42 +0000] "GET /wp-includes/js/jquery/ui/autocomplete.min.js?ver=1.13.3 HTTP/2" 200 2715 "https://cntxt.brainware.com.co/" "Mozilla/5.0 (Windows NT 10.0; Win64; x64) AppleWebKit/537.36 (KHTML, like Gecko) Chrome/142.0.0.0 Safari/537.36"
152.203.125.120 - - [05/Dec/2025:14:48:42 +0000] "GET /wp-includes/js/thickbox/thickbox.js?ver=3.1-20121105 HTTP/2" 200 4013 "https://cntxt.brainware.com.co/" "Mozilla/5.0 (Windows NT 10.0; Win64; x64) AppleWebKit/537.36 (KHTML, like Gecko) Chrome/142.0.0.0 Safari/537.36"
152.203.125.120 - - [05/Dec/2025:14:48:42 +0000] "GET /wp-includes/js/underscore.min.js?ver=1.13.7 HTTP/2" 200 7185 "https://cntxt.brainware.com.co/" "Mozilla/5.0 (Windows NT 10.0; Win64; x64) AppleWebKit/537.36 (KHTML, like Gecko) Chrome/142.0.0.0 Safari/537.36"
152.203.125.120 - - [05/Dec/2025:14:48:42 +0000] "GET /wp-includes/js/shortcode.min.js?ver=6.9 HTTP/2" 200 1078 "https://cntxt.brainware.com.co/" "Mozilla/5.0 (Windows NT 10.0; Win64; x64) AppleWebKit/537.36 (KHTML, like Gecko) Chrome/142.0.0.0 Safari/537.36"
152.203.125.120 - - [05/Dec/2025:14:48:42 +0000] "GET /wp-admin/js/media-upload.min.js?ver=6.9 HTTP/2" 200 540 "https://cntxt.brainware.com.co/" "Mozilla/5.0 (Windows NT 10.0; Win64; x64) AppleWebKit/537.36 (KHTML, like Gecko) Chrome/142.0.0.0 Safari/537.36"
152.203.125.120 - - [05/Dec/2025:14:48:42 +0000] "GET /wp-content/plugins/jetformbuilder/modules/wysiwyg/assets/build/wysiwyg.js?ver=5a4d16fb6d7a94700261 HTTP/2" 200 949 "https://cntxt.brainware.com.co/" "Mozilla/5.0 (Windows NT 10.0; Win64; x64) AppleWebKit/537.36 (KHTML, like Gecko) Chrome/142.0.0.0 Safari/537.36"
152.203.125.120 - - [05/Dec/2025:14:48:42 +0000] "GET /wp-content/plugins/jet-engine/assets/js/frontend.js?ver=3.7.4 HTTP/2" 200 14919 "https://cntxt.brainware.com.co/" "Mozilla/5.0 (Windows NT 10.0; Win64; x64) AppleWebKit/537.36 (KHTML, like Gecko) Chrome/142.0.0.0 Safari/537.36"
152.203.125.120 - - [05/Dec/2025:14:48:42 +0000] "GET /wp-content/plugins/pro-elements/assets/js/webpack-pro.runtime.min.js?ver=3.31.2 HTTP/2" 200 2624 "https://cntxt.brainware.com.co/" "Mozilla/5.0 (Windows NT 10.0; Win64; x64) AppleWebKit/537.36 (KHTML, like Gecko) Chrome/142.0.0.0 Safari/537.36"
152.203.125.120 - - [05/Dec/2025:14:48:42 +0000] "GET /wp-content/plugins/pro-elements/assets/js/frontend.min.js?ver=3.31.2 HTTP/2" 200 6286 "https://cntxt.brainware.com.co/" "Mozilla/5.0 (Windows NT 10.0; Win64; x64) AppleWebKit/537.36 (KHTML, like Gecko) Chrome/142.0.0.0 Safari/537.36"
152.203.125.120 - - [05/Dec/2025:14:48:42 +0000] "GET /wp-content/plugins/pro-elements/assets/js/elements-handlers.min.js?ver=3.31.2 HTTP/2" 200 10187 "https://cntxt.brainware.com.co/" "Mozilla/5.0 (Windows NT 10.0; Win64; x64) AppleWebKit/537.36 (KHTML, like Gecko) Chrome/142.0.0.0 Safari/537.36"
152.203.125.120 - - [05/Dec/2025:14:48:42 +0000] "GET /wp-content/plugins/elementskit-lite/widgets/init/assets/js/animate-circle.min.js?ver=3.7.5 HTTP/2" 200 393 "https://cntxt.brainware.com.co/" "Mozilla/5.0 (Windows NT 10.0; Win64; x64) AppleWebKit/537.36 (KHTML, like Gecko) Chrome/142.0.0.0 Safari/537.36"
152.203.125.120 - - [05/Dec/2025:14:48:42 +0000] "GET /wp-content/plugins/elementskit-lite/widgets/init/assets/js/elementor.js?ver=3.7.5 HTTP/2" 200 5700 "https://cntxt.brainware.com.co/" "Mozilla/5.0 (Windows NT 10.0; Win64; x64) AppleWebKit/537.36 (KHTML, like Gecko) Chrome/142.0.0.0 Safari/537.36"
152.203.125.120 - - [05/Dec/2025:14:48:42 +0000] "GET /wp-content/uploads/2025/09/79d2bb_e3f6c8c3350743718b1d94b54187e5d9f000.avif HTTP/2" 200 29795 "https://cntxt.brainware.com.co/wp-content/uploads/elementor/css/post-13.css?ver=1764813191" "Mozilla/5.0 (Windows NT 10.0; Win64; x64) AppleWebKit/537.36 (KHTML, like Gecko) Chrome/142.0.0.0 Safari/537.36"
152.203.125.120 - - [05/Dec/2025:14:48:42 +0000] "GET /wp-content/uploads/jet-form-builder/006f52e9102a8d3be2fe5614f42ba989/2025/09/images.png HTTP/2" 200 9283 "https://cntxt.brainware.com.co/" "Mozilla/5.0 (Windows NT 10.0; Win64; x64) AppleWebKit/537.36 (KHTML, like Gecko) Chrome/142.0.0.0 Safari/537.36"
152.203.125.120 - - [05/Dec/2025:14:48:44 +0000] "GET /wp-includes/js/tinymce/themes/modern/theme.min.js?wp-mce-49110-20250317 HTTP/2" 200 39566 "https://cntxt.brainware.com.co/" "Mozilla/5.0 (Windows NT 10.0; Win64; x64) AppleWebKit/537.36 (KHTML, like Gecko) Chrome/142.0.0.0 Safari/537.36"
152.203.125.120 - - [05/Dec/2025:14:48:44 +0000] "GET /wp-includes/js/thickbox/loadingAnimation.gif HTTP/2" 200 15238 "https://cntxt.brainware.com.co/" "Mozilla/5.0 (Windows NT 10.0; Win64; x64) AppleWebKit/537.36 (KHTML, like Gecko) Chrome/142.0.0.0 Safari/537.36"
152.203.125.120 - - [05/Dec/2025:14:48:44 +0000] "GET /wp-content/plugins/elementor/assets/js/shared-frontend-handlers.4c8abccc3e268b0767b2.bundle.min.js HTTP/2" 200 2542 "https://cntxt.brainware.com.co/" "Mozilla/5.0 (Windows NT 10.0; Win64; x64) AppleWebKit/537.36 (KHTML, like Gecko) Chrome/142.0.0.0 Safari/537.36"
152.203.125.120 - - [05/Dec/2025:14:48:44 +0000] "GET /wp-content/plugins/elementor/assets/js/text-editor.abc8f59c62f2820dc25a.bundle.min.js HTTP/2" 200 618 "https://cntxt.brainware.com.co/" "Mozilla/5.0 (Windows NT 10.0; Win64; x64) AppleWebKit/537.36 (KHTML, like Gecko) Chrome/142.0.0.0 Safari/537.36"
152.203.125.120 - - [05/Dec/2025:14:48:44 +0000] "GET /wp-includes/js/tinymce/plugins/lists/plugin.min.js?wp-mce-49110-20250317 HTTP/2" 200 8810 "https://cntxt.brainware.com.co/" "Mozilla/5.0 (Windows NT 10.0; Win64; x64) AppleWebKit/537.36 (KHTML, like Gecko) Chrome/142.0.0.0 Safari/537.36"
152.203.125.120 - - [05/Dec/2025:14:48:44 +0000] "GET /wp-includes/js/tinymce/plugins/paste/plugin.min.js?wp-mce-49110-20250317 HTTP/2" 200 11079 "https://cntxt.brainware.com.co/" "Mozilla/5.0 (Windows NT 10.0; Win64; x64) AppleWebKit/537.36 (KHTML, like Gecko) Chrome/142.0.0.0 Safari/537.36"
152.203.125.120 - - [05/Dec/2025:14:48:44 +0000] "GET /wp-includes/js/tinymce/plugins/tabfocus/plugin.min.js?wp-mce-49110-20250317 HTTP/2" 200 734 "https://cntxt.brainware.com.co/" "Mozilla/5.0 (Windows NT 10.0; Win64; x64) AppleWebKit/537.36 (KHTML, like Gecko) Chrome/142.0.0.0 Safari/537.36"
152.203.125.120 - - [05/Dec/2025:14:48:44 +0000] "GET /wp-includes/js/tinymce/plugins/wplink/plugin.min.js?wp-mce-49110-20250317 HTTP/2" 200 3200 "https://cntxt.brainware.com.co/" "Mozilla/5.0 (Windows NT 10.0; Win64; x64) AppleWebKit/537.36 (KHTML, like Gecko) Chrome/142.0.0.0 Safari/537.36"
152.203.125.120 - - [05/Dec/2025:14:48:44 +0000] "GET /wp-includes/js/tinymce/plugins/wordpress/plugin.min.js?wp-mce-49110-20250317 HTTP/2" 200 5857 "https://cntxt.brainware.com.co/" "Mozilla/5.0 (Windows NT 10.0; Win64; x64) AppleWebKit/537.36 (KHTML, like Gecko) Chrome/142.0.0.0 Safari/537.36"
152.203.125.120 - - [05/Dec/2025:14:48:44 +0000] "GET /wp-includes/js/wp-emoji-release.min.js?ver=6.9 HTTP/2" 200 4949 "https://cntxt.brainware.com.co/" "Mozilla/5.0 (Windows NT 10.0; Win64; x64) AppleWebKit/537.36 (KHTML, like Gecko) Chrome/142.0.0.0 Safari/537.36"
152.203.125.120 - - [05/Dec/2025:14:48:44 +0000] "GET / HTTP/2" 304 0 "https://cntxt.brainware.com.co/" "Mozilla/5.0 (Windows NT 10.0; Win64; x64) AppleWebKit/537.36 (KHTML, like Gecko) Chrome/142.0.0.0 Safari/537.36"
152.203.125.120 - - [05/Dec/2025:14:48:44 +0000] "GET /wp-includes/js/tinymce/skins/lightgray/skin.min.css?wp-mce-49110-20250317 HTTP/2" 200 8110 "https://cntxt.brainware.com.co/" "Mozilla/5.0 (Windows NT 10.0; Win64; x64) AppleWebKit/537.36 (KHTML, like Gecko) Chrome/142.0.0.0 Safari/537.36"
152.203.125.120 - - [05/Dec/2025:14:48:44 +0000] "GET /wp-includes/css/dashicons.min.css?ver=6.9&wp-mce-49110-20250317 HTTP/2" 200 35101 "https://cntxt.brainware.com.co/" "Mozilla/5.0 (Windows NT 10.0; Win64; x64) AppleWebKit/537.36 (KHTML, like Gecko) Chrome/142.0.0.0 Safari/537.36"
152.203.125.120 - - [05/Dec/2025:14:48:44 +0000] "GET /wp-includes/js/tinymce/skins/lightgray/content.min.css?wp-mce-49110-20250317 HTTP/2" 200 1162 "https://cntxt.brainware.com.co/" "Mozilla/5.0 (Windows NT 10.0; Win64; x64) AppleWebKit/537.36 (KHTML, like Gecko) Chrome/142.0.0.0 Safari/537.36"
152.203.125.120 - - [05/Dec/2025:14:48:44 +0000] "GET /wp-includes/js/tinymce/skins/wordpress/wp-content.css?ver=6.9&wp-mce-49110-20250317 HTTP/2" 200 2416 "https://cntxt.brainware.com.co/" "Mozilla/5.0 (Windows NT 10.0; Win64; x64) AppleWebKit/537.36 (KHTML, like Gecko) Chrome/142.0.0.0 Safari/537.36"
152.203.125.120 - - [05/Dec/2025:14:48:44 +0000] "GET /wp-includes/js/tinymce/skins/lightgray/content.min.css?wp-mce-49110-20250317 HTTP/2" 200 1162 "https://cntxt.brainware.com.co/" "Mozilla/5.0 (Windows NT 10.0; Win64; x64) AppleWebKit/537.36 (KHTML, like Gecko) Chrome/142.0.0.0 Safari/537.36"
152.203.125.120 - - [05/Dec/2025:14:48:44 +0000] "GET /wp-includes/css/dashicons.min.css?ver=6.9&wp-mce-49110-20250317 HTTP/2" 200 35101 "https://cntxt.brainware.com.co/" "Mozilla/5.0 (Windows NT 10.0; Win64; x64) AppleWebKit/537.36 (KHTML, like Gecko) Chrome/142.0.0.0 Safari/537.36"
152.203.125.120 - - [05/Dec/2025:14:48:44 +0000] "GET /wp-includes/js/tinymce/skins/wordpress/wp-content.css?ver=6.9&wp-mce-49110-20250317 HTTP/2" 200 2416 "https://cntxt.brainware.com.co/" "Mozilla/5.0 (Windows NT 10.0; Win64; x64) AppleWebKit/537.36 (KHTML, like Gecko) Chrome/142.0.0.0 Safari/537.36"
152.203.125.120 - - [05/Dec/2025:14:48:44 +0000] "GET /wp-includes/js/tinymce/skins/lightgray/content.min.css?wp-mce-49110-20250317 HTTP/2" 200 1162 "https://cntxt.brainware.com.co/" "Mozilla/5.0 (Windows NT 10.0; Win64; x64) AppleWebKit/537.36 (KHTML, like Gecko) Chrome/142.0.0.0 Safari/537.36"
152.203.125.120 - - [05/Dec/2025:14:48:44 +0000] "GET /wp-includes/css/dashicons.min.css?ver=6.9&wp-mce-49110-20250317 HTTP/2" 200 35101 "https://cntxt.brainware.com.co/" "Mozilla/5.0 (Windows NT 10.0; Win64; x64) AppleWebKit/537.36 (KHTML, like Gecko) Chrome/142.0.0.0 Safari/537.36"
152.203.125.120 - - [05/Dec/2025:14:48:44 +0000] "GET /wp-includes/js/tinymce/skins/wordpress/wp-content.css?ver=6.9&wp-mce-49110-20250317 HTTP/2" 200 2416 "https://cntxt.brainware.com.co/" "Mozilla/5.0 (Windows NT 10.0; Win64; x64) AppleWebKit/537.36 (KHTML, like Gecko) Chrome/142.0.0.0 Safari/537.36"
170.10.164.108 - - [05/Dec/2025:14:48:49 +0000] "POST /wp-cron.php?doing_wp_cron=1764946129.9485769271850585937500 HTTP/1.1" 200 0 "-" "WordPress/6.9; https://cntxt.brainware.com.co"
152.203.125.120 - - [05/Dec/2025:14:48:49 +0000] "GET /cotizar-proyecto HTTP/2" 301 0 "-" "Mozilla/5.0 (Windows NT 10.0; Win64; x64) AppleWebKit/537.36 (KHTML, like Gecko) Chrome/142.0.0.0 Safari/537.36"
152.203.125.120 - - [05/Dec/2025:14:48:50 +0000] "GET /cotizar-proyecto/ HTTP/2" 200 7161 "-" "Mozilla/5.0 (Windows NT 10.0; Win64; x64) AppleWebKit/537.36 (KHTML, like Gecko) Chrome/142.0.0.0 Safari/537.36"
170.10.164.108 - - [05/Dec/2025:14:47:13 +0000] "POST /wp-cron.php?doing_wp_cron=1764946033.2238209247589111328125 HTTP/1.1" 200 0 "-" "WordPress/6.9; https://cntxt.brainware.com.co"
66.249.70.64 - - [05/Dec/2025:14:47:13 +0000] "GET /products/3063913 HTTP/1.1" 404 7949 "-" "Mozilla/5.0 (Linux; Android 6.0.1; Nexus 5X Build/MMB29P) AppleWebKit/537.36 (KHTML, like Gecko) Chrome/141.0.7390.122 Mobile Safari/537.36 (compatible; Googlebot/2.1; +http://www.google.com/bot.html)"
181.237.161.162 - - [05/Dec/2025:14:49:00 +0000] "GET /cotizar-proyecto/ HTTP/2" 200 7161 "-" "Mozilla/5.0 (Windows NT 10.0; Win64; x64) AppleWebKit/537.36 (KHTML, like Gecko) Chrome/142.0.0.0 Safari/537.36 Edg/142.0.0.0"
181.237.161.162 - - [05/Dec/2025:14:49:00 +0000] "GET /wp-includes/css/dist/block-library/style.min.css?ver=6.9 HTTP/2" 200 14921 "https://cntxt.brainware.com.co/cotizar-proyecto/" "Mozilla/5.0 (Windows NT 10.0; Win64; x64) AppleWebKit/537.36 (KHTML, like Gecko) Chrome/142.0.0.0 Safari/537.36 Edg/142.0.0.0"
181.237.161.162 - - [05/Dec/2025:14:49:00 +0000] "GET /wp-content/plugins/jet-engine/assets/css/frontend.css?ver=3.7.4 HTTP/2" 200 8095 "https://cntxt.brainware.com.co/cotizar-proyecto/" "Mozilla/5.0 (Windows NT 10.0; Win64; x64) AppleWebKit/537.36 (KHTML, like Gecko) Chrome/142.0.0.0 Safari/537.36 Edg/142.0.0.0"
181.237.161.162 - - [05/Dec/2025:14:49:00 +0000] "GET /wp-content/themes/hello-elementor/assets/css/reset.css?ver=3.4.4 HTTP/2" 200 1581 "https://cntxt.brainware.com.co/cotizar-proyecto/" "Mozilla/5.0 (Windows NT 10.0; Win64; x64) AppleWebKit/537.36 (KHTML, like Gecko) Chrome/142.0.0.0 Safari/537.36 Edg/142.0.0.0"
181.237.161.162 - - [05/Dec/2025:14:49:00 +0000] "GET /wp-content/themes/hello-elementor/assets/css/theme.css?ver=3.4.4 HTTP/2" 200 1126 "https://cntxt.brainware.com.co/cotizar-proyecto/" "Mozilla/5.0 (Windows NT 10.0; Win64; x64) AppleWebKit/537.36 (KHTML, like Gecko) Chrome/142.0.0.0 Safari/537.36 Edg/142.0.0.0"
181.237.161.162 - - [05/Dec/2025:14:49:00 +0000] "GET /wp-content/themes/hello-elementor/assets/css/header-footer.css?ver=3.4.4 HTTP/2" 200 1261 "https://cntxt.brainware.com.co/cotizar-proyecto/" "Mozilla/5.0 (Windows NT 10.0; Win64; x64) AppleWebKit/537.36 (KHTML, like Gecko) Chrome/142.0.0.0 Safari/537.36 Edg/142.0.0.0"
181.237.161.162 - - [05/Dec/2025:14:49:00 +0000] "GET /wp-content/uploads/elementor/css/custom-frontend.min.css?ver=1764772164 HTTP/2" 200 6489 "https://cntxt.brainware.com.co/cotizar-proyecto/" "Mozilla/5.0 (Windows NT 10.0; Win64; x64) AppleWebKit/537.36 (KHTML, like Gecko) Chrome/142.0.0.0 Safari/537.36 Edg/142.0.0.0"
181.237.161.162 - - [05/Dec/2025:14:49:00 +0000] "GET /wp-content/uploads/elementor/css/post-98.css?ver=1764772164 HTTP/2" 200 1841 "https://cntxt.brainware.com.co/cotizar-proyecto/" "Mozilla/5.0 (Windows NT 10.0; Win64; x64) AppleWebKit/537.36 (KHTML, like Gecko) Chrome/142.0.0.0 Safari/537.36 Edg/142.0.0.0"
181.237.161.162 - - [05/Dec/2025:14:49:00 +0000] "GET /wp-content/plugins/elementskit-lite/widgets/init/assets/css/widget-styles.css?ver=3.7.5 HTTP/2" 200 48850 "https://cntxt.brainware.com.co/cotizar-proyecto/" "Mozilla/5.0 (Windows NT 10.0; Win64; x64) AppleWebKit/537.36 (KHTML, like Gecko) Chrome/142.0.0.0 Safari/537.36 Edg/142.0.0.0"
181.237.161.162 - - [05/Dec/2025:14:49:00 +0000] "GET /wp-content/plugins/elementskit-lite/widgets/init/assets/css/responsive.css?ver=3.7.5 HTTP/2" 200 2859 "https://cntxt.brainware.com.co/cotizar-proyecto/" "Mozilla/5.0 (Windows NT 10.0; Win64; x64) AppleWebKit/537.36 (KHTML, like Gecko) Chrome/142.0.0.0 Safari/537.36 Edg/142.0.0.0"
181.237.161.162 - - [05/Dec/2025:14:49:00 +0000] "GET /wp-includes/js/jquery/jquery.min.js?ver=3.7.1 HTTP/2" 200 29744 "https://cntxt.brainware.com.co/cotizar-proyecto/" "Mozilla/5.0 (Windows NT 10.0; Win64; x64) AppleWebKit/537.36 (KHTML, like Gecko) Chrome/142.0.0.0 Safari/537.36 Edg/142.0.0.0"
152.203.125.120 - - [05/Dec/2025:14:48:50 +0000] "GET /cotizador-contexto.html HTTP/2" 200 9076 "https://cntxt.brainware.com.co/cotizar-proyecto/" "Mozilla/5.0 (Windows NT 10.0; Win64; x64) AppleWebKit/537.36 (KHTML, like Gecko) Chrome/142.0.0.0 Safari/537.36"
66.249.70.71 - - [05/Dec/2025:14:50:21 +0000] "GET /wp-includes/images/smilies/icon_redface.gif HTTP/1.1" 200 645 "-" "Googlebot-Image/1.0"
66.249.70.70 - - [05/Dec/2025:14:50:58 +0000] "GET /products/16722913 HTTP/1.1" 404 7949 "-" "Mozilla/5.0 (Linux; Android 6.0.1; Nexus 5X Build/MMB29P) AppleWebKit/537.36 (KHTML, like Gecko) Chrome/141.0.7390.122 Mobile Safari/537.36 (compatible; Googlebot/2.1; +http://www.google.com/bot.html)"
170.10.164.108 - - [05/Dec/2025:14:54:43 +0000] "POST /wp-cron.php?doing_wp_cron=1764946483.0866940021514892578125 HTTP/1.1" 200 0 "-" "WordPress/6.9; https://cntxt.brainware.com.co"
66.249.70.70 - - [05/Dec/2025:14:54:36 +0000] "GET /products/16665357 HTTP/1.1" 404 7949 "-" "Mozilla/5.0 (Linux; Android 6.0.1; Nexus 5X Build/MMB29P) AppleWebKit/537.36 (KHTML, like Gecko) Chrome/141.0.7390.122 Mobile Safari/537.36 (compatible; Googlebot/2.1; +http://www.google.com/bot.html)"
66.249.70.70 - - [05/Dec/2025:14:54:43 +0000] "GET /products/11021091 HTTP/1.1" 404 7947 "-" "Mozilla/5.0 (Linux; Android 6.0.1; Nexus 5X Build/MMB29P) AppleWebKit/537.36 (KHTML, like Gecko) Chrome/141.0.7390.122 Mobile Safari/537.36 (compatible; Googlebot/2.1; +http://www.google.com/bot.html)"
66.249.70.70 - - [05/Dec/2025:14:56:31 +0000] "GET /products/16710768 HTTP/1.1" 404 7949 "-" "Mozilla/5.0 (Linux; Android 6.0.1; Nexus 5X Build/MMB29P) AppleWebKit/537.36 (KHTML, like Gecko) Chrome/141.0.7390.122 Mobile Safari/537.36 (compatible; Googlebot/2.1; +http://www.google.com/bot.html)"
66.249.70.70 - - [05/Dec/2025:14:56:33 +0000] "GET /products/10149946 HTTP/1.1" 404 7949 "-" "Mozilla/5.0 (Linux; Android 6.0.1; Nexus 5X Build/MMB29P) AppleWebKit/537.36 (KHTML, like Gecko) Chrome/141.0.7390.122 Mobile Safari/537.36 (compatible; Googlebot/2.1; +http://www.google.com/bot.html)"
181.237.161.162 - - [05/Dec/2025:14:49:00 +0000] "GET /wp-includes/js/jquery/jquery-migrate.min.js?ver=3.4.1 HTTP/2" 200 4678 "https://cntxt.brainware.com.co/cotizar-proyecto/" "Mozilla/5.0 (Windows NT 10.0; Win64; x64) AppleWebKit/537.36 (KHTML, like Gecko) Chrome/142.0.0.0 Safari/537.36 Edg/142.0.0.0"
181.237.161.162 - - [05/Dec/2025:14:49:00 +0000] "GET /wp-content/uploads/2025/10/01_-CNTXT_BLANCO.png HTTP/2" 200 10250 "https://cntxt.brainware.com.co/cotizar-proyecto/" "Mozilla/5.0 (Windows NT 10.0; Win64; x64) AppleWebKit/537.36 (KHTML, like Gecko) Chrome/142.0.0.0 Safari/537.36 Edg/142.0.0.0"
181.237.161.162 - - [05/Dec/2025:14:49:00 +0000] "GET /wp-content/themes/hello-elementor/assets/js/hello-frontend.js?ver=3.4.4 HTTP/2" 200 496 "https://cntxt.brainware.com.co/cotizar-proyecto/" "Mozilla/5.0 (Windows NT 10.0; Win64; x64) AppleWebKit/537.36 (KHTML, like Gecko) Chrome/142.0.0.0 Safari/537.36 Edg/142.0.0.0"
181.237.161.162 - - [05/Dec/2025:14:49:00 +0000] "GET /wp-content/uploads/elementor/google-fonts/css/manrope.css?ver=1761857788 HTTP/2" 200 653 "https://cntxt.brainware.com.co/cotizar-proyecto/" "Mozilla/5.0 (Windows NT 10.0; Win64; x64) AppleWebKit/537.36 (KHTML, like Gecko) Chrome/142.0.0.0 Safari/537.36 Edg/142.0.0.0"
181.237.161.162 - - [05/Dec/2025:14:49:00 +0000] "GET /wp-content/uploads/elementor/google-fonts/css/lora.css?ver=1761857790 HTTP/2" 200 1533 "https://cntxt.brainware.com.co/cotizar-proyecto/" "Mozilla/5.0 (Windows NT 10.0; Win64; x64) AppleWebKit/537.36 (KHTML, like Gecko) Chrome/142.0.0.0 Safari/537.36 Edg/142.0.0.0"
181.237.161.162 - - [05/Dec/2025:14:49:00 +0000] "GET /wp-content/plugins/elementskit-lite/libs/framework/assets/js/frontend-script.js?ver=3.7.5 HTTP/2" 200 40 "https://cntxt.brainware.com.co/cotizar-proyecto/" "Mozilla/5.0 (Windows NT 10.0; Win64; x64) AppleWebKit/537.36 (KHTML, like Gecko) Chrome/142.0.0.0 Safari/537.36 Edg/142.0.0.0"
181.237.161.162 - - [05/Dec/2025:14:49:00 +0000] "GET /wp-content/plugins/elementskit-lite/widgets/init/assets/js/widget-scripts.js?ver=3.7.5 HTTP/2" 200 35012 "https://cntxt.brainware.com.co/cotizar-proyecto/" "Mozilla/5.0 (Windows NT 10.0; Win64; x64) AppleWebKit/537.36 (KHTML, like Gecko) Chrome/142.0.0.0 Safari/537.36 Edg/142.0.0.0"
181.237.161.162 - - [05/Dec/2025:14:49:00 +0000] "GET /cotizador-contexto.html HTTP/2" 304 0 "https://cntxt.brainware.com.co/cotizar-proyecto/" "Mozilla/5.0 (Windows NT 10.0; Win64; x64) AppleWebKit/537.36 (KHTML, like Gecko) Chrome/142.0.0.0 Safari/537.36 Edg/142.0.0.0"
181.237.161.162 - - [05/Dec/2025:14:49:00 +0000] "GET /wp-content/uploads/elementor/google-fonts/fonts/lora-1ace0d36.woff2 HTTP/2" 200 37788 "https://cntxt.brainware.com.co/wp-content/uploads/elementor/google-fonts/css/lora.css?ver=1761857790" "Mozilla/5.0 (Windows NT 10.0; Win64; x64) AppleWebKit/537.36 (KHTML, like Gecko) Chrome/142.0.0.0 Safari/537.36 Edg/142.0.0.0"
181.237.161.162 - - [05/Dec/2025:14:49:01 +0000] "GET /wp-includes/js/wp-emoji-release.min.js?ver=6.9 HTTP/2" 200 4949 "https://cntxt.brainware.com.co/cotizar-proyecto/" "Mozilla/5.0 (Windows NT 10.0; Win64; x64) AppleWebKit/537.36 (KHTML, like Gecko) Chrome/142.0.0.0 Safari/537.36 Edg/142.0.0.0"
170.10.164.108 - - [05/Dec/2025:14:50:59 +0000] "POST /wp-cron.php?doing_wp_cron=1764946259.6291251182556152343750 HTTP/1.1" 200 0 "-" "WordPress/6.9; https://cntxt.brainware.com.co"
181.237.161.162 - - [05/Dec/2025:14:51:49 +0000] "GET /cotizador-contexto.html HTTP/2" 304 0 "https://cntxt.brainware.com.co/cotizador-contexto.html" "Mozilla/5.0 (Windows NT 10.0; Win64; x64) AppleWebKit/537.36 (KHTML, like Gecko) Chrome/142.0.0.0 Safari/537.36 Edg/142.0.0.0"
170.10.164.108 - - [05/Dec/2025:14:52:47 +0000] "POST /wp-cron.php?doing_wp_cron=1764946367.7983670234680175781250 HTTP/1.1" 200 0 "-" "WordPress/6.9; https://cntxt.brainware.com.co"
170.10.164.108 - - [05/Dec/2025:14:53:42 +0000] "POST /wp-cron.php?doing_wp_cron=1764946422.5646500587463378906250 HTTP/1.1" 200 0 "-" "WordPress/6.9; https://cntxt.brainware.com.co"
66.249.70.70 - - [05/Dec/2025:14:54:54 +0000] "GET /wp-includes/images/media/default.svg HTTP/1.1" 200 161 "-" "Googlebot-Image/1.0"
66.249.70.71 - - [05/Dec/2025:14:36:57 +0000] "GET /products/10867991 HTTP/1.1" 404 7949 "-" "Mozilla/5.0 (Linux; Android 6.0.1; Nexus 5X Build/MMB29P) AppleWebKit/537.36 (KHTML, like Gecko) Chrome/141.0.7390.122 Mobile Safari/537.36 (compatible; Googlebot/2.1; +http://www.google.com/bot.html)"
170.10.164.108 - - [05/Dec/2025:14:40:46 +0000] "POST /wp-cron.php?doing_wp_cron=1764945646.8630630970001220703125 HTTP/1.1" 200 0 "-" "WordPress/6.9; https://cntxt.brainware.com.co"
170.10.164.108 - - [05/Dec/2025:14:42:10 +0000] "POST /wp-cron.php?doing_wp_cron=1764945730.7099480628967285156250 HTTP/1.1" 200 0 "-" "WordPress/6.9; https://cntxt.brainware.com.co"
66.249.70.71 - - [05/Dec/2025:14:42:09 +0000] "GET /products/16697679 HTTP/1.1" 404 7949 "-" "Mozilla/5.0 (Linux; Android 6.0.1; Nexus 5X Build/MMB29P) AppleWebKit/537.36 (KHTML, like Gecko) Chrome/141.0.7390.122 Mobile Safari/537.36 (compatible; Googlebot/2.1; +http://www.google.com/bot.html)"
66.249.70.71 - - [05/Dec/2025:14:42:10 +0000] "GET /products/17162680 HTTP/1.1" 404 7949 "-" "Mozilla/5.0 (Linux; Android 6.0.1; Nexus 5X Build/MMB29P) AppleWebKit/537.36 (KHTML, like Gecko) Chrome/141.0.7390.122 Mobile Safari/537.36 (compatible; Googlebot/2.1; +http://www.google.com/bot.html)"
66.249.70.70 - - [05/Dec/2025:14:43:24 +0000] "GET /products/16661302 HTTP/1.1" 404 7949 "-" "Mozilla/5.0 (Linux; Android 6.0.1; Nexus 5X Build/MMB29P) AppleWebKit/537.36 (KHTML, like Gecko) Chrome/141.0.7390.122 Mobile Safari/537.36 (compatible; Googlebot/2.1; +http://www.google.com/bot.html)"
170.10.164.108 - - [05/Dec/2025:14:45:02 +0000] "POST /wp-cron.php?doing_wp_cron=1764945902.3347439765930175781250 HTTP/1.1" 200 0 "-" "WordPress/6.9; https://cntxt.brainware.com.co"
66.249.70.70 - - [05/Dec/2025:14:45:48 +0000] "GET /wp-includes/images/media/code.png HTTP/1.1" 200 274 "-" "Googlebot-Image/1.0"
170.10.164.108 - - [05/Dec/2025:14:50:05 +0000] "POST /wp-cron.php?doing_wp_cron=1764946205.0754981040954589843750 HTTP/1.1" 200 0 "-" "WordPress/6.9; https://cntxt.brainware.com.co"
66.249.70.70 - - [05/Dec/2025:14:50:03 +0000] "GET /products/9575068 HTTP/1.1" 404 7949 "-" "Mozilla/5.0 (Linux; Android 6.0.1; Nexus 5X Build/MMB29P) AppleWebKit/537.36 (KHTML, like Gecko) Chrome/141.0.7390.122 Mobile Safari/537.36 (compatible; Googlebot/2.1; +http://www.google.com/bot.html)"
66.249.70.70 - - [05/Dec/2025:14:52:46 +0000] "GET /products/9719846 HTTP/1.1" 404 7949 "-" "Mozilla/5.0 (Linux; Android 6.0.1; Nexus 5X Build/MMB29P) AppleWebKit/537.36 (KHTML, like Gecko) Chrome/141.0.7390.122 Mobile Safari/537.36 (compatible; Googlebot/2.1; +http://www.google.com/bot.html)"
66.249.70.70 - - [05/Dec/2025:14:53:41 +0000] "GET /products/10581157 HTTP/1.1" 404 7949 "-" "Mozilla/5.0 (Linux; Android 6.0.1; Nexus 5X Build/MMB29P) AppleWebKit/537.36 (KHTML, like Gecko) Chrome/141.0.7390.122 Mobile Safari/537.36 (compatible; Googlebot/2.1; +http://www.google.com/bot.html)"
170.10.164.108 - - [05/Dec/2025:14:57:28 +0000] "POST /wp-cron.php?doing_wp_cron=1764946648.9435930252075195312500 HTTP/1.1" 200 0 "-" "WordPress/6.9; https://cntxt.brainware.com.co"
66.249.70.64 - - [05/Dec/2025:14:57:31 +0000] "GET /products/16687824 HTTP/1.1" 404 7949 "-" "Mozilla/5.0 (Linux; Android 6.0.1; Nexus 5X Build/MMB29P) AppleWebKit/537.36 (KHTML, like Gecko) Chrome/141.0.7390.122 Mobile Safari/537.36 (compatible; Googlebot/2.1; +http://www.google.com/bot.html)"
66.249.70.70 - - [05/Dec/2025:14:57:28 +0000] "GET /products/10111902 HTTP/1.1" 404 7948 "-" "Mozilla/5.0 (Linux; Android 6.0.1; Nexus 5X Build/MMB29P) AppleWebKit/537.36 (KHTML, like Gecko) Chrome/141.0.7390.122 Mobile Safari/537.36 (compatible; Googlebot/2.1; +http://www.google.com/bot.html)"
66.249.70.70 - - [05/Dec/2025:14:57:29 +0000] "GET /products/25111013 HTTP/1.1" 404 7949 "-" "Mozilla/5.0 (Linux; Android 6.0.1; Nexus 5X Build/MMB29P) AppleWebKit/537.36 (KHTML, like Gecko) Chrome/141.0.7390.122 Mobile Safari/537.36 (compatible; Googlebot/2.1; +http://www.google.com/bot.html)"
170.10.164.108 - - [05/Dec/2025:14:56:32 +0000] "POST /wp-cron.php?doing_wp_cron=1764946592.8802049160003662109375 HTTP/1.1" 200 0 "-" "WordPress/6.9; https://cntxt.brainware.com.co"
170.10.164.108 - - [05/Dec/2025:15:00:14 +0000] "POST /wp-cron.php?doing_wp_cron=1764946814.4288010597229003906250 HTTP/1.1" 200 0 "-" "WordPress/6.9; https://cntxt.brainware.com.co"
66.249.70.64 - - [05/Dec/2025:15:00:13 +0000] "GET /products/10808768 HTTP/1.1" 404 7949 "-" "Mozilla/5.0 (Linux; Android 6.0.1; Nexus 5X Build/MMB29P) AppleWebKit/537.36 (KHTML, like Gecko) Chrome/141.0.7390.122 Mobile Safari/537.36 (compatible; Googlebot/2.1; +http://www.google.com/bot.html)"
66.249.70.71 - - [05/Dec/2025:15:02:01 +0000] "GET /products/10440391 HTTP/1.1" 404 7949 "-" "Mozilla/5.0 (Linux; Android 6.0.1; Nexus 5X Build/MMB29P) AppleWebKit/537.36 (KHTML, like Gecko) Chrome/141.0.7390.122 Mobile Safari/537.36 (compatible; Googlebot/2.1; +http://www.google.com/bot.html)"
66.249.70.70 - - [05/Dec/2025:15:02:02 +0000] "GET /products/3055402 HTTP/1.1" 404 7949 "-" "Mozilla/5.0 (Linux; Android 6.0.1; Nexus 5X Build/MMB29P) AppleWebKit/537.36 (KHTML, like Gecko) Chrome/141.0.7390.122 Mobile Safari/537.36 (compatible; Googlebot/2.1; +http://www.google.com/bot.html)"
170.10.164.108 - - [05/Dec/2025:15:02:51 +0000] "POST /wp-cron.php?doing_wp_cron=1764946971.4449660778045654296875 HTTP/1.1" 200 0 "-" "WordPress/6.9; https://cntxt.brainware.com.co"
66.249.70.70 - - [05/Dec/2025:15:04:59 +0000] "GET /wp-includes/js/tinymce/skins/wordpress/images/pagebreak-2x.png HTTP/1.1" 200 835 "-" "Googlebot-Image/1.0"
170.10.164.108 - - [05/Dec/2025:15:05:34 +0000] "POST /wp-cron.php?doing_wp_cron=1764947134.5381090641021728515625 HTTP/1.1" 200 0 "-" "WordPress/6.9; https://cntxt.brainware.com.co"
170.10.164.108 - - [05/Dec/2025:15:06:29 +0000] "POST /wp-cron.php?doing_wp_cron=1764947189.0115919113159179687500 HTTP/1.1" 200 0 "-" "WordPress/6.9; https://cntxt.brainware.com.co"
66.249.70.71 - - [05/Dec/2025:15:07:22 +0000] "GET /products/6793546 HTTP/1.1" 404 7949 "-" "Mozilla/5.0 (Linux; Android 6.0.1; Nexus 5X Build/MMB29P) AppleWebKit/537.36 (KHTML, like Gecko) Chrome/141.0.7390.122 Mobile Safari/537.36 (compatible; Googlebot/2.1; +http://www.google.com/bot.html)"
170.10.164.108 - - [05/Dec/2025:15:10:06 +0000] "POST /wp-cron.php?doing_wp_cron=1764947406.2754039764404296875000 HTTP/1.1" 200 0 "-" "WordPress/6.9; https://cntxt.brainware.com.co"
170.10.164.108 - - [05/Dec/2025:15:13:43 +0000] "POST /wp-cron.php?doing_wp_cron=1764947623.2719950675964355468750 HTTP/1.1" 200 0 "-" "WordPress/6.9; https://cntxt.brainware.com.co"
66.249.70.70 - - [05/Dec/2025:15:14:05 +0000] "GET /wp-includes/js/tinymce/skins/wordpress/images/playlist-video.png HTTP/1.1" 200 290 "-" "Googlebot-Image/1.0"
170.10.164.108 - - [05/Dec/2025:15:14:37 +0000] "POST /wp-cron.php?doing_wp_cron=1764947677.8591160774230957031250 HTTP/1.1" 200 0 "-" "WordPress/6.9; https://cntxt.brainware.com.co"
170.10.164.108 - - [05/Dec/2025:15:16:29 +0000] "POST /wp-cron.php?doing_wp_cron=1764947789.0338549613952636718750 HTTP/1.1" 200 0 "-" "WordPress/6.9; https://cntxt.brainware.com.co"
66.249.70.64 - - [05/Dec/2025:15:16:29 +0000] "GET /products/24542368 HTTP/1.1" 404 7949 "-" "Mozilla/5.0 (Linux; Android 6.0.1; Nexus 5X Build/MMB29P) AppleWebKit/537.36 (KHTML, like Gecko) Chrome/141.0.7390.122 Mobile Safari/537.36 (compatible; Googlebot/2.1; +http://www.google.com/bot.html)"
