74.7.227.169 - - [06/Dec/2025:00:05:48 +0000] "GET /wp-includes/html-api/class-wp-html-attribute-token.php HTTP/2" 200 0 "-" "Mozilla/5.0 AppleWebKit/537.36 (KHTML, like Gecko; compatible; GPTBot/1.3; +https://openai.com/gptbot)"
74.7.227.169 - - [06/Dec/2025:00:05:52 +0000] "GET /wp-includes/ms-functions.php HTTP/2" 200 0 "-" "Mozilla/5.0 AppleWebKit/537.36 (KHTML, like Gecko; compatible; GPTBot/1.3; +https://openai.com/gptbot)"
74.7.227.169 - - [06/Dec/2025:00:05:56 +0000] "GET /wp-includes/block-editor.php HTTP/2" 200 0 "-" "Mozilla/5.0 AppleWebKit/537.36 (KHTML, like Gecko; compatible; GPTBot/1.3; +https://openai.com/gptbot)"
74.7.227.169 - - [06/Dec/2025:00:06:00 +0000] "GET /wp-includes/class-oembed.php HTTP/2" 500 0 "-" "Mozilla/5.0 AppleWebKit/537.36 (KHTML, like Gecko; compatible; GPTBot/1.3; +https://openai.com/gptbot)"
74.7.227.169 - - [06/Dec/2025:00:06:03 +0000] "GET /wp-includes/style-engine.php HTTP/2" 200 0 "-" "Mozilla/5.0 AppleWebKit/537.36 (KHTML, like Gecko; compatible; GPTBot/1.3; +https://openai.com/gptbot)"
74.7.227.169 - - [06/Dec/2025:00:06:13 +0000] "GET /wp-includes/cache-compat.php HTTP/2" 200 0 "-" "Mozilla/5.0 AppleWebKit/537.36 (KHTML, like Gecko; compatible; GPTBot/1.3; +https://openai.com/gptbot)"
74.7.227.169 - - [06/Dec/2025:00:06:22 +0000] "GET /wp-includes/class-snoopy.php HTTP/2" 500 0 "-" "Mozilla/5.0 AppleWebKit/537.36 (KHTML, like Gecko; compatible; GPTBot/1.3; +https://openai.com/gptbot)"
74.7.227.169 - - [06/Dec/2025:00:06:30 +0000] "GET /wp-includes/html-api/class-wp-html-active-formatting-elements.php HTTP/2" 200 0 "-" "Mozilla/5.0 AppleWebKit/537.36 (KHTML, like Gecko; compatible; GPTBot/1.3; +https://openai.com/gptbot)"
74.7.227.169 - - [06/Dec/2025:00:06:53 +0000] "GET /wp-includes/class-wp-block-list.php HTTP/2" 200 0 "-" "Mozilla/5.0 AppleWebKit/537.36 (KHTML, like Gecko; compatible; GPTBot/1.3; +https://openai.com/gptbot)"
74.7.227.169 - - [06/Dec/2025:00:07:15 +0000] "GET /wp-includes/blocks/ HTTP/2" 200 6 "-" "Mozilla/5.0 AppleWebKit/537.36 (KHTML, like Gecko; compatible; GPTBot/1.3; +https://openai.com/gptbot)"
170.10.164.108 - - [06/Dec/2025:00:07:36 +0000] "POST /wp-cron.php?doing_wp_cron=1764979656.4017410278320312500000 HTTP/1.1" 200 0 "-" "WordPress/6.9; https://cntxt.brainware.com.co"
74.7.227.169 - - [06/Dec/2025:00:07:35 +0000] "GET /wp-blog-header.php HTTP/2" 404 0 "-" "Mozilla/5.0 AppleWebKit/537.36 (KHTML, like Gecko; compatible; GPTBot/1.3; +https://openai.com/gptbot)"
74.7.227.169 - - [06/Dec/2025:00:07:53 +0000] "GET /wp-content/ HTTP/2" 200 0 "-" "Mozilla/5.0 AppleWebKit/537.36 (KHTML, like Gecko; compatible; GPTBot/1.3; +https://openai.com/gptbot)"
170.10.164.108 - - [06/Dec/2025:00:08:11 +0000] "POST /wp-cron.php?doing_wp_cron=1764979691.9397230148315429687500 HTTP/1.1" 200 0 "-" "WordPress/6.9; https://cntxt.brainware.com.co"
74.7.227.169 - - [06/Dec/2025:00:08:10 +0000] "GET /wp-admin/ HTTP/2" 302 0 "-" "Mozilla/5.0 AppleWebKit/537.36 (KHTML, like Gecko; compatible; GPTBot/1.3; +https://openai.com/gptbot)"
74.7.227.169 - - [06/Dec/2025:00:08:11 +0000] "GET /wp-login.php?redirect_to=https%3A%2F%2Fcntxt.brainware.com.co%2Fwp-admin%2F&reauth=1 HTTP/2" 200 2770 "-" "Mozilla/5.0 AppleWebKit/537.36 (KHTML, like Gecko; compatible; GPTBot/1.3; +https://openai.com/gptbot)"
74.7.227.169 - - [06/Dec/2025:00:08:25 +0000] "GET /wp-config.php HTTP/2" 200 0 "-" "Mozilla/5.0 AppleWebKit/537.36 (KHTML, like Gecko; compatible; GPTBot/1.3; +https://openai.com/gptbot)"
74.7.227.169 - - [06/Dec/2025:00:08:39 +0000] "GET /wp-load.php HTTP/2" 200 0 "-" "Mozilla/5.0 AppleWebKit/537.36 (KHTML, like Gecko; compatible; GPTBot/1.3; +https://openai.com/gptbot)"
74.7.227.169 - - [06/Dec/2025:00:08:52 +0000] "GET /wp-mail.php HTTP/2" 403 970 "-" "Mozilla/5.0 AppleWebKit/537.36 (KHTML, like Gecko; compatible; GPTBot/1.3; +https://openai.com/gptbot)"
74.7.227.169 - - [06/Dec/2025:00:09:03 +0000] "GET /wp-cron.php HTTP/2" 200 0 "-" "Mozilla/5.0 AppleWebKit/537.36 (KHTML, like Gecko; compatible; GPTBot/1.3; +https://openai.com/gptbot)"
74.7.227.169 - - [06/Dec/2025:00:09:15 +0000] "GET /.htaccess.bk HTTP/2" 403 1242 "-" "Mozilla/5.0 AppleWebKit/537.36 (KHTML, like Gecko; compatible; GPTBot/1.3; +https://openai.com/gptbot)"
74.7.227.169 - - [06/Dec/2025:00:09:25 +0000] "GET /lby.txt HTTP/2" 200 1 "-" "Mozilla/5.0 AppleWebKit/537.36 (KHTML, like Gecko; compatible; GPTBot/1.3; +https://openai.com/gptbot)"
74.7.227.169 - - [06/Dec/2025:00:09:34 +0000] "GET /xmlrpc.php HTTP/2" 405 46 "-" "Mozilla/5.0 AppleWebKit/537.36 (KHTML, like Gecko; compatible; GPTBot/1.3; +https://openai.com/gptbot)"
74.7.227.169 - - [06/Dec/2025:00:09:44 +0000] "GET /error_log HTTP/2" 403 1242 "-" "Mozilla/5.0 AppleWebKit/537.36 (KHTML, like Gecko; compatible; GPTBot/1.3; +https://openai.com/gptbot)"
74.7.227.169 - - [06/Dec/2025:00:09:53 +0000] "GET /.htaccess HTTP/2" 403 1242 "-" "Mozilla/5.0 AppleWebKit/537.36 (KHTML, like Gecko; compatible; GPTBot/1.3; +https://openai.com/gptbot)"
74.7.227.169 - - [06/Dec/2025:00:10:01 +0000] "GET /license.txt HTTP/2" 200 6865 "-" "Mozilla/5.0 AppleWebKit/537.36 (KHTML, like Gecko; compatible; GPTBot/1.3; +https://openai.com/gptbot)"
74.7.227.169 - - [06/Dec/2025:00:10:11 +0000] "GET /.well-known/ HTTP/2" 200 620 "-" "Mozilla/5.0 AppleWebKit/537.36 (KHTML, like Gecko; compatible; GPTBot/1.3; +https://openai.com/gptbot)"
74.7.227.169 - - [06/Dec/2025:00:10:19 +0000] "GET /cgi-bin/ HTTP/2" 403 1242 "-" "Mozilla/5.0 AppleWebKit/537.36 (KHTML, like Gecko; compatible; GPTBot/1.3; +https://openai.com/gptbot)"
74.7.227.169 - - [06/Dec/2025:00:10:26 +0000] "GET /readme.html HTTP/2" 200 2667 "-" "Mozilla/5.0 AppleWebKit/537.36 (KHTML, like Gecko; compatible; GPTBot/1.3; +https://openai.com/gptbot)"
74.7.227.169 - - [06/Dec/2025:00:10:34 +0000] "GET /wp-admin/css/install.css?ver=20100228 HTTP/2" 200 1829 "-" "Mozilla/5.0 AppleWebKit/537.36 (KHTML, like Gecko; compatible; GPTBot/1.3; +https://openai.com/gptbot)"
74.7.227.169 - - [06/Dec/2025:00:10:40 +0000] "GET /wp-admin/images/wordpress-logo.png HTTP/2" 200 2480 "-" "Mozilla/5.0 AppleWebKit/537.36 (KHTML, like Gecko; compatible; GPTBot/1.3; +https://openai.com/gptbot)"
74.7.227.169 - - [06/Dec/2025:00:10:47 +0000] "GET /wp-config-sample.php HTTP/2" 500 905 "-" "Mozilla/5.0 AppleWebKit/537.36 (KHTML, like Gecko; compatible; GPTBot/1.3; +https://openai.com/gptbot)"
74.7.227.169 - - [06/Dec/2025:00:10:52 +0000] "GET /cotizador-contexto.html HTTP/2" 200 9076 "-" "Mozilla/5.0 AppleWebKit/537.36 (KHTML, like Gecko; compatible; GPTBot/1.3; +https://openai.com/gptbot)"
74.7.227.169 - - [06/Dec/2025:00:11:09 +0000] "GET /index.php HTTP/2" 301 0 "-" "Mozilla/5.0 AppleWebKit/537.36 (KHTML, like Gecko; compatible; GPTBot/1.3; +https://openai.com/gptbot)"
74.7.227.169 - - [06/Dec/2025:00:11:10 +0000] "GET / HTTP/2" 200 22027 "-" "Mozilla/5.0 AppleWebKit/537.36 (KHTML, like Gecko; compatible; GPTBot/1.3; +https://openai.com/gptbot)"
74.7.227.169 - - [06/Dec/2025:00:11:24 +0000] "GET /wp-trackback.php HTTP/2" 404 92 "-" "Mozilla/5.0 AppleWebKit/537.36 (KHTML, like Gecko; compatible; GPTBot/1.3; +https://openai.com/gptbot)"
74.7.227.169 - - [06/Dec/2025:00:11:37 +0000] "GET /wp-links-opml.php HTTP/2" 200 151 "-" "Mozilla/5.0 AppleWebKit/537.36 (KHTML, like Gecko; compatible; GPTBot/1.3; +https://openai.com/gptbot)"
74.7.227.169 - - [06/Dec/2025:00:11:50 +0000] "GET /zz10.php HTTP/2" 302 0 "-" "Mozilla/5.0 AppleWebKit/537.36 (KHTML, like Gecko; compatible; GPTBot/1.3; +https://openai.com/gptbot)"
74.7.227.169 - - [06/Dec/2025:00:11:50 +0000] "GET /zz10.php?p= HTTP/2" 200 12220 "-" "Mozilla/5.0 AppleWebKit/537.36 (KHTML, like Gecko; compatible; GPTBot/1.3; +https://openai.com/gptbot)"
74.7.227.169 - - [06/Dec/2025:00:12:01 +0000] "GET /zz12.php HTTP/2" 302 0 "-" "Mozilla/5.0 AppleWebKit/537.36 (KHTML, like Gecko; compatible; GPTBot/1.3; +https://openai.com/gptbot)"
74.7.227.169 - - [06/Dec/2025:00:12:01 +0000] "GET /zz12.php?p= HTTP/2" 200 1896 "-" "Mozilla/5.0 AppleWebKit/537.36 (KHTML, like Gecko; compatible; GPTBot/1.3; +https://openai.com/gptbot)"
74.7.227.169 - - [06/Dec/2025:00:12:11 +0000] "GET /lrwit7bvakghhggw6jCakc.php HTTP/2" 200 1931 "-" "Mozilla/5.0 AppleWebKit/537.36 (KHTML, like Gecko; compatible; GPTBot/1.3; +https://openai.com/gptbot)"
74.7.227.169 - - [06/Dec/2025:00:12:21 +0000] "GET /wp-settings.php HTTP/2" 500 0 "-" "Mozilla/5.0 AppleWebKit/537.36 (KHTML, like Gecko; compatible; GPTBot/1.3; +https://openai.com/gptbot)"
66.249.70.71 - - [06/Dec/2025:00:12:25 +0000] "GET /products/21249079 HTTP/1.1" 404 7948 "-" "Mozilla/5.0 (Linux; Android 6.0.1; Nexus 5X Build/MMB29P) AppleWebKit/537.36 (KHTML, like Gecko) Chrome/141.0.7390.122 Mobile Safari/537.36 (compatible; Googlebot/2.1; +http://www.google.com/bot.html)"
74.7.227.169 - - [06/Dec/2025:00:12:29 +0000] "GET /wp-activate.php HTTP/2" 302 0 "-" "Mozilla/5.0 AppleWebKit/537.36 (KHTML, like Gecko; compatible; GPTBot/1.3; +https://openai.com/gptbot)"
66.249.70.64 - - [05/Dec/2025:23:57:29 +0000] "GET /products/8124913 HTTP/1.1" 404 7949 "-" "Mozilla/5.0 (Linux; Android 6.0.1; Nexus 5X Build/MMB29P) AppleWebKit/537.36 (KHTML, like Gecko) Chrome/141.0.7390.122 Mobile Safari/537.36 (compatible; Googlebot/2.1; +http://www.google.com/bot.html)"
66.249.70.64 - - [06/Dec/2025:00:01:43 +0000] "GET /products/7139557 HTTP/1.1" 404 7947 "-" "Mozilla/5.0 (Linux; Android 6.0.1; Nexus 5X Build/MMB29P) AppleWebKit/537.36 (KHTML, like Gecko) Chrome/141.0.7390.122 Mobile Safari/537.36 (compatible; Googlebot/2.1; +http://www.google.com/bot.html)"
66.249.70.64 - - [06/Dec/2025:00:02:23 +0000] "GET /products/19959591 HTTP/1.1" 404 7947 "-" "Mozilla/5.0 (Linux; Android 6.0.1; Nexus 5X Build/MMB29P) AppleWebKit/537.36 (KHTML, like Gecko) Chrome/141.0.7390.122 Mobile Safari/537.36 (compatible; Googlebot/2.1; +http://www.google.com/bot.html)"
170.10.164.108 - - [06/Dec/2025:00:02:54 +0000] "POST /wp-cron.php?doing_wp_cron=1764979373.9766359329223632812500 HTTP/1.1" 200 0 "-" "WordPress/6.9; https://cntxt.brainware.com.co"
66.249.70.70 - - [06/Dec/2025:00:04:44 +0000] "GET /products/3258646 HTTP/1.1" 404 7948 "-" "Mozilla/5.0 (Linux; Android 6.0.1; Nexus 5X Build/MMB29P) AppleWebKit/537.36 (KHTML, like Gecko) Chrome/141.0.7390.122 Mobile Safari/537.36 (compatible; Googlebot/2.1; +http://www.google.com/bot.html)"
170.10.164.108 - - [06/Dec/2025:00:06:44 +0000] "POST /wp-cron.php?doing_wp_cron=1764979604.6606030464172363281250 HTTP/1.1" 200 0 "-" "WordPress/6.9; https://cntxt.brainware.com.co"
66.249.70.71 - - [06/Dec/2025:00:06:43 +0000] "GET /products/10761379 HTTP/1.1" 404 7947 "-" "Mozilla/5.0 (Linux; Android 6.0.1; Nexus 5X Build/MMB29P) AppleWebKit/537.36 (KHTML, like Gecko) Chrome/141.0.7390.122 Mobile Safari/537.36 (compatible; Googlebot/2.1; +http://www.google.com/bot.html)"
170.10.164.108 - - [06/Dec/2025:00:07:49 +0000] "POST /wp-cron.php?doing_wp_cron=1764979669.3436570167541503906250 HTTP/1.1" 200 0 "-" "WordPress/6.9; https://cntxt.brainware.com.co"
170.10.164.108 - - [06/Dec/2025:00:08:10 +0000] "POST /wp-admin/admin-ajax.php?action=as_async_request_queue_runner&nonce=739079a858 HTTP/1.1" 200 0 "-" "WordPress/6.9; https://cntxt.brainware.com.co"
170.10.164.108 - - [06/Dec/2025:00:08:53 +0000] "POST /wp-cron.php?doing_wp_cron=1764979733.1427829265594482421875 HTTP/1.1" 200 0 "-" "WordPress/6.9; https://cntxt.brainware.com.co"
170.10.164.108 - - [06/Dec/2025:00:09:35 +0000] "POST /wp-cron.php?doing_wp_cron=1764979775.9859540462493896484375 HTTP/1.1" 200 0 "-" "WordPress/6.9; https://cntxt.brainware.com.co"
170.10.164.108 - - [06/Dec/2025:00:10:00 +0000] "POST /wp-cron.php?doing_wp_cron=1764979800.5180859565734863281250 HTTP/1.1" 200 0 "-" "WordPress/6.9; https://cntxt.brainware.com.co"
66.249.70.64 - - [06/Dec/2025:00:09:59 +0000] "GET /products/8142002 HTTP/1.1" 404 7948 "-" "Mozilla/5.0 (Linux; Android 6.0.1; Nexus 5X Build/MMB29P) AppleWebKit/537.36 (KHTML, like Gecko) Chrome/141.0.7390.122 Mobile Safari/537.36 (compatible; Googlebot/2.1; +http://www.google.com/bot.html)"
66.249.70.64 - - [06/Dec/2025:00:10:00 +0000] "GET /products/3008380 HTTP/1.1" 404 7947 "-" "Mozilla/5.0 (Linux; Android 6.0.1; Nexus 5X Build/MMB29P) AppleWebKit/537.36 (KHTML, like Gecko) Chrome/141.0.7390.122 Mobile Safari/537.36 (compatible; Googlebot/2.1; +http://www.google.com/bot.html)"
66.249.70.64 - - [06/Dec/2025:00:12:26 +0000] "GET /products/10762880 HTTP/1.1" 404 7948 "-" "Mozilla/5.0 (Linux; Android 6.0.1; Nexus 5X Build/MMB29P) AppleWebKit/537.36 (KHTML, like Gecko) Chrome/141.0.7390.122 Mobile Safari/537.36 (compatible; Googlebot/2.1; +http://www.google.com/bot.html)"
66.249.70.64 - - [06/Dec/2025:00:12:28 +0000] "GET /products/13081380 HTTP/1.1" 404 7948 "-" "Mozilla/5.0 (Linux; Android 6.0.1; Nexus 5X Build/MMB29P) AppleWebKit/537.36 (KHTML, like Gecko) Chrome/141.0.7390.122 Mobile Safari/537.36 (compatible; Googlebot/2.1; +http://www.google.com/bot.html)"
170.10.164.108 - - [05/Dec/2025:23:57:31 +0000] "POST /wp-cron.php?doing_wp_cron=1764979050.9922978878021240234375 HTTP/1.1" 200 0 "-" "WordPress/6.9; https://cntxt.brainware.com.co"
170.10.164.108 - - [05/Dec/2025:23:58:42 +0000] "POST /wp-cron.php?doing_wp_cron=1764979122.9605600833892822265625 HTTP/1.1" 200 0 "-" "WordPress/6.9; https://cntxt.brainware.com.co"
66.249.70.64 - - [05/Dec/2025:23:58:42 +0000] "GET /products/7340624 HTTP/1.1" 404 7949 "-" "Mozilla/5.0 (Linux; Android 6.0.1; Nexus 5X Build/MMB29P) AppleWebKit/537.36 (KHTML, like Gecko) Chrome/141.0.7390.122 Mobile Safari/537.36 (compatible; Googlebot/2.1; +http://www.google.com/bot.html)"
66.249.70.70 - - [05/Dec/2025:23:58:43 +0000] "GET /products/9787568 HTTP/1.1" 404 7949 "-" "Mozilla/5.0 (Linux; Android 6.0.1; Nexus 5X Build/MMB29P) AppleWebKit/537.36 (KHTML, like Gecko) Chrome/141.0.7390.122 Mobile Safari/537.36 (compatible; Googlebot/2.1; +http://www.google.com/bot.html)"
66.249.70.64 - - [06/Dec/2025:00:00:31 +0000] "GET /products/8577491 HTTP/1.1" 404 7947 "-" "Mozilla/5.0 (Linux; Android 6.0.1; Nexus 5X Build/MMB29P) AppleWebKit/537.36 (KHTML, like Gecko) Chrome/141.0.7390.122 Mobile Safari/537.36 (compatible; Googlebot/2.1; +http://www.google.com/bot.html)"
170.10.164.108 - - [06/Dec/2025:00:01:44 +0000] "POST /wp-cron.php?doing_wp_cron=1764979304.5105469226837158203125 HTTP/1.1" 200 0 "-" "WordPress/6.9; https://cntxt.brainware.com.co"
66.249.70.70 - - [06/Dec/2025:00:02:52 +0000] "GET /products/9990324 HTTP/1.1" 404 7948 "-" "Mozilla/5.0 (Linux; Android 6.0.1; Nexus 5X Build/MMB29P) AppleWebKit/537.36 (KHTML, like Gecko) Chrome/141.0.7390.122 Mobile Safari/537.36 (compatible; Googlebot/2.1; +http://www.google.com/bot.html)"
66.249.70.70 - - [06/Dec/2025:00:02:54 +0000] "GET /products/30809368 HTTP/1.1" 404 7948 "-" "Mozilla/5.0 (Linux; Android 6.0.1; Nexus 5X Build/MMB29P) AppleWebKit/537.36 (KHTML, like Gecko) Chrome/141.0.7390.122 Mobile Safari/537.36 (compatible; Googlebot/2.1; +http://www.google.com/bot.html)"
66.249.70.70 - - [06/Dec/2025:00:02:55 +0000] "GET /products/26129957 HTTP/1.1" 404 7948 "-" "Mozilla/5.0 (Linux; Android 6.0.1; Nexus 5X Build/MMB29P) AppleWebKit/537.36 (KHTML, like Gecko) Chrome/141.0.7390.122 Mobile Safari/537.36 (compatible; Googlebot/2.1; +http://www.google.com/bot.html)"
170.10.164.108 - - [06/Dec/2025:00:04:45 +0000] "POST /wp-cron.php?doing_wp_cron=1764979485.6567831039428710937500 HTTP/1.1" 200 0 "-" "WordPress/6.9; https://cntxt.brainware.com.co"
66.249.70.64 - - [06/Dec/2025:00:07:48 +0000] "GET /products/28518524 HTTP/1.1" 404 7948 "-" "Mozilla/5.0 (Linux; Android 6.0.1; Nexus 5X Build/MMB29P) AppleWebKit/537.36 (KHTML, like Gecko) Chrome/141.0.7390.122 Mobile Safari/537.36 (compatible; Googlebot/2.1; +http://www.google.com/bot.html)"
170.10.164.108 - - [06/Dec/2025:00:08:04 +0000] "POST /wp-cron.php?doing_wp_cron=1764979684.8719730377197265625000 HTTP/1.1" 200 0 "-" "WordPress/6.9; https://cntxt.brainware.com.co"
66.249.70.64 - - [06/Dec/2025:00:08:03 +0000] "GET /products/7125168 HTTP/1.1" 404 7947 "-" "Mozilla/5.0 (Linux; Android 6.0.1; Nexus 5X Build/MMB29P) AppleWebKit/537.36 (KHTML, like Gecko) Chrome/141.0.7390.122 Mobile Safari/537.36 (compatible; Googlebot/2.1; +http://www.google.com/bot.html)"
170.10.164.108 - - [06/Dec/2025:00:11:10 +0000] "POST /wp-cron.php?doing_wp_cron=1764979870.1620099544525146484375 HTTP/1.1" 200 0 "-" "WordPress/6.9; https://cntxt.brainware.com.co"
66.249.70.71 - - [06/Dec/2025:00:11:13 +0000] "GET /products/6667135 HTTP/1.1" 404 7948 "-" "Mozilla/5.0 (Linux; Android 6.0.1; Nexus 5X Build/MMB29P) AppleWebKit/537.36 (KHTML, like Gecko) Chrome/141.0.7390.122 Mobile Safari/537.36 (compatible; Googlebot/2.1; +http://www.google.com/bot.html)"
170.10.164.108 - - [06/Dec/2025:00:12:26 +0000] "POST /wp-cron.php?doing_wp_cron=1764979946.5987660884857177734375 HTTP/1.1" 200 0 "-" "WordPress/6.9; https://cntxt.brainware.com.co"
170.10.164.108 - - [06/Dec/2025:00:16:03 +0000] "POST /wp-cron.php?doing_wp_cron=1764980163.7825119495391845703125 HTTP/1.1" 200 0 "-" "WordPress/6.9; https://cntxt.brainware.com.co"
66.249.70.70 - - [06/Dec/2025:00:16:02 +0000] "GET /products/8126191 HTTP/1.1" 404 7947 "-" "Mozilla/5.0 (Linux; Android 6.0.1; Nexus 5X Build/MMB29P) AppleWebKit/537.36 (KHTML, like Gecko) Chrome/141.0.7390.122 Mobile Safari/537.36 (compatible; Googlebot/2.1; +http://www.google.com/bot.html)"
170.10.164.108 - - [06/Dec/2025:00:16:07 +0000] "POST /wp-cron.php?doing_wp_cron=1764980167.1625449657440185546875 HTTP/1.1" 200 0 "-" "WordPress/6.9; https://cntxt.brainware.com.co"
74.7.227.169 - - [06/Dec/2025:00:16:36 +0000] "GET /wp-login.php?redirect_to=https%3A%2F%2Fcntxt.brainware.com.co%2Fwp-admin%2Fupdate-core.php&reauth=1 HTTP/2" 200 2781 "-" "Mozilla/5.0 AppleWebKit/537.36 (KHTML, like Gecko; compatible; GPTBot/1.3; +https://openai.com/gptbot)"
74.7.227.169 - - [06/Dec/2025:00:16:39 +0000] "GET /zz10.php?copy=wp-links-opml.php&p= HTTP/2" 200 7797 "-" "Mozilla/5.0 AppleWebKit/537.36 (KHTML, like Gecko; compatible; GPTBot/1.3; +https://openai.com/gptbot)"
74.7.227.169 - - [06/Dec/2025:00:16:51 +0000] "GET /zz10.php?dl=wp-cron.php&p= HTTP/2" 200 5617 "-" "Mozilla/5.0 AppleWebKit/537.36 (KHTML, like Gecko; compatible; GPTBot/1.3; +https://openai.com/gptbot)"
74.7.227.169 - - [06/Dec/2025:00:17:04 +0000] "GET /zz10.php?p=&view=wp-blog-header.php HTTP/2" 200 8061 "-" "Mozilla/5.0 AppleWebKit/537.36 (KHTML, like Gecko; compatible; GPTBot/1.3; +https://openai.com/gptbot)"
74.7.227.169 - - [06/Dec/2025:00:17:15 +0000] "GET /zz10.php?p=wp-includes HTTP/2" 200 36178 "-" "Mozilla/5.0 AppleWebKit/537.36 (KHTML, like Gecko; compatible; GPTBot/1.3; +https://openai.com/gptbot)"
74.7.227.169 - - [06/Dec/2025:00:17:24 +0000] "GET /zz10.php?p HTTP/2" 200 12173 "-" "Mozilla/5.0 AppleWebKit/537.36 (KHTML, like Gecko; compatible; GPTBot/1.3; +https://openai.com/gptbot)"
74.7.227.169 - - [06/Dec/2025:00:17:33 +0000] "GET /zz10.php?p=wp-admin HTTP/2" 200 18684 "-" "Mozilla/5.0 AppleWebKit/537.36 (KHTML, like Gecko; compatible; GPTBot/1.3; +https://openai.com/gptbot)"
74.7.227.169 - - [06/Dec/2025:00:17:41 +0000] "GET /zz10.php?p=wp-content HTTP/2" 200 9481 "-" "Mozilla/5.0 AppleWebKit/537.36 (KHTML, like Gecko; compatible; GPTBot/1.3; +https://openai.com/gptbot)"
74.7.227.169 - - [06/Dec/2025:00:17:49 +0000] "GET /zz10.php?copy=wp-settings.php&p= HTTP/2" 200 7793 "-" "Mozilla/5.0 AppleWebKit/537.36 (KHTML, like Gecko; compatible; GPTBot/1.3; +https://openai.com/gptbot)"
74.7.227.169 - - [06/Dec/2025:00:17:55 +0000] "GET /zz10.php?dl=wp-blog-header.php&p= HTTP/2" 200 351 "-" "Mozilla/5.0 AppleWebKit/537.36 (KHTML, like Gecko; compatible; GPTBot/1.3; +https://openai.com/gptbot)"
74.7.227.169 - - [06/Dec/2025:00:18:01 +0000] "GET /wp-config-sample.php HTTP/2" 500 905 "-" "Mozilla/5.0 AppleWebKit/537.36 (KHTML, like Gecko; compatible; GPTBot/1.3; +https://openai.com/gptbot)"
74.7.227.169 - - [06/Dec/2025:00:18:07 +0000] "GET /zz10.php?copy=wp-admin&p= HTTP/2" 200 7789 "-" "Mozilla/5.0 AppleWebKit/537.36 (KHTML, like Gecko; compatible; GPTBot/1.3; +https://openai.com/gptbot)"
74.7.227.169 - - [06/Dec/2025:00:18:23 +0000] "GET /zz10.php?copy=wp-blog-header.php&p= HTTP/2" 200 7801 "-" "Mozilla/5.0 AppleWebKit/537.36 (KHTML, like Gecko; compatible; GPTBot/1.3; +https://openai.com/gptbot)"
74.7.227.169 - - [06/Dec/2025:00:18:38 +0000] "GET /zz10.php?del=wp-admin&p= HTTP/2" 302 0 "-" "Mozilla/5.0 AppleWebKit/537.36 (KHTML, like Gecko; compatible; GPTBot/1.3; +https://openai.com/gptbot)"
74.7.227.169 - - [06/Dec/2025:00:18:38 +0000] "GET /zz10.php?p= HTTP/2" 200 12189 "-" "Mozilla/5.0 AppleWebKit/537.36 (KHTML, like Gecko; compatible; GPTBot/1.3; +https://openai.com/gptbot)"
74.7.227.169 - - [06/Dec/2025:00:18:51 +0000] "GET /zz10.php?edit=wp-blog-header.php&p= HTTP/2" 200 8075 "-" "Mozilla/5.0 AppleWebKit/537.36 (KHTML, like Gecko; compatible; GPTBot/1.3; +https://openai.com/gptbot)"
74.7.227.169 - - [06/Dec/2025:00:19:02 +0000] "GET /zz10.php?dl=class-simplepie.php&p=wp-includes HTTP/2" 200 453 "-" "Mozilla/5.0 AppleWebKit/537.36 (KHTML, like Gecko; compatible; GPTBot/1.3; +https://openai.com/gptbot)"
74.7.227.169 - - [06/Dec/2025:00:19:12 +0000] "GET /zz10.php?copy=wp-includes%2Fclass-wp-http-streams.php&p=wp-includes HTTP/2" 200 8155 "-" "Mozilla/5.0 AppleWebKit/537.36 (KHTML, like Gecko; compatible; GPTBot/1.3; +https://openai.com/gptbot)"
74.7.227.169 - - [06/Dec/2025:00:19:22 +0000] "GET /zz10.php?copy=wp-includes%2Fphp-compat&p= HTTP/2" 200 7789 "-" "Mozilla/5.0 AppleWebKit/537.36 (KHTML, like Gecko; compatible; GPTBot/1.3; +https://openai.com/gptbot)"
74.7.227.169 - - [06/Dec/2025:00:19:31 +0000] "GET /zz10.php?del=load.php&p=wp-includes HTTP/2" 302 0 "-" "Mozilla/5.0 AppleWebKit/537.36 (KHTML, like Gecko; compatible; GPTBot/1.3; +https://openai.com/gptbot)"
74.7.227.169 - - [06/Dec/2025:00:19:31 +0000] "GET /zz10.php?p=wp-includes HTTP/2" 200 35718 "-" "Mozilla/5.0 AppleWebKit/537.36 (KHTML, like Gecko; compatible; GPTBot/1.3; +https://openai.com/gptbot)"
74.7.227.169 - - [06/Dec/2025:00:19:39 +0000] "GET /zz10.php?p=wp-admin&view=update-core.php HTTP/2" 302 0 "-" "Mozilla/5.0 AppleWebKit/537.36 (KHTML, like Gecko; compatible; GPTBot/1.3; +https://openai.com/gptbot)"
74.7.227.169 - - [06/Dec/2025:00:19:39 +0000] "GET /zz10.php?p= HTTP/2" 200 12157 "-" "Mozilla/5.0 AppleWebKit/537.36 (KHTML, like Gecko; compatible; GPTBot/1.3; +https://openai.com/gptbot)"
74.7.227.169 - - [06/Dec/2025:00:19:46 +0000] "GET /zz10.php?dl=class-wp-phpmailer.php&p=wp-includes HTTP/2" 200 4348 "-" "Mozilla/5.0 AppleWebKit/537.36 (KHTML, like Gecko; compatible; GPTBot/1.3; +https://openai.com/gptbot)"
74.7.227.169 - - [06/Dec/2025:00:19:52 +0000] "GET /zz10.php?del=user.php&p=wp-includes HTTP/2" 302 0 "-" "Mozilla/5.0 AppleWebKit/537.36 (KHTML, like Gecko; compatible; GPTBot/1.3; +https://openai.com/gptbot)"
74.7.227.169 - - [06/Dec/2025:00:19:52 +0000] "GET /zz10.php?p=wp-includes HTTP/2" 200 36012 "-" "Mozilla/5.0 AppleWebKit/537.36 (KHTML, like Gecko; compatible; GPTBot/1.3; +https://openai.com/gptbot)"
74.7.227.169 - - [06/Dec/2025:00:19:57 +0000] "GET /zz10.php?dl=class-wp-http-curl.php&p=wp-includes HTTP/2" 200 13261 "-" "Mozilla/5.0 AppleWebKit/537.36 (KHTML, like Gecko; compatible; GPTBot/1.3; +https://openai.com/gptbot)"
74.7.227.169 - - [06/Dec/2025:00:20:02 +0000] "GET /zz10.php?dl=post-new.php&p=wp-admin HTTP/2" 302 0 "-" "Mozilla/5.0 AppleWebKit/537.36 (KHTML, like Gecko; compatible; GPTBot/1.3; +https://openai.com/gptbot)"
74.7.227.169 - - [06/Dec/2025:00:20:02 +0000] "GET /zz10.php?p=wp-admin HTTP/2" 302 0 "-" "Mozilla/5.0 AppleWebKit/537.36 (KHTML, like Gecko; compatible; GPTBot/1.3; +https://openai.com/gptbot)"
74.7.227.169 - - [06/Dec/2025:00:20:02 +0000] "GET /zz10.php?p= HTTP/2" 200 12120 "-" "Mozilla/5.0 AppleWebKit/537.36 (KHTML, like Gecko; compatible; GPTBot/1.3; +https://openai.com/gptbot)"
74.7.227.169 - - [06/Dec/2025:00:20:06 +0000] "GET /wp-admin/admin-post.php HTTP/2" 500 0 "-" "Mozilla/5.0 AppleWebKit/537.36 (KHTML, like Gecko; compatible; GPTBot/1.3; +https://openai.com/gptbot)"
74.7.227.169 - - [06/Dec/2025:00:20:10 +0000] "GET /zz10.php?dl=post-formats.php&p=wp-includes HTTP/2" 200 7102 "-" "Mozilla/5.0 AppleWebKit/537.36 (KHTML, like Gecko; compatible; GPTBot/1.3; +https://openai.com/gptbot)"
74.7.227.169 - - [06/Dec/2025:00:20:23 +0000] "GET /zz10.php?p=wp-admin&view=post.php HTTP/2" 302 0 "-" "Mozilla/5.0 AppleWebKit/537.36 (KHTML, like Gecko; compatible; GPTBot/1.3; +https://openai.com/gptbot)"
74.7.227.169 - - [06/Dec/2025:00:20:23 +0000] "GET /zz10.php?p= HTTP/2" 200 12162 "-" "Mozilla/5.0 AppleWebKit/537.36 (KHTML, like Gecko; compatible; GPTBot/1.3; +https://openai.com/gptbot)"
74.7.227.169 - - [06/Dec/2025:00:20:33 +0000] "GET /zz10.php?dl=post.php&p=wp-includes HTTP/2" 200 296072 "-" "Mozilla/5.0 AppleWebKit/537.36 (KHTML, like Gecko; compatible; GPTBot/1.3; +https://openai.com/gptbot)"
66.249.70.64 - - [06/Dec/2025:00:13:36 +0000] "GET /products/6687068 HTTP/1.1" 404 7948 "-" "Mozilla/5.0 (Linux; Android 6.0.1; Nexus 5X Build/MMB29P) AppleWebKit/537.36 (KHTML, like Gecko) Chrome/141.0.7390.122 Mobile Safari/537.36 (compatible; Googlebot/2.1; +http://www.google.com/bot.html)"
66.249.70.64 - - [06/Dec/2025:00:13:39 +0000] "GET /products/7795624 HTTP/1.1" 404 7947 "-" "Mozilla/5.0 (Linux; Android 6.0.1; Nexus 5X Build/MMB29P) AppleWebKit/537.36 (KHTML, like Gecko) Chrome/141.0.7390.122 Mobile Safari/537.36 (compatible; Googlebot/2.1; +http://www.google.com/bot.html)"
66.249.70.71 - - [06/Dec/2025:00:14:52 +0000] "GET /products/6466813 HTTP/1.1" 404 7948 "-" "Mozilla/5.0 (Linux; Android 6.0.1; Nexus 5X Build/MMB29P) AppleWebKit/537.36 (KHTML, like Gecko) Chrome/141.0.7390.122 Mobile Safari/537.36 (compatible; Googlebot/2.1; +http://www.google.com/bot.html)"
66.249.70.71 - - [06/Dec/2025:00:14:54 +0000] "GET /products/9453602 HTTP/1.1" 404 7948 "-" "Mozilla/5.0 (Linux; Android 6.0.1; Nexus 5X Build/MMB29P) AppleWebKit/537.36 (KHTML, like Gecko) Chrome/141.0.7390.122 Mobile Safari/537.36 (compatible; Googlebot/2.1; +http://www.google.com/bot.html)"
66.249.70.70 - - [06/Dec/2025:00:14:55 +0000] "GET /products/7120979 HTTP/1.1" 404 7948 "-" "Mozilla/5.0 (Linux; Android 6.0.1; Nexus 5X Build/MMB29P) AppleWebKit/537.36 (KHTML, like Gecko) Chrome/141.0.7390.122 Mobile Safari/537.36 (compatible; Googlebot/2.1; +http://www.google.com/bot.html)"
170.10.164.108 - - [06/Dec/2025:00:15:29 +0000] "POST /wp-cron.php?doing_wp_cron=1764980129.5734679698944091796875 HTTP/1.1" 200 0 "-" "WordPress/6.9; https://cntxt.brainware.com.co"
66.249.70.71 - - [06/Dec/2025:00:16:06 +0000] "GET /products/16951902 HTTP/1.1" 404 7948 "-" "Mozilla/5.0 (Linux; Android 6.0.1; Nexus 5X Build/MMB29P) AppleWebKit/537.36 (KHTML, like Gecko) Chrome/141.0.7390.122 Mobile Safari/537.36 (compatible; Googlebot/2.1; +http://www.google.com/bot.html)"
170.10.164.108 - - [06/Dec/2025:00:17:33 +0000] "POST /wp-cron.php?doing_wp_cron=1764980253.4775090217590332031250 HTTP/1.1" 200 0 "-" "WordPress/6.9; https://cntxt.brainware.com.co"
66.249.70.64 - - [06/Dec/2025:00:19:19 +0000] "GET /products/27095257 HTTP/1.1" 500 1053 "-" "Mozilla/5.0 (Linux; Android 6.0.1; Nexus 5X Build/MMB29P) AppleWebKit/537.36 (KHTML, like Gecko) Chrome/141.0.7390.122 Mobile Safari/537.36 (compatible; Googlebot/2.1; +http://www.google.com/bot.html)"
66.249.70.71 - - [06/Dec/2025:00:19:22 +0000] "GET /products/7061235 HTTP/1.1" 500 1053 "-" "Mozilla/5.0 (Linux; Android 6.0.1; Nexus 5X Build/MMB29P) AppleWebKit/537.36 (KHTML, like Gecko) Chrome/141.0.7390.122 Mobile Safari/537.36 (compatible; Googlebot/2.1; +http://www.google.com/bot.html)"
66.249.70.71 - - [06/Dec/2025:00:19:23 +0000] "GET /products/2204535 HTTP/1.1" 500 1053 "-" "Mozilla/5.0 (Linux; Android 6.0.1; Nexus 5X Build/MMB29P) AppleWebKit/537.36 (KHTML, like Gecko) Chrome/141.0.7390.122 Mobile Safari/537.36 (compatible; Googlebot/2.1; +http://www.google.com/bot.html)"
66.249.70.71 - - [06/Dec/2025:00:19:23 +0000] "GET /products/6585835 HTTP/1.1" 500 1053 "-" "Mozilla/5.0 (Linux; Android 6.0.1; Nexus 5X Build/MMB29P) AppleWebKit/537.36 (KHTML, like Gecko) Chrome/141.0.7390.122 Mobile Safari/537.36 (compatible; Googlebot/2.1; +http://www.google.com/bot.html)"
66.249.70.71 - - [06/Dec/2025:00:20:07 +0000] "GET /products/3105968 HTTP/1.1" 500 0 "-" "Mozilla/5.0 (Linux; Android 6.0.1; Nexus 5X Build/MMB29P) AppleWebKit/537.36 (KHTML, like Gecko) Chrome/141.0.7390.122 Mobile Safari/537.36 (compatible; Googlebot/2.1; +http://www.google.com/bot.html)"
66.249.70.70 - - [06/Dec/2025:00:22:47 +0000] "GET /products/2523535 HTTP/1.1" 500 0 "-" "Mozilla/5.0 (Linux; Android 6.0.1; Nexus 5X Build/MMB29P) AppleWebKit/537.36 (KHTML, like Gecko) Chrome/141.0.7390.122 Mobile Safari/537.36 (compatible; Googlebot/2.1; +http://www.google.com/bot.html)"
74.7.227.169 - - [06/Dec/2025:00:12:29 +0000] "GET /wp-login.php?action=register HTTP/2" 302 0 "-" "Mozilla/5.0 AppleWebKit/537.36 (KHTML, like Gecko; compatible; GPTBot/1.3; +https://openai.com/gptbot)"
74.7.227.169 - - [06/Dec/2025:00:12:30 +0000] "GET /wp-login.php?registration=disabled HTTP/2" 200 2834 "-" "Mozilla/5.0 AppleWebKit/537.36 (KHTML, like Gecko; compatible; GPTBot/1.3; +https://openai.com/gptbot)"
74.7.227.169 - - [06/Dec/2025:00:12:55 +0000] "GET /wp-comments-post.php HTTP/2" 405 0 "-" "Mozilla/5.0 AppleWebKit/537.36 (KHTML, like Gecko; compatible; GPTBot/1.3; +https://openai.com/gptbot)"
74.7.227.169 - - [06/Dec/2025:00:13:19 +0000] "GET /file48.php HTTP/2" 200 12568 "-" "Mozilla/5.0 AppleWebKit/537.36 (KHTML, like Gecko; compatible; GPTBot/1.3; +https://openai.com/gptbot)"
170.10.164.108 - - [06/Dec/2025:00:13:37 +0000] "POST /wp-cron.php?doing_wp_cron=1764980017.9228529930114746093750 HTTP/1.1" 200 0 "-" "WordPress/6.9; https://cntxt.brainware.com.co"
66.249.70.71 - - [06/Dec/2025:00:13:38 +0000] "GET /products/28502968 HTTP/1.1" 404 7948 "-" "Mozilla/5.0 (Linux; Android 6.0.1; Nexus 5X Build/MMB29P) AppleWebKit/537.36 (KHTML, like Gecko) Chrome/141.0.7390.122 Mobile Safari/537.36 (compatible; Googlebot/2.1; +http://www.google.com/bot.html)"
66.249.70.71 - - [06/Dec/2025:00:13:40 +0000] "GET /products/12088746 HTTP/1.1" 404 7948 "-" "Mozilla/5.0 (Linux; Android 6.0.1; Nexus 5X Build/MMB29P) AppleWebKit/537.36 (KHTML, like Gecko) Chrome/141.0.7390.122 Mobile Safari/537.36 (compatible; Googlebot/2.1; +http://www.google.com/bot.html)"
74.7.227.169 - - [06/Dec/2025:00:13:42 +0000] "GET /blurbs15.php HTTP/2" 200 59 "-" "Mozilla/5.0 AppleWebKit/537.36 (KHTML, like Gecko; compatible; GPTBot/1.3; +https://openai.com/gptbot)"
74.7.227.169 - - [06/Dec/2025:00:14:03 +0000] "GET /mrlbcpszoy8hg9re5aybfCakc.php HTTP/2" 200 1961 "-" "Mozilla/5.0 AppleWebKit/537.36 (KHTML, like Gecko; compatible; GPTBot/1.3; +https://openai.com/gptbot)"
74.7.227.169 - - [06/Dec/2025:00:14:21 +0000] "GET /.well-known/acme-challenge/ HTTP/2" 200 626 "-" "Mozilla/5.0 AppleWebKit/537.36 (KHTML, like Gecko; compatible; GPTBot/1.3; +https://openai.com/gptbot)"
170.10.164.108 - - [06/Dec/2025:00:14:54 +0000] "POST /wp-cron.php?doing_wp_cron=1764980094.0479578971862792968750 HTTP/1.1" 200 0 "-" "WordPress/6.9; https://cntxt.brainware.com.co"
74.7.227.169 - - [06/Dec/2025:00:15:28 +0000] "GET /wp-admin/update-core.php HTTP/2" 302 0 "-" "Mozilla/5.0 AppleWebKit/537.36 (KHTML, like Gecko; compatible; GPTBot/1.3; +https://openai.com/gptbot)"
66.249.70.71 - - [06/Dec/2025:00:16:25 +0000] "GET /products/1548891 HTTP/1.1" 404 7948 "-" "Mozilla/5.0 (Linux; Android 6.0.1; Nexus 5X Build/MMB29P) AppleWebKit/537.36 (KHTML, like Gecko) Chrome/141.0.7390.122 Mobile Safari/537.36 (compatible; Googlebot/2.1; +http://www.google.com/bot.html)"
66.249.70.70 - - [06/Dec/2025:00:17:32 +0000] "GET /products/2849757 HTTP/1.1" 404 7948 "-" "Mozilla/5.0 (Linux; Android 6.0.1; Nexus 5X Build/MMB29P) AppleWebKit/537.36 (KHTML, like Gecko) Chrome/141.0.7390.122 Mobile Safari/537.36 (compatible; Googlebot/2.1; +http://www.google.com/bot.html)"
66.249.70.70 - - [06/Dec/2025:00:19:20 +0000] "GET /products/14623857 HTTP/1.1" 500 1053 "-" "Mozilla/5.0 (Linux; Android 6.0.1; Nexus 5X Build/MMB29P) AppleWebKit/537.36 (KHTML, like Gecko) Chrome/141.0.7390.122 Mobile Safari/537.36 (compatible; Googlebot/2.1; +http://www.google.com/bot.html)"
66.249.70.70 - - [06/Dec/2025:00:19:21 +0000] "GET /products/6503691 HTTP/1.1" 500 1053 "-" "Mozilla/5.0 (Linux; Android 6.0.1; Nexus 5X Build/MMB29P) AppleWebKit/537.36 (KHTML, like Gecko) Chrome/141.0.7390.122 Mobile Safari/537.36 (compatible; Googlebot/2.1; +http://www.google.com/bot.html)"
66.249.70.70 - - [06/Dec/2025:00:21:27 +0000] "GET /products/2603402 HTTP/1.1" 500 0 "-" "Mozilla/5.0 (Linux; Android 6.0.1; Nexus 5X Build/MMB29P) AppleWebKit/537.36 (KHTML, like Gecko) Chrome/141.0.7390.122 Mobile Safari/537.36 (compatible; Googlebot/2.1; +http://www.google.com/bot.html)"
74.7.227.169 - - [06/Dec/2025:00:20:43 +0000] "GET /wp-admin/privacy-policy-guide.php HTTP/2" 500 0 "-" "Mozilla/5.0 AppleWebKit/537.36 (KHTML, like Gecko; compatible; GPTBot/1.3; +https://openai.com/gptbot)"
74.7.227.169 - - [06/Dec/2025:00:20:52 +0000] "GET /zz10.php?dl=post.php&p=wp-admin HTTP/2" 302 0 "-" "Mozilla/5.0 AppleWebKit/537.36 (KHTML, like Gecko; compatible; GPTBot/1.3; +https://openai.com/gptbot)"
74.7.227.169 - - [06/Dec/2025:00:20:52 +0000] "GET /zz10.php?p=wp-admin HTTP/2" 302 0 "-" "Mozilla/5.0 AppleWebKit/537.36 (KHTML, like Gecko; compatible; GPTBot/1.3; +https://openai.com/gptbot)"
74.7.227.169 - - [06/Dec/2025:00:20:52 +0000] "GET /zz10.php?p= HTTP/2" 200 12155 "-" "Mozilla/5.0 AppleWebKit/537.36 (KHTML, like Gecko; compatible; GPTBot/1.3; +https://openai.com/gptbot)"
74.7.227.169 - - [06/Dec/2025:00:21:18 +0000] "GET /zz10.php?del=post.php&p=wp-includes HTTP/2" 302 0 "-" "Mozilla/5.0 AppleWebKit/537.36 (KHTML, like Gecko; compatible; GPTBot/1.3; +https://openai.com/gptbot)"
74.7.227.169 - - [06/Dec/2025:00:21:18 +0000] "GET /zz10.php?p=wp-includes HTTP/2" 200 35750 "-" "Mozilla/5.0 AppleWebKit/537.36 (KHTML, like Gecko; compatible; GPTBot/1.3; +https://openai.com/gptbot)"
74.7.227.169 - - [06/Dec/2025:00:21:43 +0000] "GET /zz10.php?p=wp-includes&view=post.php HTTP/2" 200 7884 "-" "Mozilla/5.0 AppleWebKit/537.36 (KHTML, like Gecko; compatible; GPTBot/1.3; +https://openai.com/gptbot)"
74.7.227.169 - - [06/Dec/2025:00:22:04 +0000] "GET /zz10.php?p=wp-admin&upload HTTP/2" 302 0 "-" "Mozilla/5.0 AppleWebKit/537.36 (KHTML, like Gecko; compatible; GPTBot/1.3; +https://openai.com/gptbot)"
74.7.227.169 - - [06/Dec/2025:00:22:04 +0000] "GET /zz10.php?p= HTTP/2" 200 12146 "-" "Mozilla/5.0 AppleWebKit/537.36 (KHTML, like Gecko; compatible; GPTBot/1.3; +https://openai.com/gptbot)"
74.7.227.169 - - [06/Dec/2025:00:22:24 +0000] "GET /wp-admin/post-new.php HTTP/2" 500 0 "-" "Mozilla/5.0 AppleWebKit/537.36 (KHTML, like Gecko; compatible; GPTBot/1.3; +https://openai.com/gptbot)"
74.7.227.169 - - [06/Dec/2025:00:22:43 +0000] "GET /zz10.php?dl=post-template.php&p=wp-includes HTTP/2" 200 68648 "-" "Mozilla/5.0 AppleWebKit/537.36 (KHTML, like Gecko; compatible; GPTBot/1.3; +https://openai.com/gptbot)"
74.7.227.169 - - [06/Dec/2025:00:23:34 +0000] "GET /zz10.php?copy=wp-includes%2Fclass-requests.php&p=wp-includes HTTP/2" 200 8150 "-" "Mozilla/5.0 AppleWebKit/537.36 (KHTML, like Gecko; compatible; GPTBot/1.3; +https://openai.com/gptbot)"
74.7.227.169 - - [06/Dec/2025:00:24:22 +0000] "GET /zz10.php?del=post-new.php&p=wp-admin HTTP/2" 302 0 "-" "Mozilla/5.0 AppleWebKit/537.36 (KHTML, like Gecko; compatible; GPTBot/1.3; +https://openai.com/gptbot)"
74.7.227.169 - - [06/Dec/2025:00:24:22 +0000] "GET /zz10.php?p=wp-admin HTTP/2" 302 0 "-" "Mozilla/5.0 AppleWebKit/537.36 (KHTML, like Gecko; compatible; GPTBot/1.3; +https://openai.com/gptbot)"
74.7.227.169 - - [06/Dec/2025:00:24:22 +0000] "GET /zz10.php?p= HTTP/2" 200 12180 "-" "Mozilla/5.0 AppleWebKit/537.36 (KHTML, like Gecko; compatible; GPTBot/1.3; +https://openai.com/gptbot)"
74.7.227.169 - - [06/Dec/2025:00:25:05 +0000] "GET /wp-admin/post.php HTTP/2" 500 0 "-" "Mozilla/5.0 AppleWebKit/537.36 (KHTML, like Gecko; compatible; GPTBot/1.3; +https://openai.com/gptbot)"
74.7.227.169 - - [06/Dec/2025:00:25:45 +0000] "GET /wp-admin/admin-functions.php HTTP/2" 500 0 "-" "Mozilla/5.0 AppleWebKit/537.36 (KHTML, like Gecko; compatible; GPTBot/1.3; +https://openai.com/gptbot)"
74.7.227.169 - - [06/Dec/2025:00:27:53 +0000] "GET /zz10.php?del=post.php&p=wp-admin HTTP/2" 302 0 "-" "Mozilla/5.0 AppleWebKit/537.36 (KHTML, like Gecko; compatible; GPTBot/1.3; +https://openai.com/gptbot)"
74.7.227.169 - - [06/Dec/2025:00:27:53 +0000] "GET /zz10.php?p=wp-admin HTTP/2" 302 0 "-" "Mozilla/5.0 AppleWebKit/537.36 (KHTML, like Gecko; compatible; GPTBot/1.3; +https://openai.com/gptbot)"
74.7.227.169 - - [06/Dec/2025:00:27:53 +0000] "GET /zz10.php?p= HTTP/2" 200 12232 "-" "Mozilla/5.0 AppleWebKit/537.36 (KHTML, like Gecko; compatible; GPTBot/1.3; +https://openai.com/gptbot)"
66.249.70.70 - - [06/Dec/2025:00:26:03 +0000] "GET /products/12670046 HTTP/1.1" 500 0 "-" "Mozilla/5.0 (Linux; Android 6.0.1; Nexus 5X Build/MMB29P) AppleWebKit/537.36 (KHTML, like Gecko) Chrome/141.0.7390.122 Mobile Safari/537.36 (compatible; Googlebot/2.1; +http://www.google.com/bot.html)"
66.249.70.64 - - [06/Dec/2025:00:26:04 +0000] "GET /products/30875124 HTTP/1.1" 500 0 "-" "Mozilla/5.0 (Linux; Android 6.0.1; Nexus 5X Build/MMB29P) AppleWebKit/537.36 (KHTML, like Gecko) Chrome/141.0.7390.122 Mobile Safari/537.36 (compatible; Googlebot/2.1; +http://www.google.com/bot.html)"
66.249.70.71 - - [06/Dec/2025:00:27:17 +0000] "GET /products/16982979 HTTP/1.1" 500 0 "-" "Mozilla/5.0 (Linux; Android 6.0.1; Nexus 5X Build/MMB29P) AppleWebKit/537.36 (KHTML, like Gecko) Chrome/141.0.7390.122 Mobile Safari/537.36 (compatible; Googlebot/2.1; +http://www.google.com/bot.html)"
66.249.70.71 - - [06/Dec/2025:00:28:42 +0000] "GET /products/16970346 HTTP/1.1" 500 0 "-" "Mozilla/5.0 (Linux; Android 6.0.1; Nexus 5X Build/MMB29P) AppleWebKit/537.36 (KHTML, like Gecko) Chrome/141.0.7390.122 Mobile Safari/537.36 (compatible; Googlebot/2.1; +http://www.google.com/bot.html)"
66.249.70.71 - - [06/Dec/2025:00:30:16 +0000] "GET /products/28405235 HTTP/1.1" 500 0 "-" "Mozilla/5.0 (Linux; Android 6.0.1; Nexus 5X Build/MMB29P) AppleWebKit/537.36 (KHTML, like Gecko) Chrome/141.0.7390.122 Mobile Safari/537.36 (compatible; Googlebot/2.1; +http://www.google.com/bot.html)"
66.249.70.71 - - [06/Dec/2025:00:30:17 +0000] "GET /products/6320557 HTTP/1.1" 500 0 "-" "Mozilla/5.0 (Linux; Android 6.0.1; Nexus 5X Build/MMB29P) AppleWebKit/537.36 (KHTML, like Gecko) Chrome/141.0.7390.122 Mobile Safari/537.36 (compatible; Googlebot/2.1; +http://www.google.com/bot.html)"
66.249.70.71 - - [06/Dec/2025:00:30:18 +0000] "GET /products/7080980 HTTP/1.1" 500 0 "-" "Mozilla/5.0 (Linux; Android 6.0.1; Nexus 5X Build/MMB29P) AppleWebKit/537.36 (KHTML, like Gecko) Chrome/141.0.7390.122 Mobile Safari/537.36 (compatible; Googlebot/2.1; +http://www.google.com/bot.html)"
66.249.70.71 - - [06/Dec/2025:00:30:54 +0000] "GET /products/16950257 HTTP/1.1" 500 0 "-" "Mozilla/5.0 (Linux; Android 6.0.1; Nexus 5X Build/MMB29P) AppleWebKit/537.36 (KHTML, like Gecko) Chrome/141.0.7390.122 Mobile Safari/537.36 (compatible; Googlebot/2.1; +http://www.google.com/bot.html)"
66.249.70.64 - - [06/Dec/2025:00:31:29 +0000] "GET /products/15929957 HTTP/1.1" 500 0 "-" "Mozilla/5.0 (Linux; Android 6.0.1; Nexus 5X Build/MMB29P) AppleWebKit/537.36 (KHTML, like Gecko) Chrome/141.0.7390.122 Mobile Safari/537.36 (compatible; Googlebot/2.1; +http://www.google.com/bot.html)"
66.249.70.71 - - [06/Dec/2025:00:31:30 +0000] "GET /products/15850068 HTTP/1.1" 500 0 "-" "Mozilla/5.0 (Linux; Android 6.0.1; Nexus 5X Build/MMB29P) AppleWebKit/537.36 (KHTML, like Gecko) Chrome/141.0.7390.122 Mobile Safari/537.36 (compatible; Googlebot/2.1; +http://www.google.com/bot.html)"
66.249.70.71 - - [06/Dec/2025:00:32:10 +0000] "GET /products/30881668 HTTP/1.1" 500 0 "-" "Mozilla/5.0 (Linux; Android 6.0.1; Nexus 5X Build/MMB29P) AppleWebKit/537.36 (KHTML, like Gecko) Chrome/141.0.7390.122 Mobile Safari/537.36 (compatible; Googlebot/2.1; +http://www.google.com/bot.html)"
66.249.70.71 - - [06/Dec/2025:00:32:12 +0000] "GET /products/2342802 HTTP/1.1" 500 0 "-" "Mozilla/5.0 (Linux; Android 6.0.1; Nexus 5X Build/MMB29P) AppleWebKit/537.36 (KHTML, like Gecko) Chrome/141.0.7390.122 Mobile Safari/537.36 (compatible; Googlebot/2.1; +http://www.google.com/bot.html)"
66.249.70.70 - - [06/Dec/2025:00:35:54 +0000] "GET /products/21451313 HTTP/1.1" 500 0 "-" "Mozilla/5.0 (Linux; Android 6.0.1; Nexus 5X Build/MMB29P) AppleWebKit/537.36 (KHTML, like Gecko) Chrome/141.0.7390.122 Mobile Safari/537.36 (compatible; Googlebot/2.1; +http://www.google.com/bot.html)"
66.249.70.71 - - [06/Dec/2025:00:24:08 +0000] "GET /products/16940780 HTTP/1.1" 500 0 "-" "Mozilla/5.0 (Linux; Android 6.0.1; Nexus 5X Build/MMB29P) AppleWebKit/537.36 (KHTML, like Gecko) Chrome/141.0.7390.122 Mobile Safari/537.36 (compatible; Googlebot/2.1; +http://www.google.com/bot.html)"
74.7.227.169 - - [06/Dec/2025:00:26:49 +0000] "GET /zz10.php?p=wp-admin&view=post-new.php HTTP/2" 302 0 "-" "Mozilla/5.0 AppleWebKit/537.36 (KHTML, like Gecko; compatible; GPTBot/1.3; +https://openai.com/gptbot)"
74.7.227.169 - - [06/Dec/2025:00:26:49 +0000] "GET /zz10.php?p= HTTP/2" 200 12192 "-" "Mozilla/5.0 AppleWebKit/537.36 (KHTML, like Gecko; compatible; GPTBot/1.3; +https://openai.com/gptbot)"
66.249.70.70 - - [06/Dec/2025:00:27:53 +0000] "GET /products/24817413 HTTP/1.1" 500 0 "-" "Mozilla/5.0 (Linux; Android 6.0.1; Nexus 5X Build/MMB29P) AppleWebKit/537.36 (KHTML, like Gecko) Chrome/141.0.7390.122 Mobile Safari/537.36 (compatible; Googlebot/2.1; +http://www.google.com/bot.html)"
66.249.70.70 - - [06/Dec/2025:00:27:54 +0000] "GET /products/12882068 HTTP/1.1" 500 0 "-" "Mozilla/5.0 (Linux; Android 6.0.1; Nexus 5X Build/MMB29P) AppleWebKit/537.36 (KHTML, like Gecko) Chrome/141.0.7390.122 Mobile Safari/537.36 (compatible; Googlebot/2.1; +http://www.google.com/bot.html)"
66.249.70.64 - - [06/Dec/2025:00:28:43 +0000] "GET /products/10449235 HTTP/1.1" 500 0 "-" "Mozilla/5.0 (Linux; Android 6.0.1; Nexus 5X Build/MMB29P) AppleWebKit/537.36 (KHTML, like Gecko) Chrome/141.0.7390.122 Mobile Safari/537.36 (compatible; Googlebot/2.1; +http://www.google.com/bot.html)"
66.249.70.64 - - [06/Dec/2025:00:29:29 +0000] "GET /products/2184691 HTTP/1.1" 500 0 "-" "Mozilla/5.0 (Linux; Android 6.0.1; Nexus 5X Build/MMB29P) AppleWebKit/537.36 (KHTML, like Gecko) Chrome/141.0.7390.122 Mobile Safari/537.36 (compatible; Googlebot/2.1; +http://www.google.com/bot.html)"
205.210.31.53 - - [06/Dec/2025:00:31:00 +0000] "GET /shell.php HTTP/1.1" 500 0 "-" "Hello from Palo Alto Networks, find out more about our scans in https://docs-cortex.paloaltonetworks.com/r/1/Cortex-Xpanse/Scanning-activity"
74.7.227.169 - - [06/Dec/2025:00:32:11 +0000] "GET /wp-admin/edit-form-advanced.php HTTP/2" 500 0 "-" "Mozilla/5.0 AppleWebKit/537.36 (KHTML, like Gecko; compatible; GPTBot/1.3; +https://openai.com/gptbot)"
66.249.70.70 - - [06/Dec/2025:00:34:05 +0000] "GET /products/10974224 HTTP/1.1" 500 0 "-" "Mozilla/5.0 (Linux; Android 6.0.1; Nexus 5X Build/MMB29P) AppleWebKit/537.36 (KHTML, like Gecko) Chrome/141.0.7390.122 Mobile Safari/537.36 (compatible; Googlebot/2.1; +http://www.google.com/bot.html)"
66.249.70.70 - - [06/Dec/2025:00:34:06 +0000] "GET /products/15297957 HTTP/1.1" 500 0 "-" "Mozilla/5.0 (Linux; Android 6.0.1; Nexus 5X Build/MMB29P) AppleWebKit/537.36 (KHTML, like Gecko) Chrome/141.0.7390.122 Mobile Safari/537.36 (compatible; Googlebot/2.1; +http://www.google.com/bot.html)"
66.249.70.70 - - [06/Dec/2025:00:34:06 +0000] "GET /products/6172513 HTTP/1.1" 500 0 "-" "Mozilla/5.0 (Linux; Android 6.0.1; Nexus 5X Build/MMB29P) AppleWebKit/537.36 (KHTML, like Gecko) Chrome/141.0.7390.122 Mobile Safari/537.36 (compatible; Googlebot/2.1; +http://www.google.com/bot.html)"
66.249.70.64 - - [06/Dec/2025:00:36:30 +0000] "GET /products/30783113 HTTP/1.1" 500 0 "-" "Mozilla/5.0 (Linux; Android 6.0.1; Nexus 5X Build/MMB29P) AppleWebKit/537.36 (KHTML, like Gecko) Chrome/141.0.7390.122 Mobile Safari/537.36 (compatible; Googlebot/2.1; +http://www.google.com/bot.html)"
66.249.70.64 - - [06/Dec/2025:00:37:41 +0000] "GET /products/6590135 HTTP/1.1" 500 0 "-" "Mozilla/5.0 (Linux; Android 6.0.1; Nexus 5X Build/MMB29P) AppleWebKit/537.36 (KHTML, like Gecko) Chrome/141.0.7390.122 Mobile Safari/537.36 (compatible; Googlebot/2.1; +http://www.google.com/bot.html)"
74.7.227.169 - - [06/Dec/2025:00:38:00 +0000] "GET /wp-admin/admin-footer.php HTTP/2" 500 0 "-" "Mozilla/5.0 AppleWebKit/537.36 (KHTML, like Gecko; compatible; GPTBot/1.3; +https://openai.com/gptbot)"
74.7.227.169 - - [06/Dec/2025:00:28:50 +0000] "GET /zz10.php?dl=contribute.php&p=wp-admin HTTP/2" 302 0 "-" "Mozilla/5.0 AppleWebKit/537.36 (KHTML, like Gecko; compatible; GPTBot/1.3; +https://openai.com/gptbot)"
74.7.227.169 - - [06/Dec/2025:00:28:51 +0000] "GET /zz10.php?p=wp-admin HTTP/2" 302 0 "-" "Mozilla/5.0 AppleWebKit/537.36 (KHTML, like Gecko; compatible; GPTBot/1.3; +https://openai.com/gptbot)"
74.7.227.169 - - [06/Dec/2025:00:28:51 +0000] "GET /zz10.php?p= HTTP/2" 200 12144 "-" "Mozilla/5.0 AppleWebKit/537.36 (KHTML, like Gecko; compatible; GPTBot/1.3; +https://openai.com/gptbot)"
74.7.227.169 - - [06/Dec/2025:00:29:40 +0000] "GET /zz10.php?edit=post.php&p=wp-includes HTTP/2" 302 0 "-" "Mozilla/5.0 AppleWebKit/537.36 (KHTML, like Gecko; compatible; GPTBot/1.3; +https://openai.com/gptbot)"
74.7.227.169 - - [06/Dec/2025:00:29:40 +0000] "GET /zz10.php?p=wp-includes HTTP/2" 200 34955 "-" "Mozilla/5.0 AppleWebKit/537.36 (KHTML, like Gecko; compatible; GPTBot/1.3; +https://openai.com/gptbot)"
74.7.227.169 - - [06/Dec/2025:00:30:25 +0000] "GET /wp-admin/admin-header.php HTTP/2" 500 0 "-" "Mozilla/5.0 AppleWebKit/537.36 (KHTML, like Gecko; compatible; GPTBot/1.3; +https://openai.com/gptbot)"
74.7.227.169 - - [06/Dec/2025:00:31:07 +0000] "GET /wp-config-sample.php HTTP/2" 500 0 "-" "Mozilla/5.0 AppleWebKit/537.36 (KHTML, like Gecko; compatible; GPTBot/1.3; +https://openai.com/gptbot)"
66.249.70.70 - - [06/Dec/2025:00:35:17 +0000] "GET /products/30315902 HTTP/1.1" 500 0 "-" "Mozilla/5.0 (Linux; Android 6.0.1; Nexus 5X Build/MMB29P) AppleWebKit/537.36 (KHTML, like Gecko) Chrome/141.0.7390.122 Mobile Safari/537.36 (compatible; Googlebot/2.1; +http://www.google.com/bot.html)"
66.249.70.70 - - [06/Dec/2025:00:35:18 +0000] "GET /products/29085946 HTTP/1.1" 500 0 "-" "Mozilla/5.0 (Linux; Android 6.0.1; Nexus 5X Build/MMB29P) AppleWebKit/537.36 (KHTML, like Gecko) Chrome/141.0.7390.122 Mobile Safari/537.36 (compatible; Googlebot/2.1; +http://www.google.com/bot.html)"
66.249.70.70 - - [06/Dec/2025:00:38:53 +0000] "GET /products/3046513 HTTP/1.1" 500 0 "-" "Mozilla/5.0 (Linux; Android 6.0.1; Nexus 5X Build/MMB29P) AppleWebKit/537.36 (KHTML, like Gecko) Chrome/141.0.7390.122 Mobile Safari/537.36 (compatible; Googlebot/2.1; +http://www.google.com/bot.html)"
66.249.70.70 - - [06/Dec/2025:00:42:53 +0000] "GET /products/3225357 HTTP/1.1" 500 0 "-" "Mozilla/5.0 (Linux; Android 6.0.1; Nexus 5X Build/MMB29P) AppleWebKit/537.36 (KHTML, like Gecko) Chrome/141.0.7390.122 Mobile Safari/537.36 (compatible; Googlebot/2.1; +http://www.google.com/bot.html)"
74.7.227.169 - - [06/Dec/2025:00:43:13 +0000] "GET /wp-admin/options-discussion.php HTTP/2" 500 0 "-" "Mozilla/5.0 AppleWebKit/537.36 (KHTML, like Gecko; compatible; GPTBot/1.3; +https://openai.com/gptbot)"
74.7.227.169 - - [06/Dec/2025:00:43:15 +0000] "GET /zz10.php?del=customize.php&p=wp-admin HTTP/2" 302 0 "-" "Mozilla/5.0 AppleWebKit/537.36 (KHTML, like Gecko; compatible; GPTBot/1.3; +https://openai.com/gptbot)"
74.7.227.169 - - [06/Dec/2025:00:43:15 +0000] "GET /zz10.php?p=wp-admin HTTP/2" 302 0 "-" "Mozilla/5.0 AppleWebKit/537.36 (KHTML, like Gecko; compatible; GPTBot/1.3; +https://openai.com/gptbot)"
74.7.227.169 - - [06/Dec/2025:00:43:15 +0000] "GET /zz10.php?p= HTTP/2" 200 12182 "-" "Mozilla/5.0 AppleWebKit/537.36 (KHTML, like Gecko; compatible; GPTBot/1.3; +https://openai.com/gptbot)"
66.249.70.71 - - [06/Dec/2025:00:43:57 +0000] "GET /products/1787535 HTTP/1.1" 500 0 "-" "Mozilla/5.0 (Linux; Android 6.0.1; Nexus 5X Build/MMB29P) AppleWebKit/537.36 (KHTML, like Gecko) Chrome/141.0.7390.122 Mobile Safari/537.36 (compatible; Googlebot/2.1; +http://www.google.com/bot.html)"
66.249.70.64 - - [06/Dec/2025:00:44:13 +0000] "GET /products/2957957 HTTP/1.1" 500 0 "-" "Mozilla/5.0 (Linux; Android 6.0.1; Nexus 5X Build/MMB29P) AppleWebKit/537.36 (KHTML, like Gecko) Chrome/141.0.7390.122 Mobile Safari/537.36 (compatible; Googlebot/2.1; +http://www.google.com/bot.html)"
74.7.227.169 - - [06/Dec/2025:00:38:19 +0000] "GET /zz10.php?del=post-formats.php&p=wp-includes HTTP/2" 302 0 "-" "Mozilla/5.0 AppleWebKit/537.36 (KHTML, like Gecko; compatible; GPTBot/1.3; +https://openai.com/gptbot)"
74.7.227.169 - - [06/Dec/2025:00:38:19 +0000] "GET /zz10.php?p=wp-includes HTTP/2" 200 35806 "-" "Mozilla/5.0 AppleWebKit/537.36 (KHTML, like Gecko; compatible; GPTBot/1.3; +https://openai.com/gptbot)"
66.249.70.64 - - [06/Dec/2025:00:38:53 +0000] "GET /products/8779702 HTTP/1.1" 500 0 "-" "Mozilla/5.0 (Linux; Android 6.0.1; Nexus 5X Build/MMB29P) AppleWebKit/537.36 (KHTML, like Gecko) Chrome/141.0.7390.122 Mobile Safari/537.36 (compatible; Googlebot/2.1; +http://www.google.com/bot.html)"
74.7.227.169 - - [06/Dec/2025:00:39:51 +0000] "GET /zz10.php?dl=https-migration.php&p=wp-includes HTTP/2" 200 4741 "-" "Mozilla/5.0 AppleWebKit/537.36 (KHTML, like Gecko; compatible; GPTBot/1.3; +https://openai.com/gptbot)"
66.249.70.64 - - [06/Dec/2025:00:40:40 +0000] "GET /products/2900257 HTTP/1.1" 500 0 "-" "Mozilla/5.0 (Linux; Android 6.0.1; Nexus 5X Build/MMB29P) AppleWebKit/537.36 (KHTML, like Gecko) Chrome/141.0.7390.122 Mobile Safari/537.36 (compatible; Googlebot/2.1; +http://www.google.com/bot.html)"
