57.141.6.43 - - [04/Dec/2025:21:16:23 +0000] "GET /products/26360846 HTTP/2" 404 32531 "-" "meta-externalagent/1.1 (+https://developers.facebook.com/docs/sharing/webmasters/crawler)"
57.141.6.32 - - [04/Dec/2025:21:16:29 +0000] "GET /products/28729102 HTTP/2" 404 32531 "-" "meta-externalagent/1.1 (+https://developers.facebook.com/docs/sharing/webmasters/crawler)"
57.141.6.38 - - [04/Dec/2025:21:16:45 +0000] "GET /products/27141191 HTTP/2" 404 32531 "-" "meta-externalagent/1.1 (+https://developers.facebook.com/docs/sharing/webmasters/crawler)"
170.10.164.108 - - [04/Dec/2025:21:16:48 +0000] "POST /wp-cron.php?doing_wp_cron=1764883008.3972139358520507812500 HTTP/1.1" 200 0 "-" "WordPress/6.9; https://cntxt.brainware.com.co"
57.141.6.26 - - [04/Dec/2025:21:16:51 +0000] "GET /products/24110935 HTTP/2" 404 32531 "-" "meta-externalagent/1.1 (+https://developers.facebook.com/docs/sharing/webmasters/crawler)"
57.141.6.22 - - [04/Dec/2025:21:17:05 +0000] "GET /products/11937591 HTTP/2" 404 32531 "-" "meta-externalagent/1.1 (+https://developers.facebook.com/docs/sharing/webmasters/crawler)"
57.141.6.24 - - [04/Dec/2025:21:17:17 +0000] "GET /products/23044180 HTTP/2" 404 32531 "-" "meta-externalagent/1.1 (+https://developers.facebook.com/docs/sharing/webmasters/crawler)"
57.141.6.53 - - [04/Dec/2025:21:17:41 +0000] "GET /products/23775902 HTTP/2" 404 32531 "-" "meta-externalagent/1.1 (+https://developers.facebook.com/docs/sharing/webmasters/crawler)"
57.141.6.37 - - [04/Dec/2025:21:17:43 +0000] "GET /products/24956868 HTTP/2" 404 32531 "-" "meta-externalagent/1.1 (+https://developers.facebook.com/docs/sharing/webmasters/crawler)"
57.141.6.29 - - [04/Dec/2025:21:17:47 +0000] "GET /products/21776280 HTTP/2" 404 32531 "-" "meta-externalagent/1.1 (+https://developers.facebook.com/docs/sharing/webmasters/crawler)"
57.141.6.33 - - [04/Dec/2025:21:17:55 +0000] "GET /products/28159168 HTTP/2" 404 32531 "-" "meta-externalagent/1.1 (+https://developers.facebook.com/docs/sharing/webmasters/crawler)"
57.141.6.43 - - [04/Dec/2025:21:18:09 +0000] "GET /products/23324324 HTTP/2" 404 32531 "-" "meta-externalagent/1.1 (+https://developers.facebook.com/docs/sharing/webmasters/crawler)"
57.141.6.19 - - [04/Dec/2025:21:16:55 +0000] "GET /products/30709402 HTTP/2" 404 32531 "-" "meta-externalagent/1.1 (+https://developers.facebook.com/docs/sharing/webmasters/crawler)"
57.141.6.23 - - [04/Dec/2025:21:16:57 +0000] "GET /products/22184446 HTTP/2" 404 32531 "-" "meta-externalagent/1.1 (+https://developers.facebook.com/docs/sharing/webmasters/crawler)"
57.141.6.31 - - [04/Dec/2025:21:16:59 +0000] "GET /products/24283946 HTTP/2" 404 32531 "-" "meta-externalagent/1.1 (+https://developers.facebook.com/docs/sharing/webmasters/crawler)"
57.141.6.31 - - [04/Dec/2025:21:17:08 +0000] "GET /products/19856357 HTTP/2" 404 32531 "-" "meta-externalagent/1.1 (+https://developers.facebook.com/docs/sharing/webmasters/crawler)"
57.141.6.29 - - [04/Dec/2025:21:17:13 +0000] "GET /products/12268591 HTTP/2" 404 32531 "-" "meta-externalagent/1.1 (+https://developers.facebook.com/docs/sharing/webmasters/crawler)"
57.141.6.41 - - [04/Dec/2025:21:17:15 +0000] "GET /products/28145835 HTTP/2" 404 32531 "-" "meta-externalagent/1.1 (+https://developers.facebook.com/docs/sharing/webmasters/crawler)"
57.141.6.47 - - [04/Dec/2025:21:17:19 +0000] "GET /products/11862279 HTTP/2" 404 32531 "-" "meta-externalagent/1.1 (+https://developers.facebook.com/docs/sharing/webmasters/crawler)"
57.141.6.23 - - [04/Dec/2025:21:17:24 +0000] "GET /products/21199091 HTTP/2" 404 32531 "-" "meta-externalagent/1.1 (+https://developers.facebook.com/docs/sharing/webmasters/crawler)"
57.141.6.40 - - [04/Dec/2025:21:17:33 +0000] "GET /products/27876357 HTTP/2" 404 32531 "-" "meta-externalagent/1.1 (+https://developers.facebook.com/docs/sharing/webmasters/crawler)"
57.141.6.14 - - [04/Dec/2025:21:17:35 +0000] "GET /products/21998468 HTTP/2" 404 32531 "-" "meta-externalagent/1.1 (+https://developers.facebook.com/docs/sharing/webmasters/crawler)"
57.141.6.26 - - [04/Dec/2025:21:17:45 +0000] "GET /products/27647180 HTTP/2" 404 32531 "-" "meta-externalagent/1.1 (+https://developers.facebook.com/docs/sharing/webmasters/crawler)"
170.10.164.108 - - [04/Dec/2025:21:17:48 +0000] "POST /wp-cron.php?doing_wp_cron=1764883068.7585899829864501953125 HTTP/1.1" 200 0 "-" "WordPress/6.9; https://cntxt.brainware.com.co"
57.141.6.41 - - [04/Dec/2025:21:17:49 +0000] "GET /products/25485291 HTTP/2" 404 32531 "-" "meta-externalagent/1.1 (+https://developers.facebook.com/docs/sharing/webmasters/crawler)"
170.10.164.108 - - [04/Dec/2025:21:17:55 +0000] "POST /wp-cron.php?doing_wp_cron=1764883075.0540719032287597656250 HTTP/1.1" 200 0 "-" "WordPress/6.9; https://cntxt.brainware.com.co"
57.141.6.24 - - [04/Dec/2025:21:17:54 +0000] "GET /products/29500846 HTTP/2" 404 32531 "-" "meta-externalagent/1.1 (+https://developers.facebook.com/docs/sharing/webmasters/crawler)"
57.141.6.47 - - [04/Dec/2025:21:17:57 +0000] "GET /products/4911924 HTTP/2" 404 32531 "-" "meta-externalagent/1.1 (+https://developers.facebook.com/docs/sharing/webmasters/crawler)"
57.141.6.41 - - [04/Dec/2025:21:17:59 +0000] "GET /products/26708602 HTTP/2" 404 32531 "-" "meta-externalagent/1.1 (+https://developers.facebook.com/docs/sharing/webmasters/crawler)"
57.141.6.19 - - [04/Dec/2025:21:18:05 +0000] "GET /products/21038180 HTTP/2" 404 32531 "-" "meta-externalagent/1.1 (+https://developers.facebook.com/docs/sharing/webmasters/crawler)"
57.141.6.41 - - [04/Dec/2025:21:18:07 +0000] "GET /products/22126480 HTTP/2" 404 32531 "-" "meta-externalagent/1.1 (+https://developers.facebook.com/docs/sharing/webmasters/crawler)"
57.141.6.31 - - [04/Dec/2025:21:18:15 +0000] "GET /products/9766657 HTTP/2" 404 32531 "-" "meta-externalagent/1.1 (+https://developers.facebook.com/docs/sharing/webmasters/crawler)"
57.141.6.24 - - [04/Dec/2025:21:18:19 +0000] "GET /products/7477235 HTTP/2" 404 32531 "-" "meta-externalagent/1.1 (+https://developers.facebook.com/docs/sharing/webmasters/crawler)"
57.141.6.24 - - [04/Dec/2025:21:18:23 +0000] "GET /products/20781302 HTTP/2" 404 32531 "-" "meta-externalagent/1.1 (+https://developers.facebook.com/docs/sharing/webmasters/crawler)"
57.141.6.13 - - [04/Dec/2025:21:17:37 +0000] "GET /products/9206379 HTTP/2" 404 32531 "-" "meta-externalagent/1.1 (+https://developers.facebook.com/docs/sharing/webmasters/crawler)"
57.141.6.33 - - [04/Dec/2025:21:17:39 +0000] "GET /products/2042480 HTTP/2" 404 32531 "-" "meta-externalagent/1.1 (+https://developers.facebook.com/docs/sharing/webmasters/crawler)"
57.141.6.5 - - [04/Dec/2025:21:17:51 +0000] "GET /products/12277657 HTTP/2" 404 32531 "-" "meta-externalagent/1.1 (+https://developers.facebook.com/docs/sharing/webmasters/crawler)"
57.141.6.51 - - [04/Dec/2025:21:18:01 +0000] "GET /products/22773679 HTTP/2" 404 32531 "-" "meta-externalagent/1.1 (+https://developers.facebook.com/docs/sharing/webmasters/crawler)"
57.141.6.26 - - [04/Dec/2025:21:18:03 +0000] "GET /products/24493180 HTTP/2" 404 32531 "-" "meta-externalagent/1.1 (+https://developers.facebook.com/docs/sharing/webmasters/crawler)"
170.10.164.108 - - [04/Dec/2025:21:18:06 +0000] "POST /wp-cron.php?doing_wp_cron=1764883086.0149950981140136718750 HTTP/1.1" 200 0 "-" "WordPress/6.9; https://cntxt.brainware.com.co"
57.141.6.4 - - [04/Dec/2025:21:18:13 +0000] "GET /products/10422935 HTTP/2" 404 32531 "-" "meta-externalagent/1.1 (+https://developers.facebook.com/docs/sharing/webmasters/crawler)"
57.141.6.1 - - [04/Dec/2025:21:18:21 +0000] "GET /products/28877491 HTTP/2" 404 32531 "-" "meta-externalagent/1.1 (+https://developers.facebook.com/docs/sharing/webmasters/crawler)"
57.141.6.13 - - [04/Dec/2025:21:18:25 +0000] "GET /products/23102146 HTTP/2" 404 32531 "-" "meta-externalagent/1.1 (+https://developers.facebook.com/docs/sharing/webmasters/crawler)"
57.141.6.9 - - [04/Dec/2025:21:18:29 +0000] "GET /products/13137991 HTTP/2" 404 32531 "-" "meta-externalagent/1.1 (+https://developers.facebook.com/docs/sharing/webmasters/crawler)"
57.141.6.14 - - [04/Dec/2025:21:18:39 +0000] "GET /products/26066435 HTTP/2" 404 32531 "-" "meta-externalagent/1.1 (+https://developers.facebook.com/docs/sharing/webmasters/crawler)"
57.141.6.36 - - [04/Dec/2025:21:18:45 +0000] "GET /products/22423079 HTTP/2" 404 32531 "-" "meta-externalagent/1.1 (+https://developers.facebook.com/docs/sharing/webmasters/crawler)"
170.10.164.108 - - [04/Dec/2025:21:18:48 +0000] "POST /wp-cron.php?doing_wp_cron=1764883128.4221880435943603515625 HTTP/1.1" 200 0 "-" "WordPress/6.9; https://cntxt.brainware.com.co"
57.141.6.3 - - [04/Dec/2025:21:18:47 +0000] "GET /products/24432780 HTTP/2" 404 32531 "-" "meta-externalagent/1.1 (+https://developers.facebook.com/docs/sharing/webmasters/crawler)"
57.141.6.31 - - [04/Dec/2025:21:18:48 +0000] "GET /products/5948391 HTTP/2" 404 32531 "-" "meta-externalagent/1.1 (+https://developers.facebook.com/docs/sharing/webmasters/crawler)"
57.141.6.36 - - [04/Dec/2025:21:18:57 +0000] "GET /products/19806835 HTTP/2" 404 32531 "-" "meta-externalagent/1.1 (+https://developers.facebook.com/docs/sharing/webmasters/crawler)"
170.10.164.108 - - [04/Dec/2025:21:19:06 +0000] "POST /wp-cron.php?doing_wp_cron=1764883146.8572509288787841796875 HTTP/1.1" 200 0 "-" "WordPress/6.9; https://cntxt.brainware.com.co"
57.141.6.1 - - [04/Dec/2025:21:19:15 +0000] "GET /products/9476857 HTTP/2" 404 32531 "-" "meta-externalagent/1.1 (+https://developers.facebook.com/docs/sharing/webmasters/crawler)"
66.249.70.71 - - [04/Dec/2025:21:19:16 +0000] "GET /products/22287568 HTTP/1.1" 404 7948 "-" "Mozilla/5.0 (Linux; Android 6.0.1; Nexus 5X Build/MMB29P) AppleWebKit/537.36 (KHTML, like Gecko) Chrome/141.0.7390.122 Mobile Safari/537.36 (compatible; Googlebot/2.1; +http://www.google.com/bot.html)"
57.141.6.4 - - [04/Dec/2025:21:19:19 +0000] "GET /products/30490713 HTTP/2" 404 32531 "-" "meta-externalagent/1.1 (+https://developers.facebook.com/docs/sharing/webmasters/crawler)"
57.141.6.42 - - [04/Dec/2025:21:19:31 +0000] "GET /products/21179779 HTTP/2" 404 32531 "-" "meta-externalagent/1.1 (+https://developers.facebook.com/docs/sharing/webmasters/crawler)"
57.141.6.2 - - [04/Dec/2025:21:18:27 +0000] "GET /products/14905179 HTTP/2" 404 32531 "-" "meta-externalagent/1.1 (+https://developers.facebook.com/docs/sharing/webmasters/crawler)"
57.141.6.40 - - [04/Dec/2025:21:18:33 +0000] "GET /products/23015202 HTTP/2" 404 32531 "-" "meta-externalagent/1.1 (+https://developers.facebook.com/docs/sharing/webmasters/crawler)"
57.141.6.12 - - [04/Dec/2025:21:18:35 +0000] "GET /products/2564124 HTTP/2" 404 32531 "-" "meta-externalagent/1.1 (+https://developers.facebook.com/docs/sharing/webmasters/crawler)"
57.141.6.40 - - [04/Dec/2025:21:18:41 +0000] "GET /products/19420435 HTTP/2" 404 32531 "-" "meta-externalagent/1.1 (+https://developers.facebook.com/docs/sharing/webmasters/crawler)"
57.141.6.26 - - [04/Dec/2025:21:18:42 +0000] "GET /products/5704046 HTTP/2" 404 32531 "-" "meta-externalagent/1.1 (+https://developers.facebook.com/docs/sharing/webmasters/crawler)"
57.141.6.14 - - [04/Dec/2025:21:18:51 +0000] "GET /products/23379413 HTTP/2" 404 32531 "-" "meta-externalagent/1.1 (+https://developers.facebook.com/docs/sharing/webmasters/crawler)"
57.141.6.32 - - [04/Dec/2025:21:18:53 +0000] "GET /products/21090424 HTTP/2" 404 32531 "-" "meta-externalagent/1.1 (+https://developers.facebook.com/docs/sharing/webmasters/crawler)"
170.10.164.108 - - [04/Dec/2025:21:18:56 +0000] "POST /wp-cron.php?doing_wp_cron=1764883136.7368431091308593750000 HTTP/1.1" 200 0 "-" "WordPress/6.9; https://cntxt.brainware.com.co"
57.141.6.42 - - [04/Dec/2025:21:19:03 +0000] "GET /products/4139124 HTTP/2" 404 32531 "-" "meta-externalagent/1.1 (+https://developers.facebook.com/docs/sharing/webmasters/crawler)"
57.141.6.12 - - [04/Dec/2025:21:19:09 +0000] "GET /products/7793457 HTTP/2" 404 32531 "-" "meta-externalagent/1.1 (+https://developers.facebook.com/docs/sharing/webmasters/crawler)"
57.141.6.29 - - [04/Dec/2025:21:19:11 +0000] "GET /products/10645713 HTTP/2" 404 32531 "-" "meta-externalagent/1.1 (+https://developers.facebook.com/docs/sharing/webmasters/crawler)"
57.141.6.13 - - [04/Dec/2025:21:19:13 +0000] "GET /products/28506924 HTTP/2" 404 32531 "-" "meta-externalagent/1.1 (+https://developers.facebook.com/docs/sharing/webmasters/crawler)"
57.141.6.47 - - [04/Dec/2025:21:19:21 +0000] "GET /products/11990768 HTTP/2" 404 32531 "-" "meta-externalagent/1.1 (+https://developers.facebook.com/docs/sharing/webmasters/crawler)"
57.141.6.53 - - [04/Dec/2025:21:19:27 +0000] "GET /products/10452513 HTTP/2" 404 32531 "-" "meta-externalagent/1.1 (+https://developers.facebook.com/docs/sharing/webmasters/crawler)"
57.141.6.9 - - [04/Dec/2025:21:19:28 +0000] "GET /products/26205179 HTTP/2" 404 32531 "-" "meta-externalagent/1.1 (+https://developers.facebook.com/docs/sharing/webmasters/crawler)"
57.141.6.22 - - [04/Dec/2025:21:19:33 +0000] "GET /products/23681746 HTTP/2" 404 32531 "-" "meta-externalagent/1.1 (+https://developers.facebook.com/docs/sharing/webmasters/crawler)"
57.141.6.18 - - [04/Dec/2025:21:19:37 +0000] "GET /products/5114368 HTTP/2" 404 32531 "-" "meta-externalagent/1.1 (+https://developers.facebook.com/docs/sharing/webmasters/crawler)"
57.141.6.3 - - [04/Dec/2025:21:19:43 +0000] "GET /products/13118679 HTTP/2" 404 32531 "-" "meta-externalagent/1.1 (+https://developers.facebook.com/docs/sharing/webmasters/crawler)"
57.141.6.45 - - [04/Dec/2025:21:19:44 +0000] "GET /products/19786324 HTTP/2" 404 32531 "-" "meta-externalagent/1.1 (+https://developers.facebook.com/docs/sharing/webmasters/crawler)"
170.10.164.108 - - [04/Dec/2025:21:19:50 +0000] "POST /wp-cron.php?doing_wp_cron=1764883190.1049880981445312500000 HTTP/1.1" 200 0 "-" "WordPress/6.9; https://cntxt.brainware.com.co"
57.141.6.38 - - [04/Dec/2025:21:19:59 +0000] "GET /products/24618735 HTTP/2" 404 32531 "-" "meta-externalagent/1.1 (+https://developers.facebook.com/docs/sharing/webmasters/crawler)"
57.141.6.34 - - [04/Dec/2025:21:20:01 +0000] "GET /products/18589679 HTTP/2" 404 32531 "-" "meta-externalagent/1.1 (+https://developers.facebook.com/docs/sharing/webmasters/crawler)"
57.141.6.18 - - [04/Dec/2025:21:18:11 +0000] "GET /products/24019846 HTTP/2" 404 32531 "-" "meta-externalagent/1.1 (+https://developers.facebook.com/docs/sharing/webmasters/crawler)"
57.141.6.17 - - [04/Dec/2025:21:18:17 +0000] "GET /products/21953779 HTTP/2" 404 32531 "-" "meta-externalagent/1.1 (+https://developers.facebook.com/docs/sharing/webmasters/crawler)"
57.141.6.2 - - [04/Dec/2025:21:18:31 +0000] "GET /products/23640235 HTTP/2" 404 32531 "-" "meta-externalagent/1.1 (+https://developers.facebook.com/docs/sharing/webmasters/crawler)"
57.141.6.5 - - [04/Dec/2025:21:18:37 +0000] "GET /products/10818991 HTTP/2" 404 32531 "-" "meta-externalagent/1.1 (+https://developers.facebook.com/docs/sharing/webmasters/crawler)"
57.141.6.42 - - [04/Dec/2025:21:18:55 +0000] "GET /products/9920613 HTTP/2" 404 32531 "-" "meta-externalagent/1.1 (+https://developers.facebook.com/docs/sharing/webmasters/crawler)"
57.141.6.12 - - [04/Dec/2025:21:18:59 +0000] "GET /products/23534402 HTTP/2" 404 32531 "-" "meta-externalagent/1.1 (+https://developers.facebook.com/docs/sharing/webmasters/crawler)"
57.141.6.23 - - [04/Dec/2025:21:19:00 +0000] "GET /products/28284746 HTTP/2" 404 32531 "-" "meta-externalagent/1.1 (+https://developers.facebook.com/docs/sharing/webmasters/crawler)"
57.141.6.4 - - [04/Dec/2025:21:19:05 +0000] "GET /products/27554079 HTTP/2" 404 32531 "-" "meta-externalagent/1.1 (+https://developers.facebook.com/docs/sharing/webmasters/crawler)"
57.141.6.45 - - [04/Dec/2025:21:19:07 +0000] "GET /products/23241535 HTTP/2" 404 32531 "-" "meta-externalagent/1.1 (+https://developers.facebook.com/docs/sharing/webmasters/crawler)"
57.141.6.31 - - [04/Dec/2025:21:19:17 +0000] "GET /products/25237002 HTTP/2" 404 32531 "-" "meta-externalagent/1.1 (+https://developers.facebook.com/docs/sharing/webmasters/crawler)"
57.141.6.42 - - [04/Dec/2025:21:19:23 +0000] "GET /products/19981657 HTTP/2" 404 32531 "-" "meta-externalagent/1.1 (+https://developers.facebook.com/docs/sharing/webmasters/crawler)"
57.141.6.22 - - [04/Dec/2025:21:19:25 +0000] "GET /products/24081957 HTTP/2" 404 32531 "-" "meta-externalagent/1.1 (+https://developers.facebook.com/docs/sharing/webmasters/crawler)"
57.141.6.1 - - [04/Dec/2025:21:19:39 +0000] "GET /products/21787135 HTTP/2" 404 32531 "-" "meta-externalagent/1.1 (+https://developers.facebook.com/docs/sharing/webmasters/crawler)"
57.141.6.53 - - [04/Dec/2025:21:19:53 +0000] "GET /products/5172746 HTTP/2" 404 32531 "-" "meta-externalagent/1.1 (+https://developers.facebook.com/docs/sharing/webmasters/crawler)"
170.10.164.108 - - [04/Dec/2025:21:19:56 +0000] "POST /wp-cron.php?doing_wp_cron=1764883196.1581339836120605468750 HTTP/1.1" 200 0 "-" "WordPress/6.9; https://cntxt.brainware.com.co"
57.141.6.52 - - [04/Dec/2025:21:19:55 +0000] "GET /products/20906457 HTTP/2" 404 32531 "-" "meta-externalagent/1.1 (+https://developers.facebook.com/docs/sharing/webmasters/crawler)"
57.141.6.40 - - [04/Dec/2025:21:19:57 +0000] "GET /products/21883735 HTTP/2" 404 32531 "-" "meta-externalagent/1.1 (+https://developers.facebook.com/docs/sharing/webmasters/crawler)"
57.141.6.53 - - [04/Dec/2025:21:20:02 +0000] "GET /products/24732246 HTTP/2" 404 32531 "-" "meta-externalagent/1.1 (+https://developers.facebook.com/docs/sharing/webmasters/crawler)"
57.141.6.42 - - [04/Dec/2025:21:20:09 +0000] "GET /products/27336502 HTTP/2" 404 32531 "-" "meta-externalagent/1.1 (+https://developers.facebook.com/docs/sharing/webmasters/crawler)"
57.141.6.34 - - [04/Dec/2025:21:20:13 +0000] "GET /products/15314935 HTTP/2" 404 32531 "-" "meta-externalagent/1.1 (+https://developers.facebook.com/docs/sharing/webmasters/crawler)"
57.141.6.40 - - [04/Dec/2025:21:20:20 +0000] "GET /products/20336513 HTTP/2" 404 32531 "-" "meta-externalagent/1.1 (+https://developers.facebook.com/docs/sharing/webmasters/crawler)"
57.141.6.22 - - [04/Dec/2025:21:20:23 +0000] "GET /products/2274324 HTTP/2" 404 32531 "-" "meta-externalagent/1.1 (+https://developers.facebook.com/docs/sharing/webmasters/crawler)"
57.141.6.23 - - [04/Dec/2025:21:19:35 +0000] "GET /products/26754791 HTTP/2" 404 32531 "-" "meta-externalagent/1.1 (+https://developers.facebook.com/docs/sharing/webmasters/crawler)"
57.141.6.4 - - [04/Dec/2025:21:19:41 +0000] "GET /products/24631702 HTTP/2" 404 32531 "-" "meta-externalagent/1.1 (+https://developers.facebook.com/docs/sharing/webmasters/crawler)"
57.141.6.1 - - [04/Dec/2025:21:19:46 +0000] "GET /products/24896468 HTTP/2" 404 32531 "-" "meta-externalagent/1.1 (+https://developers.facebook.com/docs/sharing/webmasters/crawler)"
57.141.6.31 - - [04/Dec/2025:21:19:49 +0000] "GET /products/24483524 HTTP/2" 404 32531 "-" "meta-externalagent/1.1 (+https://developers.facebook.com/docs/sharing/webmasters/crawler)"
57.141.6.34 - - [04/Dec/2025:21:19:51 +0000] "GET /products/27468468 HTTP/2" 404 32531 "-" "meta-externalagent/1.1 (+https://developers.facebook.com/docs/sharing/webmasters/crawler)"
57.141.6.18 - - [04/Dec/2025:21:20:04 +0000] "GET /products/28053324 HTTP/2" 404 32531 "-" "meta-externalagent/1.1 (+https://developers.facebook.com/docs/sharing/webmasters/crawler)"
57.141.6.33 - - [04/Dec/2025:21:20:14 +0000] "GET /products/19028902 HTTP/2" 404 32531 "-" "meta-externalagent/1.1 (+https://developers.facebook.com/docs/sharing/webmasters/crawler)"
57.141.6.47 - - [04/Dec/2025:21:20:17 +0000] "GET /products/10162713 HTTP/2" 404 32531 "-" "meta-externalagent/1.1 (+https://developers.facebook.com/docs/sharing/webmasters/crawler)"
57.141.6.40 - - [04/Dec/2025:21:20:18 +0000] "GET /products/26931657 HTTP/2" 404 32531 "-" "meta-externalagent/1.1 (+https://developers.facebook.com/docs/sharing/webmasters/crawler)"
57.141.6.14 - - [04/Dec/2025:21:20:37 +0000] "GET /products/27791391 HTTP/2" 404 32531 "-" "meta-externalagent/1.1 (+https://developers.facebook.com/docs/sharing/webmasters/crawler)"
57.141.6.42 - - [04/Dec/2025:21:20:39 +0000] "GET /products/18280557 HTTP/2" 404 32531 "-" "meta-externalagent/1.1 (+https://developers.facebook.com/docs/sharing/webmasters/crawler)"
57.141.6.17 - - [04/Dec/2025:21:20:40 +0000] "GET /products/19140291 HTTP/2" 404 32531 "-" "meta-externalagent/1.1 (+https://developers.facebook.com/docs/sharing/webmasters/crawler)"
57.141.6.13 - - [04/Dec/2025:21:20:51 +0000] "GET /products/24165913 HTTP/2" 404 32531 "-" "meta-externalagent/1.1 (+https://developers.facebook.com/docs/sharing/webmasters/crawler)"
57.141.6.5 - - [04/Dec/2025:21:20:52 +0000] "GET /products/18269279 HTTP/2" 404 32531 "-" "meta-externalagent/1.1 (+https://developers.facebook.com/docs/sharing/webmasters/crawler)"
57.141.6.8 - - [04/Dec/2025:21:20:55 +0000] "GET /products/29092513 HTTP/2" 404 32531 "-" "meta-externalagent/1.1 (+https://developers.facebook.com/docs/sharing/webmasters/crawler)"
57.141.6.32 - - [04/Dec/2025:21:21:17 +0000] "GET /products/20357457 HTTP/2" 404 32531 "-" "meta-externalagent/1.1 (+https://developers.facebook.com/docs/sharing/webmasters/crawler)"
57.141.6.45 - - [04/Dec/2025:21:21:19 +0000] "GET /products/25576279 HTTP/2" 404 32531 "-" "meta-externalagent/1.1 (+https://developers.facebook.com/docs/sharing/webmasters/crawler)"
57.141.6.23 - - [04/Dec/2025:21:21:23 +0000] "GET /products/23367113 HTTP/2" 404 32531 "-" "meta-externalagent/1.1 (+https://developers.facebook.com/docs/sharing/webmasters/crawler)"
57.141.6.36 - - [04/Dec/2025:21:21:29 +0000] "GET /products/17044079 HTTP/2" 404 32531 "-" "meta-externalagent/1.1 (+https://developers.facebook.com/docs/sharing/webmasters/crawler)"
57.141.6.36 - - [04/Dec/2025:21:21:30 +0000] "GET /products/14985368 HTTP/2" 404 32531 "-" "meta-externalagent/1.1 (+https://developers.facebook.com/docs/sharing/webmasters/crawler)"
57.141.6.36 - - [04/Dec/2025:21:21:40 +0000] "GET /products/15150713 HTTP/2" 404 32531 "-" "meta-externalagent/1.1 (+https://developers.facebook.com/docs/sharing/webmasters/crawler)"
170.10.164.108 - - [04/Dec/2025:21:21:48 +0000] "POST /wp-cron.php?doing_wp_cron=1764883308.3547770977020263671875 HTTP/1.1" 200 0 "-" "WordPress/6.9; https://cntxt.brainware.com.co"
170.10.164.108 - - [04/Dec/2025:21:20:06 +0000] "POST /wp-cron.php?doing_wp_cron=1764883206.0205430984497070312500 HTTP/1.1" 200 0 "-" "WordPress/6.9; https://cntxt.brainware.com.co"
57.141.6.51 - - [04/Dec/2025:21:20:07 +0000] "GET /products/10538857 HTTP/2" 404 32531 "-" "meta-externalagent/1.1 (+https://developers.facebook.com/docs/sharing/webmasters/crawler)"
57.141.6.5 - - [04/Dec/2025:21:20:11 +0000] "GET /products/4032868 HTTP/2" 404 32531 "-" "meta-externalagent/1.1 (+https://developers.facebook.com/docs/sharing/webmasters/crawler)"
57.141.6.19 - - [04/Dec/2025:21:20:24 +0000] "GET /products/27801746 HTTP/2" 404 32531 "-" "meta-externalagent/1.1 (+https://developers.facebook.com/docs/sharing/webmasters/crawler)"
57.141.6.41 - - [04/Dec/2025:21:20:27 +0000] "GET /products/7168113 HTTP/2" 404 32531 "-" "meta-externalagent/1.1 (+https://developers.facebook.com/docs/sharing/webmasters/crawler)"
57.141.6.52 - - [04/Dec/2025:21:20:29 +0000] "GET /products/7709079 HTTP/2" 404 32531 "-" "meta-externalagent/1.1 (+https://developers.facebook.com/docs/sharing/webmasters/crawler)"
57.141.6.17 - - [04/Dec/2025:21:20:31 +0000] "GET /products/14043479 HTTP/2" 404 32531 "-" "meta-externalagent/1.1 (+https://developers.facebook.com/docs/sharing/webmasters/crawler)"
57.141.6.19 - - [04/Dec/2025:21:20:33 +0000] "GET /products/23140757 HTTP/2" 404 32531 "-" "meta-externalagent/1.1 (+https://developers.facebook.com/docs/sharing/webmasters/crawler)"
57.141.6.31 - - [04/Dec/2025:21:20:56 +0000] "GET /products/2892980 HTTP/2" 404 32531 "-" "meta-externalagent/1.1 (+https://developers.facebook.com/docs/sharing/webmasters/crawler)"
57.141.6.22 - - [04/Dec/2025:21:20:59 +0000] "GET /products/9841379 HTTP/2" 404 32531 "-" "meta-externalagent/1.1 (+https://developers.facebook.com/docs/sharing/webmasters/crawler)"
57.141.6.32 - - [04/Dec/2025:21:21:03 +0000] "GET /products/6672891 HTTP/2" 404 32531 "-" "meta-externalagent/1.1 (+https://developers.facebook.com/docs/sharing/webmasters/crawler)"
57.141.6.18 - - [04/Dec/2025:21:21:07 +0000] "GET /products/25092079 HTTP/2" 404 32531 "-" "meta-externalagent/1.1 (+https://developers.facebook.com/docs/sharing/webmasters/crawler)"
57.141.6.13 - - [04/Dec/2025:21:21:11 +0000] "GET /products/25633068 HTTP/2" 404 32531 "-" "meta-externalagent/1.1 (+https://developers.facebook.com/docs/sharing/webmasters/crawler)"
57.141.6.52 - - [04/Dec/2025:21:21:12 +0000] "GET /products/29984902 HTTP/2" 404 32531 "-" "meta-externalagent/1.1 (+https://developers.facebook.com/docs/sharing/webmasters/crawler)"
57.141.6.37 - - [04/Dec/2025:21:21:14 +0000] "GET /products/13067813 HTTP/2" 404 32531 "-" "meta-externalagent/1.1 (+https://developers.facebook.com/docs/sharing/webmasters/crawler)"
57.141.6.37 - - [04/Dec/2025:21:21:21 +0000] "GET /products/19859668 HTTP/2" 404 32531 "-" "meta-externalagent/1.1 (+https://developers.facebook.com/docs/sharing/webmasters/crawler)"
57.141.6.47 - - [04/Dec/2025:21:21:25 +0000] "GET /products/7670435 HTTP/2" 404 32531 "-" "meta-externalagent/1.1 (+https://developers.facebook.com/docs/sharing/webmasters/crawler)"
57.141.6.38 - - [04/Dec/2025:21:21:27 +0000] "GET /products/27685824 HTTP/2" 404 32531 "-" "meta-externalagent/1.1 (+https://developers.facebook.com/docs/sharing/webmasters/crawler)"
57.141.6.38 - - [04/Dec/2025:21:21:32 +0000] "GET /products/14634691 HTTP/2" 404 32531 "-" "meta-externalagent/1.1 (+https://developers.facebook.com/docs/sharing/webmasters/crawler)"
57.141.6.47 - - [04/Dec/2025:21:21:37 +0000] "GET /products/26785880 HTTP/2" 404 32531 "-" "meta-externalagent/1.1 (+https://developers.facebook.com/docs/sharing/webmasters/crawler)"
57.141.6.22 - - [04/Dec/2025:21:21:38 +0000] "GET /products/12761257 HTTP/2" 404 32531 "-" "meta-externalagent/1.1 (+https://developers.facebook.com/docs/sharing/webmasters/crawler)"
57.141.6.47 - - [04/Dec/2025:21:21:57 +0000] "GET /products/30181591 HTTP/2" 404 32531 "-" "meta-externalagent/1.1 (+https://developers.facebook.com/docs/sharing/webmasters/crawler)"
57.141.6.43 - - [04/Dec/2025:21:21:49 +0000] "GET /products/22069691 HTTP/2" 404 32531 "-" "meta-externalagent/1.1 (+https://developers.facebook.com/docs/sharing/webmasters/crawler)"
170.10.164.108 - - [04/Dec/2025:21:21:55 +0000] "POST /wp-cron.php?doing_wp_cron=1764883315.8006188869476318359375 HTTP/1.1" 200 0 "-" "WordPress/6.9; https://cntxt.brainware.com.co"
57.141.6.40 - - [04/Dec/2025:21:21:54 +0000] "GET /products/23978768 HTTP/2" 404 32531 "-" "meta-externalagent/1.1 (+https://developers.facebook.com/docs/sharing/webmasters/crawler)"
57.141.6.38 - - [04/Dec/2025:21:22:00 +0000] "GET /products/27781735 HTTP/2" 404 32531 "-" "meta-externalagent/1.1 (+https://developers.facebook.com/docs/sharing/webmasters/crawler)"
57.141.6.30 - - [04/Dec/2025:21:22:07 +0000] "GET /products/25286479 HTTP/2" 404 32531 "-" "meta-externalagent/1.1 (+https://developers.facebook.com/docs/sharing/webmasters/crawler)"
181.237.161.162 - - [04/Dec/2025:21:22:11 +0000] "GET /cotizar-proyecto/ HTTP/2" 200 7161 "-" "Mozilla/5.0 (Windows NT 10.0; Win64; x64) AppleWebKit/537.36 (KHTML, like Gecko) Chrome/142.0.0.0 Safari/537.36"
181.237.161.162 - - [04/Dec/2025:21:22:11 +0000] "GET /wp-includes/css/dist/block-library/style.min.css?ver=6.9 HTTP/2" 200 14921 "https://cntxt.brainware.com.co/cotizar-proyecto/" "Mozilla/5.0 (Windows NT 10.0; Win64; x64) AppleWebKit/537.36 (KHTML, like Gecko) Chrome/142.0.0.0 Safari/537.36"
181.237.161.162 - - [04/Dec/2025:21:22:11 +0000] "GET /wp-content/themes/hello-elementor/assets/css/reset.css?ver=3.4.4 HTTP/2" 200 1581 "https://cntxt.brainware.com.co/cotizar-proyecto/" "Mozilla/5.0 (Windows NT 10.0; Win64; x64) AppleWebKit/537.36 (KHTML, like Gecko) Chrome/142.0.0.0 Safari/537.36"
181.237.161.162 - - [04/Dec/2025:21:22:11 +0000] "GET /wp-content/plugins/jet-engine/assets/css/frontend.css?ver=3.7.4 HTTP/2" 200 8095 "https://cntxt.brainware.com.co/cotizar-proyecto/" "Mozilla/5.0 (Windows NT 10.0; Win64; x64) AppleWebKit/537.36 (KHTML, like Gecko) Chrome/142.0.0.0 Safari/537.36"
181.237.161.162 - - [04/Dec/2025:21:22:11 +0000] "GET /wp-content/themes/hello-elementor/assets/css/theme.css?ver=3.4.4 HTTP/2" 200 1126 "https://cntxt.brainware.com.co/cotizar-proyecto/" "Mozilla/5.0 (Windows NT 10.0; Win64; x64) AppleWebKit/537.36 (KHTML, like Gecko) Chrome/142.0.0.0 Safari/537.36"
181.237.161.162 - - [04/Dec/2025:21:22:11 +0000] "GET /wp-content/themes/hello-elementor/assets/css/header-footer.css?ver=3.4.4 HTTP/2" 200 1261 "https://cntxt.brainware.com.co/cotizar-proyecto/" "Mozilla/5.0 (Windows NT 10.0; Win64; x64) AppleWebKit/537.36 (KHTML, like Gecko) Chrome/142.0.0.0 Safari/537.36"
181.237.161.162 - - [04/Dec/2025:21:22:11 +0000] "GET /wp-content/uploads/elementor/css/post-98.css?ver=1764772164 HTTP/2" 200 1841 "https://cntxt.brainware.com.co/cotizar-proyecto/" "Mozilla/5.0 (Windows NT 10.0; Win64; x64) AppleWebKit/537.36 (KHTML, like Gecko) Chrome/142.0.0.0 Safari/537.36"
181.237.161.162 - - [04/Dec/2025:21:22:11 +0000] "GET /wp-content/plugins/elementskit-lite/widgets/init/assets/css/responsive.css?ver=3.7.5 HTTP/2" 200 2859 "https://cntxt.brainware.com.co/cotizar-proyecto/" "Mozilla/5.0 (Windows NT 10.0; Win64; x64) AppleWebKit/537.36 (KHTML, like Gecko) Chrome/142.0.0.0 Safari/537.36"
181.237.161.162 - - [04/Dec/2025:21:22:11 +0000] "GET /wp-content/uploads/elementor/google-fonts/css/manrope.css?ver=1761857788 HTTP/2" 200 653 "https://cntxt.brainware.com.co/cotizar-proyecto/" "Mozilla/5.0 (Windows NT 10.0; Win64; x64) AppleWebKit/537.36 (KHTML, like Gecko) Chrome/142.0.0.0 Safari/537.36"
181.237.161.162 - - [04/Dec/2025:21:22:11 +0000] "GET /wp-content/uploads/elementor/google-fonts/css/lora.css?ver=1761857790 HTTP/2" 200 1533 "https://cntxt.brainware.com.co/cotizar-proyecto/" "Mozilla/5.0 (Windows NT 10.0; Win64; x64) AppleWebKit/537.36 (KHTML, like Gecko) Chrome/142.0.0.0 Safari/537.36"
57.141.6.22 - - [04/Dec/2025:21:20:35 +0000] "GET /products/9592179 HTTP/2" 404 32531 "-" "meta-externalagent/1.1 (+https://developers.facebook.com/docs/sharing/webmasters/crawler)"
57.141.6.2 - - [04/Dec/2025:21:20:43 +0000] "GET /products/21998035 HTTP/2" 404 32531 "-" "meta-externalagent/1.1 (+https://developers.facebook.com/docs/sharing/webmasters/crawler)"
57.141.6.30 - - [04/Dec/2025:21:20:45 +0000] "GET /products/14184713 HTTP/2" 404 32531 "-" "meta-externalagent/1.1 (+https://developers.facebook.com/docs/sharing/webmasters/crawler)"
57.141.6.8 - - [04/Dec/2025:21:20:47 +0000] "GET /products/24612380 HTTP/2" 404 32531 "-" "meta-externalagent/1.1 (+https://developers.facebook.com/docs/sharing/webmasters/crawler)"
170.10.164.108 - - [04/Dec/2025:21:20:49 +0000] "POST /wp-cron.php?doing_wp_cron=1764883249.6145830154418945312500 HTTP/1.1" 200 0 "-" "WordPress/6.9; https://cntxt.brainware.com.co"
57.141.6.14 - - [04/Dec/2025:21:20:48 +0000] "GET /products/30893368 HTTP/2" 404 32531 "-" "meta-externalagent/1.1 (+https://developers.facebook.com/docs/sharing/webmasters/crawler)"
170.10.164.108 - - [04/Dec/2025:21:20:56 +0000] "POST /wp-cron.php?doing_wp_cron=1764883256.2344949245452880859375 HTTP/1.1" 200 0 "-" "WordPress/6.9; https://cntxt.brainware.com.co"
57.141.6.43 - - [04/Dec/2025:21:21:01 +0000] "GET /products/10730091 HTTP/2" 404 32531 "-" "meta-externalagent/1.1 (+https://developers.facebook.com/docs/sharing/webmasters/crawler)"
170.10.164.108 - - [04/Dec/2025:21:21:06 +0000] "POST /wp-cron.php?doing_wp_cron=1764883266.3608679771423339843750 HTTP/1.1" 200 0 "-" "WordPress/6.9; https://cntxt.brainware.com.co"
57.141.6.5 - - [04/Dec/2025:21:21:05 +0000] "GET /products/26423857 HTTP/2" 404 32531 "-" "meta-externalagent/1.1 (+https://developers.facebook.com/docs/sharing/webmasters/crawler)"
57.141.6.40 - - [04/Dec/2025:21:21:08 +0000] "GET /products/26149191 HTTP/2" 404 32531 "-" "meta-externalagent/1.1 (+https://developers.facebook.com/docs/sharing/webmasters/crawler)"
66.249.70.64 - - [04/Dec/2025:21:21:25 +0000] "GET /products/22434757 HTTP/1.1" 404 7948 "-" "Mozilla/5.0 (Linux; Android 6.0.1; Nexus 5X Build/MMB29P) AppleWebKit/537.36 (KHTML, like Gecko) Chrome/141.0.7390.122 Mobile Safari/537.36 (compatible; Googlebot/2.1; +http://www.google.com/bot.html)"
66.249.70.64 - - [04/Dec/2025:21:21:26 +0000] "GET /products/3874880 HTTP/1.1" 404 7947 "-" "Mozilla/5.0 (Linux; Android 6.0.1; Nexus 5X Build/MMB29P) AppleWebKit/537.36 (KHTML, like Gecko) Chrome/141.0.7390.122 Mobile Safari/537.36 (compatible; Googlebot/2.1; +http://www.google.com/bot.html)"
57.141.6.30 - - [04/Dec/2025:21:21:35 +0000] "GET /products/23665702 HTTP/2" 404 32531 "-" "meta-externalagent/1.1 (+https://developers.facebook.com/docs/sharing/webmasters/crawler)"
57.141.6.18 - - [04/Dec/2025:21:21:42 +0000] "GET /products/4998446 HTTP/2" 404 32531 "-" "meta-externalagent/1.1 (+https://developers.facebook.com/docs/sharing/webmasters/crawler)"
57.141.6.41 - - [04/Dec/2025:21:21:44 +0000] "GET /products/19869324 HTTP/2" 404 32531 "-" "meta-externalagent/1.1 (+https://developers.facebook.com/docs/sharing/webmasters/crawler)"
57.141.6.34 - - [04/Dec/2025:21:21:47 +0000] "GET /products/26571257 HTTP/2" 404 32531 "-" "meta-externalagent/1.1 (+https://developers.facebook.com/docs/sharing/webmasters/crawler)"
57.141.6.34 - - [04/Dec/2025:21:21:50 +0000] "GET /products/16875813 HTTP/2" 404 32531 "-" "meta-externalagent/1.1 (+https://developers.facebook.com/docs/sharing/webmasters/crawler)"
57.141.6.3 - - [04/Dec/2025:21:21:53 +0000] "GET /products/21690535 HTTP/2" 404 32531 "-" "meta-externalagent/1.1 (+https://developers.facebook.com/docs/sharing/webmasters/crawler)"
57.141.6.52 - - [04/Dec/2025:21:22:02 +0000] "GET /products/22638468 HTTP/2" 404 32531 "-" "meta-externalagent/1.1 (+https://developers.facebook.com/docs/sharing/webmasters/crawler)"
57.141.6.40 - - [04/Dec/2025:21:22:05 +0000] "GET /products/8165402 HTTP/2" 404 32531 "-" "meta-externalagent/1.1 (+https://developers.facebook.com/docs/sharing/webmasters/crawler)"
57.141.6.19 - - [04/Dec/2025:21:21:58 +0000] "GET /products/26458313 HTTP/2" 404 32531 "-" "meta-externalagent/1.1 (+https://developers.facebook.com/docs/sharing/webmasters/crawler)"
170.10.164.108 - - [04/Dec/2025:21:22:06 +0000] "POST /wp-cron.php?doing_wp_cron=1764883326.0709590911865234375000 HTTP/1.1" 200 0 "-" "WordPress/6.9; https://cntxt.brainware.com.co"
57.141.6.26 - - [04/Dec/2025:21:22:08 +0000] "GET /products/1379435 HTTP/2" 404 32531 "-" "meta-externalagent/1.1 (+https://developers.facebook.com/docs/sharing/webmasters/crawler)"
181.237.161.162 - - [04/Dec/2025:21:22:11 +0000] "GET /wp-content/plugins/elementskit-lite/libs/framework/assets/js/frontend-script.js?ver=3.7.5 HTTP/3" 200 40 "https://cntxt.brainware.com.co/cotizar-proyecto/" "Mozilla/5.0 (Windows NT 10.0; Win64; x64) AppleWebKit/537.36 (KHTML, like Gecko) Chrome/142.0.0.0 Safari/537.36"
181.237.161.162 - - [04/Dec/2025:21:22:11 +0000] "GET /wp-content/plugins/elementskit-lite/widgets/init/assets/js/widget-scripts.js?ver=3.7.5 HTTP/3" 200 35012 "https://cntxt.brainware.com.co/cotizar-proyecto/" "Mozilla/5.0 (Windows NT 10.0; Win64; x64) AppleWebKit/537.36 (KHTML, like Gecko) Chrome/142.0.0.0 Safari/537.36"
181.237.161.162 - - [04/Dec/2025:21:22:11 +0000] "GET /cotizador-contexto.html HTTP/3" 200 9076 "https://cntxt.brainware.com.co/cotizar-proyecto/" "Mozilla/5.0 (Windows NT 10.0; Win64; x64) AppleWebKit/537.36 (KHTML, like Gecko) Chrome/142.0.0.0 Safari/537.36"
181.237.161.162 - - [04/Dec/2025:21:22:11 +0000] "GET /wp-content/uploads/elementor/google-fonts/fonts/lora-1ace0d36.woff2 HTTP/3" 200 37788 "https://cntxt.brainware.com.co/wp-content/uploads/elementor/google-fonts/css/lora.css?ver=1761857790" "Mozilla/5.0 (Windows NT 10.0; Win64; x64) AppleWebKit/537.36 (KHTML, like Gecko) Chrome/142.0.0.0 Safari/537.36"
181.237.161.162 - - [04/Dec/2025:21:22:11 +0000] "GET /wp-includes/js/wp-emoji-release.min.js?ver=6.9 HTTP/3" 200 4949 "https://cntxt.brainware.com.co/cotizar-proyecto/" "Mozilla/5.0 (Windows NT 10.0; Win64; x64) AppleWebKit/537.36 (KHTML, like Gecko) Chrome/142.0.0.0 Safari/537.36"
181.237.161.162 - - [04/Dec/2025:21:22:14 +0000] "GET /favicon.ico HTTP/3" 404 1251 "https://cntxt.brainware.com.co/cotizar-proyecto/" "Mozilla/5.0 (Windows NT 10.0; Win64; x64) AppleWebKit/537.36 (KHTML, like Gecko) Chrome/142.0.0.0 Safari/537.36"
57.141.6.4 - - [04/Dec/2025:21:22:27 +0000] "GET /products/20549035 HTTP/2" 404 32531 "-" "meta-externalagent/1.1 (+https://developers.facebook.com/docs/sharing/webmasters/crawler)"
57.141.6.1 - - [04/Dec/2025:21:22:33 +0000] "GET /products/14425080 HTTP/2" 404 32531 "-" "meta-externalagent/1.1 (+https://developers.facebook.com/docs/sharing/webmasters/crawler)"
57.141.6.41 - - [04/Dec/2025:21:22:40 +0000] "GET /products/14113057 HTTP/2" 404 32531 "-" "meta-externalagent/1.1 (+https://developers.facebook.com/docs/sharing/webmasters/crawler)"
57.141.6.13 - - [04/Dec/2025:21:22:43 +0000] "GET /products/11660013 HTTP/2" 404 32531 "-" "meta-externalagent/1.1 (+https://developers.facebook.com/docs/sharing/webmasters/crawler)"
57.141.6.26 - - [04/Dec/2025:21:22:46 +0000] "GET /products/28871335 HTTP/2" 404 32531 "-" "meta-externalagent/1.1 (+https://developers.facebook.com/docs/sharing/webmasters/crawler)"
57.141.6.14 - - [04/Dec/2025:21:22:53 +0000] "GET /products/13801979 HTTP/2" 404 32531 "-" "meta-externalagent/1.1 (+https://developers.facebook.com/docs/sharing/webmasters/crawler)"
57.141.6.32 - - [04/Dec/2025:21:22:55 +0000] "GET /products/12063179 HTTP/2" 404 32531 "-" "meta-externalagent/1.1 (+https://developers.facebook.com/docs/sharing/webmasters/crawler)"
57.141.6.51 - - [04/Dec/2025:21:22:56 +0000] "GET /products/22686768 HTTP/2" 404 32531 "-" "meta-externalagent/1.1 (+https://developers.facebook.com/docs/sharing/webmasters/crawler)"
57.141.6.3 - - [04/Dec/2025:21:23:04 +0000] "GET /products/29318780 HTTP/2" 404 32531 "-" "meta-externalagent/1.1 (+https://developers.facebook.com/docs/sharing/webmasters/crawler)"
181.237.161.162 - - [04/Dec/2025:21:22:11 +0000] "GET /wp-content/themes/hello-elementor/assets/js/hello-frontend.js?ver=3.4.4 HTTP/2" 200 496 "https://cntxt.brainware.com.co/cotizar-proyecto/" "Mozilla/5.0 (Windows NT 10.0; Win64; x64) AppleWebKit/537.36 (KHTML, like Gecko) Chrome/142.0.0.0 Safari/537.36"
181.237.161.162 - - [04/Dec/2025:21:22:11 +0000] "GET /wp-content/uploads/elementor/css/custom-frontend.min.css?ver=1764772164 HTTP/2" 200 6489 "https://cntxt.brainware.com.co/cotizar-proyecto/" "Mozilla/5.0 (Windows NT 10.0; Win64; x64) AppleWebKit/537.36 (KHTML, like Gecko) Chrome/142.0.0.0 Safari/537.36"
181.237.161.162 - - [04/Dec/2025:21:22:11 +0000] "GET /wp-content/plugins/elementskit-lite/widgets/init/assets/css/widget-styles.css?ver=3.7.5 HTTP/2" 200 48850 "https://cntxt.brainware.com.co/cotizar-proyecto/" "Mozilla/5.0 (Windows NT 10.0; Win64; x64) AppleWebKit/537.36 (KHTML, like Gecko) Chrome/142.0.0.0 Safari/537.36"
181.237.161.162 - - [04/Dec/2025:21:22:11 +0000] "GET /wp-includes/js/jquery/jquery-migrate.min.js?ver=3.4.1 HTTP/2" 200 4678 "https://cntxt.brainware.com.co/cotizar-proyecto/" "Mozilla/5.0 (Windows NT 10.0; Win64; x64) AppleWebKit/537.36 (KHTML, like Gecko) Chrome/142.0.0.0 Safari/537.36"
181.237.161.162 - - [04/Dec/2025:21:22:11 +0000] "GET /wp-includes/js/jquery/jquery.min.js?ver=3.7.1 HTTP/2" 200 29744 "https://cntxt.brainware.com.co/cotizar-proyecto/" "Mozilla/5.0 (Windows NT 10.0; Win64; x64) AppleWebKit/537.36 (KHTML, like Gecko) Chrome/142.0.0.0 Safari/537.36"
181.237.161.162 - - [04/Dec/2025:21:22:11 +0000] "GET /wp-content/uploads/2025/10/01_-CNTXT_BLANCO.png HTTP/2" 200 10250 "https://cntxt.brainware.com.co/cotizar-proyecto/" "Mozilla/5.0 (Windows NT 10.0; Win64; x64) AppleWebKit/537.36 (KHTML, like Gecko) Chrome/142.0.0.0 Safari/537.36"
57.141.6.14 - - [04/Dec/2025:21:22:11 +0000] "GET /products/2612424 HTTP/2" 404 32531 "-" "meta-externalagent/1.1 (+https://developers.facebook.com/docs/sharing/webmasters/crawler)"
57.141.6.29 - - [04/Dec/2025:21:22:18 +0000] "GET /products/6153813 HTTP/2" 404 32531 "-" "meta-externalagent/1.1 (+https://developers.facebook.com/docs/sharing/webmasters/crawler)"
57.141.6.14 - - [04/Dec/2025:21:22:20 +0000] "GET /products/11002535 HTTP/2" 404 32531 "-" "meta-externalagent/1.1 (+https://developers.facebook.com/docs/sharing/webmasters/crawler)"
57.141.6.51 - - [04/Dec/2025:21:22:24 +0000] "GET /products/25121057 HTTP/2" 404 32531 "-" "meta-externalagent/1.1 (+https://developers.facebook.com/docs/sharing/webmasters/crawler)"
57.141.6.9 - - [04/Dec/2025:21:22:35 +0000] "GET /products/15672357 HTTP/2" 404 32531 "-" "meta-externalagent/1.1 (+https://developers.facebook.com/docs/sharing/webmasters/crawler)"
57.141.6.11 - - [04/Dec/2025:21:22:36 +0000] "GET /products/10034579 HTTP/2" 404 32531 "-" "meta-externalagent/1.1 (+https://developers.facebook.com/docs/sharing/webmasters/crawler)"
57.141.6.22 - - [04/Dec/2025:21:22:44 +0000] "GET /products/8126768 HTTP/2" 404 32531 "-" "meta-externalagent/1.1 (+https://developers.facebook.com/docs/sharing/webmasters/crawler)"
170.10.164.108 - - [04/Dec/2025:21:22:49 +0000] "POST /wp-cron.php?doing_wp_cron=1764883369.5262548923492431640625 HTTP/1.1" 200 0 "-" "WordPress/6.9; https://cntxt.brainware.com.co"
57.141.6.22 - - [04/Dec/2025:21:22:48 +0000] "GET /products/25874568 HTTP/2" 404 32531 "-" "meta-externalagent/1.1 (+https://developers.facebook.com/docs/sharing/webmasters/crawler)"
170.10.164.108 - - [04/Dec/2025:21:22:55 +0000] "POST /wp-cron.php?doing_wp_cron=1764883375.9128930568695068359375 HTTP/1.1" 200 0 "-" "WordPress/6.9; https://cntxt.brainware.com.co"
57.141.6.52 - - [04/Dec/2025:21:23:06 +0000] "GET /products/20542213 HTTP/2" 404 32531 "-" "meta-externalagent/1.1 (+https://developers.facebook.com/docs/sharing/webmasters/crawler)"
57.141.6.9 - - [04/Dec/2025:21:23:11 +0000] "GET /products/24254968 HTTP/2" 404 32531 "-" "meta-externalagent/1.1 (+https://developers.facebook.com/docs/sharing/webmasters/crawler)"
57.141.6.5 - - [04/Dec/2025:21:22:12 +0000] "GET /products/25405379 HTTP/2" 404 32531 "-" "meta-externalagent/1.1 (+https://developers.facebook.com/docs/sharing/webmasters/crawler)"
57.141.6.23 - - [04/Dec/2025:21:22:14 +0000] "GET /products/14975702 HTTP/2" 404 32531 "-" "meta-externalagent/1.1 (+https://developers.facebook.com/docs/sharing/webmasters/crawler)"
57.141.6.43 - - [04/Dec/2025:21:22:17 +0000] "GET /products/24454513 HTTP/2" 404 32531 "-" "meta-externalagent/1.1 (+https://developers.facebook.com/docs/sharing/webmasters/crawler)"
57.141.6.45 - - [04/Dec/2025:21:22:22 +0000] "GET /products/16658613 HTTP/2" 404 32531 "-" "meta-externalagent/1.1 (+https://developers.facebook.com/docs/sharing/webmasters/crawler)"
57.141.6.37 - - [04/Dec/2025:21:22:29 +0000] "GET /products/25746546 HTTP/2" 404 32531 "-" "meta-externalagent/1.1 (+https://developers.facebook.com/docs/sharing/webmasters/crawler)"
57.141.6.23 - - [04/Dec/2025:21:22:30 +0000] "GET /products/12944191 HTTP/2" 404 32531 "-" "meta-externalagent/1.1 (+https://developers.facebook.com/docs/sharing/webmasters/crawler)"
170.10.164.108 - - [04/Dec/2025:21:22:36 +0000] "POST /wp-cron.php?doing_wp_cron=1764883356.0959830284118652343750 HTTP/1.1" 200 0 "-" "WordPress/6.9; https://cntxt.brainware.com.co"
57.141.6.34 - - [04/Dec/2025:21:22:38 +0000] "GET /products/2905713 HTTP/2" 404 32531 "-" "meta-externalagent/1.1 (+https://developers.facebook.com/docs/sharing/webmasters/crawler)"
57.141.6.17 - - [04/Dec/2025:21:22:50 +0000] "GET /products/2757746 HTTP/2" 404 32531 "-" "meta-externalagent/1.1 (+https://developers.facebook.com/docs/sharing/webmasters/crawler)"
57.141.6.42 - - [04/Dec/2025:21:22:59 +0000] "GET /products/23459535 HTTP/2" 404 32531 "-" "meta-externalagent/1.1 (+https://developers.facebook.com/docs/sharing/webmasters/crawler)"
57.141.6.47 - - [04/Dec/2025:21:23:00 +0000] "GET /products/19730802 HTTP/2" 404 32531 "-" "meta-externalagent/1.1 (+https://developers.facebook.com/docs/sharing/webmasters/crawler)"
57.141.6.37 - - [04/Dec/2025:21:23:02 +0000] "GET /products/21839968 HTTP/2" 404 32531 "-" "meta-externalagent/1.1 (+https://developers.facebook.com/docs/sharing/webmasters/crawler)"
170.10.164.108 - - [04/Dec/2025:21:23:07 +0000] "POST /wp-cron.php?doing_wp_cron=1764883387.3560020923614501953125 HTTP/1.1" 200 0 "-" "WordPress/6.9; https://cntxt.brainware.com.co"
57.141.6.34 - - [04/Dec/2025:21:23:12 +0000] "GET /products/4515446 HTTP/2" 404 32531 "-" "meta-externalagent/1.1 (+https://developers.facebook.com/docs/sharing/webmasters/crawler)"
57.141.6.52 - - [04/Dec/2025:21:23:14 +0000] "GET /products/29134824 HTTP/2" 404 32531 "-" "meta-externalagent/1.1 (+https://developers.facebook.com/docs/sharing/webmasters/crawler)"
57.141.6.1 - - [04/Dec/2025:21:23:21 +0000] "GET /products/10179479 HTTP/2" 404 32531 "-" "meta-externalagent/1.1 (+https://developers.facebook.com/docs/sharing/webmasters/crawler)"
57.141.6.22 - - [04/Dec/2025:21:23:22 +0000] "GET /products/29713735 HTTP/2" 404 32531 "-" "meta-externalagent/1.1 (+https://developers.facebook.com/docs/sharing/webmasters/crawler)"
57.141.6.17 - - [04/Dec/2025:21:23:38 +0000] "GET /products/23157668 HTTP/2" 404 32531 "-" "meta-externalagent/1.1 (+https://developers.facebook.com/docs/sharing/webmasters/crawler)"
57.141.6.42 - - [04/Dec/2025:21:23:47 +0000] "GET /products/30262379 HTTP/2" 404 32531 "-" "meta-externalagent/1.1 (+https://developers.facebook.com/docs/sharing/webmasters/crawler)"
57.141.6.47 - - [04/Dec/2025:21:23:54 +0000] "GET /products/25179013 HTTP/2" 404 32531 "-" "meta-externalagent/1.1 (+https://developers.facebook.com/docs/sharing/webmasters/crawler)"
57.141.6.51 - - [04/Dec/2025:21:24:00 +0000] "GET /products/29057546 HTTP/2" 404 32531 "-" "meta-externalagent/1.1 (+https://developers.facebook.com/docs/sharing/webmasters/crawler)"
57.141.6.45 - - [04/Dec/2025:21:24:03 +0000] "GET /products/27083235 HTTP/2" 404 32531 "-" "meta-externalagent/1.1 (+https://developers.facebook.com/docs/sharing/webmasters/crawler)"
57.141.6.29 - - [04/Dec/2025:21:23:08 +0000] "GET /products/14329613 HTTP/2" 404 32531 "-" "meta-externalagent/1.1 (+https://developers.facebook.com/docs/sharing/webmasters/crawler)"
57.141.6.23 - - [04/Dec/2025:21:23:17 +0000] "GET /products/21743368 HTTP/2" 404 32531 "-" "meta-externalagent/1.1 (+https://developers.facebook.com/docs/sharing/webmasters/crawler)"
170.10.164.108 - - [04/Dec/2025:21:23:22 +0000] "POST /wp-cron.php?doing_wp_cron=1764883402.1308948993682861328125 HTTP/1.1" 200 0 "-" "WordPress/6.9; https://cntxt.brainware.com.co"
57.141.6.18 - - [04/Dec/2025:21:23:27 +0000] "GET /products/27162624 HTTP/2" 404 32531 "-" "meta-externalagent/1.1 (+https://developers.facebook.com/docs/sharing/webmasters/crawler)"
57.141.6.37 - - [04/Dec/2025:21:23:30 +0000] "GET /products/12594479 HTTP/2" 404 32531 "-" "meta-externalagent/1.1 (+https://developers.facebook.com/docs/sharing/webmasters/crawler)"
57.141.6.19 - - [04/Dec/2025:21:23:33 +0000] "GET /products/24136935 HTTP/2" 404 32531 "-" "meta-externalagent/1.1 (+https://developers.facebook.com/docs/sharing/webmasters/crawler)"
66.249.70.71 - - [04/Dec/2025:21:23:33 +0000] "GET /products/19896180 HTTP/1.1" 404 7948 "-" "Mozilla/5.0 (Linux; Android 6.0.1; Nexus 5X Build/MMB29P) AppleWebKit/537.36 (KHTML, like Gecko) Chrome/141.0.7390.122 Mobile Safari/537.36 (compatible; Googlebot/2.1; +http://www.google.com/bot.html)"
57.141.6.37 - - [04/Dec/2025:21:23:37 +0000] "GET /products/27798079 HTTP/2" 404 32531 "-" "meta-externalagent/1.1 (+https://developers.facebook.com/docs/sharing/webmasters/crawler)"
57.141.6.42 - - [04/Dec/2025:21:23:41 +0000] "GET /products/28918635 HTTP/2" 404 32531 "-" "meta-externalagent/1.1 (+https://developers.facebook.com/docs/sharing/webmasters/crawler)"
57.141.6.31 - - [04/Dec/2025:21:23:42 +0000] "GET /products/29260824 HTTP/2" 404 32531 "-" "meta-externalagent/1.1 (+https://developers.facebook.com/docs/sharing/webmasters/crawler)"
57.141.6.34 - - [04/Dec/2025:21:23:44 +0000] "GET /products/26020635 HTTP/2" 404 32531 "-" "meta-externalagent/1.1 (+https://developers.facebook.com/docs/sharing/webmasters/crawler)"
57.141.6.8 - - [04/Dec/2025:21:23:49 +0000] "GET /products/10073213 HTTP/2" 404 32531 "-" "meta-externalagent/1.1 (+https://developers.facebook.com/docs/sharing/webmasters/crawler)"
57.141.6.3 - - [04/Dec/2025:21:23:51 +0000] "GET /products/10266413 HTTP/2" 404 32531 "-" "meta-externalagent/1.1 (+https://developers.facebook.com/docs/sharing/webmasters/crawler)"
57.141.6.37 - - [04/Dec/2025:21:23:53 +0000] "GET /products/30554157 HTTP/2" 404 32531 "-" "meta-externalagent/1.1 (+https://developers.facebook.com/docs/sharing/webmasters/crawler)"
170.10.164.108 - - [04/Dec/2025:21:23:55 +0000] "POST /wp-cron.php?doing_wp_cron=1764883435.7781989574432373046875 HTTP/1.1" 200 0 "-" "WordPress/6.9; https://cntxt.brainware.com.co"
57.141.6.49 - - [04/Dec/2025:21:23:56 +0000] "GET /products/24583402 HTTP/2" 404 32531 "-" "meta-externalagent/1.1 (+https://developers.facebook.com/docs/sharing/webmasters/crawler)"
57.141.6.22 - - [04/Dec/2025:21:24:08 +0000] "GET /products/22000902 HTTP/2" 404 32531 "-" "meta-externalagent/1.1 (+https://developers.facebook.com/docs/sharing/webmasters/crawler)"
57.141.6.42 - - [04/Dec/2025:21:24:20 +0000] "GET /products/1972191 HTTP/2" 404 32531 "-" "meta-externalagent/1.1 (+https://developers.facebook.com/docs/sharing/webmasters/crawler)"
57.141.6.49 - - [04/Dec/2025:21:24:26 +0000] "GET /products/27140024 HTTP/2" 404 32531 "-" "meta-externalagent/1.1 (+https://developers.facebook.com/docs/sharing/webmasters/crawler)"
57.141.6.5 - - [04/Dec/2025:21:24:28 +0000] "GET /products/9614402 HTTP/2" 404 32531 "-" "meta-externalagent/1.1 (+https://developers.facebook.com/docs/sharing/webmasters/crawler)"
