170.10.164.108 - - [05/Dec/2025:22:38:52 +0000] "POST /wp-cron.php?doing_wp_cron=1764974332.8419039249420166015625 HTTP/1.1" 200 0 "-" "WordPress/6.9; https://cntxt.brainware.com.co"
66.249.70.71 - - [05/Dec/2025:22:39:37 +0000] "GET /products/8272135 HTTP/1.1" 404 7949 "-" "Mozilla/5.0 (Linux; Android 6.0.1; Nexus 5X Build/MMB29P) AppleWebKit/537.36 (KHTML, like Gecko) Chrome/141.0.7390.122 Mobile Safari/537.36 (compatible; Googlebot/2.1; +http://www.google.com/bot.html)"
170.10.164.108 - - [05/Dec/2025:22:39:55 +0000] "POST /wp-cron.php?doing_wp_cron=1764974395.9165410995483398437500 HTTP/1.1" 200 0 "-" "WordPress/6.9; https://cntxt.brainware.com.co"
66.249.70.70 - - [05/Dec/2025:22:40:58 +0000] "GET /products/6997579 HTTP/1.1" 404 7949 "-" "Mozilla/5.0 (Linux; Android 6.0.1; Nexus 5X Build/MMB29P) AppleWebKit/537.36 (KHTML, like Gecko) Chrome/141.0.7390.122 Mobile Safari/537.36 (compatible; Googlebot/2.1; +http://www.google.com/bot.html)"
170.10.164.108 - - [05/Dec/2025:22:41:51 +0000] "POST /wp-cron.php?doing_wp_cron=1764974511.5362999439239501953125 HTTP/1.1" 200 0 "-" "WordPress/6.9; https://cntxt.brainware.com.co"
66.249.70.70 - - [05/Dec/2025:22:41:50 +0000] "GET /products/11671102 HTTP/1.1" 404 7949 "-" "Mozilla/5.0 (Linux; Android 6.0.1; Nexus 5X Build/MMB29P) AppleWebKit/537.36 (KHTML, like Gecko) Chrome/141.0.7390.122 Mobile Safari/537.36 (compatible; Googlebot/2.1; +http://www.google.com/bot.html)"
66.249.70.64 - - [05/Dec/2025:22:42:02 +0000] "GET /products/6073880 HTTP/1.1" 404 7949 "-" "Mozilla/5.0 (Linux; Android 6.0.1; Nexus 5X Build/MMB29P) AppleWebKit/537.36 (KHTML, like Gecko) Chrome/141.0.7390.122 Mobile Safari/537.36 (compatible; Googlebot/2.1; +http://www.google.com/bot.html)"
170.10.164.108 - - [05/Dec/2025:22:42:19 +0000] "POST /wp-cron.php?doing_wp_cron=1764974539.2248680591583251953125 HTTP/1.1" 200 0 "-" "WordPress/6.9; https://cntxt.brainware.com.co"
66.249.70.70 - - [05/Dec/2025:22:38:35 +0000] "GET /products/11582335 HTTP/1.1" 404 7949 "-" "Mozilla/5.0 (Linux; Android 6.0.1; Nexus 5X Build/MMB29P) AppleWebKit/537.36 (KHTML, like Gecko) Chrome/141.0.7390.122 Mobile Safari/537.36 (compatible; Googlebot/2.1; +http://www.google.com/bot.html)"
74.7.227.169 - - [05/Dec/2025:22:38:51 +0000] "GET /wp-includes/class-avif-info.php HTTP/2" 200 0 "-" "Mozilla/5.0 AppleWebKit/537.36 (KHTML, like Gecko; compatible; GPTBot/1.3; +https://openai.com/gptbot)"
66.249.70.70 - - [05/Dec/2025:22:38:51 +0000] "GET /products/6437213 HTTP/1.1" 404 7949 "-" "Mozilla/5.0 (Linux; Android 6.0.1; Nexus 5X Build/MMB29P) AppleWebKit/537.36 (KHTML, like Gecko) Chrome/141.0.7390.122 Mobile Safari/537.36 (compatible; Googlebot/2.1; +http://www.google.com/bot.html)"
66.249.70.70 - - [05/Dec/2025:22:39:07 +0000] "GET /products/8008535 HTTP/1.1" 404 7949 "-" "Mozilla/5.0 (Linux; Android 6.0.1; Nexus 5X Build/MMB29P) AppleWebKit/537.36 (KHTML, like Gecko) Chrome/141.0.7390.122 Mobile Safari/537.36 (compatible; Googlebot/2.1; +http://www.google.com/bot.html)"
66.249.70.70 - - [05/Dec/2025:22:39:36 +0000] "GET /products/23289935 HTTP/1.1" 404 7949 "-" "Mozilla/5.0 (Linux; Android 6.0.1; Nexus 5X Build/MMB29P) AppleWebKit/537.36 (KHTML, like Gecko) Chrome/141.0.7390.122 Mobile Safari/537.36 (compatible; Googlebot/2.1; +http://www.google.com/bot.html)"
66.249.70.70 - - [05/Dec/2025:22:39:44 +0000] "GET /products/4692079 HTTP/1.1" 404 7949 "-" "Mozilla/5.0 (Linux; Android 6.0.1; Nexus 5X Build/MMB29P) AppleWebKit/537.36 (KHTML, like Gecko) Chrome/141.0.7390.122 Mobile Safari/537.36 (compatible; Googlebot/2.1; +http://www.google.com/bot.html)"
74.7.227.169 - - [05/Dec/2025:22:39:55 +0000] "GET /wp-includes/class-wp-text-diff-renderer-inline.php HTTP/2" 500 0 "-" "Mozilla/5.0 AppleWebKit/537.36 (KHTML, like Gecko; compatible; GPTBot/1.3; +https://openai.com/gptbot)"
170.10.164.108 - - [05/Dec/2025:22:40:12 +0000] "POST /wp-cron.php?doing_wp_cron=1764974412.0928659439086914062500 HTTP/1.1" 200 0 "-" "WordPress/6.9; https://cntxt.brainware.com.co"
66.249.70.64 - - [05/Dec/2025:22:40:10 +0000] "GET /products/8027479 HTTP/1.1" 404 7949 "-" "Mozilla/5.0 (Linux; Android 6.0.1; Nexus 5X Build/MMB29P) AppleWebKit/537.36 (KHTML, like Gecko) Chrome/141.0.7390.122 Mobile Safari/537.36 (compatible; Googlebot/2.1; +http://www.google.com/bot.html)"
66.249.70.70 - - [05/Dec/2025:22:40:42 +0000] "GET /products/8532891 HTTP/1.1" 404 7949 "-" "Mozilla/5.0 (Linux; Android 6.0.1; Nexus 5X Build/MMB29P) AppleWebKit/537.36 (KHTML, like Gecko) Chrome/141.0.7390.122 Mobile Safari/537.36 (compatible; Googlebot/2.1; +http://www.google.com/bot.html)"
74.7.227.169 - - [05/Dec/2025:22:40:50 +0000] "GET /wp-includes/class-phpass.php HTTP/2" 200 0 "-" "Mozilla/5.0 AppleWebKit/537.36 (KHTML, like Gecko; compatible; GPTBot/1.3; +https://openai.com/gptbot)"
170.10.164.108 - - [05/Dec/2025:22:40:59 +0000] "POST /wp-cron.php?doing_wp_cron=1764974459.4737410545349121093750 HTTP/1.1" 200 0 "-" "WordPress/6.9; https://cntxt.brainware.com.co"
66.249.70.70 - - [05/Dec/2025:22:41:30 +0000] "GET /products/6014679 HTTP/1.1" 404 7949 "-" "Mozilla/5.0 (Linux; Android 6.0.1; Nexus 5X Build/MMB29P) AppleWebKit/537.36 (KHTML, like Gecko) Chrome/141.0.7390.122 Mobile Safari/537.36 (compatible; Googlebot/2.1; +http://www.google.com/bot.html)"
74.7.227.169 - - [05/Dec/2025:22:41:54 +0000] "GET /wp-includes/class-wp-speculation-rules.php HTTP/2" 200 0 "-" "Mozilla/5.0 AppleWebKit/537.36 (KHTML, like Gecko; compatible; GPTBot/1.3; +https://openai.com/gptbot)"
170.10.164.108 - - [05/Dec/2025:22:42:03 +0000] "POST /wp-cron.php?doing_wp_cron=1764974523.3376700878143310546875 HTTP/1.1" 200 0 "-" "WordPress/6.9; https://cntxt.brainware.com.co"
66.249.70.70 - - [05/Dec/2025:22:42:34 +0000] "GET /products/5694835 HTTP/1.1" 404 7949 "-" "Mozilla/5.0 (Linux; Android 6.0.1; Nexus 5X Build/MMB29P) AppleWebKit/537.36 (KHTML, like Gecko) Chrome/141.0.7390.122 Mobile Safari/537.36 (compatible; Googlebot/2.1; +http://www.google.com/bot.html)"
66.249.70.70 - - [05/Dec/2025:22:35:47 +0000] "GET /products/3100335 HTTP/1.1" 404 7949 "-" "Mozilla/5.0 (Linux; Android 6.0.1; Nexus 5X Build/MMB29P) AppleWebKit/537.36 (KHTML, like Gecko) Chrome/141.0.7390.122 Mobile Safari/537.36 (compatible; Googlebot/2.1; +http://www.google.com/bot.html)"
66.249.70.70 - - [05/Dec/2025:22:35:56 +0000] "GET /products/5239146 HTTP/1.1" 404 7948 "-" "Mozilla/5.0 (Linux; Android 6.0.1; Nexus 5X Build/MMB29P) AppleWebKit/537.36 (KHTML, like Gecko) Chrome/141.0.7390.122 Mobile Safari/537.36 (compatible; Googlebot/2.1; +http://www.google.com/bot.html)"
66.249.70.70 - - [05/Dec/2025:22:36:44 +0000] "GET /products/5365957 HTTP/1.1" 404 7949 "-" "Mozilla/5.0 (Linux; Android 6.0.1; Nexus 5X Build/MMB29P) AppleWebKit/537.36 (KHTML, like Gecko) Chrome/141.0.7390.122 Mobile Safari/537.36 (compatible; Googlebot/2.1; +http://www.google.com/bot.html)"
170.10.164.108 - - [05/Dec/2025:22:37:12 +0000] "POST /wp-cron.php?doing_wp_cron=1764974231.9926009178161621093750 HTTP/1.1" 200 0 "-" "WordPress/6.9; https://cntxt.brainware.com.co"
66.249.70.64 - - [05/Dec/2025:22:37:10 +0000] "GET /products/6938057 HTTP/1.1" 404 7949 "-" "Mozilla/5.0 (Linux; Android 6.0.1; Nexus 5X Build/MMB29P) AppleWebKit/537.36 (KHTML, like Gecko) Chrome/141.0.7390.122 Mobile Safari/537.36 (compatible; Googlebot/2.1; +http://www.google.com/bot.html)"
66.249.70.70 - - [05/Dec/2025:22:37:31 +0000] "GET /products/7901435 HTTP/1.1" 404 7949 "-" "Mozilla/5.0 (Linux; Android 6.0.1; Nexus 5X Build/MMB29P) AppleWebKit/537.36 (KHTML, like Gecko) Chrome/141.0.7390.122 Mobile Safari/537.36 (compatible; Googlebot/2.1; +http://www.google.com/bot.html)"
170.10.164.108 - - [05/Dec/2025:22:38:04 +0000] "POST /wp-cron.php?doing_wp_cron=1764974284.9135470390319824218750 HTTP/1.1" 200 0 "-" "WordPress/6.9; https://cntxt.brainware.com.co"
66.249.70.70 - - [05/Dec/2025:22:38:03 +0000] "GET /products/8003379 HTTP/1.1" 404 7949 "-" "Mozilla/5.0 (Linux; Android 6.0.1; Nexus 5X Build/MMB29P) AppleWebKit/537.36 (KHTML, like Gecko) Chrome/141.0.7390.122 Mobile Safari/537.36 (compatible; Googlebot/2.1; +http://www.google.com/bot.html)"
170.10.164.108 - - [05/Dec/2025:22:39:08 +0000] "POST /wp-cron.php?doing_wp_cron=1764974348.3037068843841552734375 HTTP/1.1" 200 0 "-" "WordPress/6.9; https://cntxt.brainware.com.co"
66.249.70.70 - - [05/Dec/2025:22:39:54 +0000] "GET /products/5374724 HTTP/1.1" 404 7948 "-" "Mozilla/5.0 (Linux; Android 6.0.1; Nexus 5X Build/MMB29P) AppleWebKit/537.36 (KHTML, like Gecko) Chrome/141.0.7390.122 Mobile Safari/537.36 (compatible; Googlebot/2.1; +http://www.google.com/bot.html)"
66.249.70.71 - - [05/Dec/2025:22:40:26 +0000] "GET /products/8338068 HTTP/1.1" 404 7949 "-" "Mozilla/5.0 (Linux; Android 6.0.1; Nexus 5X Build/MMB29P) AppleWebKit/537.36 (KHTML, like Gecko) Chrome/141.0.7390.122 Mobile Safari/537.36 (compatible; Googlebot/2.1; +http://www.google.com/bot.html)"
170.10.164.108 - - [05/Dec/2025:22:41:15 +0000] "POST /wp-cron.php?doing_wp_cron=1764974475.6437380313873291015625 HTTP/1.1" 200 0 "-" "WordPress/6.9; https://cntxt.brainware.com.co"
66.249.70.70 - - [05/Dec/2025:22:41:14 +0000] "GET /products/7623091 HTTP/1.1" 404 7949 "-" "Mozilla/5.0 (Linux; Android 6.0.1; Nexus 5X Build/MMB29P) AppleWebKit/537.36 (KHTML, like Gecko) Chrome/141.0.7390.122 Mobile Safari/537.36 (compatible; Googlebot/2.1; +http://www.google.com/bot.html)"
66.249.70.70 - - [05/Dec/2025:22:43:08 +0000] "GET /products/10777746 HTTP/1.1" 404 7949 "-" "Mozilla/5.0 (Linux; Android 6.0.1; Nexus 5X Build/MMB29P) AppleWebKit/537.36 (KHTML, like Gecko) Chrome/141.0.7390.122 Mobile Safari/537.36 (compatible; Googlebot/2.1; +http://www.google.com/bot.html)"
66.249.70.70 - - [05/Dec/2025:22:43:10 +0000] "GET /products/26471135 HTTP/1.1" 404 7949 "-" "Mozilla/5.0 (Linux; Android 6.0.1; Nexus 5X Build/MMB29P) AppleWebKit/537.36 (KHTML, like Gecko) Chrome/141.0.7390.122 Mobile Safari/537.36 (compatible; Googlebot/2.1; +http://www.google.com/bot.html)"
66.249.70.70 - - [05/Dec/2025:22:42:18 +0000] "GET /products/7862191 HTTP/1.1" 404 7949 "-" "Mozilla/5.0 (Linux; Android 6.0.1; Nexus 5X Build/MMB29P) AppleWebKit/537.36 (KHTML, like Gecko) Chrome/141.0.7390.122 Mobile Safari/537.36 (compatible; Googlebot/2.1; +http://www.google.com/bot.html)"
170.10.164.108 - - [05/Dec/2025:22:43:06 +0000] "POST /wp-cron.php?doing_wp_cron=1764974586.8723969459533691406250 HTTP/1.1" 200 0 "-" "WordPress/6.9; https://cntxt.brainware.com.co"
66.249.70.64 - - [05/Dec/2025:22:43:05 +0000] "GET /products/30752191 HTTP/1.1" 404 7949 "-" "Mozilla/5.0 (Linux; Android 6.0.1; Nexus 5X Build/MMB29P) AppleWebKit/537.36 (KHTML, like Gecko) Chrome/141.0.7390.122 Mobile Safari/537.36 (compatible; Googlebot/2.1; +http://www.google.com/bot.html)"
66.249.70.64 - - [05/Dec/2025:22:43:07 +0000] "GET /products/29106024 HTTP/1.1" 404 7949 "-" "Mozilla/5.0 (Linux; Android 6.0.1; Nexus 5X Build/MMB29P) AppleWebKit/537.36 (KHTML, like Gecko) Chrome/141.0.7390.122 Mobile Safari/537.36 (compatible; Googlebot/2.1; +http://www.google.com/bot.html)"
66.249.70.70 - - [05/Dec/2025:22:43:32 +0000] "GET /products/7629046 HTTP/1.1" 404 7949 "-" "Mozilla/5.0 (Linux; Android 6.0.1; Nexus 5X Build/MMB29P) AppleWebKit/537.36 (KHTML, like Gecko) Chrome/141.0.7390.122 Mobile Safari/537.36 (compatible; Googlebot/2.1; +http://www.google.com/bot.html)"
66.249.70.70 - - [05/Dec/2025:22:43:33 +0000] "GET /products/9742968 HTTP/1.1" 404 7949 "-" "Mozilla/5.0 (Linux; Android 6.0.1; Nexus 5X Build/MMB29P) AppleWebKit/537.36 (KHTML, like Gecko) Chrome/141.0.7390.122 Mobile Safari/537.36 (compatible; Googlebot/2.1; +http://www.google.com/bot.html)"
66.249.70.70 - - [05/Dec/2025:22:43:34 +0000] "GET /products/16996624 HTTP/1.1" 404 7949 "-" "Mozilla/5.0 (Linux; Android 6.0.1; Nexus 5X Build/MMB29P) AppleWebKit/537.36 (KHTML, like Gecko) Chrome/141.0.7390.122 Mobile Safari/537.36 (compatible; Googlebot/2.1; +http://www.google.com/bot.html)"
66.249.70.70 - - [05/Dec/2025:22:43:37 +0000] "GET /products/28353135 HTTP/1.1" 404 7949 "-" "Mozilla/5.0 (Linux; Android 6.0.1; Nexus 5X Build/MMB29P) AppleWebKit/537.36 (KHTML, like Gecko) Chrome/141.0.7390.122 Mobile Safari/537.36 (compatible; Googlebot/2.1; +http://www.google.com/bot.html)"
170.10.164.108 - - [05/Dec/2025:22:43:56 +0000] "POST /wp-cron.php?doing_wp_cron=1764974636.9579620361328125000000 HTTP/1.1" 200 0 "-" "WordPress/6.9; https://cntxt.brainware.com.co"
66.249.70.70 - - [05/Dec/2025:22:43:55 +0000] "GET /products/5053513 HTTP/1.1" 404 7949 "-" "Mozilla/5.0 (Linux; Android 6.0.1; Nexus 5X Build/MMB29P) AppleWebKit/537.36 (KHTML, like Gecko) Chrome/141.0.7390.122 Mobile Safari/537.36 (compatible; Googlebot/2.1; +http://www.google.com/bot.html)"
66.249.70.70 - - [05/Dec/2025:22:44:14 +0000] "GET /products/4750446 HTTP/1.1" 404 7949 "-" "Mozilla/5.0 (Linux; Android 6.0.1; Nexus 5X Build/MMB29P) AppleWebKit/537.36 (KHTML, like Gecko) Chrome/141.0.7390.122 Mobile Safari/537.36 (compatible; Googlebot/2.1; +http://www.google.com/bot.html)"
170.10.164.108 - - [05/Dec/2025:22:44:52 +0000] "POST /wp-cron.php?doing_wp_cron=1764974692.5927929878234863281250 HTTP/1.1" 200 0 "-" "WordPress/6.9; https://cntxt.brainware.com.co"
66.249.70.71 - - [05/Dec/2025:22:45:10 +0000] "GET /products/16851202 HTTP/1.1" 404 7949 "-" "Mozilla/5.0 (Linux; Android 6.0.1; Nexus 5X Build/MMB29P) AppleWebKit/537.36 (KHTML, like Gecko) Chrome/141.0.7390.122 Mobile Safari/537.36 (compatible; Googlebot/2.1; +http://www.google.com/bot.html)"
170.10.164.108 - - [05/Dec/2025:22:45:48 +0000] "POST /wp-cron.php?doing_wp_cron=1764974748.1392769813537597656250 HTTP/1.1" 200 0 "-" "WordPress/6.9; https://cntxt.brainware.com.co"
66.249.70.70 - - [05/Dec/2025:22:48:24 +0000] "GET /products/4694702 HTTP/1.1" 404 7949 "-" "Mozilla/5.0 (Linux; Android 6.0.1; Nexus 5X Build/MMB29P) AppleWebKit/537.36 (KHTML, like Gecko) Chrome/141.0.7390.122 Mobile Safari/537.36 (compatible; Googlebot/2.1; +http://www.google.com/bot.html)"
74.7.227.169 - - [05/Dec/2025:22:42:48 +0000] "GET /wp-includes/class-wp-recovery-mode-cookie-service.php HTTP/2" 200 0 "-" "Mozilla/5.0 AppleWebKit/537.36 (KHTML, like Gecko; compatible; GPTBot/1.3; +https://openai.com/gptbot)"
170.10.164.108 - - [05/Dec/2025:22:42:50 +0000] "POST /wp-cron.php?doing_wp_cron=1764974570.7635750770568847656250 HTTP/1.1" 200 0 "-" "WordPress/6.9; https://cntxt.brainware.com.co"
66.249.70.70 - - [05/Dec/2025:22:42:49 +0000] "GET /products/7543979 HTTP/1.1" 404 7949 "-" "Mozilla/5.0 (Linux; Android 6.0.1; Nexus 5X Build/MMB29P) AppleWebKit/537.36 (KHTML, like Gecko) Chrome/141.0.7390.122 Mobile Safari/537.36 (compatible; Googlebot/2.1; +http://www.google.com/bot.html)"
74.7.227.169 - - [05/Dec/2025:22:43:41 +0000] "GET /wp-includes/class-wp-recovery-mode-email-service.php HTTP/2" 200 0 "-" "Mozilla/5.0 AppleWebKit/537.36 (KHTML, like Gecko; compatible; GPTBot/1.3; +https://openai.com/gptbot)"
170.10.164.108 - - [05/Dec/2025:22:44:15 +0000] "POST /wp-cron.php?doing_wp_cron=1764974655.9723110198974609375000 HTTP/1.1" 200 0 "-" "WordPress/6.9; https://cntxt.brainware.com.co"
74.7.227.169 - - [05/Dec/2025:22:44:27 +0000] "GET /wp-includes/error-protection.php HTTP/2" 200 0 "-" "Mozilla/5.0 AppleWebKit/537.36 (KHTML, like Gecko; compatible; GPTBot/1.3; +https://openai.com/gptbot)"
74.7.227.169 - - [05/Dec/2025:22:45:09 +0000] "GET /wp-includes/ms-default-constants.php HTTP/2" 200 0 "-" "Mozilla/5.0 AppleWebKit/537.36 (KHTML, like Gecko; compatible; GPTBot/1.3; +https://openai.com/gptbot)"
170.10.164.108 - - [05/Dec/2025:22:45:11 +0000] "POST /wp-cron.php?doing_wp_cron=1764974711.5374619960784912109375 HTTP/1.1" 200 0 "-" "WordPress/6.9; https://cntxt.brainware.com.co"
74.7.227.169 - - [05/Dec/2025:22:45:44 +0000] "GET /wp-includes/class-wp-customize-panel.php HTTP/2" 200 6 "-" "Mozilla/5.0 AppleWebKit/537.36 (KHTML, like Gecko; compatible; GPTBot/1.3; +https://openai.com/gptbot)"
170.10.164.108 - - [05/Dec/2025:22:46:01 +0000] "POST /wp-cron.php?doing_wp_cron=1764974761.9536089897155761718750 HTTP/1.1" 200 0 "-" "WordPress/6.9; https://cntxt.brainware.com.co"
66.249.70.71 - - [05/Dec/2025:22:46:00 +0000] "GET /products/5157046 HTTP/1.1" 404 7949 "-" "Mozilla/5.0 (Linux; Android 6.0.1; Nexus 5X Build/MMB29P) AppleWebKit/537.36 (KHTML, like Gecko) Chrome/141.0.7390.122 Mobile Safari/537.36 (compatible; Googlebot/2.1; +http://www.google.com/bot.html)"
74.7.227.169 - - [05/Dec/2025:22:46:17 +0000] "GET /wp-includes/embed-template.php HTTP/2" 500 0 "-" "Mozilla/5.0 AppleWebKit/537.36 (KHTML, like Gecko; compatible; GPTBot/1.3; +https://openai.com/gptbot)"
66.249.70.70 - - [05/Dec/2025:22:46:42 +0000] "GET /products/31047880 HTTP/1.1" 404 7949 "-" "Mozilla/5.0 (Linux; Android 6.0.1; Nexus 5X Build/MMB29P) AppleWebKit/537.36 (KHTML, like Gecko) Chrome/141.0.7390.122 Mobile Safari/537.36 (compatible; Googlebot/2.1; +http://www.google.com/bot.html)"
74.7.227.169 - - [05/Dec/2025:22:46:49 +0000] "GET /wp-includes/class-wp-simplepie-sanitize-kses.php HTTP/2" 200 6 "-" "Mozilla/5.0 AppleWebKit/537.36 (KHTML, like Gecko; compatible; GPTBot/1.3; +https://openai.com/gptbot)"
66.249.70.70 - - [05/Dec/2025:22:46:55 +0000] "GET /products/3534791 HTTP/1.1" 404 7949 "-" "Mozilla/5.0 (Linux; Android 6.0.1; Nexus 5X Build/MMB29P) AppleWebKit/537.36 (KHTML, like Gecko) Chrome/141.0.7390.122 Mobile Safari/537.36 (compatible; Googlebot/2.1; +http://www.google.com/bot.html)"
170.10.164.108 - - [05/Dec/2025:22:47:23 +0000] "POST /wp-cron.php?doing_wp_cron=1764974843.5210969448089599609375 HTTP/1.1" 200 0 "-" "WordPress/6.9; https://cntxt.brainware.com.co"
170.10.164.108 - - [05/Dec/2025:22:47:50 +0000] "POST /wp-cron.php?doing_wp_cron=1764974870.8936889171600341796875 HTTP/1.1" 200 0 "-" "WordPress/6.9; https://cntxt.brainware.com.co"
170.10.164.108 - - [05/Dec/2025:22:48:25 +0000] "POST /wp-cron.php?doing_wp_cron=1764974905.2976279258728027343750 HTTP/1.1" 200 0 "-" "WordPress/6.9; https://cntxt.brainware.com.co"
66.249.70.71 - - [05/Dec/2025:22:43:11 +0000] "GET /products/7565480 HTTP/1.1" 404 7949 "-" "Mozilla/5.0 (Linux; Android 6.0.1; Nexus 5X Build/MMB29P) AppleWebKit/537.36 (KHTML, like Gecko) Chrome/141.0.7390.122 Mobile Safari/537.36 (compatible; Googlebot/2.1; +http://www.google.com/bot.html)"
66.249.70.70 - - [05/Dec/2025:22:43:13 +0000] "GET /products/29425124 HTTP/1.1" 404 7949 "-" "Mozilla/5.0 (Linux; Android 6.0.1; Nexus 5X Build/MMB29P) AppleWebKit/537.36 (KHTML, like Gecko) Chrome/141.0.7390.122 Mobile Safari/537.36 (compatible; Googlebot/2.1; +http://www.google.com/bot.html)"
66.249.77.136 - - [05/Dec/2025:22:43:35 +0000] "GET /products/6579979 HTTP/1.1" 404 7949 "-" "Mozilla/5.0 (Linux; Android 6.0.1; Nexus 5X Build/MMB29P) AppleWebKit/537.36 (KHTML, like Gecko) Chrome/141.0.7390.122 Mobile Safari/537.36 (compatible; Googlebot/2.1; +http://www.google.com/bot.html)"
66.249.70.71 - - [05/Dec/2025:22:44:51 +0000] "GET /products/7063368 HTTP/1.1" 404 7949 "-" "Mozilla/5.0 (Linux; Android 6.0.1; Nexus 5X Build/MMB29P) AppleWebKit/537.36 (KHTML, like Gecko) Chrome/141.0.7390.122 Mobile Safari/537.36 (compatible; Googlebot/2.1; +http://www.google.com/bot.html)"
66.249.70.70 - - [05/Dec/2025:22:45:47 +0000] "GET /products/23804780 HTTP/1.1" 404 7949 "-" "Mozilla/5.0 (Linux; Android 6.0.1; Nexus 5X Build/MMB29P) AppleWebKit/537.36 (KHTML, like Gecko) Chrome/141.0.7390.122 Mobile Safari/537.36 (compatible; Googlebot/2.1; +http://www.google.com/bot.html)"
66.249.70.70 - - [05/Dec/2025:22:45:48 +0000] "GET /products/4250913 HTTP/1.1" 404 7949 "-" "Mozilla/5.0 (Linux; Android 6.0.1; Nexus 5X Build/MMB29P) AppleWebKit/537.36 (KHTML, like Gecko) Chrome/141.0.7390.122 Mobile Safari/537.36 (compatible; Googlebot/2.1; +http://www.google.com/bot.html)"
66.249.70.70 - - [05/Dec/2025:22:45:49 +0000] "GET /products/8572102 HTTP/1.1" 404 7949 "-" "Mozilla/5.0 (Linux; Android 6.0.1; Nexus 5X Build/MMB29P) AppleWebKit/537.36 (KHTML, like Gecko) Chrome/141.0.7390.122 Mobile Safari/537.36 (compatible; Googlebot/2.1; +http://www.google.com/bot.html)"
66.249.70.70 - - [05/Dec/2025:22:45:51 +0000] "GET /products/31010824 HTTP/1.1" 404 7949 "-" "Mozilla/5.0 (Linux; Android 6.0.1; Nexus 5X Build/MMB29P) AppleWebKit/537.36 (KHTML, like Gecko) Chrome/141.0.7390.122 Mobile Safari/537.36 (compatible; Googlebot/2.1; +http://www.google.com/bot.html)"
170.10.164.108 - - [05/Dec/2025:22:46:29 +0000] "POST /wp-cron.php?doing_wp_cron=1764974789.0696249008178710937500 HTTP/1.1" 200 0 "-" "WordPress/6.9; https://cntxt.brainware.com.co"
66.249.70.71 - - [05/Dec/2025:22:46:28 +0000] "GET /products/4091902 HTTP/1.1" 404 7949 "-" "Mozilla/5.0 (Linux; Android 6.0.1; Nexus 5X Build/MMB29P) AppleWebKit/537.36 (KHTML, like Gecko) Chrome/141.0.7390.122 Mobile Safari/537.36 (compatible; Googlebot/2.1; +http://www.google.com/bot.html)"
170.10.164.108 - - [05/Dec/2025:22:46:56 +0000] "POST /wp-cron.php?doing_wp_cron=1764974816.2493278980255126953125 HTTP/1.1" 200 0 "-" "WordPress/6.9; https://cntxt.brainware.com.co"
66.249.70.64 - - [05/Dec/2025:22:47:22 +0000] "GET /products/1892013 HTTP/1.1" 404 7949 "-" "Mozilla/5.0 (Linux; Android 6.0.1; Nexus 5X Build/MMB29P) AppleWebKit/537.36 (KHTML, like Gecko) Chrome/141.0.7390.122 Mobile Safari/537.36 (compatible; Googlebot/2.1; +http://www.google.com/bot.html)"
66.249.70.70 - - [05/Dec/2025:22:47:49 +0000] "GET /products/4589957 HTTP/1.1" 404 7949 "-" "Mozilla/5.0 (Linux; Android 6.0.1; Nexus 5X Build/MMB29P) AppleWebKit/537.36 (KHTML, like Gecko) Chrome/141.0.7390.122 Mobile Safari/537.36 (compatible; Googlebot/2.1; +http://www.google.com/bot.html)"
74.7.227.169 - - [05/Dec/2025:22:47:51 +0000] "GET /wp-includes/class-wp-recovery-mode-link-service.php HTTP/2" 200 0 "-" "Mozilla/5.0 AppleWebKit/537.36 (KHTML, like Gecko; compatible; GPTBot/1.3; +https://openai.com/gptbot)"
74.7.227.169 - - [05/Dec/2025:22:48:46 +0000] "GET /wp-includes/class-phpmailer.php HTTP/2" 200 0 "-" "Mozilla/5.0 AppleWebKit/537.36 (KHTML, like Gecko; compatible; GPTBot/1.3; +https://openai.com/gptbot)"
170.10.164.108 - - [05/Dec/2025:22:49:21 +0000] "POST /wp-cron.php?doing_wp_cron=1764974961.2041749954223632812500 HTTP/1.1" 200 0 "-" "WordPress/6.9; https://cntxt.brainware.com.co"
74.7.227.169 - - [05/Dec/2025:22:49:35 +0000] "GET /wp-includes/class-wp-site.php HTTP/2" 200 0 "-" "Mozilla/5.0 AppleWebKit/537.36 (KHTML, like Gecko; compatible; GPTBot/1.3; +https://openai.com/gptbot)"
66.249.70.70 - - [05/Dec/2025:22:49:39 +0000] "GET /products/2605391 HTTP/1.1" 404 7949 "-" "Mozilla/5.0 (Linux; Android 6.0.1; Nexus 5X Build/MMB29P) AppleWebKit/537.36 (KHTML, like Gecko) Chrome/141.0.7390.122 Mobile Safari/537.36 (compatible; Googlebot/2.1; +http://www.google.com/bot.html)"
74.7.227.169 - - [05/Dec/2025:22:50:19 +0000] "GET /wp-includes/class-wp-http.php HTTP/2" 200 6 "-" "Mozilla/5.0 AppleWebKit/537.36 (KHTML, like Gecko; compatible; GPTBot/1.3; +https://openai.com/gptbot)"
66.249.70.70 - - [05/Dec/2025:22:50:34 +0000] "GET /products/3885157 HTTP/1.1" 404 7949 "-" "Mozilla/5.0 (Linux; Android 6.0.1; Nexus 5X Build/MMB29P) AppleWebKit/537.36 (KHTML, like Gecko) Chrome/141.0.7390.122 Mobile Safari/537.36 (compatible; Googlebot/2.1; +http://www.google.com/bot.html)"
74.7.227.169 - - [05/Dec/2025:22:50:59 +0000] "GET /wp-includes/class-wp-widget-factory.php HTTP/2" 200 0 "-" "Mozilla/5.0 AppleWebKit/537.36 (KHTML, like Gecko; compatible; GPTBot/1.3; +https://openai.com/gptbot)"
66.249.70.71 - - [05/Dec/2025:22:51:11 +0000] "GET /products/2177913 HTTP/1.1" 404 7949 "-" "Mozilla/5.0 (Linux; Android 6.0.1; Nexus 5X Build/MMB29P) AppleWebKit/537.36 (KHTML, like Gecko) Chrome/141.0.7390.122 Mobile Safari/537.36 (compatible; Googlebot/2.1; +http://www.google.com/bot.html)"
66.249.70.71 - - [05/Dec/2025:22:51:29 +0000] "GET /products/14323435 HTTP/1.1" 404 7949 "-" "Mozilla/5.0 (Linux; Android 6.0.1; Nexus 5X Build/MMB29P) AppleWebKit/537.36 (KHTML, like Gecko) Chrome/141.0.7390.122 Mobile Safari/537.36 (compatible; Googlebot/2.1; +http://www.google.com/bot.html)"
66.249.70.71 - - [05/Dec/2025:22:51:32 +0000] "GET /products/30754524 HTTP/1.1" 404 7949 "-" "Mozilla/5.0 (Linux; Android 6.0.1; Nexus 5X Build/MMB29P) AppleWebKit/537.36 (KHTML, like Gecko) Chrome/141.0.7390.122 Mobile Safari/537.36 (compatible; Googlebot/2.1; +http://www.google.com/bot.html)"
66.249.70.71 - - [05/Dec/2025:22:51:33 +0000] "GET /products/20908757 HTTP/1.1" 404 7949 "-" "Mozilla/5.0 (Linux; Android 6.0.1; Nexus 5X Build/MMB29P) AppleWebKit/537.36 (KHTML, like Gecko) Chrome/141.0.7390.122 Mobile Safari/537.36 (compatible; Googlebot/2.1; +http://www.google.com/bot.html)"
74.7.227.169 - - [05/Dec/2025:22:51:37 +0000] "GET /wp-includes/class-wp-block-template.php HTTP/2" 200 0 "-" "Mozilla/5.0 AppleWebKit/537.36 (KHTML, like Gecko; compatible; GPTBot/1.3; +https://openai.com/gptbot)"
74.7.227.169 - - [05/Dec/2025:22:52:12 +0000] "GET /wp-includes/class-wp-block-supports.php HTTP/2" 200 0 "-" "Mozilla/5.0 AppleWebKit/537.36 (KHTML, like Gecko; compatible; GPTBot/1.3; +https://openai.com/gptbot)"
74.7.227.169 - - [05/Dec/2025:22:52:41 +0000] "GET /wp-includes/class-wp-post-type.php HTTP/2" 200 0 "-" "Mozilla/5.0 AppleWebKit/537.36 (KHTML, like Gecko; compatible; GPTBot/1.3; +https://openai.com/gptbot)"
74.7.227.169 - - [05/Dec/2025:22:53:08 +0000] "GET /wp-includes/class-wp-ajax-response.php HTTP/2" 200 0 "-" "Mozilla/5.0 AppleWebKit/537.36 (KHTML, like Gecko; compatible; GPTBot/1.3; +https://openai.com/gptbot)"
74.7.227.169 - - [05/Dec/2025:22:53:31 +0000] "GET /wp-includes/class-wp-http-response.php HTTP/2" 200 0 "-" "Mozilla/5.0 AppleWebKit/537.36 (KHTML, like Gecko; compatible; GPTBot/1.3; +https://openai.com/gptbot)"
170.10.164.108 - - [05/Dec/2025:22:53:53 +0000] "POST /wp-cron.php?doing_wp_cron=1764975232.9993510246276855468750 HTTP/1.1" 200 0 "-" "WordPress/6.9; https://cntxt.brainware.com.co"
74.7.227.169 - - [05/Dec/2025:22:53:54 +0000] "GET /wp-includes/class-wp-xmlrpc-server.php HTTP/2" 500 0 "-" "Mozilla/5.0 AppleWebKit/537.36 (KHTML, like Gecko; compatible; GPTBot/1.3; +https://openai.com/gptbot)"
170.10.164.108 - - [05/Dec/2025:22:49:02 +0000] "POST /wp-cron.php?doing_wp_cron=1764974942.2629630565643310546875 HTTP/1.1" 200 0 "-" "WordPress/6.9; https://cntxt.brainware.com.co"
66.249.70.70 - - [05/Dec/2025:22:49:20 +0000] "GET /products/3340268 HTTP/1.1" 404 7949 "-" "Mozilla/5.0 (Linux; Android 6.0.1; Nexus 5X Build/MMB29P) AppleWebKit/537.36 (KHTML, like Gecko) Chrome/141.0.7390.122 Mobile Safari/537.36 (compatible; Googlebot/2.1; +http://www.google.com/bot.html)"
170.10.164.108 - - [05/Dec/2025:22:50:16 +0000] "POST /wp-cron.php?doing_wp_cron=1764975016.6187050342559814453125 HTTP/1.1" 200 0 "-" "WordPress/6.9; https://cntxt.brainware.com.co"
66.249.70.70 - - [05/Dec/2025:22:50:15 +0000] "GET /products/1674657 HTTP/1.1" 404 7949 "-" "Mozilla/5.0 (Linux; Android 6.0.1; Nexus 5X Build/MMB29P) AppleWebKit/537.36 (KHTML, like Gecko) Chrome/141.0.7390.122 Mobile Safari/537.36 (compatible; Googlebot/2.1; +http://www.google.com/bot.html)"
170.10.164.108 - - [05/Dec/2025:22:51:12 +0000] "POST /wp-cron.php?doing_wp_cron=1764975072.0942850112915039062500 HTTP/1.1" 200 0 "-" "WordPress/6.9; https://cntxt.brainware.com.co"
66.249.70.70 - - [05/Dec/2025:22:51:31 +0000] "GET /products/13035568 HTTP/1.1" 404 7949 "-" "Mozilla/5.0 (Linux; Android 6.0.1; Nexus 5X Build/MMB29P) AppleWebKit/537.36 (KHTML, like Gecko) Chrome/141.0.7390.122 Mobile Safari/537.36 (compatible; Googlebot/2.1; +http://www.google.com/bot.html)"
66.249.70.70 - - [05/Dec/2025:22:51:34 +0000] "GET /products/4062146 HTTP/1.1" 404 7949 "-" "Mozilla/5.0 (Linux; Android 6.0.1; Nexus 5X Build/MMB29P) AppleWebKit/537.36 (KHTML, like Gecko) Chrome/141.0.7390.122 Mobile Safari/537.36 (compatible; Googlebot/2.1; +http://www.google.com/bot.html)"
170.10.164.108 - - [05/Dec/2025:22:52:12 +0000] "POST /wp-cron.php?doing_wp_cron=1764975132.5178940296173095703125 HTTP/1.1" 200 0 "-" "WordPress/6.9; https://cntxt.brainware.com.co"
66.249.70.70 - - [05/Dec/2025:22:52:37 +0000] "GET /products/4008279 HTTP/1.1" 404 7949 "-" "Mozilla/5.0 (Linux; Android 6.0.1; Nexus 5X Build/MMB29P) AppleWebKit/537.36 (KHTML, like Gecko) Chrome/141.0.7390.122 Mobile Safari/537.36 (compatible; Googlebot/2.1; +http://www.google.com/bot.html)"
170.10.164.108 - - [05/Dec/2025:22:52:57 +0000] "POST /wp-cron.php?doing_wp_cron=1764975177.3550570011138916015625 HTTP/1.1" 200 0 "-" "WordPress/6.9; https://cntxt.brainware.com.co"
66.249.70.70 - - [05/Dec/2025:22:52:56 +0000] "GET /products/3068935 HTTP/1.1" 404 7948 "-" "Mozilla/5.0 (Linux; Android 6.0.1; Nexus 5X Build/MMB29P) AppleWebKit/537.36 (KHTML, like Gecko) Chrome/141.0.7390.122 Mobile Safari/537.36 (compatible; Googlebot/2.1; +http://www.google.com/bot.html)"
66.249.70.70 - - [05/Dec/2025:22:53:33 +0000] "GET /products/30763613 HTTP/1.1" 404 7949 "-" "Mozilla/5.0 (Linux; Android 6.0.1; Nexus 5X Build/MMB29P) AppleWebKit/537.36 (KHTML, like Gecko) Chrome/141.0.7390.122 Mobile Safari/537.36 (compatible; Googlebot/2.1; +http://www.google.com/bot.html)"
66.249.70.70 - - [05/Dec/2025:22:54:31 +0000] "GET /products/10018279 HTTP/1.1" 404 7949 "-" "Mozilla/5.0 (Linux; Android 6.0.1; Nexus 5X Build/MMB29P) AppleWebKit/537.36 (KHTML, like Gecko) Chrome/141.0.7390.122 Mobile Safari/537.36 (compatible; Googlebot/2.1; +http://www.google.com/bot.html)"
170.10.164.108 - - [05/Dec/2025:22:54:51 +0000] "POST /wp-cron.php?doing_wp_cron=1764975291.3372890949249267578125 HTTP/1.1" 200 0 "-" "WordPress/6.9; https://cntxt.brainware.com.co"
66.249.70.70 - - [05/Dec/2025:22:54:50 +0000] "GET /products/3948846 HTTP/1.1" 404 7949 "-" "Mozilla/5.0 (Linux; Android 6.0.1; Nexus 5X Build/MMB29P) AppleWebKit/537.36 (KHTML, like Gecko) Chrome/141.0.7390.122 Mobile Safari/537.36 (compatible; Googlebot/2.1; +http://www.google.com/bot.html)"
66.249.70.70 - - [05/Dec/2025:22:54:51 +0000] "GET /products/30969968 HTTP/1.1" 404 7949 "-" "Mozilla/5.0 (Linux; Android 6.0.1; Nexus 5X Build/MMB29P) AppleWebKit/537.36 (KHTML, like Gecko) Chrome/141.0.7390.122 Mobile Safari/537.36 (compatible; Googlebot/2.1; +http://www.google.com/bot.html)"
66.249.70.64 - - [05/Dec/2025:22:49:00 +0000] "GET /products/4767968 HTTP/1.1" 404 7949 "-" "Mozilla/5.0 (Linux; Android 6.0.1; Nexus 5X Build/MMB29P) AppleWebKit/537.36 (KHTML, like Gecko) Chrome/141.0.7390.122 Mobile Safari/537.36 (compatible; Googlebot/2.1; +http://www.google.com/bot.html)"
66.249.70.70 - - [05/Dec/2025:22:52:11 +0000] "GET /products/1933302 HTTP/1.1" 404 7949 "-" "Mozilla/5.0 (Linux; Android 6.0.1; Nexus 5X Build/MMB29P) AppleWebKit/537.36 (KHTML, like Gecko) Chrome/141.0.7390.122 Mobile Safari/537.36 (compatible; Googlebot/2.1; +http://www.google.com/bot.html)"
66.249.70.71 - - [05/Dec/2025:22:52:12 +0000] "GET /products/4346246 HTTP/1.1" 404 7949 "-" "Mozilla/5.0 (Linux; Android 6.0.1; Nexus 5X Build/MMB29P) AppleWebKit/537.36 (KHTML, like Gecko) Chrome/141.0.7390.122 Mobile Safari/537.36 (compatible; Googlebot/2.1; +http://www.google.com/bot.html)"
66.249.70.70 - - [05/Dec/2025:22:52:14 +0000] "GET /products/3623213 HTTP/1.1" 404 7949 "-" "Mozilla/5.0 (Linux; Android 6.0.1; Nexus 5X Build/MMB29P) AppleWebKit/537.36 (KHTML, like Gecko) Chrome/141.0.7390.122 Mobile Safari/537.36 (compatible; Googlebot/2.1; +http://www.google.com/bot.html)"
66.249.70.71 - - [05/Dec/2025:22:52:15 +0000] "GET /products/11498235 HTTP/1.1" 404 7949 "-" "Mozilla/5.0 (Linux; Android 6.0.1; Nexus 5X Build/MMB29P) AppleWebKit/537.36 (KHTML, like Gecko) Chrome/141.0.7390.122 Mobile Safari/537.36 (compatible; Googlebot/2.1; +http://www.google.com/bot.html)"
66.249.70.71 - - [05/Dec/2025:22:52:16 +0000] "GET /products/2580546 HTTP/1.1" 404 7949 "-" "Mozilla/5.0 (Linux; Android 6.0.1; Nexus 5X Build/MMB29P) AppleWebKit/537.36 (KHTML, like Gecko) Chrome/141.0.7390.122 Mobile Safari/537.36 (compatible; Googlebot/2.1; +http://www.google.com/bot.html)"
66.249.70.71 - - [05/Dec/2025:22:52:17 +0000] "GET /products/16954879 HTTP/1.1" 404 7947 "-" "Mozilla/5.0 (Linux; Android 6.0.1; Nexus 5X Build/MMB29P) AppleWebKit/537.36 (KHTML, like Gecko) Chrome/141.0.7390.122 Mobile Safari/537.36 (compatible; Googlebot/2.1; +http://www.google.com/bot.html)"
66.249.70.70 - - [05/Dec/2025:22:52:18 +0000] "GET /products/28693357 HTTP/1.1" 404 7949 "-" "Mozilla/5.0 (Linux; Android 6.0.1; Nexus 5X Build/MMB29P) AppleWebKit/537.36 (KHTML, like Gecko) Chrome/141.0.7390.122 Mobile Safari/537.36 (compatible; Googlebot/2.1; +http://www.google.com/bot.html)"
170.10.164.108 - - [05/Dec/2025:22:52:38 +0000] "POST /wp-cron.php?doing_wp_cron=1764975158.4411590099334716796875 HTTP/1.1" 200 0 "-" "WordPress/6.9; https://cntxt.brainware.com.co"
170.10.164.108 - - [05/Dec/2025:22:53:34 +0000] "POST /wp-cron.php?doing_wp_cron=1764975214.0491950511932373046875 HTTP/1.1" 200 0 "-" "WordPress/6.9; https://cntxt.brainware.com.co"
66.249.70.70 - - [05/Dec/2025:22:53:51 +0000] "GET /products/30771379 HTTP/1.1" 404 7949 "-" "Mozilla/5.0 (Linux; Android 6.0.1; Nexus 5X Build/MMB29P) AppleWebKit/537.36 (KHTML, like Gecko) Chrome/141.0.7390.122 Mobile Safari/537.36 (compatible; Googlebot/2.1; +http://www.google.com/bot.html)"
66.249.70.70 - - [05/Dec/2025:22:53:53 +0000] "GET /products/1607068 HTTP/1.1" 404 7949 "-" "Mozilla/5.0 (Linux; Android 6.0.1; Nexus 5X Build/MMB29P) AppleWebKit/537.36 (KHTML, like Gecko) Chrome/141.0.7390.122 Mobile Safari/537.36 (compatible; Googlebot/2.1; +http://www.google.com/bot.html)"
66.249.70.70 - - [05/Dec/2025:22:54:12 +0000] "GET /products/30752313 HTTP/1.1" 404 7949 "-" "Mozilla/5.0 (Linux; Android 6.0.1; Nexus 5X Build/MMB29P) AppleWebKit/537.36 (KHTML, like Gecko) Chrome/141.0.7390.122 Mobile Safari/537.36 (compatible; Googlebot/2.1; +http://www.google.com/bot.html)"
66.249.70.70 - - [05/Dec/2025:22:55:31 +0000] "GET /products/30528824 HTTP/1.1" 404 7949 "-" "Mozilla/5.0 (Linux; Android 6.0.1; Nexus 5X Build/MMB29P) AppleWebKit/537.36 (KHTML, like Gecko) Chrome/141.0.7390.122 Mobile Safari/537.36 (compatible; Googlebot/2.1; +http://www.google.com/bot.html)"
170.10.164.108 - - [05/Dec/2025:22:54:13 +0000] "POST /wp-cron.php?doing_wp_cron=1764975253.5380580425262451171875 HTTP/1.1" 200 0 "-" "WordPress/6.9; https://cntxt.brainware.com.co"
74.7.227.169 - - [05/Dec/2025:22:54:14 +0000] "GET /wp-includes/class-wp-http-requests-hooks.php HTTP/2" 500 0 "-" "Mozilla/5.0 AppleWebKit/537.36 (KHTML, like Gecko; compatible; GPTBot/1.3; +https://openai.com/gptbot)"
74.7.227.169 - - [05/Dec/2025:22:55:16 +0000] "GET /wp-includes/class-wp-customize-nav-menus.php HTTP/2" 200 0 "-" "Mozilla/5.0 AppleWebKit/537.36 (KHTML, like Gecko; compatible; GPTBot/1.3; +https://openai.com/gptbot)"
74.7.227.169 - - [05/Dec/2025:22:56:20 +0000] "GET /wp-includes/class-walker-nav-menu.php HTTP/2" 500 0 "-" "Mozilla/5.0 AppleWebKit/537.36 (KHTML, like Gecko; compatible; GPTBot/1.3; +https://openai.com/gptbot)"
66.249.70.71 - - [05/Dec/2025:22:56:30 +0000] "GET /products/12458646 HTTP/1.1" 404 7949 "-" "Mozilla/5.0 (Linux; Android 6.0.1; Nexus 5X Build/MMB29P) AppleWebKit/537.36 (KHTML, like Gecko) Chrome/141.0.7390.122 Mobile Safari/537.36 (compatible; Googlebot/2.1; +http://www.google.com/bot.html)"
66.249.70.71 - - [05/Dec/2025:22:57:07 +0000] "GET /products/13391035 HTTP/1.1" 404 7949 "-" "Mozilla/5.0 (Linux; Android 6.0.1; Nexus 5X Build/MMB29P) AppleWebKit/537.36 (KHTML, like Gecko) Chrome/141.0.7390.122 Mobile Safari/537.36 (compatible; Googlebot/2.1; +http://www.google.com/bot.html)"
74.7.227.169 - - [05/Dec/2025:22:57:17 +0000] "GET /wp-includes/spl-autoload-compat.php HTTP/2" 500 0 "-" "Mozilla/5.0 AppleWebKit/537.36 (KHTML, like Gecko; compatible; GPTBot/1.3; +https://openai.com/gptbot)"
66.249.70.64 - - [05/Dec/2025:22:58:03 +0000] "GET /products/2254791 HTTP/1.1" 404 7949 "-" "Mozilla/5.0 (Linux; Android 6.0.1; Nexus 5X Build/MMB29P) AppleWebKit/537.36 (KHTML, like Gecko) Chrome/141.0.7390.122 Mobile Safari/537.36 (compatible; Googlebot/2.1; +http://www.google.com/bot.html)"
74.7.227.169 - - [05/Dec/2025:22:58:20 +0000] "GET /wp-includes/class-wp-embed.php HTTP/2" 200 0 "-" "Mozilla/5.0 AppleWebKit/537.36 (KHTML, like Gecko; compatible; GPTBot/1.3; +https://openai.com/gptbot)"
170.10.164.108 - - [05/Dec/2025:22:58:23 +0000] "POST /wp-cron.php?doing_wp_cron=1764975503.6706190109252929687500 HTTP/1.1" 200 0 "-" "WordPress/6.9; https://cntxt.brainware.com.co"
170.10.164.108 - - [05/Dec/2025:22:59:19 +0000] "POST /wp-cron.php?doing_wp_cron=1764975559.1552429199218750000000 HTTP/1.1" 200 0 "-" "WordPress/6.9; https://cntxt.brainware.com.co"
74.7.227.169 - - [05/Dec/2025:22:59:25 +0000] "GET /wp-includes/class-wp-block-parser-frame.php HTTP/2" 200 0 "-" "Mozilla/5.0 AppleWebKit/537.36 (KHTML, like Gecko; compatible; GPTBot/1.3; +https://openai.com/gptbot)"
74.7.227.169 - - [05/Dec/2025:23:00:21 +0000] "GET /wp-includes/block-template-utils.php HTTP/2" 200 0 "-" "Mozilla/5.0 AppleWebKit/537.36 (KHTML, like Gecko; compatible; GPTBot/1.3; +https://openai.com/gptbot)"
66.249.70.71 - - [05/Dec/2025:23:00:50 +0000] "GET /products/1784046 HTTP/1.1" 404 7949 "-" "Mozilla/5.0 (Linux; Android 6.0.1; Nexus 5X Build/MMB29P) AppleWebKit/537.36 (KHTML, like Gecko) Chrome/141.0.7390.122 Mobile Safari/537.36 (compatible; Googlebot/2.1; +http://www.google.com/bot.html)"
170.10.164.108 - - [05/Dec/2025:23:01:10 +0000] "POST /wp-cron.php?doing_wp_cron=1764975670.4006810188293457031250 HTTP/1.1" 200 0 "-" "WordPress/6.9; https://cntxt.brainware.com.co"
74.7.227.169 - - [05/Dec/2025:23:01:12 +0000] "GET /wp-includes/class-wp-matchesmapregex.php HTTP/2" 200 0 "-" "Mozilla/5.0 AppleWebKit/537.36 (KHTML, like Gecko; compatible; GPTBot/1.3; +https://openai.com/gptbot)"
74.7.227.169 - - [05/Dec/2025:23:01:59 +0000] "GET /wp-includes/class-wp-metadata-lazyloader.php HTTP/2" 200 0 "-" "Mozilla/5.0 AppleWebKit/537.36 (KHTML, like Gecko; compatible; GPTBot/1.3; +https://openai.com/gptbot)"
170.10.164.108 - - [05/Dec/2025:23:02:27 +0000] "POST /wp-cron.php?doing_wp_cron=1764975747.4296660423278808593750 HTTP/1.1" 200 0 "-" "WordPress/6.9; https://cntxt.brainware.com.co"
66.249.70.70 - - [05/Dec/2025:22:55:50 +0000] "GET /products/5728646 HTTP/1.1" 404 7948 "-" "Mozilla/5.0 (Linux; Android 6.0.1; Nexus 5X Build/MMB29P) AppleWebKit/537.36 (KHTML, like Gecko) Chrome/141.0.7390.122 Mobile Safari/537.36 (compatible; Googlebot/2.1; +http://www.google.com/bot.html)"
66.249.70.70 - - [05/Dec/2025:22:55:51 +0000] "GET /products/13495335 HTTP/1.1" 404 7948 "-" "Mozilla/5.0 (Linux; Android 6.0.1; Nexus 5X Build/MMB29P) AppleWebKit/537.36 (KHTML, like Gecko) Chrome/141.0.7390.122 Mobile Safari/537.36 (compatible; Googlebot/2.1; +http://www.google.com/bot.html)"
66.249.70.70 - - [05/Dec/2025:22:55:52 +0000] "GET /products/5419102 HTTP/1.1" 404 7948 "-" "Mozilla/5.0 (Linux; Android 6.0.1; Nexus 5X Build/MMB29P) AppleWebKit/537.36 (KHTML, like Gecko) Chrome/141.0.7390.122 Mobile Safari/537.36 (compatible; Googlebot/2.1; +http://www.google.com/bot.html)"
66.249.70.71 - - [05/Dec/2025:22:56:11 +0000] "GET /products/13040191 HTTP/1.1" 404 7949 "-" "Mozilla/5.0 (Linux; Android 6.0.1; Nexus 5X Build/MMB29P) AppleWebKit/537.36 (KHTML, like Gecko) Chrome/141.0.7390.122 Mobile Safari/537.36 (compatible; Googlebot/2.1; +http://www.google.com/bot.html)"
66.249.70.71 - - [05/Dec/2025:22:57:26 +0000] "GET /products/5425402 HTTP/1.1" 404 7948 "-" "Mozilla/5.0 (Linux; Android 6.0.1; Nexus 5X Build/MMB29P) AppleWebKit/537.36 (KHTML, like Gecko) Chrome/141.0.7390.122 Mobile Safari/537.36 (compatible; Googlebot/2.1; +http://www.google.com/bot.html)"
66.249.70.71 - - [05/Dec/2025:22:58:22 +0000] "GET /products/1983068 HTTP/1.1" 404 7949 "-" "Mozilla/5.0 (Linux; Android 6.0.1; Nexus 5X Build/MMB29P) AppleWebKit/537.36 (KHTML, like Gecko) Chrome/141.0.7390.122 Mobile Safari/537.36 (compatible; Googlebot/2.1; +http://www.google.com/bot.html)"
170.10.164.108 - - [05/Dec/2025:22:59:00 +0000] "POST /wp-cron.php?doing_wp_cron=1764975540.3012208938598632812500 HTTP/1.1" 200 0 "-" "WordPress/6.9; https://cntxt.brainware.com.co"
66.249.70.70 - - [05/Dec/2025:22:58:59 +0000] "GET /products/1728079 HTTP/1.1" 404 7949 "-" "Mozilla/5.0 (Linux; Android 6.0.1; Nexus 5X Build/MMB29P) AppleWebKit/537.36 (KHTML, like Gecko) Chrome/141.0.7390.122 Mobile Safari/537.36 (compatible; Googlebot/2.1; +http://www.google.com/bot.html)"
170.10.164.108 - - [05/Dec/2025:23:00:07 +0000] "POST /wp-cron.php?doing_wp_cron=1764975607.2715580463409423828125 HTTP/1.1" 200 0 "-" "WordPress/6.9; https://cntxt.brainware.com.co"
170.10.164.108 - - [05/Dec/2025:23:00:51 +0000] "POST /wp-cron.php?doing_wp_cron=1764975651.4833049774169921875000 HTTP/1.1" 200 0 "-" "WordPress/6.9; https://cntxt.brainware.com.co"
66.249.70.70 - - [05/Dec/2025:23:01:09 +0000] "GET /products/30756846 HTTP/1.1" 404 7949 "-" "Mozilla/5.0 (Linux; Android 6.0.1; Nexus 5X Build/MMB29P) AppleWebKit/537.36 (KHTML, like Gecko) Chrome/141.0.7390.122 Mobile Safari/537.36 (compatible; Googlebot/2.1; +http://www.google.com/bot.html)"
66.249.70.71 - - [05/Dec/2025:23:01:28 +0000] "GET /products/13269691 HTTP/1.1" 404 7949 "-" "Mozilla/5.0 (Linux; Android 6.0.1; Nexus 5X Build/MMB29P) AppleWebKit/537.36 (KHTML, like Gecko) Chrome/141.0.7390.122 Mobile Safari/537.36 (compatible; Googlebot/2.1; +http://www.google.com/bot.html)"
66.249.70.71 - - [05/Dec/2025:23:01:29 +0000] "GET /products/13441024 HTTP/1.1" 404 7949 "-" "Mozilla/5.0 (Linux; Android 6.0.1; Nexus 5X Build/MMB29P) AppleWebKit/537.36 (KHTML, like Gecko) Chrome/141.0.7390.122 Mobile Safari/537.36 (compatible; Googlebot/2.1; +http://www.google.com/bot.html)"
170.10.164.108 - - [05/Dec/2025:23:01:56 +0000] "POST /wp-cron.php?doing_wp_cron=1764975716.3467700481414794921875 HTTP/1.1" 200 0 "-" "WordPress/6.9; https://cntxt.brainware.com.co"
66.249.70.70 - - [05/Dec/2025:23:02:26 +0000] "GET /products/13855380 HTTP/1.1" 404 7949 "-" "Mozilla/5.0 (Linux; Android 6.0.1; Nexus 5X Build/MMB29P) AppleWebKit/537.36 (KHTML, like Gecko) Chrome/141.0.7390.122 Mobile Safari/537.36 (compatible; Googlebot/2.1; +http://www.google.com/bot.html)"
170.10.164.108 - - [05/Dec/2025:22:55:13 +0000] "POST /wp-cron.php?doing_wp_cron=1764975313.2001359462738037109375 HTTP/1.1" 200 0 "-" "WordPress/6.9; https://cntxt.brainware.com.co"
66.249.70.64 - - [05/Dec/2025:22:55:12 +0000] "GET /products/2128179 HTTP/1.1" 404 7949 "-" "Mozilla/5.0 (Linux; Android 6.0.1; Nexus 5X Build/MMB29P) AppleWebKit/537.36 (KHTML, like Gecko) Chrome/141.0.7390.122 Mobile Safari/537.36 (compatible; Googlebot/2.1; +http://www.google.com/bot.html)"
170.10.164.108 - - [05/Dec/2025:22:55:51 +0000] "POST /wp-cron.php?doing_wp_cron=1764975351.0280361175537109375000 HTTP/1.1" 200 0 "-" "WordPress/6.9; https://cntxt.brainware.com.co"
170.10.164.108 - - [05/Dec/2025:22:56:12 +0000] "POST /wp-cron.php?doing_wp_cron=1764975372.7855670452117919921875 HTTP/1.1" 200 0 "-" "WordPress/6.9; https://cntxt.brainware.com.co"
170.10.164.108 - - [05/Dec/2025:22:57:08 +0000] "POST /wp-cron.php?doing_wp_cron=1764975428.6997261047363281250000 HTTP/1.1" 200 0 "-" "WordPress/6.9; https://cntxt.brainware.com.co"
170.10.164.108 - - [05/Dec/2025:22:58:04 +0000] "POST /wp-cron.php?doing_wp_cron=1764975484.7206199169158935546875 HTTP/1.1" 200 0 "-" "WordPress/6.9; https://cntxt.brainware.com.co"
66.249.70.70 - - [05/Dec/2025:22:59:18 +0000] "GET /products/30309380 HTTP/1.1" 404 7948 "-" "Mozilla/5.0 (Linux; Android 6.0.1; Nexus 5X Build/MMB29P) AppleWebKit/537.36 (KHTML, like Gecko) Chrome/141.0.7390.122 Mobile Safari/537.36 (compatible; Googlebot/2.1; +http://www.google.com/bot.html)"
66.249.70.70 - - [05/Dec/2025:22:59:19 +0000] "GET /products/3726124 HTTP/1.1" 404 7949 "-" "Mozilla/5.0 (Linux; Android 6.0.1; Nexus 5X Build/MMB29P) AppleWebKit/537.36 (KHTML, like Gecko) Chrome/141.0.7390.122 Mobile Safari/537.36 (compatible; Googlebot/2.1; +http://www.google.com/bot.html)"
66.249.70.70 - - [05/Dec/2025:22:59:38 +0000] "GET /products/4455279 HTTP/1.1" 404 7948 "-" "Mozilla/5.0 (Linux; Android 6.0.1; Nexus 5X Build/MMB29P) AppleWebKit/537.36 (KHTML, like Gecko) Chrome/141.0.7390.122 Mobile Safari/537.36 (compatible; Googlebot/2.1; +http://www.google.com/bot.html)"
66.249.70.70 - - [05/Dec/2025:23:00:06 +0000] "GET /products/2109668 HTTP/1.1" 404 7949 "-" "Mozilla/5.0 (Linux; Android 6.0.1; Nexus 5X Build/MMB29P) AppleWebKit/537.36 (KHTML, like Gecko) Chrome/141.0.7390.122 Mobile Safari/537.36 (compatible; Googlebot/2.1; +http://www.google.com/bot.html)"
66.249.70.70 - - [05/Dec/2025:23:01:55 +0000] "GET /products/5429224 HTTP/1.1" 404 7949 "-" "Mozilla/5.0 (Linux; Android 6.0.1; Nexus 5X Build/MMB29P) AppleWebKit/537.36 (KHTML, like Gecko) Chrome/141.0.7390.122 Mobile Safari/537.36 (compatible; Googlebot/2.1; +http://www.google.com/bot.html)"
66.249.70.64 - - [05/Dec/2025:23:02:27 +0000] "GET /products/4682679 HTTP/1.1" 404 7949 "-" "Mozilla/5.0 (Linux; Android 6.0.1; Nexus 5X Build/MMB29P) AppleWebKit/537.36 (KHTML, like Gecko) Chrome/141.0.7390.122 Mobile Safari/537.36 (compatible; Googlebot/2.1; +http://www.google.com/bot.html)"
66.249.70.71 - - [05/Dec/2025:23:02:49 +0000] "GET /products/5437780 HTTP/1.1" 404 7949 "-" "Mozilla/5.0 (Linux; Android 6.0.1; Nexus 5X Build/MMB29P) AppleWebKit/537.36 (KHTML, like Gecko) Chrome/141.0.7390.122 Mobile Safari/537.36 (compatible; Googlebot/2.1; +http://www.google.com/bot.html)"
66.249.70.70 - - [05/Dec/2025:23:03:17 +0000] "GET /products/5431913 HTTP/1.1" 404 7949 "-" "Mozilla/5.0 (Linux; Android 6.0.1; Nexus 5X Build/MMB29P) AppleWebKit/537.36 (KHTML, like Gecko) Chrome/141.0.7390.122 Mobile Safari/537.36 (compatible; Googlebot/2.1; +http://www.google.com/bot.html)"
170.10.164.108 - - [05/Dec/2025:23:03:58 +0000] "POST /wp-cron.php?doing_wp_cron=1764975838.8662440776824951171875 HTTP/1.1" 200 0 "-" "WordPress/6.9; https://cntxt.brainware.com.co"
170.10.164.108 - - [05/Dec/2025:23:04:12 +0000] "POST /wp-cron.php?doing_wp_cron=1764975852.6914730072021484375000 HTTP/1.1" 200 0 "-" "WordPress/6.9; https://cntxt.brainware.com.co"
66.249.70.71 - - [05/Dec/2025:23:02:29 +0000] "GET /products/18407057 HTTP/1.1" 404 7949 "-" "Mozilla/5.0 (Linux; Android 6.0.1; Nexus 5X Build/MMB29P) AppleWebKit/537.36 (KHTML, like Gecko) Chrome/141.0.7390.122 Mobile Safari/537.36 (compatible; Googlebot/2.1; +http://www.google.com/bot.html)"
74.7.227.169 - - [05/Dec/2025:23:02:39 +0000] "GET /wp-includes/class-wp-navigation-fallback.php HTTP/2" 200 0 "-" "Mozilla/5.0 AppleWebKit/537.36 (KHTML, like Gecko; compatible; GPTBot/1.3; +https://openai.com/gptbot)"
74.7.227.169 - - [05/Dec/2025:23:03:14 +0000] "GET /wp-includes/pluggable-deprecated.php HTTP/2" 200 0 "-" "Mozilla/5.0 AppleWebKit/537.36 (KHTML, like Gecko; compatible; GPTBot/1.3; +https://openai.com/gptbot)"
170.10.164.108 - - [05/Dec/2025:23:03:18 +0000] "POST /wp-cron.php?doing_wp_cron=1764975798.1104779243469238281250 HTTP/1.1" 200 0 "-" "WordPress/6.9; https://cntxt.brainware.com.co"
74.7.227.169 - - [05/Dec/2025:23:03:48 +0000] "GET /wp-includes/html-api/ HTTP/2" 200 1489 "-" "Mozilla/5.0 AppleWebKit/537.36 (KHTML, like Gecko; compatible; GPTBot/1.3; +https://openai.com/gptbot)"
66.249.70.71 - - [05/Dec/2025:23:03:59 +0000] "GET /products/13144902 HTTP/1.1" 404 7948 "-" "Mozilla/5.0 (Linux; Android 6.0.1; Nexus 5X Build/MMB29P) AppleWebKit/537.36 (KHTML, like Gecko) Chrome/141.0.7390.122 Mobile Safari/537.36 (compatible; Googlebot/2.1; +http://www.google.com/bot.html)"
66.249.70.70 - - [05/Dec/2025:23:04:11 +0000] "GET /products/12753424 HTTP/1.1" 404 7949 "-" "Mozilla/5.0 (Linux; Android 6.0.1; Nexus 5X Build/MMB29P) AppleWebKit/537.36 (KHTML, like Gecko) Chrome/141.0.7390.122 Mobile Safari/537.36 (compatible; Googlebot/2.1; +http://www.google.com/bot.html)"
74.7.227.169 - - [05/Dec/2025:23:04:16 +0000] "GET /wp-includes/class-wp-customize-section.php HTTP/2" 500 0 "-" "Mozilla/5.0 AppleWebKit/537.36 (KHTML, like Gecko; compatible; GPTBot/1.3; +https://openai.com/gptbot)"
74.7.227.169 - - [05/Dec/2025:23:04:45 +0000] "GET /wp-includes/class-wp-customize-control.php HTTP/2" 200 6 "-" "Mozilla/5.0 AppleWebKit/537.36 (KHTML, like Gecko; compatible; GPTBot/1.3; +https://openai.com/gptbot)"
66.249.70.70 - - [05/Dec/2025:23:05:07 +0000] "GET /products/11683446 HTTP/1.1" 404 7949 "-" "Mozilla/5.0 (Linux; Android 6.0.1; Nexus 5X Build/MMB29P) AppleWebKit/537.36 (KHTML, like Gecko) Chrome/141.0.7390.122 Mobile Safari/537.36 (compatible; Googlebot/2.1; +http://www.google.com/bot.html)"
66.249.70.70 - - [05/Dec/2025:23:06:39 +0000] "GET /products/19942157 HTTP/1.1" 404 7949 "-" "Mozilla/5.0 (Linux; Android 6.0.1; Nexus 5X Build/MMB29P) AppleWebKit/537.36 (KHTML, like Gecko) Chrome/141.0.7390.122 Mobile Safari/537.36 (compatible; Googlebot/2.1; +http://www.google.com/bot.html)"
66.249.70.70 - - [05/Dec/2025:23:06:58 +0000] "GET /products/19952280 HTTP/1.1" 404 7949 "-" "Mozilla/5.0 (Linux; Android 6.0.1; Nexus 5X Build/MMB29P) AppleWebKit/537.36 (KHTML, like Gecko) Chrome/141.0.7390.122 Mobile Safari/537.36 (compatible; Googlebot/2.1; +http://www.google.com/bot.html)"
170.10.164.108 - - [05/Dec/2025:23:07:36 +0000] "POST /wp-cron.php?doing_wp_cron=1764976056.1579699516296386718750 HTTP/1.1" 200 0 "-" "WordPress/6.9; https://cntxt.brainware.com.co"
66.249.70.64 - - [05/Dec/2025:23:07:34 +0000] "GET /products/11455979 HTTP/1.1" 404 7949 "-" "Mozilla/5.0 (Linux; Android 6.0.1; Nexus 5X Build/MMB29P) AppleWebKit/537.36 (KHTML, like Gecko) Chrome/141.0.7390.122 Mobile Safari/537.36 (compatible; Googlebot/2.1; +http://www.google.com/bot.html)"
170.10.164.108 - - [05/Dec/2025:23:08:33 +0000] "POST /wp-cron.php?doing_wp_cron=1764976113.8261830806732177734375 HTTP/1.1" 200 0 "-" "WordPress/6.9; https://cntxt.brainware.com.co"
66.249.70.64 - - [05/Dec/2025:23:08:34 +0000] "GET /products/11487602 HTTP/1.1" 404 7947 "-" "Mozilla/5.0 (Linux; Android 6.0.1; Nexus 5X Build/MMB29P) AppleWebKit/537.36 (KHTML, like Gecko) Chrome/141.0.7390.122 Mobile Safari/537.36 (compatible; Googlebot/2.1; +http://www.google.com/bot.html)"
