170.10.164.108 - - [05/Dec/2025:23:02:50 +0000] "POST /wp-cron.php?doing_wp_cron=1764975770.8135929107666015625000 HTTP/1.1" 200 0 "-" "WordPress/6.9; https://cntxt.brainware.com.co"
66.249.70.70 - - [05/Dec/2025:23:03:57 +0000] "GET /products/1683380 HTTP/1.1" 404 7949 "-" "Mozilla/5.0 (Linux; Android 6.0.1; Nexus 5X Build/MMB29P) AppleWebKit/537.36 (KHTML, like Gecko) Chrome/141.0.7390.122 Mobile Safari/537.36 (compatible; Googlebot/2.1; +http://www.google.com/bot.html)"
74.7.227.169 - - [05/Dec/2025:23:05:50 +0000] "GET /wp-includes/class-wp-customize-manager.php HTTP/2" 200 0 "-" "Mozilla/5.0 AppleWebKit/537.36 (KHTML, like Gecko; compatible; GPTBot/1.3; +https://openai.com/gptbot)"
66.249.70.71 - - [05/Dec/2025:23:06:00 +0000] "GET /products/19955191 HTTP/1.1" 404 7949 "-" "Mozilla/5.0 (Linux; Android 6.0.1; Nexus 5X Build/MMB29P) AppleWebKit/537.36 (KHTML, like Gecko) Chrome/141.0.7390.122 Mobile Safari/537.36 (compatible; Googlebot/2.1; +http://www.google.com/bot.html)"
170.10.164.108 - - [05/Dec/2025:23:06:40 +0000] "POST /wp-cron.php?doing_wp_cron=1764976000.2652540206909179687500 HTTP/1.1" 200 0 "-" "WordPress/6.9; https://cntxt.brainware.com.co"
74.7.227.169 - - [05/Dec/2025:23:06:45 +0000] "GET /wp-includes/class-wp-oembed-controller.php HTTP/2" 200 0 "-" "Mozilla/5.0 AppleWebKit/537.36 (KHTML, like Gecko; compatible; GPTBot/1.3; +https://openai.com/gptbot)"
74.7.227.169 - - [05/Dec/2025:23:07:38 +0000] "GET /wp-includes/class-wp-customize-setting.php HTTP/2" 200 6 "-" "Mozilla/5.0 AppleWebKit/537.36 (KHTML, like Gecko; compatible; GPTBot/1.3; +https://openai.com/gptbot)"
66.249.70.70 - - [05/Dec/2025:23:07:36 +0000] "GET /products/6300613 HTTP/1.1" 404 7949 "-" "Mozilla/5.0 (Linux; Android 6.0.1; Nexus 5X Build/MMB29P) AppleWebKit/537.36 (KHTML, like Gecko) Chrome/141.0.7390.122 Mobile Safari/537.36 (compatible; Googlebot/2.1; +http://www.google.com/bot.html)"
66.249.70.71 - - [05/Dec/2025:23:07:56 +0000] "GET /products/5415091 HTTP/1.1" 404 7949 "-" "Mozilla/5.0 (Linux; Android 6.0.1; Nexus 5X Build/MMB29P) AppleWebKit/537.36 (KHTML, like Gecko) Chrome/141.0.7390.122 Mobile Safari/537.36 (compatible; Googlebot/2.1; +http://www.google.com/bot.html)"
74.7.227.169 - - [05/Dec/2025:23:08:22 +0000] "GET /wp-includes/class-wp-customize-widgets.php HTTP/2" 200 0 "-" "Mozilla/5.0 AppleWebKit/537.36 (KHTML, like Gecko; compatible; GPTBot/1.3; +https://openai.com/gptbot)"
170.10.164.108 - - [05/Dec/2025:23:08:57 +0000] "POST /wp-cron.php?doing_wp_cron=1764976137.4636909961700439453125 HTTP/1.1" 200 0 "-" "WordPress/6.9; https://cntxt.brainware.com.co"
66.249.70.71 - - [05/Dec/2025:23:08:55 +0000] "GET /products/12032968 HTTP/1.1" 404 7949 "-" "Mozilla/5.0 (Linux; Android 6.0.1; Nexus 5X Build/MMB29P) AppleWebKit/537.36 (KHTML, like Gecko) Chrome/141.0.7390.122 Mobile Safari/537.36 (compatible; Googlebot/2.1; +http://www.google.com/bot.html)"
66.249.70.71 - - [05/Dec/2025:23:08:57 +0000] "GET /products/4328102 HTTP/1.1" 404 7949 "-" "Mozilla/5.0 (Linux; Android 6.0.1; Nexus 5X Build/MMB29P) AppleWebKit/537.36 (KHTML, like Gecko) Chrome/141.0.7390.122 Mobile Safari/537.36 (compatible; Googlebot/2.1; +http://www.google.com/bot.html)"
74.7.227.169 - - [05/Dec/2025:23:09:03 +0000] "GET /wp-includes/class-wp-term.php HTTP/2" 200 0 "-" "Mozilla/5.0 AppleWebKit/537.36 (KHTML, like Gecko; compatible; GPTBot/1.3; +https://openai.com/gptbot)"
74.7.227.169 - - [05/Dec/2025:23:09:38 +0000] "GET /wp-includes/class-wp-role.php HTTP/2" 200 0 "-" "Mozilla/5.0 AppleWebKit/537.36 (KHTML, like Gecko; compatible; GPTBot/1.3; +https://openai.com/gptbot)"
170.10.164.108 - - [05/Dec/2025:23:09:57 +0000] "POST /wp-cron.php?doing_wp_cron=1764976197.2199099063873291015625 HTTP/1.1" 200 0 "-" "WordPress/6.9; https://cntxt.brainware.com.co"
74.7.227.169 - - [05/Dec/2025:23:10:12 +0000] "GET /wp-includes/class-wp-hook.php HTTP/2" 200 0 "-" "Mozilla/5.0 AppleWebKit/537.36 (KHTML, like Gecko; compatible; GPTBot/1.3; +https://openai.com/gptbot)"
170.10.164.108 - - [05/Dec/2025:23:04:55 +0000] "POST /wp-cron.php?doing_wp_cron=1764975895.4411449432373046875000 HTTP/1.1" 200 0 "-" "WordPress/6.9; https://cntxt.brainware.com.co"
66.249.70.70 - - [05/Dec/2025:23:04:54 +0000] "GET /products/19952891 HTTP/1.1" 404 7949 "-" "Mozilla/5.0 (Linux; Android 6.0.1; Nexus 5X Build/MMB29P) AppleWebKit/537.36 (KHTML, like Gecko) Chrome/141.0.7390.122 Mobile Safari/537.36 (compatible; Googlebot/2.1; +http://www.google.com/bot.html)"
66.249.70.70 - - [05/Dec/2025:23:04:55 +0000] "GET /products/3194591 HTTP/1.1" 404 7947 "-" "Mozilla/5.0 (Linux; Android 6.0.1; Nexus 5X Build/MMB29P) AppleWebKit/537.36 (KHTML, like Gecko) Chrome/141.0.7390.122 Mobile Safari/537.36 (compatible; Googlebot/2.1; +http://www.google.com/bot.html)"
66.249.70.70 - - [05/Dec/2025:23:04:57 +0000] "GET /products/19030980 HTTP/1.1" 404 7949 "-" "Mozilla/5.0 (Linux; Android 6.0.1; Nexus 5X Build/MMB29P) AppleWebKit/537.36 (KHTML, like Gecko) Chrome/141.0.7390.122 Mobile Safari/537.36 (compatible; Googlebot/2.1; +http://www.google.com/bot.html)"
66.249.70.70 - - [05/Dec/2025:23:04:58 +0000] "GET /products/1694180 HTTP/1.1" 404 7949 "-" "Mozilla/5.0 (Linux; Android 6.0.1; Nexus 5X Build/MMB29P) AppleWebKit/537.36 (KHTML, like Gecko) Chrome/141.0.7390.122 Mobile Safari/537.36 (compatible; Googlebot/2.1; +http://www.google.com/bot.html)"
170.10.164.108 - - [05/Dec/2025:23:05:09 +0000] "POST /wp-cron.php?doing_wp_cron=1764975909.0949120521545410156250 HTTP/1.1" 200 0 "-" "WordPress/6.9; https://cntxt.brainware.com.co"
66.249.70.70 - - [05/Dec/2025:23:05:33 +0000] "GET /products/12724291 HTTP/1.1" 404 7949 "-" "Mozilla/5.0 (Linux; Android 6.0.1; Nexus 5X Build/MMB29P) AppleWebKit/537.36 (KHTML, like Gecko) Chrome/141.0.7390.122 Mobile Safari/537.36 (compatible; Googlebot/2.1; +http://www.google.com/bot.html)"
170.10.164.108 - - [05/Dec/2025:23:06:02 +0000] "POST /wp-cron.php?doing_wp_cron=1764975961.9271869659423828125000 HTTP/1.1" 200 0 "-" "WordPress/6.9; https://cntxt.brainware.com.co"
170.10.164.108 - - [05/Dec/2025:23:06:59 +0000] "POST /wp-cron.php?doing_wp_cron=1764976019.2623550891876220703125 HTTP/1.1" 200 0 "-" "WordPress/6.9; https://cntxt.brainware.com.co"
170.10.164.108 - - [05/Dec/2025:23:07:57 +0000] "POST /wp-cron.php?doing_wp_cron=1764976076.9998259544372558593750 HTTP/1.1" 200 0 "-" "WordPress/6.9; https://cntxt.brainware.com.co"
66.249.70.70 - - [05/Dec/2025:23:08:32 +0000] "GET /products/4552868 HTTP/1.1" 404 7949 "-" "Mozilla/5.0 (Linux; Android 6.0.1; Nexus 5X Build/MMB29P) AppleWebKit/537.36 (KHTML, like Gecko) Chrome/141.0.7390.122 Mobile Safari/537.36 (compatible; Googlebot/2.1; +http://www.google.com/bot.html)"
66.249.70.70 - - [05/Dec/2025:23:09:18 +0000] "GET /products/12259168 HTTP/1.1" 404 7949 "-" "Mozilla/5.0 (Linux; Android 6.0.1; Nexus 5X Build/MMB29P) AppleWebKit/537.36 (KHTML, like Gecko) Chrome/141.0.7390.122 Mobile Safari/537.36 (compatible; Googlebot/2.1; +http://www.google.com/bot.html)"
66.249.70.70 - - [05/Dec/2025:23:09:55 +0000] "GET /products/19948946 HTTP/1.1" 404 7949 "-" "Mozilla/5.0 (Linux; Android 6.0.1; Nexus 5X Build/MMB29P) AppleWebKit/537.36 (KHTML, like Gecko) Chrome/141.0.7390.122 Mobile Safari/537.36 (compatible; Googlebot/2.1; +http://www.google.com/bot.html)"
66.249.70.70 - - [05/Dec/2025:23:11:13 +0000] "GET /products/2824957 HTTP/1.1" 404 7949 "-" "Mozilla/5.0 (Linux; Android 6.0.1; Nexus 5X Build/MMB29P) AppleWebKit/537.36 (KHTML, like Gecko) Chrome/141.0.7390.122 Mobile Safari/537.36 (compatible; Googlebot/2.1; +http://www.google.com/bot.html)"
66.249.70.70 - - [05/Dec/2025:23:11:16 +0000] "GET /products/7090524 HTTP/1.1" 404 7949 "-" "Mozilla/5.0 (Linux; Android 6.0.1; Nexus 5X Build/MMB29P) AppleWebKit/537.36 (KHTML, like Gecko) Chrome/141.0.7390.122 Mobile Safari/537.36 (compatible; Googlebot/2.1; +http://www.google.com/bot.html)"
170.10.164.108 - - [05/Dec/2025:23:10:16 +0000] "POST /wp-cron.php?doing_wp_cron=1764976216.7300601005554199218750 HTTP/1.1" 200 0 "-" "WordPress/6.9; https://cntxt.brainware.com.co"
66.249.70.71 - - [05/Dec/2025:23:10:34 +0000] "GET /products/19958757 HTTP/1.1" 404 7949 "-" "Mozilla/5.0 (Linux; Android 6.0.1; Nexus 5X Build/MMB29P) AppleWebKit/537.36 (KHTML, like Gecko) Chrome/141.0.7390.122 Mobile Safari/537.36 (compatible; Googlebot/2.1; +http://www.google.com/bot.html)"
74.7.227.169 - - [05/Dec/2025:23:10:43 +0000] "GET /wp-includes/class-wp-block-patterns-registry.php HTTP/2" 200 0 "-" "Mozilla/5.0 AppleWebKit/537.36 (KHTML, like Gecko; compatible; GPTBot/1.3; +https://openai.com/gptbot)"
74.7.227.169 - - [05/Dec/2025:23:11:12 +0000] "GET /wp-includes/html-api/class-wp-html-token.php HTTP/2" 200 0 "-" "Mozilla/5.0 AppleWebKit/537.36 (KHTML, like Gecko; compatible; GPTBot/1.3; +https://openai.com/gptbot)"
170.10.164.108 - - [05/Dec/2025:23:11:13 +0000] "POST /wp-cron.php?doing_wp_cron=1764976273.6402480602264404296875 HTTP/1.1" 200 0 "-" "WordPress/6.9; https://cntxt.brainware.com.co"
74.7.227.169 - - [05/Dec/2025:23:11:35 +0000] "GET /wp-includes/html-api/html5-named-character-references.php HTTP/2" 500 0 "-" "Mozilla/5.0 AppleWebKit/537.36 (KHTML, like Gecko; compatible; GPTBot/1.3; +https://openai.com/gptbot)"
66.249.70.70 - - [05/Dec/2025:23:11:35 +0000] "GET /products/11864502 HTTP/1.1" 404 7949 "-" "Mozilla/5.0 (Linux; Android 6.0.1; Nexus 5X Build/MMB29P) AppleWebKit/537.36 (KHTML, like Gecko) Chrome/141.0.7390.122 Mobile Safari/537.36 (compatible; Googlebot/2.1; +http://www.google.com/bot.html)"
66.249.70.70 - - [05/Dec/2025:23:11:37 +0000] "GET /products/2556068 HTTP/1.1" 404 7949 "-" "Mozilla/5.0 (Linux; Android 6.0.1; Nexus 5X Build/MMB29P) AppleWebKit/537.36 (KHTML, like Gecko) Chrome/141.0.7390.122 Mobile Safari/537.36 (compatible; Googlebot/2.1; +http://www.google.com/bot.html)"
66.249.70.70 - - [05/Dec/2025:23:11:39 +0000] "GET /products/24658380 HTTP/1.1" 404 7949 "-" "Mozilla/5.0 (Linux; Android 6.0.1; Nexus 5X Build/MMB29P) AppleWebKit/537.36 (KHTML, like Gecko) Chrome/141.0.7390.122 Mobile Safari/537.36 (compatible; Googlebot/2.1; +http://www.google.com/bot.html)"
74.7.227.169 - - [05/Dec/2025:23:11:58 +0000] "GET /wp-includes/class-wp-block-bindings-registry.php HTTP/2" 200 0 "-" "Mozilla/5.0 AppleWebKit/537.36 (KHTML, like Gecko; compatible; GPTBot/1.3; +https://openai.com/gptbot)"
170.10.164.108 - - [05/Dec/2025:23:11:59 +0000] "POST /wp-cron.php?doing_wp_cron=1764976319.9760301113128662109375 HTTP/1.1" 200 0 "-" "WordPress/6.9; https://cntxt.brainware.com.co"
170.10.164.108 - - [05/Dec/2025:23:12:19 +0000] "POST /wp-cron.php?doing_wp_cron=1764976339.2004740238189697265625 HTTP/1.1" 200 0 "-" "WordPress/6.9; https://cntxt.brainware.com.co"
66.249.70.70 - - [05/Dec/2025:23:12:17 +0000] "GET /products/10409335 HTTP/1.1" 404 7949 "-" "Mozilla/5.0 (Linux; Android 6.0.1; Nexus 5X Build/MMB29P) AppleWebKit/537.36 (KHTML, like Gecko) Chrome/141.0.7390.122 Mobile Safari/537.36 (compatible; Googlebot/2.1; +http://www.google.com/bot.html)"
66.249.70.70 - - [05/Dec/2025:23:12:37 +0000] "GET /products/28137368 HTTP/1.1" 404 7949 "-" "Mozilla/5.0 (Linux; Android 6.0.1; Nexus 5X Build/MMB29P) AppleWebKit/537.36 (KHTML, like Gecko) Chrome/141.0.7390.122 Mobile Safari/537.36 (compatible; Googlebot/2.1; +http://www.google.com/bot.html)"
66.249.70.70 - - [05/Dec/2025:23:12:38 +0000] "GET /products/12395368 HTTP/1.1" 404 7949 "-" "Mozilla/5.0 (Linux; Android 6.0.1; Nexus 5X Build/MMB29P) AppleWebKit/537.36 (KHTML, like Gecko) Chrome/141.0.7390.122 Mobile Safari/537.36 (compatible; Googlebot/2.1; +http://www.google.com/bot.html)"
74.7.227.169 - - [05/Dec/2025:23:13:01 +0000] "GET /wp-includes/class-walker-page-dropdown.php HTTP/2" 500 0 "-" "Mozilla/5.0 AppleWebKit/537.36 (KHTML, like Gecko; compatible; GPTBot/1.3; +https://openai.com/gptbot)"
66.249.70.64 - - [05/Dec/2025:23:08:35 +0000] "GET /products/10672446 HTTP/1.1" 404 7949 "-" "Mozilla/5.0 (Linux; Android 6.0.1; Nexus 5X Build/MMB29P) AppleWebKit/537.36 (KHTML, like Gecko) Chrome/141.0.7390.122 Mobile Safari/537.36 (compatible; Googlebot/2.1; +http://www.google.com/bot.html)"
170.10.164.108 - - [05/Dec/2025:23:09:19 +0000] "POST /wp-cron.php?doing_wp_cron=1764976159.6255469322204589843750 HTTP/1.1" 200 0 "-" "WordPress/6.9; https://cntxt.brainware.com.co"
66.249.70.70 - - [05/Dec/2025:23:10:15 +0000] "GET /products/5420335 HTTP/1.1" 404 7949 "-" "Mozilla/5.0 (Linux; Android 6.0.1; Nexus 5X Build/MMB29P) AppleWebKit/537.36 (KHTML, like Gecko) Chrome/141.0.7390.122 Mobile Safari/537.36 (compatible; Googlebot/2.1; +http://www.google.com/bot.html)"
66.249.70.71 - - [05/Dec/2025:23:11:11 +0000] "GET /products/19937880 HTTP/1.1" 404 7949 "-" "Mozilla/5.0 (Linux; Android 6.0.1; Nexus 5X Build/MMB29P) AppleWebKit/537.36 (KHTML, like Gecko) Chrome/141.0.7390.122 Mobile Safari/537.36 (compatible; Googlebot/2.1; +http://www.google.com/bot.html)"
170.10.164.108 - - [05/Dec/2025:23:12:58 +0000] "POST /wp-cron.php?doing_wp_cron=1764976378.5383820533752441406250 HTTP/1.1" 200 0 "-" "WordPress/6.9; https://cntxt.brainware.com.co"
66.249.70.70 - - [05/Dec/2025:23:13:53 +0000] "GET /products/11279568 HTTP/1.1" 404 7949 "-" "Mozilla/5.0 (Linux; Android 6.0.1; Nexus 5X Build/MMB29P) AppleWebKit/537.36 (KHTML, like Gecko) Chrome/141.0.7390.122 Mobile Safari/537.36 (compatible; Googlebot/2.1; +http://www.google.com/bot.html)"
66.249.70.64 - - [05/Dec/2025:23:14:12 +0000] "GET /products/12243368 HTTP/1.1" 404 7949 "-" "Mozilla/5.0 (Linux; Android 6.0.1; Nexus 5X Build/MMB29P) AppleWebKit/537.36 (KHTML, like Gecko) Chrome/141.0.7390.122 Mobile Safari/537.36 (compatible; Googlebot/2.1; +http://www.google.com/bot.html)"
170.10.164.108 - - [05/Dec/2025:23:14:49 +0000] "POST /wp-cron.php?doing_wp_cron=1764976489.7624170780181884765625 HTTP/1.1" 200 0 "-" "WordPress/6.9; https://cntxt.brainware.com.co"
170.10.164.108 - - [05/Dec/2025:23:15:08 +0000] "POST /wp-cron.php?doing_wp_cron=1764976508.7315700054168701171875 HTTP/1.1" 200 0 "-" "WordPress/6.9; https://cntxt.brainware.com.co"
66.249.70.64 - - [05/Dec/2025:23:15:07 +0000] "GET /ctg/search/similarImageSearchResultView/?ctgItemCd=17862943 HTTP/1.1" 404 7949 "-" "Mozilla/5.0 (Linux; Android 6.0.1; Nexus 5X Build/MMB29P) AppleWebKit/537.36 (KHTML, like Gecko) Chrome/141.0.7390.122 Mobile Safari/537.36 (compatible; Googlebot/2.1; +http://www.google.com/bot.html)"
74.7.227.169 - - [05/Dec/2025:23:16:08 +0000] "GET /wp-includes/class-wp-block-templates-registry.php HTTP/2" 200 0 "-" "Mozilla/5.0 AppleWebKit/537.36 (KHTML, like Gecko; compatible; GPTBot/1.3; +https://openai.com/gptbot)"
74.7.227.169 - - [05/Dec/2025:23:17:03 +0000] "GET /wp-includes/class-wp-network-query.php HTTP/2" 200 0 "-" "Mozilla/5.0 AppleWebKit/537.36 (KHTML, like Gecko; compatible; GPTBot/1.3; +https://openai.com/gptbot)"
74.7.227.169 - - [05/Dec/2025:23:17:56 +0000] "GET /wp-includes/class-wp-recovery-mode.php HTTP/2" 200 0 "-" "Mozilla/5.0 AppleWebKit/537.36 (KHTML, like Gecko; compatible; GPTBot/1.3; +https://openai.com/gptbot)"
66.249.70.71 - - [05/Dec/2025:23:18:17 +0000] "GET /products/28442013 HTTP/1.1" 404 7949 "-" "Mozilla/5.0 (Linux; Android 6.0.1; Nexus 5X Build/MMB29P) AppleWebKit/537.36 (KHTML, like Gecko) Chrome/141.0.7390.122 Mobile Safari/537.36 (compatible; Googlebot/2.1; +http://www.google.com/bot.html)"
74.7.227.169 - - [05/Dec/2025:23:18:43 +0000] "GET /wp-includes/interactivity-api/ HTTP/2" 200 820 "-" "Mozilla/5.0 AppleWebKit/537.36 (KHTML, like Gecko; compatible; GPTBot/1.3; +https://openai.com/gptbot)"
66.249.70.70 - - [05/Dec/2025:23:18:44 +0000] "GET /products/13928091 HTTP/1.1" 404 7949 "-" "Mozilla/5.0 (Linux; Android 6.0.1; Nexus 5X Build/MMB29P) AppleWebKit/537.36 (KHTML, like Gecko) Chrome/141.0.7390.122 Mobile Safari/537.36 (compatible; Googlebot/2.1; +http://www.google.com/bot.html)"
66.249.70.70 - - [05/Dec/2025:23:11:58 +0000] "GET /products/13938991 HTTP/1.1" 404 7949 "-" "Mozilla/5.0 (Linux; Android 6.0.1; Nexus 5X Build/MMB29P) AppleWebKit/537.36 (KHTML, like Gecko) Chrome/141.0.7390.122 Mobile Safari/537.36 (compatible; Googlebot/2.1; +http://www.google.com/bot.html)"
170.10.164.108 - - [05/Dec/2025:23:12:38 +0000] "POST /wp-cron.php?doing_wp_cron=1764976358.1214609146118164062500 HTTP/1.1" 200 0 "-" "WordPress/6.9; https://cntxt.brainware.com.co"
66.249.70.70 - - [05/Dec/2025:23:12:57 +0000] "GET /products/12638313 HTTP/1.1" 404 7949 "-" "Mozilla/5.0 (Linux; Android 6.0.1; Nexus 5X Build/MMB29P) AppleWebKit/537.36 (KHTML, like Gecko) Chrome/141.0.7390.122 Mobile Safari/537.36 (compatible; Googlebot/2.1; +http://www.google.com/bot.html)"
66.249.70.70 - - [05/Dec/2025:23:13:34 +0000] "GET /products/13217980 HTTP/1.1" 404 7949 "-" "Mozilla/5.0 (Linux; Android 6.0.1; Nexus 5X Build/MMB29P) AppleWebKit/537.36 (KHTML, like Gecko) Chrome/141.0.7390.122 Mobile Safari/537.36 (compatible; Googlebot/2.1; +http://www.google.com/bot.html)"
66.249.70.71 - - [05/Dec/2025:23:14:48 +0000] "GET /ctg/search/similarImageSearchResultView/?ctgItemCd=77770757 HTTP/1.1" 404 7949 "-" "Mozilla/5.0 (Linux; Android 6.0.1; Nexus 5X Build/MMB29P) AppleWebKit/537.36 (KHTML, like Gecko) Chrome/141.0.7390.122 Mobile Safari/537.36 (compatible; Googlebot/2.1; +http://www.google.com/bot.html)"
66.249.70.70 - - [05/Dec/2025:23:15:44 +0000] "GET /products/4968657 HTTP/1.1" 404 7949 "-" "Mozilla/5.0 (Linux; Android 6.0.1; Nexus 5X Build/MMB29P) AppleWebKit/537.36 (KHTML, like Gecko) Chrome/141.0.7390.122 Mobile Safari/537.36 (compatible; Googlebot/2.1; +http://www.google.com/bot.html)"
66.249.70.71 - - [05/Dec/2025:23:15:45 +0000] "GET /products/17172368 HTTP/1.1" 404 7949 "-" "Mozilla/5.0 (Linux; Android 6.0.1; Nexus 5X Build/MMB29P) AppleWebKit/537.36 (KHTML, like Gecko) Chrome/141.0.7390.122 Mobile Safari/537.36 (compatible; Googlebot/2.1; +http://www.google.com/bot.html)"
66.249.70.70 - - [05/Dec/2025:23:16:04 +0000] "GET /products/19180924 HTTP/1.1" 404 7949 "-" "Mozilla/5.0 (Linux; Android 6.0.1; Nexus 5X Build/MMB29P) AppleWebKit/537.36 (KHTML, like Gecko) Chrome/141.0.7390.122 Mobile Safari/537.36 (compatible; Googlebot/2.1; +http://www.google.com/bot.html)"
66.249.70.71 - - [05/Dec/2025:23:16:05 +0000] "GET /products/27705246 HTTP/1.1" 404 7949 "-" "Mozilla/5.0 (Linux; Android 6.0.1; Nexus 5X Build/MMB29P) AppleWebKit/537.36 (KHTML, like Gecko) Chrome/141.0.7390.122 Mobile Safari/537.36 (compatible; Googlebot/2.1; +http://www.google.com/bot.html)"
66.249.70.71 - - [05/Dec/2025:23:16:28 +0000] "GET /products/13109902 HTTP/1.1" 404 7949 "-" "Mozilla/5.0 (Linux; Android 6.0.1; Nexus 5X Build/MMB29P) AppleWebKit/537.36 (KHTML, like Gecko) Chrome/141.0.7390.122 Mobile Safari/537.36 (compatible; Googlebot/2.1; +http://www.google.com/bot.html)"
170.10.164.108 - - [05/Dec/2025:23:16:56 +0000] "POST /wp-cron.php?doing_wp_cron=1764976616.3439118862152099609375 HTTP/1.1" 200 0 "-" "WordPress/6.9; https://cntxt.brainware.com.co"
66.249.70.70 - - [05/Dec/2025:23:16:55 +0000] "GET /products/3051780 HTTP/1.1" 404 7949 "-" "Mozilla/5.0 (Linux; Android 6.0.1; Nexus 5X Build/MMB29P) AppleWebKit/537.36 (KHTML, like Gecko) Chrome/141.0.7390.122 Mobile Safari/537.36 (compatible; Googlebot/2.1; +http://www.google.com/bot.html)"
170.10.164.108 - - [05/Dec/2025:23:17:50 +0000] "POST /wp-cron.php?doing_wp_cron=1764976670.8132259845733642578125 HTTP/1.1" 200 0 "-" "WordPress/6.9; https://cntxt.brainware.com.co"
66.249.70.71 - - [05/Dec/2025:23:17:49 +0000] "GET /products/10730235 HTTP/1.1" 404 7949 "-" "Mozilla/5.0 (Linux; Android 6.0.1; Nexus 5X Build/MMB29P) AppleWebKit/537.36 (KHTML, like Gecko) Chrome/141.0.7390.122 Mobile Safari/537.36 (compatible; Googlebot/2.1; +http://www.google.com/bot.html)"
170.10.164.108 - - [05/Dec/2025:23:13:35 +0000] "POST /wp-cron.php?doing_wp_cron=1764976415.1165750026702880859375 HTTP/1.1" 200 0 "-" "WordPress/6.9; https://cntxt.brainware.com.co"
170.10.164.108 - - [05/Dec/2025:23:13:54 +0000] "POST /wp-cron.php?doing_wp_cron=1764976434.2394170761108398437500 HTTP/1.1" 200 0 "-" "WordPress/6.9; https://cntxt.brainware.com.co"
74.7.227.169 - - [05/Dec/2025:23:13:59 +0000] "GET /wp-includes/ms-default-filters.php HTTP/2" 500 0 "-" "Mozilla/5.0 AppleWebKit/537.36 (KHTML, like Gecko; compatible; GPTBot/1.3; +https://openai.com/gptbot)"
170.10.164.108 - - [05/Dec/2025:23:14:13 +0000] "POST /wp-cron.php?doing_wp_cron=1764976453.0317640304565429687500 HTTP/1.1" 200 0 "-" "WordPress/6.9; https://cntxt.brainware.com.co"
74.7.227.169 - - [05/Dec/2025:23:15:05 +0000] "GET /wp-includes/speculative-loading.php HTTP/2" 200 0 "-" "Mozilla/5.0 AppleWebKit/537.36 (KHTML, like Gecko; compatible; GPTBot/1.3; +https://openai.com/gptbot)"
170.10.164.108 - - [05/Dec/2025:23:16:05 +0000] "POST /wp-cron.php?doing_wp_cron=1764976565.7153890132904052734375 HTTP/1.1" 200 0 "-" "WordPress/6.9; https://cntxt.brainware.com.co"
170.10.164.108 - - [05/Dec/2025:23:17:23 +0000] "POST /wp-cron.php?doing_wp_cron=1764976643.5543930530548095703125 HTTP/1.1" 200 0 "-" "WordPress/6.9; https://cntxt.brainware.com.co"
66.249.70.70 - - [05/Dec/2025:23:17:22 +0000] "GET /products/22228991 HTTP/1.1" 404 7949 "-" "Mozilla/5.0 (Linux; Android 6.0.1; Nexus 5X Build/MMB29P) AppleWebKit/537.36 (KHTML, like Gecko) Chrome/141.0.7390.122 Mobile Safari/537.36 (compatible; Googlebot/2.1; +http://www.google.com/bot.html)"
170.10.164.108 - - [05/Dec/2025:23:18:18 +0000] "POST /wp-cron.php?doing_wp_cron=1764976698.2505400180816650390625 HTTP/1.1" 200 0 "-" "WordPress/6.9; https://cntxt.brainware.com.co"
66.249.70.70 - - [05/Dec/2025:23:20:59 +0000] "GET /products/3314213 HTTP/1.1" 404 7949 "-" "Mozilla/5.0 (Linux; Android 6.0.1; Nexus 5X Build/MMB29P) AppleWebKit/537.36 (KHTML, like Gecko) Chrome/141.0.7390.122 Mobile Safari/537.36 (compatible; Googlebot/2.1; +http://www.google.com/bot.html)"
66.249.70.70 - - [05/Dec/2025:23:21:00 +0000] "GET /products/27072735 HTTP/1.1" 404 7949 "-" "Mozilla/5.0 (Linux; Android 6.0.1; Nexus 5X Build/MMB29P) AppleWebKit/537.36 (KHTML, like Gecko) Chrome/141.0.7390.122 Mobile Safari/537.36 (compatible; Googlebot/2.1; +http://www.google.com/bot.html)"
66.249.70.70 - - [05/Dec/2025:23:21:02 +0000] "GET /products/2776157 HTTP/1.1" 404 7949 "-" "Mozilla/5.0 (Linux; Android 6.0.1; Nexus 5X Build/MMB29P) AppleWebKit/537.36 (KHTML, like Gecko) Chrome/141.0.7390.122 Mobile Safari/537.36 (compatible; Googlebot/2.1; +http://www.google.com/bot.html)"
170.10.164.108 - - [05/Dec/2025:23:21:17 +0000] "POST /wp-cron.php?doing_wp_cron=1764976877.6424829959869384765625 HTTP/1.1" 200 0 "-" "WordPress/6.9; https://cntxt.brainware.com.co"
66.249.70.70 - - [05/Dec/2025:23:21:16 +0000] "GET /products/5504979 HTTP/1.1" 404 7949 "-" "Mozilla/5.0 (Linux; Android 6.0.1; Nexus 5X Build/MMB29P) AppleWebKit/537.36 (KHTML, like Gecko) Chrome/141.0.7390.122 Mobile Safari/537.36 (compatible; Googlebot/2.1; +http://www.google.com/bot.html)"
66.249.70.71 - - [05/Dec/2025:23:22:25 +0000] "GET /products/4772435 HTTP/1.1" 404 7949 "-" "Mozilla/5.0 (Linux; Android 6.0.1; Nexus 5X Build/MMB29P) AppleWebKit/537.36 (KHTML, like Gecko) Chrome/141.0.7390.122 Mobile Safari/537.36 (compatible; Googlebot/2.1; +http://www.google.com/bot.html)"
66.249.70.71 - - [05/Dec/2025:23:23:23 +0000] "GET /products/20452557 HTTP/1.1" 404 7949 "-" "Mozilla/5.0 (Linux; Android 6.0.1; Nexus 5X Build/MMB29P) AppleWebKit/537.36 (KHTML, like Gecko) Chrome/141.0.7390.122 Mobile Safari/537.36 (compatible; Googlebot/2.1; +http://www.google.com/bot.html)"
66.249.70.71 - - [05/Dec/2025:23:19:24 +0000] "GET /products/2027246 HTTP/1.1" 404 7949 "-" "Mozilla/5.0 (Linux; Android 6.0.1; Nexus 5X Build/MMB29P) AppleWebKit/537.36 (KHTML, like Gecko) Chrome/141.0.7390.122 Mobile Safari/537.36 (compatible; Googlebot/2.1; +http://www.google.com/bot.html)"
66.249.70.70 - - [05/Dec/2025:23:19:43 +0000] "GET /products/29649835 HTTP/1.1" 404 7949 "-" "Mozilla/5.0 (Linux; Android 6.0.1; Nexus 5X Build/MMB29P) AppleWebKit/537.36 (KHTML, like Gecko) Chrome/141.0.7390.122 Mobile Safari/537.36 (compatible; Googlebot/2.1; +http://www.google.com/bot.html)"
66.249.70.70 - - [05/Dec/2025:23:20:19 +0000] "GET /products/27446224 HTTP/1.1" 404 7949 "-" "Mozilla/5.0 (Linux; Android 6.0.1; Nexus 5X Build/MMB29P) AppleWebKit/537.36 (KHTML, like Gecko) Chrome/141.0.7390.122 Mobile Safari/537.36 (compatible; Googlebot/2.1; +http://www.google.com/bot.html)"
66.249.70.70 - - [05/Dec/2025:23:20:21 +0000] "GET /products/29667046 HTTP/1.1" 404 7949 "-" "Mozilla/5.0 (Linux; Android 6.0.1; Nexus 5X Build/MMB29P) AppleWebKit/537.36 (KHTML, like Gecko) Chrome/141.0.7390.122 Mobile Safari/537.36 (compatible; Googlebot/2.1; +http://www.google.com/bot.html)"
66.249.70.71 - - [05/Dec/2025:23:20:40 +0000] "GET /products/17370557 HTTP/1.1" 404 7949 "-" "Mozilla/5.0 (Linux; Android 6.0.1; Nexus 5X Build/MMB29P) AppleWebKit/537.36 (KHTML, like Gecko) Chrome/141.0.7390.122 Mobile Safari/537.36 (compatible; Googlebot/2.1; +http://www.google.com/bot.html)"
66.249.70.70 - - [05/Dec/2025:23:21:44 +0000] "GET /products/2152768 HTTP/1.1" 404 7949 "-" "Mozilla/5.0 (Linux; Android 6.0.1; Nexus 5X Build/MMB29P) AppleWebKit/537.36 (KHTML, like Gecko) Chrome/141.0.7390.122 Mobile Safari/537.36 (compatible; Googlebot/2.1; +http://www.google.com/bot.html)"
170.10.164.108 - - [05/Dec/2025:23:22:05 +0000] "POST /wp-cron.php?doing_wp_cron=1764976925.1146450042724609375000 HTTP/1.1" 200 0 "-" "WordPress/6.9; https://cntxt.brainware.com.co"
66.249.70.71 - - [05/Dec/2025:23:22:03 +0000] "GET /products/3203013 HTTP/1.1" 404 7949 "-" "Mozilla/5.0 (Linux; Android 6.0.1; Nexus 5X Build/MMB29P) AppleWebKit/537.36 (KHTML, like Gecko) Chrome/141.0.7390.122 Mobile Safari/537.36 (compatible; Googlebot/2.1; +http://www.google.com/bot.html)"
66.249.70.64 - - [05/Dec/2025:23:22:05 +0000] "GET /products/14957713 HTTP/1.1" 404 7947 "-" "Mozilla/5.0 (Linux; Android 6.0.1; Nexus 5X Build/MMB29P) AppleWebKit/537.36 (KHTML, like Gecko) Chrome/141.0.7390.122 Mobile Safari/537.36 (compatible; Googlebot/2.1; +http://www.google.com/bot.html)"
66.249.70.64 - - [05/Dec/2025:23:23:01 +0000] "GET /products/30813135 HTTP/1.1" 404 7949 "-" "Mozilla/5.0 (Linux; Android 6.0.1; Nexus 5X Build/MMB29P) AppleWebKit/537.36 (KHTML, like Gecko) Chrome/141.0.7390.122 Mobile Safari/537.36 (compatible; Googlebot/2.1; +http://www.google.com/bot.html)"
66.249.70.64 - - [05/Dec/2025:23:23:03 +0000] "GET /products/25376768 HTTP/1.1" 404 7949 "-" "Mozilla/5.0 (Linux; Android 6.0.1; Nexus 5X Build/MMB29P) AppleWebKit/537.36 (KHTML, like Gecko) Chrome/141.0.7390.122 Mobile Safari/537.36 (compatible; Googlebot/2.1; +http://www.google.com/bot.html)"
170.10.164.108 - - [05/Dec/2025:23:23:24 +0000] "POST /wp-cron.php?doing_wp_cron=1764977004.1873800754547119140625 HTTP/1.1" 200 0 "-" "WordPress/6.9; https://cntxt.brainware.com.co"
170.10.164.108 - - [05/Dec/2025:23:19:25 +0000] "POST /wp-cron.php?doing_wp_cron=1764976765.1013700962066650390625 HTTP/1.1" 200 0 "-" "WordPress/6.9; https://cntxt.brainware.com.co"
74.7.227.169 - - [05/Dec/2025:23:19:26 +0000] "GET /wp-includes/class-wp-text-diff-renderer-table.php HTTP/2" 200 6 "-" "Mozilla/5.0 AppleWebKit/537.36 (KHTML, like Gecko; compatible; GPTBot/1.3; +https://openai.com/gptbot)"
74.7.227.169 - - [05/Dec/2025:23:20:02 +0000] "GET /wp-includes/class-wp-http-encoding.php HTTP/2" 200 0 "-" "Mozilla/5.0 AppleWebKit/537.36 (KHTML, like Gecko; compatible; GPTBot/1.3; +https://openai.com/gptbot)"
170.10.164.108 - - [05/Dec/2025:23:20:20 +0000] "POST /wp-cron.php?doing_wp_cron=1764976820.7602319717407226562500 HTTP/1.1" 200 0 "-" "WordPress/6.9; https://cntxt.brainware.com.co"
74.7.227.169 - - [05/Dec/2025:23:20:37 +0000] "GET /wp-includes/block-bindings.php HTTP/2" 200 0 "-" "Mozilla/5.0 AppleWebKit/537.36 (KHTML, like Gecko; compatible; GPTBot/1.3; +https://openai.com/gptbot)"
170.10.164.108 - - [05/Dec/2025:23:21:00 +0000] "POST /wp-cron.php?doing_wp_cron=1764976860.4106760025024414062500 HTTP/1.1" 200 0 "-" "WordPress/6.9; https://cntxt.brainware.com.co"
74.7.227.169 - - [05/Dec/2025:23:21:08 +0000] "GET /wp-includes/script-modules.php HTTP/2" 200 0 "-" "Mozilla/5.0 AppleWebKit/537.36 (KHTML, like Gecko; compatible; GPTBot/1.3; +https://openai.com/gptbot)"
74.7.227.169 - - [05/Dec/2025:23:21:35 +0000] "GET /wp-includes/block-template.php HTTP/2" 200 0 "-" "Mozilla/5.0 AppleWebKit/537.36 (KHTML, like Gecko; compatible; GPTBot/1.3; +https://openai.com/gptbot)"
74.7.227.169 - - [05/Dec/2025:23:21:58 +0000] "GET /wp-includes/block-patterns.php HTTP/2" 500 0 "-" "Mozilla/5.0 AppleWebKit/537.36 (KHTML, like Gecko; compatible; GPTBot/1.3; +https://openai.com/gptbot)"
74.7.227.169 - - [05/Dec/2025:23:22:21 +0000] "GET /wp-includes/class-requests.php HTTP/2" 200 0 "-" "Mozilla/5.0 AppleWebKit/537.36 (KHTML, like Gecko; compatible; GPTBot/1.3; +https://openai.com/gptbot)"
170.10.164.108 - - [05/Dec/2025:23:23:03 +0000] "POST /wp-cron.php?doing_wp_cron=1764976983.4131870269775390625000 HTTP/1.1" 200 0 "-" "WordPress/6.9; https://cntxt.brainware.com.co"
74.7.227.169 - - [05/Dec/2025:23:23:25 +0000] "GET /wp-includes/media-template.php HTTP/2" 200 0 "-" "Mozilla/5.0 AppleWebKit/537.36 (KHTML, like Gecko; compatible; GPTBot/1.3; +https://openai.com/gptbot)"
170.10.164.108 - - [05/Dec/2025:23:24:00 +0000] "POST /wp-cron.php?doing_wp_cron=1764977040.9656660556793212890625 HTTP/1.1" 200 0 "-" "WordPress/6.9; https://cntxt.brainware.com.co"
66.249.70.71 - - [05/Dec/2025:23:23:59 +0000] "GET /products/26460857 HTTP/1.1" 404 7949 "-" "Mozilla/5.0 (Linux; Android 6.0.1; Nexus 5X Build/MMB29P) AppleWebKit/537.36 (KHTML, like Gecko) Chrome/141.0.7390.122 Mobile Safari/537.36 (compatible; Googlebot/2.1; +http://www.google.com/bot.html)"
74.7.227.169 - - [05/Dec/2025:23:24:20 +0000] "GET /wp-includes/theme-previews.php HTTP/2" 200 0 "-" "Mozilla/5.0 AppleWebKit/537.36 (KHTML, like Gecko; compatible; GPTBot/1.3; +https://openai.com/gptbot)"
170.10.164.108 - - [05/Dec/2025:23:24:56 +0000] "POST /wp-cron.php?doing_wp_cron=1764977096.7895131111145019531250 HTTP/1.1" 200 0 "-" "WordPress/6.9; https://cntxt.brainware.com.co"
74.7.227.169 - - [05/Dec/2025:23:25:12 +0000] "GET /wp-includes/class.wp-dependencies.php HTTP/2" 500 0 "-" "Mozilla/5.0 AppleWebKit/537.36 (KHTML, like Gecko; compatible; GPTBot/1.3; +https://openai.com/gptbot)"
74.7.227.169 - - [05/Dec/2025:23:25:57 +0000] "GET /wp-includes/interactivity-api/interactivity-api.php HTTP/2" 200 0 "-" "Mozilla/5.0 AppleWebKit/537.36 (KHTML, like Gecko; compatible; GPTBot/1.3; +https://openai.com/gptbot)"
66.249.70.71 - - [05/Dec/2025:23:26:15 +0000] "GET /products/2361157 HTTP/1.1" 404 7949 "-" "Mozilla/5.0 (Linux; Android 6.0.1; Nexus 5X Build/MMB29P) AppleWebKit/537.36 (KHTML, like Gecko) Chrome/141.0.7390.122 Mobile Safari/537.36 (compatible; Googlebot/2.1; +http://www.google.com/bot.html)"
66.249.70.70 - - [05/Dec/2025:23:26:25 +0000] "GET /products/2063235 HTTP/1.1" 404 7949 "-" "Mozilla/5.0 (Linux; Android 6.0.1; Nexus 5X Build/MMB29P) AppleWebKit/537.36 (KHTML, like Gecko) Chrome/141.0.7390.122 Mobile Safari/537.36 (compatible; Googlebot/2.1; +http://www.google.com/bot.html)"
74.7.227.169 - - [05/Dec/2025:23:26:59 +0000] "GET /wp-includes/interactivity-api/class-wp-interactivity-api.php HTTP/2" 200 0 "-" "Mozilla/5.0 AppleWebKit/537.36 (KHTML, like Gecko; compatible; GPTBot/1.3; +https://openai.com/gptbot)"
66.249.70.64 - - [05/Dec/2025:23:27:14 +0000] "GET /products/26205202 HTTP/1.1" 404 7949 "-" "Mozilla/5.0 (Linux; Android 6.0.1; Nexus 5X Build/MMB29P) AppleWebKit/537.36 (KHTML, like Gecko) Chrome/141.0.7390.122 Mobile Safari/537.36 (compatible; Googlebot/2.1; +http://www.google.com/bot.html)"
74.7.227.169 - - [05/Dec/2025:23:27:57 +0000] "GET /wp-includes/interactivity-api/class-wp-interactivity-api-directives-processor.php HTTP/2" 500 0 "-" "Mozilla/5.0 AppleWebKit/537.36 (KHTML, like Gecko; compatible; GPTBot/1.3; +https://openai.com/gptbot)"
66.249.70.71 - - [05/Dec/2025:23:28:32 +0000] "GET /products/29929591 HTTP/1.1" 404 7949 "-" "Mozilla/5.0 (Linux; Android 6.0.1; Nexus 5X Build/MMB29P) AppleWebKit/537.36 (KHTML, like Gecko) Chrome/141.0.7390.122 Mobile Safari/537.36 (compatible; Googlebot/2.1; +http://www.google.com/bot.html)"
74.7.227.169 - - [05/Dec/2025:23:28:48 +0000] "GET /wp-includes/class-wp-phpmailer.php HTTP/2" 500 0 "-" "Mozilla/5.0 AppleWebKit/537.36 (KHTML, like Gecko; compatible; GPTBot/1.3; +https://openai.com/gptbot)"
170.10.164.108 - - [05/Dec/2025:23:28:52 +0000] "POST /wp-cron.php?doing_wp_cron=1764977332.2349491119384765625000 HTTP/1.1" 200 0 "-" "WordPress/6.9; https://cntxt.brainware.com.co"
66.249.70.70 - - [05/Dec/2025:23:28:51 +0000] "GET /products/13092968 HTTP/1.1" 404 7949 "-" "Mozilla/5.0 (Linux; Android 6.0.1; Nexus 5X Build/MMB29P) AppleWebKit/537.36 (KHTML, like Gecko) Chrome/141.0.7390.122 Mobile Safari/537.36 (compatible; Googlebot/2.1; +http://www.google.com/bot.html)"
170.10.164.108 - - [05/Dec/2025:23:29:11 +0000] "POST /wp-cron.php?doing_wp_cron=1764977351.5325460433959960937500 HTTP/1.1" 200 0 "-" "WordPress/6.9; https://cntxt.brainware.com.co"
170.10.164.108 - - [05/Dec/2025:23:24:20 +0000] "POST /wp-cron.php?doing_wp_cron=1764977059.9128420352935791015625 HTTP/1.1" 200 0 "-" "WordPress/6.9; https://cntxt.brainware.com.co"
66.249.70.64 - - [05/Dec/2025:23:25:16 +0000] "GET /products/29295035 HTTP/1.1" 404 7949 "-" "Mozilla/5.0 (Linux; Android 6.0.1; Nexus 5X Build/MMB29P) AppleWebKit/537.36 (KHTML, like Gecko) Chrome/141.0.7390.122 Mobile Safari/537.36 (compatible; Googlebot/2.1; +http://www.google.com/bot.html)"
66.249.70.71 - - [05/Dec/2025:23:25:35 +0000] "GET /products/6650968 HTTP/1.1" 404 7949 "-" "Mozilla/5.0 (Linux; Android 6.0.1; Nexus 5X Build/MMB29P) AppleWebKit/537.36 (KHTML, like Gecko) Chrome/141.0.7390.122 Mobile Safari/537.36 (compatible; Googlebot/2.1; +http://www.google.com/bot.html)"
66.249.70.71 - - [05/Dec/2025:23:25:38 +0000] "GET /products/25512080 HTTP/1.1" 404 7949 "-" "Mozilla/5.0 (Linux; Android 6.0.1; Nexus 5X Build/MMB29P) AppleWebKit/537.36 (KHTML, like Gecko) Chrome/141.0.7390.122 Mobile Safari/537.36 (compatible; Googlebot/2.1; +http://www.google.com/bot.html)"
170.10.164.108 - - [05/Dec/2025:23:26:16 +0000] "POST /wp-cron.php?doing_wp_cron=1764977176.4397640228271484375000 HTTP/1.1" 200 0 "-" "WordPress/6.9; https://cntxt.brainware.com.co"
66.249.70.70 - - [05/Dec/2025:23:26:16 +0000] "GET /products/4387557 HTTP/1.1" 404 7949 "-" "Mozilla/5.0 (Linux; Android 6.0.1; Nexus 5X Build/MMB29P) AppleWebKit/537.36 (KHTML, like Gecko) Chrome/141.0.7390.122 Mobile Safari/537.36 (compatible; Googlebot/2.1; +http://www.google.com/bot.html)"
170.10.164.108 - - [05/Dec/2025:23:26:56 +0000] "POST /wp-cron.php?doing_wp_cron=1764977216.3708019256591796875000 HTTP/1.1" 200 0 "-" "WordPress/6.9; https://cntxt.brainware.com.co"
170.10.164.108 - - [05/Dec/2025:23:27:15 +0000] "POST /wp-cron.php?doing_wp_cron=1764977235.8627660274505615234375 HTTP/1.1" 200 0 "-" "WordPress/6.9; https://cntxt.brainware.com.co"
170.10.164.108 - - [05/Dec/2025:23:27:50 +0000] "POST /wp-cron.php?doing_wp_cron=1764977270.8383369445800781250000 HTTP/1.1" 200 0 "-" "WordPress/6.9; https://cntxt.brainware.com.co"
170.10.164.108 - - [05/Dec/2025:23:28:33 +0000] "POST /wp-cron.php?doing_wp_cron=1764977313.1647219657897949218750 HTTP/1.1" 200 0 "-" "WordPress/6.9; https://cntxt.brainware.com.co"
66.249.70.70 - - [05/Dec/2025:23:29:10 +0000] "GET /products/29756324 HTTP/1.1" 404 7949 "-" "Mozilla/5.0 (Linux; Android 6.0.1; Nexus 5X Build/MMB29P) AppleWebKit/537.36 (KHTML, like Gecko) Chrome/141.0.7390.122 Mobile Safari/537.36 (compatible; Googlebot/2.1; +http://www.google.com/bot.html)"
66.249.70.70 - - [05/Dec/2025:23:29:11 +0000] "GET /products/15197680 HTTP/1.1" 404 7949 "-" "Mozilla/5.0 (Linux; Android 6.0.1; Nexus 5X Build/MMB29P) AppleWebKit/537.36 (KHTML, like Gecko) Chrome/141.0.7390.122 Mobile Safari/537.36 (compatible; Googlebot/2.1; +http://www.google.com/bot.html)"
66.249.70.64 - - [05/Dec/2025:23:29:13 +0000] "GET /products/30568913 HTTP/1.1" 404 7949 "-" "Mozilla/5.0 (Linux; Android 6.0.1; Nexus 5X Build/MMB29P) AppleWebKit/537.36 (KHTML, like Gecko) Chrome/141.0.7390.122 Mobile Safari/537.36 (compatible; Googlebot/2.1; +http://www.google.com/bot.html)"
66.249.70.71 - - [05/Dec/2025:23:29:14 +0000] "GET /products/30279580 HTTP/1.1" 404 7949 "-" "Mozilla/5.0 (Linux; Android 6.0.1; Nexus 5X Build/MMB29P) AppleWebKit/537.36 (KHTML, like Gecko) Chrome/141.0.7390.122 Mobile Safari/537.36 (compatible; Googlebot/2.1; +http://www.google.com/bot.html)"
170.10.164.108 - - [05/Dec/2025:23:30:07 +0000] "POST /wp-cron.php?doing_wp_cron=1764977407.5576679706573486328125 HTTP/1.1" 200 0 "-" "WordPress/6.9; https://cntxt.brainware.com.co"
66.249.70.70 - - [05/Dec/2025:23:30:06 +0000] "GET /products/1352346 HTTP/1.1" 404 7949 "-" "Mozilla/5.0 (Linux; Android 6.0.1; Nexus 5X Build/MMB29P) AppleWebKit/537.36 (KHTML, like Gecko) Chrome/141.0.7390.122 Mobile Safari/537.36 (compatible; Googlebot/2.1; +http://www.google.com/bot.html)"
66.249.70.71 - - [05/Dec/2025:23:24:18 +0000] "GET /products/3806657 HTTP/1.1" 404 7949 "-" "Mozilla/5.0 (Linux; Android 6.0.1; Nexus 5X Build/MMB29P) AppleWebKit/537.36 (KHTML, like Gecko) Chrome/141.0.7390.122 Mobile Safari/537.36 (compatible; Googlebot/2.1; +http://www.google.com/bot.html)"
66.249.70.70 - - [05/Dec/2025:23:24:55 +0000] "GET /products/1944635 HTTP/1.1" 404 7949 "-" "Mozilla/5.0 (Linux; Android 6.0.1; Nexus 5X Build/MMB29P) AppleWebKit/537.36 (KHTML, like Gecko) Chrome/141.0.7390.122 Mobile Safari/537.36 (compatible; Googlebot/2.1; +http://www.google.com/bot.html)"
66.249.70.70 - - [05/Dec/2025:23:24:57 +0000] "GET /products/3447580 HTTP/1.1" 404 7949 "-" "Mozilla/5.0 (Linux; Android 6.0.1; Nexus 5X Build/MMB29P) AppleWebKit/537.36 (KHTML, like Gecko) Chrome/141.0.7390.122 Mobile Safari/537.36 (compatible; Googlebot/2.1; +http://www.google.com/bot.html)"
170.10.164.108 - - [05/Dec/2025:23:25:17 +0000] "POST /wp-cron.php?doing_wp_cron=1764977117.8001470565795898437500 HTTP/1.1" 200 0 "-" "WordPress/6.9; https://cntxt.brainware.com.co"
66.249.70.70 - - [05/Dec/2025:23:25:37 +0000] "GET /products/26723913 HTTP/1.1" 404 7949 "-" "Mozilla/5.0 (Linux; Android 6.0.1; Nexus 5X Build/MMB29P) AppleWebKit/537.36 (KHTML, like Gecko) Chrome/141.0.7390.122 Mobile Safari/537.36 (compatible; Googlebot/2.1; +http://www.google.com/bot.html)"
66.249.70.71 - - [05/Dec/2025:23:26:28 +0000] "GET /products/3048913 HTTP/1.1" 404 7949 "-" "Mozilla/5.0 (Linux; Android 6.0.1; Nexus 5X Build/MMB29P) AppleWebKit/537.36 (KHTML, like Gecko) Chrome/141.0.7390.122 Mobile Safari/537.36 (compatible; Googlebot/2.1; +http://www.google.com/bot.html)"
66.249.70.70 - - [05/Dec/2025:23:26:55 +0000] "GET /products/1744024 HTTP/1.1" 404 7949 "-" "Mozilla/5.0 (Linux; Android 6.0.1; Nexus 5X Build/MMB29P) AppleWebKit/537.36 (KHTML, like Gecko) Chrome/141.0.7390.122 Mobile Safari/537.36 (compatible; Googlebot/2.1; +http://www.google.com/bot.html)"
66.249.70.71 - - [05/Dec/2025:23:27:22 +0000] "GET /products/28517235 HTTP/1.1" 404 7949 "-" "Mozilla/5.0 (Linux; Android 6.0.1; Nexus 5X Build/MMB29P) AppleWebKit/537.36 (KHTML, like Gecko) Chrome/141.0.7390.122 Mobile Safari/537.36 (compatible; Googlebot/2.1; +http://www.google.com/bot.html)"
66.249.70.70 - - [05/Dec/2025:23:27:49 +0000] "GET /products/29470157 HTTP/1.1" 404 7949 "-" "Mozilla/5.0 (Linux; Android 6.0.1; Nexus 5X Build/MMB29P) AppleWebKit/537.36 (KHTML, like Gecko) Chrome/141.0.7390.122 Mobile Safari/537.36 (compatible; Googlebot/2.1; +http://www.google.com/bot.html)"
170.10.164.108 - - [05/Dec/2025:23:31:29 +0000] "POST /wp-cron.php?doing_wp_cron=1764977489.2396500110626220703125 HTTP/1.1" 200 0 "-" "WordPress/6.9; https://cntxt.brainware.com.co"
170.10.164.108 - - [05/Dec/2025:23:31:56 +0000] "POST /wp-cron.php?doing_wp_cron=1764977516.4297211170196533203125 HTTP/1.1" 200 0 "-" "WordPress/6.9; https://cntxt.brainware.com.co"
66.249.70.70 - - [05/Dec/2025:23:31:55 +0000] "GET /products/28858380 HTTP/1.1" 404 7949 "-" "Mozilla/5.0 (Linux; Android 6.0.1; Nexus 5X Build/MMB29P) AppleWebKit/537.36 (KHTML, like Gecko) Chrome/141.0.7390.122 Mobile Safari/537.36 (compatible; Googlebot/2.1; +http://www.google.com/bot.html)"
170.10.164.108 - - [05/Dec/2025:23:32:23 +0000] "POST /wp-cron.php?doing_wp_cron=1764977543.7530319690704345703125 HTTP/1.1" 200 0 "-" "WordPress/6.9; https://cntxt.brainware.com.co"
66.249.70.70 - - [05/Dec/2025:23:32:22 +0000] "GET /products/30111068 HTTP/1.1" 404 7949 "-" "Mozilla/5.0 (Linux; Android 6.0.1; Nexus 5X Build/MMB29P) AppleWebKit/537.36 (KHTML, like Gecko) Chrome/141.0.7390.122 Mobile Safari/537.36 (compatible; Googlebot/2.1; +http://www.google.com/bot.html)"
170.10.164.108 - - [05/Dec/2025:23:34:12 +0000] "POST /wp-cron.php?doing_wp_cron=1764977652.5946519374847412109375 HTTP/1.1" 200 0 "-" "WordPress/6.9; https://cntxt.brainware.com.co"
170.10.164.108 - - [05/Dec/2025:23:35:48 +0000] "POST /wp-cron.php?doing_wp_cron=1764977748.5080389976501464843750 HTTP/1.1" 200 0 "-" "WordPress/6.9; https://cntxt.brainware.com.co"
66.249.70.70 - - [05/Dec/2025:23:29:38 +0000] "GET /products/25559413 HTTP/1.1" 404 7947 "-" "Mozilla/5.0 (Linux; Android 6.0.1; Nexus 5X Build/MMB29P) AppleWebKit/537.36 (KHTML, like Gecko) Chrome/141.0.7390.122 Mobile Safari/537.36 (compatible; Googlebot/2.1; +http://www.google.com/bot.html)"
66.249.70.70 - - [05/Dec/2025:23:29:41 +0000] "GET /products/28190202 HTTP/1.1" 404 7949 "-" "Mozilla/5.0 (Linux; Android 6.0.1; Nexus 5X Build/MMB29P) AppleWebKit/537.36 (KHTML, like Gecko) Chrome/141.0.7390.122 Mobile Safari/537.36 (compatible; Googlebot/2.1; +http://www.google.com/bot.html)"
74.7.227.169 - - [05/Dec/2025:23:29:52 +0000] "GET /wp-includes/class-wp-dependencies.php HTTP/2" 200 0 "-" "Mozilla/5.0 AppleWebKit/537.36 (KHTML, like Gecko; compatible; GPTBot/1.3; +https://openai.com/gptbot)"
66.249.70.70 - - [05/Dec/2025:23:30:33 +0000] "GET /products/24696780 HTTP/1.1" 404 7949 "-" "Mozilla/5.0 (Linux; Android 6.0.1; Nexus 5X Build/MMB29P) AppleWebKit/537.36 (KHTML, like Gecko) Chrome/141.0.7390.122 Mobile Safari/537.36 (compatible; Googlebot/2.1; +http://www.google.com/bot.html)"
74.7.227.169 - - [05/Dec/2025:23:30:55 +0000] "GET /wp-includes/class-wp-textdomain-registry.php HTTP/2" 200 0 "-" "Mozilla/5.0 AppleWebKit/537.36 (KHTML, like Gecko; compatible; GPTBot/1.3; +https://openai.com/gptbot)"
170.10.164.108 - - [05/Dec/2025:23:31:01 +0000] "POST /wp-cron.php?doing_wp_cron=1764977461.8878920078277587890625 HTTP/1.1" 200 0 "-" "WordPress/6.9; https://cntxt.brainware.com.co"
66.249.70.71 - - [05/Dec/2025:23:31:28 +0000] "GET /products/30485224 HTTP/1.1" 404 7949 "-" "Mozilla/5.0 (Linux; Android 6.0.1; Nexus 5X Build/MMB29P) AppleWebKit/537.36 (KHTML, like Gecko) Chrome/141.0.7390.122 Mobile Safari/537.36 (compatible; Googlebot/2.1; +http://www.google.com/bot.html)"
74.7.227.169 - - [05/Dec/2025:23:31:50 +0000] "GET /_autoindex/assets/icons/folder-fill.svg HTTP/2" 200 333 "-" "Mozilla/5.0 AppleWebKit/537.36 (KHTML, like Gecko; compatible; GPTBot/1.3; +https://openai.com/gptbot)"
74.7.227.169 - - [05/Dec/2025:23:32:39 +0000] "GET /wp-includes/robots-template.php HTTP/2" 200 0 "-" "Mozilla/5.0 AppleWebKit/537.36 (KHTML, like Gecko; compatible; GPTBot/1.3; +https://openai.com/gptbot)"
170.10.164.108 - - [05/Dec/2025:23:33:24 +0000] "POST /wp-cron.php?doing_wp_cron=1764977604.0142788887023925781250 HTTP/1.1" 200 0 "-" "WordPress/6.9; https://cntxt.brainware.com.co"
74.7.227.169 - - [05/Dec/2025:23:33:27 +0000] "GET /wp-includes/https-migration.php HTTP/2" 200 0 "-" "Mozilla/5.0 AppleWebKit/537.36 (KHTML, like Gecko; compatible; GPTBot/1.3; +https://openai.com/gptbot)"
74.7.227.169 - - [05/Dec/2025:23:34:07 +0000] "GET /wp-includes/template-loader.php HTTP/2" 500 0 "-" "Mozilla/5.0 AppleWebKit/537.36 (KHTML, like Gecko; compatible; GPTBot/1.3; +https://openai.com/gptbot)"
66.249.70.70 - - [05/Dec/2025:23:34:38 +0000] "GET /products/5608335 HTTP/1.1" 404 7949 "-" "Mozilla/5.0 (Linux; Android 6.0.1; Nexus 5X Build/MMB29P) AppleWebKit/537.36 (KHTML, like Gecko) Chrome/141.0.7390.122 Mobile Safari/537.36 (compatible; Googlebot/2.1; +http://www.google.com/bot.html)"
74.7.227.169 - - [05/Dec/2025:23:34:44 +0000] "GET /wp-includes/https-detection.php HTTP/2" 200 0 "-" "Mozilla/5.0 AppleWebKit/537.36 (KHTML, like Gecko; compatible; GPTBot/1.3; +https://openai.com/gptbot)"
170.10.164.108 - - [05/Dec/2025:23:35:07 +0000] "POST /wp-cron.php?doing_wp_cron=1764977707.1941668987274169921875 HTTP/1.1" 200 0 "-" "WordPress/6.9; https://cntxt.brainware.com.co"
66.249.70.71 - - [05/Dec/2025:23:35:46 +0000] "GET /products/1717391 HTTP/1.1" 404 7949 "-" "Mozilla/5.0 (Linux; Android 6.0.1; Nexus 5X Build/MMB29P) AppleWebKit/537.36 (KHTML, like Gecko) Chrome/141.0.7390.122 Mobile Safari/537.36 (compatible; Googlebot/2.1; +http://www.google.com/bot.html)"
170.10.164.108 - - [05/Dec/2025:23:36:01 +0000] "POST /wp-cron.php?doing_wp_cron=1764977761.8460009098052978515625 HTTP/1.1" 200 0 "-" "WordPress/6.9; https://cntxt.brainware.com.co"
66.249.70.70 - - [05/Dec/2025:23:31:00 +0000] "GET /products/25014946 HTTP/1.1" 404 7949 "-" "Mozilla/5.0 (Linux; Android 6.0.1; Nexus 5X Build/MMB29P) AppleWebKit/537.36 (KHTML, like Gecko) Chrome/141.0.7390.122 Mobile Safari/537.36 (compatible; Googlebot/2.1; +http://www.google.com/bot.html)"
170.10.164.108 - - [05/Dec/2025:23:32:50 +0000] "POST /wp-cron.php?doing_wp_cron=1764977570.7968180179595947265625 HTTP/1.1" 200 0 "-" "WordPress/6.9; https://cntxt.brainware.com.co"
66.249.70.70 - - [05/Dec/2025:23:32:49 +0000] "GET /products/25446757 HTTP/1.1" 404 7949 "-" "Mozilla/5.0 (Linux; Android 6.0.1; Nexus 5X Build/MMB29P) AppleWebKit/537.36 (KHTML, like Gecko) Chrome/141.0.7390.122 Mobile Safari/537.36 (compatible; Googlebot/2.1; +http://www.google.com/bot.html)"
66.249.70.70 - - [05/Dec/2025:23:32:51 +0000] "GET /products/18827491 HTTP/1.1" 404 7949 "-" "Mozilla/5.0 (Linux; Android 6.0.1; Nexus 5X Build/MMB29P) AppleWebKit/537.36 (KHTML, like Gecko) Chrome/141.0.7390.122 Mobile Safari/537.36 (compatible; Googlebot/2.1; +http://www.google.com/bot.html)"
66.249.70.70 - - [05/Dec/2025:23:32:52 +0000] "GET /products/7323124 HTTP/1.1" 404 7949 "-" "Mozilla/5.0 (Linux; Android 6.0.1; Nexus 5X Build/MMB29P) AppleWebKit/537.36 (KHTML, like Gecko) Chrome/141.0.7390.122 Mobile Safari/537.36 (compatible; Googlebot/2.1; +http://www.google.com/bot.html)"
66.249.70.70 - - [05/Dec/2025:23:32:53 +0000] "GET /products/7748902 HTTP/1.1" 404 7949 "-" "Mozilla/5.0 (Linux; Android 6.0.1; Nexus 5X Build/MMB29P) AppleWebKit/537.36 (KHTML, like Gecko) Chrome/141.0.7390.122 Mobile Safari/537.36 (compatible; Googlebot/2.1; +http://www.google.com/bot.html)"
66.249.70.70 - - [05/Dec/2025:23:33:22 +0000] "GET /products/14699480 HTTP/1.1" 404 7949 "-" "Mozilla/5.0 (Linux; Android 6.0.1; Nexus 5X Build/MMB29P) AppleWebKit/537.36 (KHTML, like Gecko) Chrome/141.0.7390.122 Mobile Safari/537.36 (compatible; Googlebot/2.1; +http://www.google.com/bot.html)"
66.249.70.71 - - [05/Dec/2025:23:33:44 +0000] "GET /products/8511046 HTTP/1.1" 404 7949 "-" "Mozilla/5.0 (Linux; Android 6.0.1; Nexus 5X Build/MMB29P) AppleWebKit/537.36 (KHTML, like Gecko) Chrome/141.0.7390.122 Mobile Safari/537.36 (compatible; Googlebot/2.1; +http://www.google.com/bot.html)"
66.249.70.70 - - [05/Dec/2025:23:34:11 +0000] "GET /products/7235879 HTTP/1.1" 404 7949 "-" "Mozilla/5.0 (Linux; Android 6.0.1; Nexus 5X Build/MMB29P) AppleWebKit/537.36 (KHTML, like Gecko) Chrome/141.0.7390.122 Mobile Safari/537.36 (compatible; Googlebot/2.1; +http://www.google.com/bot.html)"
66.249.70.70 - - [05/Dec/2025:23:35:06 +0000] "GET /products/8932735 HTTP/1.1" 404 7949 "-" "Mozilla/5.0 (Linux; Android 6.0.1; Nexus 5X Build/MMB29P) AppleWebKit/537.36 (KHTML, like Gecko) Chrome/141.0.7390.122 Mobile Safari/537.36 (compatible; Googlebot/2.1; +http://www.google.com/bot.html)"
66.249.70.70 - - [05/Dec/2025:23:35:47 +0000] "GET /products/7463879 HTTP/1.1" 404 7949 "-" "Mozilla/5.0 (Linux; Android 6.0.1; Nexus 5X Build/MMB29P) AppleWebKit/537.36 (KHTML, like Gecko) Chrome/141.0.7390.122 Mobile Safari/537.36 (compatible; Googlebot/2.1; +http://www.google.com/bot.html)"
66.249.70.71 - - [05/Dec/2025:23:36:00 +0000] "GET /products/23778179 HTTP/1.1" 404 7949 "-" "Mozilla/5.0 (Linux; Android 6.0.1; Nexus 5X Build/MMB29P) AppleWebKit/537.36 (KHTML, like Gecko) Chrome/141.0.7390.122 Mobile Safari/537.36 (compatible; Googlebot/2.1; +http://www.google.com/bot.html)"
170.10.164.108 - - [05/Dec/2025:23:36:30 +0000] "POST /wp-cron.php?doing_wp_cron=1764977790.8074989318847656250000 HTTP/1.1" 200 0 "-" "WordPress/6.9; https://cntxt.brainware.com.co"
170.10.164.108 - - [05/Dec/2025:23:36:56 +0000] "POST /wp-cron.php?doing_wp_cron=1764977816.4251940250396728515625 HTTP/1.1" 200 0 "-" "WordPress/6.9; https://cntxt.brainware.com.co"
170.10.164.108 - - [05/Dec/2025:23:37:23 +0000] "POST /wp-cron.php?doing_wp_cron=1764977843.5018279552459716796875 HTTP/1.1" 200 0 "-" "WordPress/6.9; https://cntxt.brainware.com.co"
74.7.227.169 - - [05/Dec/2025:23:35:49 +0000] "GET /wp-includes/template-canvas.php HTTP/2" 500 0 "-" "Mozilla/5.0 AppleWebKit/537.36 (KHTML, like Gecko; compatible; GPTBot/1.3; +https://openai.com/gptbot)"
66.249.70.70 - - [05/Dec/2025:23:36:42 +0000] "GET /products/6012691 HTTP/1.1" 404 7949 "-" "Mozilla/5.0 (Linux; Android 6.0.1; Nexus 5X Build/MMB29P) AppleWebKit/537.36 (KHTML, like Gecko) Chrome/141.0.7390.122 Mobile Safari/537.36 (compatible; Googlebot/2.1; +http://www.google.com/bot.html)"
74.7.227.169 - - [05/Dec/2025:23:36:46 +0000] "GET /wp-includes/class-simplepie.php HTTP/2" 500 0 "-" "Mozilla/5.0 AppleWebKit/537.36 (KHTML, like Gecko; compatible; GPTBot/1.3; +https://openai.com/gptbot)"
66.249.70.70 - - [05/Dec/2025:23:36:55 +0000] "GET /products/5673335 HTTP/1.1" 404 7949 "-" "Mozilla/5.0 (Linux; Android 6.0.1; Nexus 5X Build/MMB29P) AppleWebKit/537.36 (KHTML, like Gecko) Chrome/141.0.7390.122 Mobile Safari/537.36 (compatible; Googlebot/2.1; +http://www.google.com/bot.html)"
